[INFO] cloning repository https://github.com/myzhang1029/penguin-rs
[INFO] running `Command { std: "git" "-c" "credential.helper=" "-c" "credential.helper=/workspace/cargo-home/bin/git-credential-null" "clone" "--bare" "https://github.com/myzhang1029/penguin-rs" "/workspace/cache/git-repos/https%3A%2F%2Fgithub.com%2Fmyzhang1029%2Fpenguin-rs", kill_on_drop: false }`
[INFO] [stderr] Cloning into bare repository '/workspace/cache/git-repos/https%3A%2F%2Fgithub.com%2Fmyzhang1029%2Fpenguin-rs'...
[INFO] running `Command { std: "git" "rev-parse" "HEAD", kill_on_drop: false }`
[INFO] [stdout] 273146b9407ca84f9a35bf4f5bd4ef4f00ad7527
[INFO] checking myzhang1029/penguin-rs against a7c37f9f0ee5e93396106e9de20f4a86b4154e63 for pr-129249-4
[INFO] running `Command { std: "git" "clone" "/workspace/cache/git-repos/https%3A%2F%2Fgithub.com%2Fmyzhang1029%2Fpenguin-rs" "/workspace/builds/worker-6-tc1/source", kill_on_drop: false }`
[INFO] [stderr] Cloning into '/workspace/builds/worker-6-tc1/source'...
[INFO] [stderr] done.
[INFO] started tweaking git repo https://github.com/myzhang1029/penguin-rs
[INFO] finished tweaking git repo https://github.com/myzhang1029/penguin-rs
[INFO] tweaked toml for git repo https://github.com/myzhang1029/penguin-rs written to /workspace/builds/worker-6-tc1/source/Cargo.toml
[INFO] validating manifest of git repo https://github.com/myzhang1029/penguin-rs on toolchain a7c37f9f0ee5e93396106e9de20f4a86b4154e63
[INFO] running `Command { std: CARGO_HOME="/workspace/cargo-home" RUSTUP_HOME="/workspace/rustup-home" "/workspace/cargo-home/bin/cargo" "+a7c37f9f0ee5e93396106e9de20f4a86b4154e63" "metadata" "--manifest-path" "Cargo.toml" "--no-deps", kill_on_drop: false }`
[INFO] crate git repo https://github.com/myzhang1029/penguin-rs already has a lockfile, it will not be regenerated
[INFO] running `Command { std: CARGO_HOME="/workspace/cargo-home" RUSTUP_HOME="/workspace/rustup-home" "/workspace/cargo-home/bin/cargo" "+a7c37f9f0ee5e93396106e9de20f4a86b4154e63" "fetch" "--manifest-path" "Cargo.toml", kill_on_drop: false }`
[INFO] [stderr]     Updating crates.io index
[INFO] [stderr]  Downloading crates ...
[INFO] [stderr]   Downloaded webpki-root-certs v1.0.10
[INFO] [stderr]   Downloaded dn42-root-ca v1.0.0
[INFO] [stderr]   Downloaded console-api v0.9.0
[INFO] [stderr]   Downloaded console-subscriber v0.5.0
[INFO] [stderr]   Downloaded yawc v0.4.4
[INFO] [stderr]   Downloaded hdrhistogram v7.6.0
[INFO] running `Command { std: "docker" "create" "-v" "/var/lib/crater-agent-workspace/builds/worker-6-tc1/source:/opt/rustwide/workdir:ro,Z" "-v" "/var/lib/crater-agent-workspace/builds/worker-6-tc1/target:/opt/rustwide/target:rw,Z" "-v" "/var/lib/crater-agent-workspace/cargo-home:/opt/rustwide/cargo-home:ro,Z" "-v" "/var/lib/crater-agent-workspace/rustup-home:/opt/rustwide/rustup-home:ro,Z" "-m" "1610612736" "--network" "none" "ghcr.io/rust-lang/crates-build-env/linux@sha256:c0af3998e971868164375a7dfb646c9933ddd1a3bdb00fa2041266763dc1eeab" "sleep" "infinity", kill_on_drop: false }`
[INFO] [stdout] 1290d35f24d16c624271dbeb9f8f7dfc6d6075128acf49a9e6bfe8ccdaf318fa
[INFO] running `Command { std: "docker" "start" "1290d35f24d16c624271dbeb9f8f7dfc6d6075128acf49a9e6bfe8ccdaf318fa", kill_on_drop: false }`
[INFO] running `Command { std: "docker" "inspect" "1290d35f24d16c624271dbeb9f8f7dfc6d6075128acf49a9e6bfe8ccdaf318fa", kill_on_drop: false }`
[INFO] running `Command { std: "docker" "exec" "-e" "SOURCE_DIR=/opt/rustwide/workdir" "-e" "CARGO_HOME=/opt/rustwide/cargo-home" "-e" "RUSTUP_HOME=/opt/rustwide/rustup-home" "-e" "CARGO_TARGET_DIR=/opt/rustwide/target" "-w" "/opt/rustwide/workdir" "--user" "0:0" "1290d35f24d16c624271dbeb9f8f7dfc6d6075128acf49a9e6bfe8ccdaf318fa" "/opt/rustwide/cargo-home/bin/cargo" "+a7c37f9f0ee5e93396106e9de20f4a86b4154e63" "metadata" "--no-deps" "--format-version=1", kill_on_drop: false }`
[INFO] running `Command { std: "docker" "inspect" "1290d35f24d16c624271dbeb9f8f7dfc6d6075128acf49a9e6bfe8ccdaf318fa", kill_on_drop: false }`
[INFO] running `Command { std: "docker" "exec" "-e" "SOURCE_DIR=/opt/rustwide/workdir" "-e" "CARGO_HOME=/opt/rustwide/cargo-home" "-e" "RUSTUP_HOME=/opt/rustwide/rustup-home" "-e" "CARGO_TARGET_DIR=/opt/rustwide/target" "-e" "CARGO_INCREMENTAL=0" "-e" "RUST_BACKTRACE=full" "-e" "RUSTFLAGS=--cap-lints=forbid" "-e" "RUSTDOCFLAGS=--cap-lints=forbid" "-w" "/opt/rustwide/workdir" "--user" "0:0" "1290d35f24d16c624271dbeb9f8f7dfc6d6075128acf49a9e6bfe8ccdaf318fa" "/opt/rustwide/cargo-home/bin/cargo" "+a7c37f9f0ee5e93396106e9de20f4a86b4154e63" "check" "--frozen" "--all" "--all-targets" "--message-format=json", kill_on_drop: false }`
[INFO] [stderr]     Checking smallvec v1.16.3
[INFO] [stderr]    Compiling find-msvc-tools v0.1.15
[INFO] [stderr]     Checking zeroize v1.9.1
[INFO] [stderr]    Compiling libc v0.2.191
[INFO] [stderr]    Compiling aws-lc-rs v1.18.2
[INFO] [stderr]    Compiling rustix v1.1.5
[INFO] [stderr]    Compiling syn v3.0.9
[INFO] [stderr]    Compiling syn v2.0.119
[INFO] [stderr]     Checking hashbrown v0.17.1
[INFO] [stderr]     Checking equivalent v1.0.3
[INFO] [stderr]     Checking alloc-stdlib v0.2.4
[INFO] [stderr]     Checking getrandom v0.4.3
[INFO] [stderr]     Checking const-oid v0.10.2
[INFO] [stderr]    Compiling rustls v0.23.46
[INFO] [stderr]    Compiling icu_properties_data v2.4.0
[INFO] [stderr]    Compiling icu_normalizer_data v2.4.0
[INFO] [stderr]     Checking deranged v0.5.9
[INFO] [stderr]     Checking brotli-decompressor v5.0.3
[INFO] [stderr]     Checking powerfmt v0.2.1
[INFO] [stderr]     Checking rustls-pki-types v1.15.1
[INFO] [stderr]     Checking parking_lot_core v0.9.12
[INFO] [stderr]     Checking spin v0.12.3
[INFO] [stderr]    Compiling serde_json v1.0.154
[INFO] [stderr]     Checking digest v0.11.3
[INFO] [stderr]     Checking rand v0.10.3
[INFO] [stderr]     Checking pem v4.0.0
[INFO] [stderr]     Checking arc-swap v1.9.3
[INFO] [stderr]     Checking sha1 v0.11.0
[INFO] [stderr]     Checking arbitrary v1.5.0
[INFO] [stderr]     Checking indexmap v2.14.2
[INFO] [stderr]     Checking regex-lite v0.1.9
[INFO] [stderr]     Checking condtype v1.3.0
[INFO] [stderr]     Checking parking_lot v0.12.5
[INFO] [stderr]     Checking rustls-native-certs v0.8.5
[INFO] [stderr]     Checking rustls-pemfile v2.2.0
[INFO] [stderr]     Checking brotli v8.0.4
[INFO] [stderr]     Checking time v0.3.55
[INFO] [stderr]    Compiling jobserver v0.1.35
[INFO] [stderr]    Compiling cc v1.9.0
[INFO] [stderr]     Checking yasna v0.6.0
[INFO] [stderr]     Checking terminal_size v0.4.4
[INFO] [stderr]     Checking tempfile v3.27.0
[INFO] [stderr]     Checking clap_builder v4.6.7
[INFO] [stderr]    Compiling cmake v0.1.58
[INFO] [stderr]    Compiling libfuzzer-sys v0.4.13
[INFO] [stderr]    Compiling aws-lc-sys v0.46.0
[INFO] [stderr] error: could not compile `syn` (lib)
[INFO] [stderr] 
[INFO] [stderr] Caused by:
[INFO] [stderr]   process didn't exit successfully: `/opt/rustwide/rustup-home/toolchains/a7c37f9f0ee5e93396106e9de20f4a86b4154e63/bin/rustc --crate-name syn --edition=2021 /opt/rustwide/cargo-home/registry/src/index.crates.io-1949cf8c6b5b557f/syn-2.0.119/src/lib.rs --error-format=json --json=diagnostic-rendered-ansi,artifacts,future-incompat,unused-externs-silent --crate-type lib --emit=dep-info,metadata,link -Z embed-metadata=no -C embed-bitcode=no --cfg 'feature="clone-impls"' --cfg 'feature="default"' --cfg 'feature="derive"' --cfg 'feature="extra-traits"' --cfg 'feature="full"' --cfg 'feature="parsing"' --cfg 'feature="printing"' --cfg 'feature="proc-macro"' --cfg 'feature="visit"' --cfg 'feature="visit-mut"' --check-cfg 'cfg(docsrs,test)' --check-cfg 'cfg(feature, values("clone-impls", "default", "derive", "extra-traits", "fold", "full", "parsing", "printing", "proc-macro", "test", "visit", "visit-mut"))' -C metadata=e0c076b91188da37 -C extra-filename=-3fb8fbbfbaa8bd4c --out-dir /opt/rustwide/target/debug/build/syn/3fb8fbbfbaa8bd4c/out -L dependency=/opt/rustwide/target/debug/build/proc-macro2/27cc7564129baea3/out -L dependency=/opt/rustwide/target/debug/build/unicode-ident/df46d5bd9131fa48/out --extern proc_macro2=/opt/rustwide/target/debug/build/proc-macro2/27cc7564129baea3/out/libproc_macro2-27cc7564129baea3.rmeta --extern quote=/opt/rustwide/target/debug/build/quote/34457d38a32972c2/out/libquote-34457d38a32972c2.rmeta --extern unicode_ident=/opt/rustwide/target/debug/build/unicode-ident/df46d5bd9131fa48/out/libunicode_ident-df46d5bd9131fa48.rmeta --cap-lints allow --cap-lints=forbid --force-warn=unused_crate_dependencies` (signal: 9, SIGKILL: kill)
[INFO] [stderr] warning: build failed, waiting for other jobs to finish...
[INFO] [stderr] error: could not compile `brotli` (lib)
[INFO] [stderr] 
[INFO] [stderr] Caused by:
[INFO] [stderr]   process didn't exit successfully: `/opt/rustwide/rustup-home/toolchains/a7c37f9f0ee5e93396106e9de20f4a86b4154e63/bin/rustc --crate-name brotli --edition=2015 /opt/rustwide/cargo-home/registry/src/index.crates.io-1949cf8c6b5b557f/brotli-8.0.4/src/lib.rs --error-format=json --json=diagnostic-rendered-ansi,artifacts,future-incompat,unused-externs-silent --crate-type lib --emit=dep-info,metadata -C embed-bitcode=no -C debuginfo=2 --cfg 'feature="alloc-stdlib"' --cfg 'feature="std"' --check-cfg 'cfg(docsrs,test)' --check-cfg 'cfg(feature, values("alloc-stdlib", "benchmark", "billing", "default", "disable-timer", "disallow_large_window_size", "external-literal-probability", "ffi-api", "float64", "floating_point_context_mixing", "no-stdlib-ffi-binding", "pass-through-ffi-panics", "seccomp", "sha2", "simd", "std", "validation", "vector_scratch_space"))' -C metadata=9749a6871f8d16f0 -C extra-filename=-2c571498b59a6ca7 --out-dir /opt/rustwide/target/debug/build/brotli/2c571498b59a6ca7/out -L dependency=/opt/rustwide/target/debug/build/alloc-no-stdlib/7b1bd6f28b6396be/out -L dependency=/opt/rustwide/target/debug/build/alloc-stdlib/aba14f6c9c5c0c71/out --extern alloc_no_stdlib=/opt/rustwide/target/debug/build/alloc-no-stdlib/7b1bd6f28b6396be/out/liballoc_no_stdlib-7b1bd6f28b6396be.rmeta --extern alloc_stdlib=/opt/rustwide/target/debug/build/alloc-stdlib/aba14f6c9c5c0c71/out/liballoc_stdlib-aba14f6c9c5c0c71.rmeta --extern brotli_decompressor=/opt/rustwide/target/debug/build/brotli-decompressor/52dd1b0a1be94425/out/libbrotli_decompressor-52dd1b0a1be94425.rmeta --cap-lints allow --cap-lints=forbid --force-warn=unused_crate_dependencies` (signal: 9, SIGKILL: kill)
[INFO] [stderr] error: could not compile `clap_builder` (lib)
[INFO] [stderr] 
[INFO] [stderr] Caused by:
[INFO] [stderr]   process didn't exit successfully: `/opt/rustwide/rustup-home/toolchains/a7c37f9f0ee5e93396106e9de20f4a86b4154e63/bin/rustc --crate-name clap_builder --edition=2024 /opt/rustwide/cargo-home/registry/src/index.crates.io-1949cf8c6b5b557f/clap_builder-4.6.7/src/lib.rs --error-format=json --json=diagnostic-rendered-ansi,artifacts,future-incompat,unused-externs-silent --crate-type lib --emit=dep-info,metadata -C embed-bitcode=no -C debuginfo=2 --cfg 'feature="cargo"' --cfg 'feature="color"' --cfg 'feature="env"' --cfg 'feature="error-context"' --cfg 'feature="help"' --cfg 'feature="std"' --cfg 'feature="string"' --cfg 'feature="suggestions"' --cfg 'feature="usage"' --cfg 'feature="wrap_help"' --check-cfg 'cfg(docsrs,test)' --check-cfg 'cfg(feature, values("cargo", "color", "debug", "default", "deprecated", "env", "error-context", "help", "std", "string", "suggestions", "unicode", "unstable-doc", "unstable-ext", "unstable-styles", "unstable-v5", "usage", "wrap_help"))' -C metadata=61cdeb9872355b14 -C extra-filename=-80d63f983b6a12f9 --out-dir /opt/rustwide/target/debug/build/clap_builder/80d63f983b6a12f9/out -L dependency=/opt/rustwide/target/debug/build/anstyle-parse/872f42bb18dc41f8/out -L dependency=/opt/rustwide/target/debug/build/anstyle-query/717c9c809af6267c/out -L dependency=/opt/rustwide/target/debug/build/anstyle/0afc68cbfd0d2137/out -L dependency=/opt/rustwide/target/debug/build/bitflags/e668ad76624d8b4f/out -L dependency=/opt/rustwide/target/debug/build/colorchoice/0d229411bd9dac1b/out -L dependency=/opt/rustwide/target/debug/build/is_terminal_polyfill/fc6efa62ae782dd6/out -L dependency=/opt/rustwide/target/debug/build/linux-raw-sys/069649a5354d504b/out -L dependency=/opt/rustwide/target/debug/build/rustix/ac6852775e6f5ef0/out -L dependency=/opt/rustwide/target/debug/build/utf8parse/dfcca550ff662ae9/out --extern anstream=/opt/rustwide/target/debug/build/anstream/5bda8941e2fd5003/out/libanstream-5bda8941e2fd5003.rmeta --extern anstyle=/opt/rustwide/target/debug/build/anstyle/0afc68cbfd0d2137/out/libanstyle-0afc68cbfd0d2137.rmeta --extern clap_lex=/opt/rustwide/target/debug/build/clap_lex/ca52ead791af6a16/out/libclap_lex-ca52ead791af6a16.rmeta --extern strsim=/opt/rustwide/target/debug/build/strsim/a1f0dce47f9b6856/out/libstrsim-a1f0dce47f9b6856.rmeta --extern terminal_size=/opt/rustwide/target/debug/build/terminal_size/80a4a072ddeb9c4e/out/libterminal_size-80a4a072ddeb9c4e.rmeta --cap-lints allow --cap-lints=forbid --force-warn=unused_crate_dependencies` (signal: 9, SIGKILL: kill)
[INFO] [stderr] error: could not compile `syn` (lib)
[INFO] [stderr] 
[INFO] [stderr] Caused by:
[INFO] [stderr]   process didn't exit successfully: `/opt/rustwide/rustup-home/toolchains/a7c37f9f0ee5e93396106e9de20f4a86b4154e63/bin/rustc --crate-name syn --edition=2021 /opt/rustwide/cargo-home/registry/src/index.crates.io-1949cf8c6b5b557f/syn-3.0.9/src/lib.rs --error-format=json --json=diagnostic-rendered-ansi,artifacts,future-incompat,unused-externs-silent --crate-type lib --emit=dep-info,metadata,link -Z embed-metadata=no -C embed-bitcode=no --cfg 'feature="clone-impls"' --cfg 'feature="default"' --cfg 'feature="derive"' --cfg 'feature="extra-traits"' --cfg 'feature="fold"' --cfg 'feature="full"' --cfg 'feature="parsing"' --cfg 'feature="printing"' --cfg 'feature="proc-macro"' --cfg 'feature="visit"' --cfg 'feature="visit-mut"' --check-cfg 'cfg(docsrs,test)' --check-cfg 'cfg(feature, values("clone-impls", "default", "derive", "extra-traits", "fold", "full", "parsing", "printing", "proc-macro", "test", "visit", "visit-mut"))' -C metadata=23ff2403d7f9e80c -C extra-filename=-e0c36ea430270a2f --out-dir /opt/rustwide/target/debug/build/syn/e0c36ea430270a2f/out -L dependency=/opt/rustwide/target/debug/build/proc-macro2/27cc7564129baea3/out -L dependency=/opt/rustwide/target/debug/build/unicode-ident/df46d5bd9131fa48/out --extern proc_macro2=/opt/rustwide/target/debug/build/proc-macro2/27cc7564129baea3/out/libproc_macro2-27cc7564129baea3.rmeta --extern quote=/opt/rustwide/target/debug/build/quote/34457d38a32972c2/out/libquote-34457d38a32972c2.rmeta --extern unicode_ident=/opt/rustwide/target/debug/build/unicode-ident/df46d5bd9131fa48/out/libunicode_ident-df46d5bd9131fa48.rmeta --cap-lints allow --cap-lints=forbid --force-warn=unused_crate_dependencies` (signal: 9, SIGKILL: kill)
[INFO] [stderr] warning: libfuzzer-sys@0.4.13: c++: fatal error: Killed signal terminated program cc1plus
[INFO] [stderr] warning: libfuzzer-sys@0.4.13: compilation terminated.
[INFO] [stderr] warning: libfuzzer-sys@0.4.13: ToolExecError: command did not execute successfully (status code exit status: 1): "c++" "-O0" "-ffunction-sections" "-fdata-sections" "-fPIC" "-g" "-gdwarf-4" "-fno-omit-frame-pointer" "-mno-omit-leaf-frame-pointer" "-m64" "-std=c++17" "-w" "-o" "/opt/rustwide/target/debug/build/libfuzzer-sys/e84dd5e497ac2f28/out/7756500ff6412a26-FuzzerTracePC.o" "-c" "libfuzzer/FuzzerTracePC.cpp"
[INFO] [stderr] warning: libfuzzer-sys@0.4.13: c++: fatal error: Killed signal terminated program cc1plus
[INFO] [stderr] warning: libfuzzer-sys@0.4.13: compilation terminated.
[INFO] [stderr] warning: libfuzzer-sys@0.4.13: ToolExecError: command did not execute successfully (status code exit status: 1): "c++" "-O0" "-ffunction-sections" "-fdata-sections" "-fPIC" "-g" "-gdwarf-4" "-fno-omit-frame-pointer" "-mno-omit-leaf-frame-pointer" "-m64" "-std=c++17" "-w" "-o" "/opt/rustwide/target/debug/build/libfuzzer-sys/e84dd5e497ac2f28/out/7756500ff6412a26-FuzzerFork.o" "-c" "libfuzzer/FuzzerFork.cpp"
[INFO] [stderr] warning: libfuzzer-sys@0.4.13: c++: fatal error: Killed signal terminated program cc1plus
[INFO] [stderr] warning: libfuzzer-sys@0.4.13: compilation terminated.
[INFO] [stderr] warning: libfuzzer-sys@0.4.13: ToolExecError: command did not execute successfully (status code exit status: 1): "c++" "-O0" "-ffunction-sections" "-fdata-sections" "-fPIC" "-g" "-gdwarf-4" "-fno-omit-frame-pointer" "-mno-omit-leaf-frame-pointer" "-m64" "-std=c++17" "-w" "-o" "/opt/rustwide/target/debug/build/libfuzzer-sys/e84dd5e497ac2f28/out/7756500ff6412a26-FuzzerMerge.o" "-c" "libfuzzer/FuzzerMerge.cpp"
[INFO] [stderr] warning: libfuzzer-sys@0.4.13: c++: fatal error: Killed signal terminated program cc1plus
[INFO] [stderr] warning: libfuzzer-sys@0.4.13: compilation terminated.
[INFO] [stderr] warning: libfuzzer-sys@0.4.13: ToolExecError: command did not execute successfully (status code exit status: 1): "c++" "-O0" "-ffunction-sections" "-fdata-sections" "-fPIC" "-g" "-gdwarf-4" "-fno-omit-frame-pointer" "-mno-omit-leaf-frame-pointer" "-m64" "-std=c++17" "-w" "-o" "/opt/rustwide/target/debug/build/libfuzzer-sys/e84dd5e497ac2f28/out/7756500ff6412a26-FuzzerLoop.o" "-c" "libfuzzer/FuzzerLoop.cpp"
[INFO] [stderr] error: failed to run custom build command for `libfuzzer-sys v0.4.13`
[INFO] [stderr] note: To improve backtraces for build dependencies, set the CARGO_PROFILE_DEV_BUILD_OVERRIDE_DEBUG=true environment variable to enable debug information generation.
[INFO] [stderr] 
[INFO] [stderr] Caused by:
[INFO] [stderr]   process didn't exit successfully: `/opt/rustwide/target/debug/build/libfuzzer-sys/82ede49cf0a59c80/out/build_script_build` (exit status: 1)
[INFO] [stderr]   --- stdout
[INFO] [stderr]   cargo:rerun-if-env-changed=CUSTOM_LIBFUZZER_PATH
[INFO] [stderr]   cargo:rerun-if-changed=libfuzzer/FuzzerExtFunctionsWeak.cpp
[INFO] [stderr]   cargo:rerun-if-changed=libfuzzer/FuzzerUtil.cpp
[INFO] [stderr]   cargo:rerun-if-changed=libfuzzer/FuzzerExtraCounters.cpp
[INFO] [stderr]   cargo:rerun-if-changed=libfuzzer/FuzzerMerge.cpp
[INFO] [stderr]   cargo:rerun-if-changed=libfuzzer/FuzzerSHA1.cpp
[INFO] [stderr]   cargo:rerun-if-changed=libfuzzer/FuzzerUtilFuchsia.cpp
[INFO] [stderr]   cargo:rerun-if-changed=libfuzzer/FuzzerTracePC.cpp
[INFO] [stderr]   cargo:rerun-if-changed=libfuzzer/FuzzerUtilDarwin.cpp
[INFO] [stderr]   cargo:rerun-if-changed=libfuzzer/FuzzerFork.cpp
[INFO] [stderr]   cargo:rerun-if-changed=libfuzzer/FuzzerIOPosix.cpp
[INFO] [stderr]   cargo:rerun-if-changed=libfuzzer/FuzzerUtilLinux.cpp
[INFO] [stderr]   cargo:rerun-if-changed=libfuzzer/FuzzerIOWindows.cpp
[INFO] [stderr]   cargo:rerun-if-changed=libfuzzer/FuzzerLoop.cpp
[INFO] [stderr]   cargo:rerun-if-changed=libfuzzer/FuzzerUtilWindows.cpp
[INFO] [stderr]   cargo:rerun-if-changed=libfuzzer/FuzzerInterceptors.cpp
[INFO] [stderr]   cargo:rerun-if-changed=libfuzzer/FuzzerDriver.cpp
[INFO] [stderr]   cargo:rerun-if-changed=libfuzzer/FuzzerDataFlowTrace.cpp
[INFO] [stderr]   cargo:rerun-if-changed=libfuzzer/FuzzerIO.cpp
[INFO] [stderr]   cargo:rerun-if-changed=libfuzzer/FuzzerExtraCountersWindows.cpp
[INFO] [stderr]   cargo:rerun-if-changed=libfuzzer/FuzzerMain.cpp
[INFO] [stderr]   cargo:rerun-if-changed=libfuzzer/FuzzerExtraCountersDarwin.cpp
[INFO] [stderr]   cargo:rerun-if-changed=libfuzzer/FuzzerMutate.cpp
[INFO] [stderr]   cargo:rerun-if-changed=libfuzzer/FuzzerExtFunctionsDlsym.cpp
[INFO] [stderr]   cargo:rerun-if-changed=libfuzzer/FuzzerUtilPosix.cpp
[INFO] [stderr]   cargo:rerun-if-changed=libfuzzer/FuzzerExtFunctionsWindows.cpp
[INFO] [stderr]   cargo:rerun-if-changed=libfuzzer/FuzzerCrossOver.cpp
[INFO] [stderr]   cargo:rerun-if-env-changed=CC_FORCE_DISABLE
[INFO] [stderr]   CC_FORCE_DISABLE = None
[INFO] [stderr]   cargo:rerun-if-env-changed=CXX_x86_64-unknown-linux-gnu
[INFO] [stderr]   CXX_x86_64-unknown-linux-gnu = None
[INFO] [stderr]   cargo:rerun-if-env-changed=CXX_x86_64_unknown_linux_gnu
[INFO] [stderr]   CXX_x86_64_unknown_linux_gnu = None
[INFO] [stderr]   cargo:rerun-if-env-changed=HOST_CXX
[INFO] [stderr]   HOST_CXX = None
[INFO] [stderr]   cargo:rerun-if-env-changed=CXX
[INFO] [stderr]   CXX = None
[INFO] [stderr]   cargo:rerun-if-env-changed=CC_ENABLE_DEBUG_OUTPUT
[INFO] [stderr]   cargo:rerun-if-env-changed=CPATH
[INFO] [stderr]   cargo:rerun-if-env-changed=C_INCLUDE_PATH
[INFO] [stderr]   cargo:rerun-if-env-changed=CPLUS_INCLUDE_PATH
[INFO] [stderr]   cargo:rerun-if-env-changed=OBJC_INCLUDE_PATH
[INFO] [stderr]   cargo:rerun-if-env-changed=OBJCPLUS_INCLUDE_PATH
[INFO] [stderr]   cargo:rerun-if-env-changed=COMPILER_PATH
[INFO] [stderr]   cargo:rerun-if-env-changed=SOURCE_DATE_EPOCH
[INFO] [stderr]   cargo:rerun-if-env-changed=GCC_EXEC_PREFIX
[INFO] [stderr]   cargo:rerun-if-env-changed=CRATE_CC_NO_DEFAULTS
[INFO] [stderr]   CRATE_CC_NO_DEFAULTS = None
[INFO] [stderr]   CRATE_CC_NO_DEFAULTS = None
[INFO] [stderr]   cargo:rerun-if-env-changed=CXXFLAGS
[INFO] [stderr]   CXXFLAGS = None
[INFO] [stderr]   cargo:rerun-if-env-changed=HOST_CXXFLAGS
[INFO] [stderr]   HOST_CXXFLAGS = None
[INFO] [stderr]   cargo:rerun-if-env-changed=CXXFLAGS_x86_64_unknown_linux_gnu
[INFO] [stderr]   CXXFLAGS_x86_64_unknown_linux_gnu = None
[INFO] [stderr]   cargo:rerun-if-env-changed=CXXFLAGS_x86_64-unknown-linux-gnu
[INFO] [stderr]   CXXFLAGS_x86_64-unknown-linux-gnu = None
[INFO] [stderr]   CXXFLAGS = None
[INFO] [stderr]   HOST_CXXFLAGS = None
[INFO] [stderr]   CXXFLAGS_x86_64_unknown_linux_gnu = None
[INFO] [stderr]   CXXFLAGS_x86_64-unknown-linux-gnu = None
[INFO] [stderr]   exit status: 0
[INFO] [stderr]   exit status: 0
[INFO] [stderr]   exit status: 0
[INFO] [stderr]   exit status: 0
[INFO] [stderr]   exit status: 0
[INFO] [stderr]   exit status: 0
[INFO] [stderr]   exit status: 0
[INFO] [stderr]   exit status: 0
[INFO] [stderr]   exit status: 0
[INFO] [stderr]   exit status: 0
[INFO] [stderr]   exit status: 0
[INFO] [stderr]   exit status: 0
[INFO] [stderr]   exit status: 0
[INFO] [stderr]   exit status: 0
[INFO] [stderr]   exit status: 0
[INFO] [stderr]   exit status: 0
[INFO] [stderr]   cargo:warning=c++: fatal error: Killed signal terminated program cc1plus
[INFO] [stderr]   cargo:warning=compilation terminated.
[INFO] [stderr]   exit status: 1
[INFO] [stderr]   cargo:warning=ToolExecError: command did not execute successfully (status code exit status: 1): "c++" "-O0" "-ffunction-sections" "-fdata-sections" "-fPIC" "-g" "-gdwarf-4" "-fno-omit-frame-pointer" "-mno-omit-leaf-frame-pointer" "-m64" "-std=c++17" "-w" "-o" "/opt/rustwide/target/debug/build/libfuzzer-sys/e84dd5e497ac2f28/out/7756500ff6412a26-FuzzerTracePC.o" "-c" "libfuzzer/FuzzerTracePC.cpp"
[INFO] [stderr]   cargo:warning=c++: fatal error: Killed signal terminated program cc1plus
[INFO] [stderr]   cargo:warning=compilation terminated.
[INFO] [stderr]   exit status: 1
[INFO] [stderr]   cargo:warning=ToolExecError: command did not execute successfully (status code exit status: 1): "c++" "-O0" "-ffunction-sections" "-fdata-sections" "-fPIC" "-g" "-gdwarf-4" "-fno-omit-frame-pointer" "-mno-omit-leaf-frame-pointer" "-m64" "-std=c++17" "-w" "-o" "/opt/rustwide/target/debug/build/libfuzzer-sys/e84dd5e497ac2f28/out/7756500ff6412a26-FuzzerFork.o" "-c" "libfuzzer/FuzzerFork.cpp"
[INFO] [stderr]   cargo:warning=c++: fatal error: Killed signal terminated program cc1plus
[INFO] [stderr]   cargo:warning=compilation terminated.
[INFO] [stderr]   exit status: 1
[INFO] [stderr]   cargo:warning=ToolExecError: command did not execute successfully (status code exit status: 1): "c++" "-O0" "-ffunction-sections" "-fdata-sections" "-fPIC" "-g" "-gdwarf-4" "-fno-omit-frame-pointer" "-mno-omit-leaf-frame-pointer" "-m64" "-std=c++17" "-w" "-o" "/opt/rustwide/target/debug/build/libfuzzer-sys/e84dd5e497ac2f28/out/7756500ff6412a26-FuzzerMerge.o" "-c" "libfuzzer/FuzzerMerge.cpp"
[INFO] [stderr]   cargo:warning=c++: fatal error: Killed signal terminated program cc1plus
[INFO] [stderr]   cargo:warning=compilation terminated.
[INFO] [stderr]   exit status: 1
[INFO] [stderr]   cargo:warning=ToolExecError: command did not execute successfully (status code exit status: 1): "c++" "-O0" "-ffunction-sections" "-fdata-sections" "-fPIC" "-g" "-gdwarf-4" "-fno-omit-frame-pointer" "-mno-omit-leaf-frame-pointer" "-m64" "-std=c++17" "-w" "-o" "/opt/rustwide/target/debug/build/libfuzzer-sys/e84dd5e497ac2f28/out/7756500ff6412a26-FuzzerLoop.o" "-c" "libfuzzer/FuzzerLoop.cpp"
[INFO] [stderr]   exit status: 0
[INFO] [stderr]   exit status: 0
[INFO] [stderr]   exit status: 0
[INFO] [stderr]   exit status: 0
[INFO] [stderr]   exit status: 0
[INFO] [stderr]   exit status: 0
[INFO] [stderr] 
[INFO] [stderr]   --- stderr
[INFO] [stderr] 
[INFO] [stderr] 
[INFO] [stderr]   error occurred in cc-rs: command did not execute successfully (status code exit status: 1): "c++" "-O0" "-ffunction-sections" "-fdata-sections" "-fPIC" "-g" "-gdwarf-4" "-fno-omit-frame-pointer" "-mno-omit-leaf-frame-pointer" "-m64" "-std=c++17" "-w" "-o" "/opt/rustwide/target/debug/build/libfuzzer-sys/e84dd5e497ac2f28/out/7756500ff6412a26-FuzzerLoop.o" "-c" "libfuzzer/FuzzerLoop.cpp"
[INFO] [stderr] 
[INFO] [stderr] 
[INFO] running `Command { std: "docker" "inspect" "1290d35f24d16c624271dbeb9f8f7dfc6d6075128acf49a9e6bfe8ccdaf318fa", kill_on_drop: false }`
[INFO] running `Command { std: "docker" "rm" "-f" "1290d35f24d16c624271dbeb9f8f7dfc6d6075128acf49a9e6bfe8ccdaf318fa", kill_on_drop: false }`
[INFO] [stdout] 1290d35f24d16c624271dbeb9f8f7dfc6d6075128acf49a9e6bfe8ccdaf318fa
