[INFO] cloning repository https://github.com/itzmanish/moqsansio-rs
[INFO] running `Command { std: "git" "-c" "credential.helper=" "-c" "credential.helper=/workspace/cargo-home/bin/git-credential-null" "clone" "--bare" "https://github.com/itzmanish/moqsansio-rs" "/workspace/cache/git-repos/https%3A%2F%2Fgithub.com%2Fitzmanish%2Fmoqsansio-rs", kill_on_drop: false }`
[INFO] [stderr] Cloning into bare repository '/workspace/cache/git-repos/https%3A%2F%2Fgithub.com%2Fitzmanish%2Fmoqsansio-rs'...
[INFO] running `Command { std: "git" "rev-parse" "HEAD", kill_on_drop: false }`
[INFO] [stdout] 0f71a039bce19203210c9386a032c241c0df25c5
[INFO] checking itzmanish/moqsansio-rs against a7c37f9f0ee5e93396106e9de20f4a86b4154e63 for pr-129249-4
[INFO] running `Command { std: "git" "clone" "/workspace/cache/git-repos/https%3A%2F%2Fgithub.com%2Fitzmanish%2Fmoqsansio-rs" "/workspace/builds/worker-4-tc1/source", kill_on_drop: false }`
[INFO] [stderr] Cloning into '/workspace/builds/worker-4-tc1/source'...
[INFO] [stderr] done.
[INFO] started tweaking git repo https://github.com/itzmanish/moqsansio-rs
[INFO] finished tweaking git repo https://github.com/itzmanish/moqsansio-rs
[INFO] tweaked toml for git repo https://github.com/itzmanish/moqsansio-rs written to /workspace/builds/worker-4-tc1/source/Cargo.toml
[INFO] validating manifest of git repo https://github.com/itzmanish/moqsansio-rs on toolchain a7c37f9f0ee5e93396106e9de20f4a86b4154e63
[INFO] running `Command { std: CARGO_HOME="/workspace/cargo-home" RUSTUP_HOME="/workspace/rustup-home" "/workspace/cargo-home/bin/cargo" "+a7c37f9f0ee5e93396106e9de20f4a86b4154e63" "metadata" "--manifest-path" "Cargo.toml" "--no-deps", kill_on_drop: false }`
[INFO] crate git repo https://github.com/itzmanish/moqsansio-rs already has a lockfile, it will not be regenerated
[INFO] running `Command { std: CARGO_HOME="/workspace/cargo-home" RUSTUP_HOME="/workspace/rustup-home" "/workspace/cargo-home/bin/cargo" "+a7c37f9f0ee5e93396106e9de20f4a86b4154e63" "fetch" "--manifest-path" "Cargo.toml", kill_on_drop: false }`
[INFO] [stderr]     Updating crates.io index
[INFO] [stderr]  Downloading crates ...
[INFO] [stderr]   Downloaded octets v0.3.4
[INFO] [stderr]   Downloaded quiche v0.22.0
[INFO] running `Command { std: "docker" "create" "-v" "/var/lib/crater-agent-workspace/builds/worker-4-tc1/source:/opt/rustwide/workdir:ro,Z" "-v" "/var/lib/crater-agent-workspace/builds/worker-4-tc1/target:/opt/rustwide/target:rw,Z" "-v" "/var/lib/crater-agent-workspace/cargo-home:/opt/rustwide/cargo-home:ro,Z" "-v" "/var/lib/crater-agent-workspace/rustup-home:/opt/rustwide/rustup-home:ro,Z" "-m" "1610612736" "--network" "none" "ghcr.io/rust-lang/crates-build-env/linux@sha256:77db811e55d90add9212f6832c23229e3de5f1c1f9905e8cb07319ea15df73ac" "sleep" "infinity", kill_on_drop: false }`
[INFO] [stdout] b750d6dfc13621bd56332c92a4f4602571f179e90b79ef6a91d569b3bb1ed5bd
[INFO] running `Command { std: "docker" "start" "b750d6dfc13621bd56332c92a4f4602571f179e90b79ef6a91d569b3bb1ed5bd", kill_on_drop: false }`
[INFO] running `Command { std: "docker" "inspect" "b750d6dfc13621bd56332c92a4f4602571f179e90b79ef6a91d569b3bb1ed5bd", kill_on_drop: false }`
[INFO] running `Command { std: "docker" "exec" "-e" "SOURCE_DIR=/opt/rustwide/workdir" "-e" "CARGO_HOME=/opt/rustwide/cargo-home" "-e" "RUSTUP_HOME=/opt/rustwide/rustup-home" "-e" "CARGO_TARGET_DIR=/opt/rustwide/target" "-w" "/opt/rustwide/workdir" "--user" "0:0" "b750d6dfc13621bd56332c92a4f4602571f179e90b79ef6a91d569b3bb1ed5bd" "/opt/rustwide/cargo-home/bin/cargo" "+a7c37f9f0ee5e93396106e9de20f4a86b4154e63" "metadata" "--no-deps" "--format-version=1", kill_on_drop: false }`
[INFO] running `Command { std: "docker" "inspect" "b750d6dfc13621bd56332c92a4f4602571f179e90b79ef6a91d569b3bb1ed5bd", kill_on_drop: false }`
[INFO] running `Command { std: "docker" "exec" "-e" "SOURCE_DIR=/opt/rustwide/workdir" "-e" "CARGO_HOME=/opt/rustwide/cargo-home" "-e" "RUSTUP_HOME=/opt/rustwide/rustup-home" "-e" "CARGO_TARGET_DIR=/opt/rustwide/target" "-e" "CARGO_INCREMENTAL=0" "-e" "RUST_BACKTRACE=full" "-e" "RUSTFLAGS=--cap-lints=forbid" "-e" "RUSTDOCFLAGS=--cap-lints=forbid" "-w" "/opt/rustwide/workdir" "--user" "0:0" "b750d6dfc13621bd56332c92a4f4602571f179e90b79ef6a91d569b3bb1ed5bd" "/opt/rustwide/cargo-home/bin/cargo" "+a7c37f9f0ee5e93396106e9de20f4a86b4154e63" "check" "--frozen" "--all" "--all-targets" "--message-format=json", kill_on_drop: false }`
[INFO] [stderr]    Compiling libc v0.2.182
[INFO] [stderr]    Compiling serde_core v1.0.228
[INFO] [stderr]    Compiling serde v1.0.228
[INFO] [stderr]     Checking octets v0.3.4
[INFO] [stderr]    Compiling cc v1.2.56
[INFO] [stderr]     Checking moq v0.1.0 (/opt/rustwide/workdir)
[INFO] [stderr]    Compiling syn v2.0.106
[INFO] [stderr]     Checking intrusive-collections v0.9.7
[INFO] [stderr]    Compiling cmake v0.1.57
[INFO] [stderr]    Compiling ring v0.17.14
[INFO] [stderr]    Compiling quiche v0.22.0
[INFO] [stderr]     Checking getrandom v0.2.17
[INFO] [stderr]     Checking smallvec v1.15.1
[INFO] [stderr]    Compiling thiserror-impl v2.0.16
[INFO] [stderr]     Checking thiserror v2.0.16
[INFO] [stderr]     Checking moq-protocol v0.1.0 (/opt/rustwide/workdir/moq-protocol)
[INFO] [stderr]     Checking moq-relay v0.1.0 (/opt/rustwide/workdir/moq-relay)
[INFO] [stderr] error: failed to run custom build command for `quiche v0.22.0`
[INFO] [stderr] note: To improve backtraces for build dependencies, set the CARGO_PROFILE_DEV_BUILD_OVERRIDE_DEBUG=true environment variable to enable debug information generation.
[INFO] [stderr] 
[INFO] [stderr] Caused by:
[INFO] [stderr]   process didn't exit successfully: `/opt/rustwide/target/debug/build/quiche/d94de163f82f4e1c/out/build_script_build` (exit status: 101)
[INFO] [stderr]   --- stdout
[INFO] [stderr]   CMAKE_TOOLCHAIN_FILE_x86_64-unknown-linux-gnu = None
[INFO] [stderr]   CMAKE_TOOLCHAIN_FILE_x86_64_unknown_linux_gnu = None
[INFO] [stderr]   HOST_CMAKE_TOOLCHAIN_FILE = None
[INFO] [stderr]   CMAKE_TOOLCHAIN_FILE = None
[INFO] [stderr]   CMAKE_GENERATOR_x86_64-unknown-linux-gnu = None
[INFO] [stderr]   CMAKE_GENERATOR_x86_64_unknown_linux_gnu = None
[INFO] [stderr]   HOST_CMAKE_GENERATOR = None
[INFO] [stderr]   CMAKE_GENERATOR = None
[INFO] [stderr]   CMAKE_PREFIX_PATH_x86_64-unknown-linux-gnu = None
[INFO] [stderr]   CMAKE_PREFIX_PATH_x86_64_unknown_linux_gnu = None
[INFO] [stderr]   HOST_CMAKE_PREFIX_PATH = None
[INFO] [stderr]   CMAKE_PREFIX_PATH = None
[INFO] [stderr]   CMAKE_x86_64-unknown-linux-gnu = None
[INFO] [stderr]   CMAKE_x86_64_unknown_linux_gnu = None
[INFO] [stderr]   HOST_CMAKE = None
[INFO] [stderr]   CMAKE = None
[INFO] [stderr]   -- The C compiler identification is GNU 15.2.0
[INFO] [stderr]   -- The CXX compiler identification is GNU 15.2.0
[INFO] [stderr]   -- Detecting C compiler ABI info
[INFO] [stderr]   -- Detecting C compiler ABI info - done
[INFO] [stderr]   -- Check for working C compiler: /usr/bin/cc - skipped
[INFO] [stderr]   -- Detecting C compile features
[INFO] [stderr]   -- Detecting C compile features - done
[INFO] [stderr]   -- Detecting CXX compiler ABI info
[INFO] [stderr]   -- Detecting CXX compiler ABI info - done
[INFO] [stderr]   -- Check for working CXX compiler: /usr/bin/c++ - skipped
[INFO] [stderr]   -- Detecting CXX compile features
[INFO] [stderr]   -- Detecting CXX compile features - done
[INFO] [stderr]   -- The ASM compiler identification is GNU
[INFO] [stderr]   -- Found assembler: /usr/bin/cc
[INFO] [stderr]   -- Configuring done (1.5s)
[INFO] [stderr]   -- Generating done (0.2s)
[INFO] [stderr]   -- Build files have been written to: /opt/rustwide/target/debug/build/quiche/84ac064de331bec1/out/build
[INFO] [stderr]   [  0%] Building CXX object CMakeFiles/ssl.dir/src/ssl/bio_ssl.cc.o
[INFO] [stderr]   [  0%] Building CXX object CMakeFiles/ssl.dir/src/ssl/d1_lib.cc.o
[INFO] [stderr]   [  7%] Building CXX object CMakeFiles/ssl.dir/src/ssl/dtls_method.cc.o
[INFO] [stderr]   [  7%] Building CXX object CMakeFiles/ssl.dir/src/ssl/d1_srtp.cc.o
[INFO] [stderr]   [  7%] Building CXX object CMakeFiles/ssl.dir/src/ssl/handoff.cc.o
[INFO] [stderr]   [  7%] Building CXX object CMakeFiles/ssl.dir/src/ssl/dtls_record.cc.o
[INFO] [stderr]   [  7%] Building CXX object CMakeFiles/ssl.dir/src/ssl/extensions.cc.o
[INFO] [stderr]   [ 15%] Building CXX object CMakeFiles/ssl.dir/src/ssl/d1_both.cc.o
[INFO] [stderr]   [ 15%] Building CXX object CMakeFiles/ssl.dir/src/ssl/handshake_server.cc.o
[INFO] [stderr]   [ 23%] Building CXX object CMakeFiles/ssl.dir/src/ssl/s3_both.cc.o
[INFO] [stderr]   [ 23%] Building CXX object CMakeFiles/ssl.dir/src/ssl/handshake_client.cc.o
[INFO] [stderr]   [ 30%] Building CXX object CMakeFiles/ssl.dir/src/ssl/encrypted_client_hello.cc.o
[INFO] [stderr]   [ 38%] Building CXX object CMakeFiles/ssl.dir/src/ssl/handshake.cc.o
[INFO] [stderr]   [ 38%] Building CXX object CMakeFiles/ssl.dir/src/ssl/s3_lib.cc.o
[INFO] [stderr]   [ 38%] Building CXX object CMakeFiles/ssl.dir/src/ssl/d1_pkt.cc.o
[INFO] [stderr]   [ 38%] Building CXX object CMakeFiles/ssl.dir/src/ssl/s3_pkt.cc.o
[INFO] [stderr]   [ 46%] Building CXX object CMakeFiles/ssl.dir/src/ssl/ssl_aead_ctx.cc.o
[INFO] [stderr] 
[INFO] [stderr]   --- stderr
[INFO] [stderr]   running: cd "/opt/rustwide/target/debug/build/quiche/84ac064de331bec1/out/build" && CMAKE_PREFIX_PATH="" LC_ALL="C" "cmake" "/opt/rustwide/cargo-home/registry/src/index.crates.io-1949cf8c6b5b557f/quiche-0.22.0/deps/boringssl" "-B" "/opt/rustwide/target/debug/build/quiche/84ac064de331bec1/out/build" "-DCMAKE_INSTALL_PREFIX=/opt/rustwide/target/debug/build/quiche/84ac064de331bec1/out" "-DCMAKE_C_FLAGS= -ffunction-sections -fdata-sections -fPIC -m64 -w" "-DCMAKE_C_COMPILER=/usr/bin/cc" "-DCMAKE_CXX_FLAGS= -ffunction-sections -fdata-sections -fPIC -m64 -w" "-DCMAKE_CXX_COMPILER=/usr/bin/c++" "-DCMAKE_ASM_FLAGS= -ffunction-sections -fdata-sections -fPIC -m64 -w" "-DCMAKE_ASM_COMPILER=/usr/bin/cc" "-DCMAKE_BUILD_TYPE=Debug"
[INFO] [stderr]   CMake Deprecation Warning at CMakeLists.txt:7 (cmake_minimum_required):
[INFO] [stderr]     Compatibility with CMake < 3.10 will be removed from a future version of
[INFO] [stderr]     CMake.
[INFO] [stderr] 
[INFO] [stderr]     Update the VERSION argument <min> value.  Or, use the <min>...<max> syntax
[INFO] [stderr]     to tell CMake that the project requires at least <min> but has been updated
[INFO] [stderr]     to work with policies introduced by <max> or earlier.
[INFO] [stderr] 
[INFO] [stderr] 
[INFO] [stderr]   running: cd "/opt/rustwide/target/debug/build/quiche/84ac064de331bec1/out/build" && LC_ALL="C" MAKEFLAGS="-j --jobserver-fds=4,5 --jobserver-auth=4,5" "cmake" "--build" "/opt/rustwide/target/debug/build/quiche/84ac064de331bec1/out/build" "--target" "ssl" "--config" "Debug"
[INFO] [stderr]   c++: fatal error: Killed signal terminated program cc1plus
[INFO] [stderr]   compilation terminated.
[INFO] [stderr]   gmake[3]: *** [CMakeFiles/ssl.dir/build.make:205: CMakeFiles/ssl.dir/src/ssl/handoff.cc.o] Error 1
[INFO] [stderr]   gmake[3]: *** Waiting for unfinished jobs....
[INFO] [stderr]   c++: fatal error: Killed signal terminated program cc1plus
[INFO] [stderr]   compilation terminated.
[INFO] [stderr]   gmake[3]: *** [CMakeFiles/ssl.dir/build.make:247: CMakeFiles/ssl.dir/src/ssl/handshake_server.cc.o] Error 1
[INFO] [stderr]   gmake[2]: *** [CMakeFiles/Makefile2:125: CMakeFiles/ssl.dir/all] Error 2
[INFO] [stderr]   gmake[1]: *** [CMakeFiles/Makefile2:132: CMakeFiles/ssl.dir/rule] Error 2
[INFO] [stderr]   gmake: *** [Makefile:137: ssl] Error 2
[INFO] [stderr] 
[INFO] [stderr]   thread 'main' (431) panicked at /opt/rustwide/cargo-home/registry/src/index.crates.io-1949cf8c6b5b557f/cmake-0.1.57/src/lib.rs:1132:5:
[INFO] [stderr] 
[INFO] [stderr]   command did not execute successfully, got: exit status: 2
[INFO] [stderr] 
[INFO] [stderr]   build script failed, must exit now
[INFO] [stderr]   stack backtrace:
[INFO] [stderr]      0:     0x56242a1f4491 - std[fcf2236bba0c9df5]::backtrace_rs::backtrace::libunwind::trace
[INFO] [stderr]                                  at /rustc/a7c37f9f0ee5e93396106e9de20f4a86b4154e63/library/std/src/../../backtrace/src/backtrace/libunwind.rs:117:9
[INFO] [stderr]      1:     0x56242a1f4491 - std[fcf2236bba0c9df5]::backtrace_rs::backtrace::trace_unsynchronized::<std[fcf2236bba0c9df5]::sys::backtrace::_print_fmt::{closure#1}>
[INFO] [stderr]                                  at /rustc/a7c37f9f0ee5e93396106e9de20f4a86b4154e63/library/std/src/../../backtrace/src/backtrace/mod.rs:66:14
[INFO] [stderr]      2:     0x56242a1f4491 - std[fcf2236bba0c9df5]::sys::backtrace::_print_fmt
[INFO] [stderr]                                  at /rustc/a7c37f9f0ee5e93396106e9de20f4a86b4154e63/library/std/src/sys/backtrace.rs:74:9
[INFO] [stderr]      3:     0x56242a1f4491 - <<std[fcf2236bba0c9df5]::sys::backtrace::BacktraceLock>::print::DisplayBacktrace as core[e33c4c92224be1d5]::fmt::Display>::fmt
[INFO] [stderr]                                  at /rustc/a7c37f9f0ee5e93396106e9de20f4a86b4154e63/library/std/src/sys/backtrace.rs:44:26
[INFO] [stderr]      4:     0x56242a20820a - <core[e33c4c92224be1d5]::fmt::rt::Argument>::fmt
[INFO] [stderr]                                  at /rustc/a7c37f9f0ee5e93396106e9de20f4a86b4154e63/library/core/src/fmt/rt.rs:152:76
[INFO] [stderr]      5:     0x56242a20820a - core[e33c4c92224be1d5]::fmt::write
[INFO] [stderr]      6:     0x56242a1f9fbc - core[e33c4c92224be1d5]::io::write::default_write_fmt::<std[fcf2236bba0c9df5]::sys::stdio::unix::Stderr>
[INFO] [stderr]                                  at /rustc/a7c37f9f0ee5e93396106e9de20f4a86b4154e63/library/core/src/io/write.rs:402:11
[INFO] [stderr]      7:     0x56242a1f9fbc - <std[fcf2236bba0c9df5]::sys::stdio::unix::Stderr as core[e33c4c92224be1d5]::io::write::Write>::write_fmt
[INFO] [stderr]                                  at /rustc/a7c37f9f0ee5e93396106e9de20f4a86b4154e63/library/core/src/io/write.rs:335:13
[INFO] [stderr]      8:     0x56242a1d3c46 - <std[fcf2236bba0c9df5]::sys::backtrace::BacktraceLock>::print
[INFO] [stderr]                                  at /rustc/a7c37f9f0ee5e93396106e9de20f4a86b4154e63/library/std/src/sys/backtrace.rs:47:9
[INFO] [stderr]      9:     0x56242a1d3c46 - std[fcf2236bba0c9df5]::panicking::default_hook::{closure#0}
[INFO] [stderr]                                  at /rustc/a7c37f9f0ee5e93396106e9de20f4a86b4154e63/library/std/src/panicking.rs:289:27
[INFO] [stderr]     10:     0x56242a1ef1a1 - std[fcf2236bba0c9df5]::panicking::default_hook
[INFO] [stderr]                                  at /rustc/a7c37f9f0ee5e93396106e9de20f4a86b4154e63/library/std/src/panicking.rs:316:9
[INFO] [stderr]     11:     0x56242a1ef35b - std[fcf2236bba0c9df5]::panicking::panic_with_hook
[INFO] [stderr]                                  at /rustc/a7c37f9f0ee5e93396106e9de20f4a86b4154e63/library/std/src/panicking.rs:811:13
[INFO] [stderr]     12:     0x56242a1d3cf2 - std[fcf2236bba0c9df5]::panicking::panic_handler::{closure#0}
[INFO] [stderr]                                  at /rustc/a7c37f9f0ee5e93396106e9de20f4a86b4154e63/library/std/src/panicking.rs:685:13
[INFO] [stderr]     13:     0x56242a1cd799 - std[fcf2236bba0c9df5]::sys::backtrace::__rust_end_short_backtrace::<std[fcf2236bba0c9df5]::panicking::panic_handler::{closure#0}, !>
[INFO] [stderr]                                  at /rustc/a7c37f9f0ee5e93396106e9de20f4a86b4154e63/library/std/src/sys/backtrace.rs:182:18
[INFO] [stderr]     14:     0x56242a1d44dd - __rustc[d9179db25e6d0020]::rust_begin_unwind
[INFO] [stderr]                                  at /rustc/a7c37f9f0ee5e93396106e9de20f4a86b4154e63/library/std/src/panicking.rs:676:5
[INFO] [stderr]     15:     0x56242a20899c - core[e33c4c92224be1d5]::panicking::panic_fmt
[INFO] [stderr]                                  at /rustc/a7c37f9f0ee5e93396106e9de20f4a86b4154e63/library/core/src/panicking.rs:80:14
[INFO] [stderr]     16:     0x56242a15e5b7 - cmake[57d7709ac369ab5f]::fail
[INFO] [stderr]     17:     0x56242a15e243 - cmake[57d7709ac369ab5f]::run
[INFO] [stderr]     18:     0x56242a164256 - <cmake[57d7709ac369ab5f]::Config>::build
[INFO] [stderr]     19:     0x56242a14e354 - build_script_build[a7c0677cfe759dc5]::main::{closure#0}
[INFO] [stderr]     20:     0x56242a14da27 - <core[e33c4c92224be1d5]::result::Result<alloc[fb4dce3eb8089b88]::string::String, std[fcf2236bba0c9df5]::env::VarError>>::unwrap_or_else::<build_script_build[a7c0677cfe759dc5]::main::{closure#0}>
[INFO] [stderr]     21:     0x56242a14f5f0 - build_script_build[a7c0677cfe759dc5]::main
[INFO] [stderr]     22:     0x56242a150d8b - <fn() as core[e33c4c92224be1d5]::ops::function::FnOnce<()>>::call_once
[INFO] [stderr]     23:     0x56242a14e28e - std[fcf2236bba0c9df5]::sys::backtrace::__rust_begin_short_backtrace::<fn(), ()>
[INFO] [stderr]     24:     0x56242a14e299 - std[fcf2236bba0c9df5]::rt::lang_start::<()>::{closure#0}
[INFO] [stderr]     25:     0x56242a1ee4a8 - <&dyn core[e33c4c92224be1d5]::ops::function::Fn<(), Output = i32> + core[e33c4c92224be1d5]::panic::unwind_safe::RefUnwindSafe + core[e33c4c92224be1d5]::marker::Sync as core[e33c4c92224be1d5]::ops::function::FnOnce<()>>::call_once
[INFO] [stderr]                                  at /rustc/a7c37f9f0ee5e93396106e9de20f4a86b4154e63/library/core/src/ops/function.rs:287:21
[INFO] [stderr]     26:     0x56242a1ee4a8 - std[fcf2236bba0c9df5]::panicking::catch_unwind::do_call::<&dyn core[e33c4c92224be1d5]::ops::function::Fn<(), Output = i32> + core[e33c4c92224be1d5]::panic::unwind_safe::RefUnwindSafe + core[e33c4c92224be1d5]::marker::Sync, i32>
[INFO] [stderr]                                  at /rustc/a7c37f9f0ee5e93396106e9de20f4a86b4154e63/library/std/src/panicking.rs:573:43
[INFO] [stderr]     27:     0x56242a1ee4a8 - std[fcf2236bba0c9df5]::panicking::catch_unwind::<i32, &dyn core[e33c4c92224be1d5]::ops::function::Fn<(), Output = i32> + core[e33c4c92224be1d5]::panic::unwind_safe::RefUnwindSafe + core[e33c4c92224be1d5]::marker::Sync>
[INFO] [stderr]                                  at /rustc/a7c37f9f0ee5e93396106e9de20f4a86b4154e63/library/std/src/panicking.rs:541:19
[INFO] [stderr]     28:     0x56242a1ee4a8 - std[fcf2236bba0c9df5]::panic::catch_unwind::<&dyn core[e33c4c92224be1d5]::ops::function::Fn<(), Output = i32> + core[e33c4c92224be1d5]::panic::unwind_safe::RefUnwindSafe + core[e33c4c92224be1d5]::marker::Sync, i32>
[INFO] [stderr]                                  at /rustc/a7c37f9f0ee5e93396106e9de20f4a86b4154e63/library/std/src/panic.rs:359:14
[INFO] [stderr]     29:     0x56242a1ee4a8 - std[fcf2236bba0c9df5]::rt::lang_start_internal::{closure#0}
[INFO] [stderr]                                  at /rustc/a7c37f9f0ee5e93396106e9de20f4a86b4154e63/library/std/src/rt.rs:175:24
[INFO] [stderr]     30:     0x56242a1ee4a8 - std[fcf2236bba0c9df5]::panicking::catch_unwind::do_call::<std[fcf2236bba0c9df5]::rt::lang_start_internal::{closure#0}, isize>
[INFO] [stderr]                                  at /rustc/a7c37f9f0ee5e93396106e9de20f4a86b4154e63/library/std/src/panicking.rs:573:43
[INFO] [stderr]     31:     0x56242a1ee4a8 - std[fcf2236bba0c9df5]::panicking::catch_unwind::<isize, std[fcf2236bba0c9df5]::rt::lang_start_internal::{closure#0}>
[INFO] [stderr]                                  at /rustc/a7c37f9f0ee5e93396106e9de20f4a86b4154e63/library/std/src/panicking.rs:541:19
[INFO] [stderr]     32:     0x56242a1ee4a8 - std[fcf2236bba0c9df5]::panic::catch_unwind::<std[fcf2236bba0c9df5]::rt::lang_start_internal::{closure#0}, isize>
[INFO] [stderr]                                  at /rustc/a7c37f9f0ee5e93396106e9de20f4a86b4154e63/library/std/src/panic.rs:359:14
[INFO] [stderr]     33:     0x56242a1ee4a8 - std[fcf2236bba0c9df5]::rt::lang_start_internal
[INFO] [stderr]                                  at /rustc/a7c37f9f0ee5e93396106e9de20f4a86b4154e63/library/std/src/rt.rs:171:5
[INFO] [stderr]     34:     0x56242a14e281 - std[fcf2236bba0c9df5]::rt::lang_start::<()>
[INFO] [stderr]     35:     0x56242a150e05 - main
[INFO] [stderr]     36:     0x7d7e8828d601 - <unknown>
[INFO] [stderr]     37:     0x7d7e8828d718 - __libc_start_main
[INFO] [stderr]     38:     0x56242a14cd35 - _start
[INFO] [stderr]     39:                0x0 - <unknown>
[INFO] running `Command { std: "docker" "inspect" "b750d6dfc13621bd56332c92a4f4602571f179e90b79ef6a91d569b3bb1ed5bd", kill_on_drop: false }`
[INFO] running `Command { std: "docker" "rm" "-f" "b750d6dfc13621bd56332c92a4f4602571f179e90b79ef6a91d569b3bb1ed5bd", kill_on_drop: false }`
[INFO] [stdout] b750d6dfc13621bd56332c92a4f4602571f179e90b79ef6a91d569b3bb1ed5bd
