[INFO] cloning repository https://github.com/21kingfir/Band4Band
[INFO] running `Command { std: "git" "-c" "credential.helper=" "-c" "credential.helper=/workspace/cargo-home/bin/git-credential-null" "clone" "--bare" "https://github.com/21kingfir/Band4Band" "/workspace/cache/git-repos/https%3A%2F%2Fgithub.com%2F21kingfir%2FBand4Band", kill_on_drop: false }`
[INFO] [stderr] Cloning into bare repository '/workspace/cache/git-repos/https%3A%2F%2Fgithub.com%2F21kingfir%2FBand4Band'...
[INFO] running `Command { std: "git" "rev-parse" "HEAD", kill_on_drop: false }`
[INFO] [stdout] 11a7bc05ccec2d61c2837de443723d5746ea325a
[INFO] checking 21kingfir/Band4Band against a7c37f9f0ee5e93396106e9de20f4a86b4154e63 for pr-129249-4
[INFO] running `Command { std: "git" "clone" "/workspace/cache/git-repos/https%3A%2F%2Fgithub.com%2F21kingfir%2FBand4Band" "/workspace/builds/worker-5-tc1/source", kill_on_drop: false }`
[INFO] [stderr] Cloning into '/workspace/builds/worker-5-tc1/source'...
[INFO] [stderr] done.
[INFO] started tweaking git repo https://github.com/21kingfir/Band4Band
[INFO] finished tweaking git repo https://github.com/21kingfir/Band4Band
[INFO] tweaked toml for git repo https://github.com/21kingfir/Band4Band written to /workspace/builds/worker-5-tc1/source/Cargo.toml
[INFO] validating manifest of git repo https://github.com/21kingfir/Band4Band on toolchain a7c37f9f0ee5e93396106e9de20f4a86b4154e63
[INFO] running `Command { std: CARGO_HOME="/workspace/cargo-home" RUSTUP_HOME="/workspace/rustup-home" "/workspace/cargo-home/bin/cargo" "+a7c37f9f0ee5e93396106e9de20f4a86b4154e63" "metadata" "--manifest-path" "Cargo.toml" "--no-deps", kill_on_drop: false }`
[INFO] crate git repo https://github.com/21kingfir/Band4Band already has a lockfile, it will not be regenerated
[INFO] running `Command { std: CARGO_HOME="/workspace/cargo-home" RUSTUP_HOME="/workspace/rustup-home" "/workspace/cargo-home/bin/cargo" "+a7c37f9f0ee5e93396106e9de20f4a86b4154e63" "fetch" "--manifest-path" "Cargo.toml", kill_on_drop: false }`
[INFO] [stderr]     Blocking waiting for file lock on package cache
[INFO] [stderr]     Updating crates.io index
[INFO] [stderr]     Blocking waiting for file lock on package cache
[INFO] [stderr]  Downloading crates ...
[INFO] [stderr]   Downloaded libredox v0.1.24
[INFO] [stderr]   Downloaded cc v1.4.6
[INFO] [stderr]   Downloaded opt-in-miner v0.4.1
[INFO] [stderr]   Downloaded rustls v0.23.44
[INFO] [stderr]   Downloaded rust-randomx v0.7.6
[INFO] running `Command { std: "docker" "create" "-v" "/var/lib/crater-agent-workspace/builds/worker-5-tc1/source:/opt/rustwide/workdir:ro,Z" "-v" "/var/lib/crater-agent-workspace/builds/worker-5-tc1/target:/opt/rustwide/target:rw,Z" "-v" "/var/lib/crater-agent-workspace/cargo-home:/opt/rustwide/cargo-home:ro,Z" "-v" "/var/lib/crater-agent-workspace/rustup-home:/opt/rustwide/rustup-home:ro,Z" "-m" "1610612736" "--network" "none" "ghcr.io/rust-lang/crates-build-env/linux@sha256:77db811e55d90add9212f6832c23229e3de5f1c1f9905e8cb07319ea15df73ac" "sleep" "infinity", kill_on_drop: false }`
[INFO] [stdout] 7f7f2686f8ed86b3d0286b2359f25294d3dfcc942da71c2bfe98d6a5803a329f
[INFO] running `Command { std: "docker" "start" "7f7f2686f8ed86b3d0286b2359f25294d3dfcc942da71c2bfe98d6a5803a329f", kill_on_drop: false }`
[INFO] running `Command { std: "docker" "inspect" "7f7f2686f8ed86b3d0286b2359f25294d3dfcc942da71c2bfe98d6a5803a329f", kill_on_drop: false }`
[INFO] running `Command { std: "docker" "exec" "-e" "SOURCE_DIR=/opt/rustwide/workdir" "-e" "CARGO_HOME=/opt/rustwide/cargo-home" "-e" "RUSTUP_HOME=/opt/rustwide/rustup-home" "-e" "CARGO_TARGET_DIR=/opt/rustwide/target" "-w" "/opt/rustwide/workdir" "--user" "0:0" "7f7f2686f8ed86b3d0286b2359f25294d3dfcc942da71c2bfe98d6a5803a329f" "/opt/rustwide/cargo-home/bin/cargo" "+a7c37f9f0ee5e93396106e9de20f4a86b4154e63" "metadata" "--no-deps" "--format-version=1", kill_on_drop: false }`
[INFO] running `Command { std: "docker" "inspect" "7f7f2686f8ed86b3d0286b2359f25294d3dfcc942da71c2bfe98d6a5803a329f", kill_on_drop: false }`
[INFO] running `Command { std: "docker" "exec" "-e" "SOURCE_DIR=/opt/rustwide/workdir" "-e" "CARGO_HOME=/opt/rustwide/cargo-home" "-e" "RUSTUP_HOME=/opt/rustwide/rustup-home" "-e" "CARGO_TARGET_DIR=/opt/rustwide/target" "-e" "CARGO_INCREMENTAL=0" "-e" "RUST_BACKTRACE=full" "-e" "RUSTFLAGS=--cap-lints=forbid" "-e" "RUSTDOCFLAGS=--cap-lints=forbid" "-w" "/opt/rustwide/workdir" "--user" "0:0" "7f7f2686f8ed86b3d0286b2359f25294d3dfcc942da71c2bfe98d6a5803a329f" "/opt/rustwide/cargo-home/bin/cargo" "+a7c37f9f0ee5e93396106e9de20f4a86b4154e63" "check" "--frozen" "--all" "--all-targets" "--message-format=json", kill_on_drop: false }`
[INFO] [stderr]    Compiling jobserver v0.1.35
[INFO] [stderr]    Compiling find-msvc-tools v0.1.12
[INFO] [stderr]    Compiling aws-lc-rs v1.18.1
[INFO] [stderr]     Checking option-ext v0.2.0
[INFO] [stderr]     Checking rustls-pki-types v1.15.1
[INFO] [stderr]    Compiling rustls v0.23.44
[INFO] [stderr]     Checking log v0.4.34
[INFO] [stderr]    Compiling opt-in-miner v0.4.1
[INFO] [stderr]     Checking serde_json v1.0.151
[INFO] [stderr]    Compiling syn v3.0.5
[INFO] [stderr]     Checking dirs-sys v0.5.0
[INFO] [stderr]     Checking dirs v6.0.0
[INFO] [stderr]    Compiling cc v1.4.6
[INFO] [stderr]    Compiling cmake v0.1.58
[INFO] [stderr]    Compiling aws-lc-sys v0.45.0
[INFO] [stderr]    Compiling rust-randomx v0.7.6
[INFO] [stderr]    Compiling serde_derive v1.0.229
[INFO] [stderr]    Compiling thiserror-impl v2.0.20
[INFO] [stderr]     Checking thiserror v2.0.20
[INFO] [stderr] error: could not compile `serde_derive` (lib)
[INFO] [stderr] 
[INFO] [stderr] Caused by:
[INFO] [stderr]   process didn't exit successfully: `/opt/rustwide/rustup-home/toolchains/a7c37f9f0ee5e93396106e9de20f4a86b4154e63/bin/rustc --crate-name serde_derive --edition=2021 /opt/rustwide/cargo-home/registry/src/index.crates.io-1949cf8c6b5b557f/serde_derive-1.0.229/src/lib.rs --error-format=json --json=diagnostic-rendered-ansi,artifacts,future-incompat,unused-externs-silent --crate-type proc-macro --emit=dep-info,link -C prefer-dynamic -C embed-bitcode=no --cfg 'feature="default"' --check-cfg 'cfg(docsrs,test)' --check-cfg 'cfg(feature, values("default", "deserialize_in_place"))' -C metadata=be3785519e188be4 -C extra-filename=-fb62f6ce68be8467 --out-dir /opt/rustwide/target/debug/build/serde_derive/fb62f6ce68be8467/out -L dependency=/opt/rustwide/target/debug/build/proc-macro2/ee684499ef27f3b8/out -L dependency=/opt/rustwide/target/debug/build/quote/97307b84563a2c10/out -L dependency=/opt/rustwide/target/debug/build/unicode-ident/8c98a1a0e58216a9/out --extern proc_macro2=/opt/rustwide/target/debug/build/proc-macro2/ee684499ef27f3b8/out/libproc_macro2-ee684499ef27f3b8.rlib --extern proc_macro2=/opt/rustwide/target/debug/build/proc-macro2/ee684499ef27f3b8/out/libproc_macro2-ee684499ef27f3b8.rmeta --extern quote=/opt/rustwide/target/debug/build/quote/97307b84563a2c10/out/libquote-97307b84563a2c10.rlib --extern quote=/opt/rustwide/target/debug/build/quote/97307b84563a2c10/out/libquote-97307b84563a2c10.rmeta --extern syn=/opt/rustwide/target/debug/build/syn/bd3c45a67638554c/out/libsyn-bd3c45a67638554c.rlib --extern syn=/opt/rustwide/target/debug/build/syn/bd3c45a67638554c/out/libsyn-bd3c45a67638554c.rmeta --extern proc_macro --cap-lints allow --cap-lints=forbid --force-warn=unused_crate_dependencies` (signal: 9, SIGKILL: kill)
[INFO] [stderr] warning: build failed, waiting for other jobs to finish...
[INFO] [stderr] error: failed to run custom build command for `rust-randomx v0.7.6`
[INFO] [stderr] note: To improve backtraces for build dependencies, set the CARGO_PROFILE_DEV_BUILD_OVERRIDE_DEBUG=true environment variable to enable debug information generation.
[INFO] [stderr] 
[INFO] [stderr] Caused by:
[INFO] [stderr]   process didn't exit successfully: `/opt/rustwide/target/debug/build/rust-randomx/d262be873ddbc6ea/out/build_script_build` (exit status: 101)
[INFO] [stderr]   --- stdout
[INFO] [stderr]   CMAKE_TOOLCHAIN_FILE_x86_64-unknown-linux-gnu = None
[INFO] [stderr]   CMAKE_TOOLCHAIN_FILE_x86_64_unknown_linux_gnu = None
[INFO] [stderr]   HOST_CMAKE_TOOLCHAIN_FILE = None
[INFO] [stderr]   CMAKE_TOOLCHAIN_FILE = None
[INFO] [stderr]   CMAKE_GENERATOR_x86_64-unknown-linux-gnu = None
[INFO] [stderr]   CMAKE_GENERATOR_x86_64_unknown_linux_gnu = None
[INFO] [stderr]   HOST_CMAKE_GENERATOR = None
[INFO] [stderr]   CMAKE_GENERATOR = None
[INFO] [stderr]   CMAKE_PREFIX_PATH_x86_64-unknown-linux-gnu = None
[INFO] [stderr]   CMAKE_PREFIX_PATH_x86_64_unknown_linux_gnu = None
[INFO] [stderr]   HOST_CMAKE_PREFIX_PATH = None
[INFO] [stderr]   CMAKE_PREFIX_PATH = None
[INFO] [stderr]   CMAKE_x86_64-unknown-linux-gnu = None
[INFO] [stderr]   CMAKE_x86_64_unknown_linux_gnu = None
[INFO] [stderr]   HOST_CMAKE = None
[INFO] [stderr]   CMAKE = None
[INFO] [stderr]   -- The C compiler identification is GNU 15.2.0
[INFO] [stderr]   -- The CXX compiler identification is GNU 15.2.0
[INFO] [stderr]   -- Detecting C compiler ABI info
[INFO] [stderr]   -- Detecting C compiler ABI info - done
[INFO] [stderr]   -- Check for working C compiler: /usr/bin/cc - skipped
[INFO] [stderr]   -- Detecting C compile features
[INFO] [stderr]   -- Detecting C compile features - done
[INFO] [stderr]   -- Detecting CXX compiler ABI info
[INFO] [stderr]   -- Detecting CXX compiler ABI info - done
[INFO] [stderr]   -- Check for working CXX compiler: /usr/bin/c++ - skipped
[INFO] [stderr]   -- Detecting CXX compile features
[INFO] [stderr]   -- Detecting CXX compile features - done
[INFO] [stderr]   -- Performing Test _maes_cxx
[INFO] [stderr]   -- Performing Test _maes_cxx - Success
[INFO] [stderr]   -- Setting CXX flag -maes
[INFO] [stderr]   -- Performing Test _maes_c
[INFO] [stderr]   -- Performing Test _maes_c - Success
[INFO] [stderr]   -- Setting C flag -maes
[INFO] [stderr]   -- Performing Test HAVE_SSSE3
[INFO] [stderr]   -- Performing Test HAVE_SSSE3 - Success
[INFO] [stderr]   -- Performing Test HAVE_AVX2
[INFO] [stderr]   -- Performing Test HAVE_AVX2 - Success
[INFO] [stderr]   -- Performing Test CMAKE_HAVE_LIBC_PTHREAD
[INFO] [stderr]   -- Performing Test CMAKE_HAVE_LIBC_PTHREAD - Success
[INFO] [stderr]   -- Found Threads: TRUE
[INFO] [stderr]   -- Performing Test HAVE_CXX_ATOMICS
[INFO] [stderr]   -- Performing Test HAVE_CXX_ATOMICS - Success
[INFO] [stderr]   -- Configuring done (4.5s)
[INFO] [stderr]   -- Generating done (0.1s)
[INFO] [stderr]   -- Build files have been written to: /opt/rustwide/target/debug/build/rust-randomx/a28eeb5e93287064/out/build
[INFO] [stderr]   [  2%] Building CXX object CMakeFiles/randomx.dir/src/aes_hash.cpp.o
[INFO] [stderr]   [  5%] Building C object CMakeFiles/randomx.dir/src/argon2_ref.c.o
[INFO] [stderr]   [  8%] Building C object CMakeFiles/randomx.dir/src/argon2_ssse3.c.o
[INFO] [stderr]   [ 11%] Building C object CMakeFiles/randomx.dir/src/argon2_avx2.c.o
[INFO] [stderr]   [ 14%] Building CXX object CMakeFiles/randomx.dir/src/bytecode_machine.cpp.o
[INFO] [stderr]   [ 17%] Building CXX object CMakeFiles/randomx.dir/src/cpu.cpp.o
[INFO] [stderr]   [ 20%] Building CXX object CMakeFiles/randomx.dir/src/soft_aes.cpp.o
[INFO] [stderr]   [ 23%] Building CXX object CMakeFiles/randomx.dir/src/dataset.cpp.o
[INFO] [stderr]   [ 26%] Building C object CMakeFiles/randomx.dir/src/virtual_memory.c.o
[INFO] [stderr]   [ 29%] Building CXX object CMakeFiles/randomx.dir/src/vm_interpreted.cpp.o
[INFO] [stderr]   [ 32%] Building CXX object CMakeFiles/randomx.dir/src/allocator.cpp.o
[INFO] [stderr]   [ 35%] Building CXX object CMakeFiles/randomx.dir/src/assembly_generator_x86.cpp.o
[INFO] [stderr]   [ 38%] Building CXX object CMakeFiles/randomx.dir/src/instruction.cpp.o
[INFO] [stderr]   [ 41%] Building CXX object CMakeFiles/randomx.dir/src/randomx.cpp.o
[INFO] [stderr]   [ 44%] Building CXX object CMakeFiles/randomx.dir/src/superscalar.cpp.o
[INFO] [stderr]   [ 47%] Building CXX object CMakeFiles/randomx.dir/src/vm_compiled.cpp.o
[INFO] [stderr]   [ 50%] Building CXX object CMakeFiles/randomx.dir/src/vm_interpreted_light.cpp.o
[INFO] [stderr]   [ 52%] Building C object CMakeFiles/randomx.dir/src/argon2_core.c.o
[INFO] [stderr]   [ 55%] Building CXX object CMakeFiles/randomx.dir/src/blake2_generator.cpp.o
[INFO] [stderr]   [ 58%] Building CXX object CMakeFiles/randomx.dir/src/instructions_portable.cpp.o
[INFO] [stderr]   [ 61%] Building C object CMakeFiles/randomx.dir/src/reciprocal.c.o
[INFO] [stderr]   [ 64%] Building CXX object CMakeFiles/randomx.dir/src/virtual_machine.cpp.o
[INFO] [stderr]   [ 67%] Building CXX object CMakeFiles/randomx.dir/src/vm_compiled_light.cpp.o
[INFO] [stderr]   [ 70%] Building C object CMakeFiles/randomx.dir/src/blake2/blake2b.c.o
[INFO] [stderr]   [ 73%] Building CXX object CMakeFiles/randomx.dir/src/jit_compiler_x86.cpp.o
[INFO] [stderr]   [ 76%] Building C object CMakeFiles/randomx.dir/src/jit_compiler_x86_static.S.o
[INFO] [stderr] 
[INFO] [stderr]   --- stderr
[INFO] [stderr]   running: cd "/opt/rustwide/target/debug/build/rust-randomx/a28eeb5e93287064/out/build" && CMAKE_PREFIX_PATH="" LC_ALL="C" "cmake" "/opt/rustwide/cargo-home/registry/src/index.crates.io-1949cf8c6b5b557f/rust-randomx-0.7.6/RandomX" "-B" "/opt/rustwide/target/debug/build/rust-randomx/a28eeb5e93287064/out/build" "-DDARCH=native" "-DCMAKE_INSTALL_PREFIX=/opt/rustwide/target/debug/build/rust-randomx/a28eeb5e93287064/out" "-DCMAKE_C_FLAGS= -ffunction-sections -fdata-sections -fPIC -m64 -w" "-DCMAKE_C_COMPILER=/usr/bin/cc" "-DCMAKE_CXX_FLAGS= -ffunction-sections -fdata-sections -fPIC -m64 -w" "-DCMAKE_CXX_COMPILER=/usr/bin/c++" "-DCMAKE_ASM_FLAGS= -ffunction-sections -fdata-sections -fPIC -m64 -w" "-DCMAKE_ASM_COMPILER=/usr/bin/cc" "-DCMAKE_BUILD_TYPE=Debug"
[INFO] [stderr]   CMake Deprecation Warning at CMakeLists.txt:29 (cmake_minimum_required):
[INFO] [stderr]     Compatibility with CMake < 3.10 will be removed from a future version of
[INFO] [stderr]     CMake.
[INFO] [stderr] 
[INFO] [stderr]     Update the VERSION argument <min> value.  Or, use the <min>...<max> syntax
[INFO] [stderr]     to tell CMake that the project requires at least <min> but has been updated
[INFO] [stderr]     to work with policies introduced by <max> or earlier.
[INFO] [stderr] 
[INFO] [stderr] 
[INFO] [stderr]   CMake Warning:
[INFO] [stderr]     Manually-specified variables were not used by the project:
[INFO] [stderr] 
[INFO] [stderr]       CMAKE_ASM_COMPILER
[INFO] [stderr]       CMAKE_ASM_FLAGS
[INFO] [stderr]       DARCH
[INFO] [stderr] 
[INFO] [stderr] 
[INFO] [stderr]   running: cd "/opt/rustwide/target/debug/build/rust-randomx/a28eeb5e93287064/out/build" && LC_ALL="C" MAKEFLAGS="-j --jobserver-fds=4,5 --jobserver-auth=4,5" "cmake" "--build" "/opt/rustwide/target/debug/build/rust-randomx/a28eeb5e93287064/out/build" "--target" "install" "--config" "Debug"
[INFO] [stderr]   c++: fatal error: Killed signal terminated program cc1plus
[INFO] [stderr]   compilation terminated.
[INFO] [stderr]   gmake[2]: *** [CMakeFiles/randomx.dir/build.make:219: CMakeFiles/randomx.dir/src/allocator.cpp.o] Error 1
[INFO] [stderr]   gmake[2]: *** Waiting for unfinished jobs....
[INFO] [stderr]   c++: fatal error: Killed signal terminated program cc1plus
[INFO] [stderr]   compilation terminated.
[INFO] [stderr]   gmake[2]: *** [CMakeFiles/randomx.dir/build.make:205: CMakeFiles/randomx.dir/src/vm_interpreted.cpp.o] Error 1
[INFO] [stderr]   gmake[1]: *** [CMakeFiles/Makefile2:96: CMakeFiles/randomx.dir/all] Error 2
[INFO] [stderr]   gmake: *** [Makefile:136: all] Error 2
[INFO] [stderr] 
[INFO] [stderr]   thread 'main' (256) panicked at /opt/rustwide/cargo-home/registry/src/index.crates.io-1949cf8c6b5b557f/cmake-0.1.58/src/lib.rs:1132:5:
[INFO] [stderr] 
[INFO] [stderr]   command did not execute successfully, got: exit status: 2
[INFO] [stderr] 
[INFO] [stderr]   build script failed, must exit now
[INFO] [stderr]   stack backtrace:
[INFO] [stderr]      0:     0x600289c22e41 - std[fcf2236bba0c9df5]::backtrace_rs::backtrace::libunwind::trace
[INFO] [stderr]                                  at /rustc/a7c37f9f0ee5e93396106e9de20f4a86b4154e63/library/std/src/../../backtrace/src/backtrace/libunwind.rs:117:9
[INFO] [stderr]      1:     0x600289c22e41 - std[fcf2236bba0c9df5]::backtrace_rs::backtrace::trace_unsynchronized::<std[fcf2236bba0c9df5]::sys::backtrace::_print_fmt::{closure#1}>
[INFO] [stderr]                                  at /rustc/a7c37f9f0ee5e93396106e9de20f4a86b4154e63/library/std/src/../../backtrace/src/backtrace/mod.rs:66:14
[INFO] [stderr]      2:     0x600289c22e41 - std[fcf2236bba0c9df5]::sys::backtrace::_print_fmt
[INFO] [stderr]                                  at /rustc/a7c37f9f0ee5e93396106e9de20f4a86b4154e63/library/std/src/sys/backtrace.rs:74:9
[INFO] [stderr]      3:     0x600289c22e41 - <<std[fcf2236bba0c9df5]::sys::backtrace::BacktraceLock>::print::DisplayBacktrace as core[e33c4c92224be1d5]::fmt::Display>::fmt
[INFO] [stderr]                                  at /rustc/a7c37f9f0ee5e93396106e9de20f4a86b4154e63/library/std/src/sys/backtrace.rs:44:26
[INFO] [stderr]      4:     0x600289c36aaa - <core[e33c4c92224be1d5]::fmt::rt::Argument>::fmt
[INFO] [stderr]                                  at /rustc/a7c37f9f0ee5e93396106e9de20f4a86b4154e63/library/core/src/fmt/rt.rs:152:76
[INFO] [stderr]      5:     0x600289c36aaa - core[e33c4c92224be1d5]::fmt::write
[INFO] [stderr]      6:     0x600289c2885c - core[e33c4c92224be1d5]::io::write::default_write_fmt::<std[fcf2236bba0c9df5]::sys::stdio::unix::Stderr>
[INFO] [stderr]                                  at /rustc/a7c37f9f0ee5e93396106e9de20f4a86b4154e63/library/core/src/io/write.rs:402:11
[INFO] [stderr]      7:     0x600289c2885c - <std[fcf2236bba0c9df5]::sys::stdio::unix::Stderr as core[e33c4c92224be1d5]::io::write::Write>::write_fmt
[INFO] [stderr]                                  at /rustc/a7c37f9f0ee5e93396106e9de20f4a86b4154e63/library/core/src/io/write.rs:335:13
[INFO] [stderr]      8:     0x600289c02006 - <std[fcf2236bba0c9df5]::sys::backtrace::BacktraceLock>::print
[INFO] [stderr]                                  at /rustc/a7c37f9f0ee5e93396106e9de20f4a86b4154e63/library/std/src/sys/backtrace.rs:47:9
[INFO] [stderr]      9:     0x600289c02006 - std[fcf2236bba0c9df5]::panicking::default_hook::{closure#0}
[INFO] [stderr]                                  at /rustc/a7c37f9f0ee5e93396106e9de20f4a86b4154e63/library/std/src/panicking.rs:289:27
[INFO] [stderr]     10:     0x600289c1db51 - std[fcf2236bba0c9df5]::panicking::default_hook
[INFO] [stderr]                                  at /rustc/a7c37f9f0ee5e93396106e9de20f4a86b4154e63/library/std/src/panicking.rs:316:9
[INFO] [stderr]     11:     0x600289c1dd0b - std[fcf2236bba0c9df5]::panicking::panic_with_hook
[INFO] [stderr]                                  at /rustc/a7c37f9f0ee5e93396106e9de20f4a86b4154e63/library/std/src/panicking.rs:811:13
[INFO] [stderr]     12:     0x600289c020b2 - std[fcf2236bba0c9df5]::panicking::panic_handler::{closure#0}
[INFO] [stderr]                                  at /rustc/a7c37f9f0ee5e93396106e9de20f4a86b4154e63/library/std/src/panicking.rs:685:13
[INFO] [stderr]     13:     0x600289bfbb89 - std[fcf2236bba0c9df5]::sys::backtrace::__rust_end_short_backtrace::<std[fcf2236bba0c9df5]::panicking::panic_handler::{closure#0}, !>
[INFO] [stderr]                                  at /rustc/a7c37f9f0ee5e93396106e9de20f4a86b4154e63/library/std/src/sys/backtrace.rs:182:18
[INFO] [stderr]     14:     0x600289c0289d - __rustc[d9179db25e6d0020]::rust_begin_unwind
[INFO] [stderr]                                  at /rustc/a7c37f9f0ee5e93396106e9de20f4a86b4154e63/library/std/src/panicking.rs:676:5
[INFO] [stderr]     15:     0x600289c3723c - core[e33c4c92224be1d5]::panicking::panic_fmt
[INFO] [stderr]                                  at /rustc/a7c37f9f0ee5e93396106e9de20f4a86b4154e63/library/core/src/panicking.rs:80:14
[INFO] [stderr]     16:     0x600289b84d87 - cmake[2f75d98d62ef7143]::fail
[INFO] [stderr]     17:     0x600289b84a13 - cmake[2f75d98d62ef7143]::run
[INFO] [stderr]     18:     0x600289b8a966 - <cmake[2f75d98d62ef7143]::Config>::build
[INFO] [stderr]     19:     0x600289b76c9d - build_script_build[fb4353163d07f8c8]::main
[INFO] [stderr]     20:     0x600289b777f3 - <fn() as core[e33c4c92224be1d5]::ops::function::FnOnce<()>>::call_once
[INFO] [stderr]     21:     0x600289b76bce - std[fcf2236bba0c9df5]::sys::backtrace::__rust_begin_short_backtrace::<fn(), ()>
[INFO] [stderr]     22:     0x600289b76bd9 - std[fcf2236bba0c9df5]::rt::lang_start::<()>::{closure#0}
[INFO] [stderr]     23:     0x600289c1ce58 - <&dyn core[e33c4c92224be1d5]::ops::function::Fn<(), Output = i32> + core[e33c4c92224be1d5]::panic::unwind_safe::RefUnwindSafe + core[e33c4c92224be1d5]::marker::Sync as core[e33c4c92224be1d5]::ops::function::FnOnce<()>>::call_once
[INFO] [stderr]                                  at /rustc/a7c37f9f0ee5e93396106e9de20f4a86b4154e63/library/core/src/ops/function.rs:287:21
[INFO] [stderr]     24:     0x600289c1ce58 - std[fcf2236bba0c9df5]::panicking::catch_unwind::do_call::<&dyn core[e33c4c92224be1d5]::ops::function::Fn<(), Output = i32> + core[e33c4c92224be1d5]::panic::unwind_safe::RefUnwindSafe + core[e33c4c92224be1d5]::marker::Sync, i32>
[INFO] [stderr]                                  at /rustc/a7c37f9f0ee5e93396106e9de20f4a86b4154e63/library/std/src/panicking.rs:573:43
[INFO] [stderr]     25:     0x600289c1ce58 - std[fcf2236bba0c9df5]::panicking::catch_unwind::<i32, &dyn core[e33c4c92224be1d5]::ops::function::Fn<(), Output = i32> + core[e33c4c92224be1d5]::panic::unwind_safe::RefUnwindSafe + core[e33c4c92224be1d5]::marker::Sync>
[INFO] [stderr]                                  at /rustc/a7c37f9f0ee5e93396106e9de20f4a86b4154e63/library/std/src/panicking.rs:541:19
[INFO] [stderr]     26:     0x600289c1ce58 - std[fcf2236bba0c9df5]::panic::catch_unwind::<&dyn core[e33c4c92224be1d5]::ops::function::Fn<(), Output = i32> + core[e33c4c92224be1d5]::panic::unwind_safe::RefUnwindSafe + core[e33c4c92224be1d5]::marker::Sync, i32>
[INFO] [stderr]                                  at /rustc/a7c37f9f0ee5e93396106e9de20f4a86b4154e63/library/std/src/panic.rs:359:14
[INFO] [stderr]     27:     0x600289c1ce58 - std[fcf2236bba0c9df5]::rt::lang_start_internal::{closure#0}
[INFO] [stderr]                                  at /rustc/a7c37f9f0ee5e93396106e9de20f4a86b4154e63/library/std/src/rt.rs:175:24
[INFO] [stderr]     28:     0x600289c1ce58 - std[fcf2236bba0c9df5]::panicking::catch_unwind::do_call::<std[fcf2236bba0c9df5]::rt::lang_start_internal::{closure#0}, isize>
[INFO] [stderr]                                  at /rustc/a7c37f9f0ee5e93396106e9de20f4a86b4154e63/library/std/src/panicking.rs:573:43
[INFO] [stderr]     29:     0x600289c1ce58 - std[fcf2236bba0c9df5]::panicking::catch_unwind::<isize, std[fcf2236bba0c9df5]::rt::lang_start_internal::{closure#0}>
[INFO] [stderr]                                  at /rustc/a7c37f9f0ee5e93396106e9de20f4a86b4154e63/library/std/src/panicking.rs:541:19
[INFO] [stderr]     30:     0x600289c1ce58 - std[fcf2236bba0c9df5]::panic::catch_unwind::<std[fcf2236bba0c9df5]::rt::lang_start_internal::{closure#0}, isize>
[INFO] [stderr]                                  at /rustc/a7c37f9f0ee5e93396106e9de20f4a86b4154e63/library/std/src/panic.rs:359:14
[INFO] [stderr]     31:     0x600289c1ce58 - std[fcf2236bba0c9df5]::rt::lang_start_internal
[INFO] [stderr]                                  at /rustc/a7c37f9f0ee5e93396106e9de20f4a86b4154e63/library/std/src/rt.rs:171:5
[INFO] [stderr]     32:     0x600289b76bc1 - std[fcf2236bba0c9df5]::rt::lang_start::<()>
[INFO] [stderr]     33:     0x600289b77865 - main
[INFO] [stderr]     34:     0x74d31d828601 - <unknown>
[INFO] [stderr]     35:     0x74d31d828718 - __libc_start_main
[INFO] [stderr]     36:     0x600289b75ba5 - _start
[INFO] [stderr]     37:                0x0 - <unknown>
[INFO] running `Command { std: "docker" "inspect" "7f7f2686f8ed86b3d0286b2359f25294d3dfcc942da71c2bfe98d6a5803a329f", kill_on_drop: false }`
[INFO] running `Command { std: "docker" "rm" "-f" "7f7f2686f8ed86b3d0286b2359f25294d3dfcc942da71c2bfe98d6a5803a329f", kill_on_drop: false }`
[INFO] [stdout] 7f7f2686f8ed86b3d0286b2359f25294d3dfcc942da71c2bfe98d6a5803a329f
