[INFO] fetching crate zvariant 5.15.1...
[INFO] checking zvariant-5.15.1 against 52995a223f2919dd3e2e427231db90a257350ded for pr-129249-4
[INFO] extracting crate zvariant 5.15.1 into /workspace/builds/worker-5-tc2/source
[INFO] started tweaking crates.io crate zvariant 5.15.1
[INFO] removed 0 missing tests
[INFO] finished tweaking crates.io crate zvariant 5.15.1
[INFO] tweaked toml for crates.io crate zvariant 5.15.1 written to /workspace/builds/worker-5-tc2/source/Cargo.toml
[INFO] validating manifest of crates.io crate zvariant 5.15.1 on toolchain 52995a223f2919dd3e2e427231db90a257350ded
[INFO] running `Command { std: CARGO_HOME="/workspace/cargo-home" RUSTUP_HOME="/workspace/rustup-home" "/workspace/cargo-home/bin/cargo" "+52995a223f2919dd3e2e427231db90a257350ded" "metadata" "--manifest-path" "Cargo.toml" "--no-deps", kill_on_drop: false }`
[INFO] crate crates.io crate zvariant 5.15.1 already has a lockfile, it will not be regenerated
[INFO] running `Command { std: CARGO_HOME="/workspace/cargo-home" RUSTUP_HOME="/workspace/rustup-home" "/workspace/cargo-home/bin/cargo" "+52995a223f2919dd3e2e427231db90a257350ded" "fetch" "--manifest-path" "Cargo.toml", kill_on_drop: false }`
[INFO] running `Command { std: "docker" "create" "-v" "/var/lib/crater-agent-workspace/builds/worker-5-tc2/source:/opt/rustwide/workdir:ro,Z" "-v" "/var/lib/crater-agent-workspace/builds/worker-5-tc2/target:/opt/rustwide/target:rw,Z" "-v" "/var/lib/crater-agent-workspace/cargo-home:/opt/rustwide/cargo-home:ro,Z" "-v" "/var/lib/crater-agent-workspace/rustup-home:/opt/rustwide/rustup-home:ro,Z" "-m" "1610612736" "--network" "none" "ghcr.io/rust-lang/crates-build-env/linux@sha256:77db811e55d90add9212f6832c23229e3de5f1c1f9905e8cb07319ea15df73ac" "sleep" "infinity", kill_on_drop: false }`
[INFO] [stdout] 5b502fbf8192d10109d70302c547511211eae2f5fc6c2e81b8a10de6dbe1a50b
[INFO] running `Command { std: "docker" "start" "5b502fbf8192d10109d70302c547511211eae2f5fc6c2e81b8a10de6dbe1a50b", kill_on_drop: false }`
[INFO] running `Command { std: "docker" "inspect" "5b502fbf8192d10109d70302c547511211eae2f5fc6c2e81b8a10de6dbe1a50b", kill_on_drop: false }`
[INFO] running `Command { std: "docker" "exec" "-e" "SOURCE_DIR=/opt/rustwide/workdir" "-e" "CARGO_HOME=/opt/rustwide/cargo-home" "-e" "RUSTUP_HOME=/opt/rustwide/rustup-home" "-e" "CARGO_TARGET_DIR=/opt/rustwide/target" "-w" "/opt/rustwide/workdir" "--user" "0:0" "5b502fbf8192d10109d70302c547511211eae2f5fc6c2e81b8a10de6dbe1a50b" "/opt/rustwide/cargo-home/bin/cargo" "+52995a223f2919dd3e2e427231db90a257350ded" "metadata" "--no-deps" "--format-version=1", kill_on_drop: false }`
[INFO] running `Command { std: "docker" "inspect" "5b502fbf8192d10109d70302c547511211eae2f5fc6c2e81b8a10de6dbe1a50b", kill_on_drop: false }`
[INFO] running `Command { std: "docker" "exec" "-e" "SOURCE_DIR=/opt/rustwide/workdir" "-e" "CARGO_HOME=/opt/rustwide/cargo-home" "-e" "RUSTUP_HOME=/opt/rustwide/rustup-home" "-e" "CARGO_TARGET_DIR=/opt/rustwide/target" "-e" "CARGO_INCREMENTAL=0" "-e" "RUST_BACKTRACE=full" "-e" "RUSTFLAGS=--cap-lints=forbid" "-e" "RUSTDOCFLAGS=--cap-lints=forbid" "-w" "/opt/rustwide/workdir" "--user" "0:0" "5b502fbf8192d10109d70302c547511211eae2f5fc6c2e81b8a10de6dbe1a50b" "/opt/rustwide/cargo-home/bin/cargo" "+52995a223f2919dd3e2e427231db90a257350ded" "check" "--frozen" "--all" "--all-targets" "--message-format=json", kill_on_drop: false }`
[INFO] [stderr]    Compiling proc-macro2 v1.0.107
[INFO] [stderr]    Compiling quote v1.0.47
[INFO] [stderr]    Compiling nix v0.31.2
[INFO] [stderr]    Compiling serde_core v1.0.229
[INFO] [stderr]    Compiling cc v1.2.49
[INFO] [stderr]    Compiling anyhow v1.0.100
[INFO] [stderr]     Checking zmij v1.0.0
[INFO] [stderr]    Compiling getrandom v0.4.1
[INFO] [stderr]    Compiling toml_parser v1.0.9+spec-1.1.0
[INFO] [stderr]    Compiling indexmap v2.12.1
[INFO] [stderr]    Compiling serde v1.0.229
[INFO] [stderr]    Compiling toml_datetime v1.0.0+spec-1.1.0
[INFO] [stderr]     Checking approx v0.5.1
[INFO] [stderr]     Checking clap_lex v1.0.0
[INFO] [stderr]     Checking regex-automata v0.4.13
[INFO] [stderr]     Checking itertools v0.10.5
[INFO] [stderr]     Checking glob v0.3.3
[INFO] [stderr]     Checking plotters v0.3.7
[INFO] [stderr]     Checking serde_json v1.0.151
[INFO] [stderr]     Checking statrs v0.18.0
[INFO] [stderr]     Checking clap_builder v4.6.6
[INFO] [stderr]     Checking rayon v1.11.0
[INFO] [stderr]     Checking winnow v1.0.4
[INFO] [stderr]    Compiling codspeed-criterion-compat v5.0.1
[INFO] [stderr]    Compiling syn v3.0.3
[INFO] [stderr]    Compiling syn v2.0.119
[INFO] [stderr]    Compiling toml_edit v0.25.3+spec-1.1.0
[INFO] [stderr]    Compiling codspeed v5.0.1
[INFO] [stderr]     Checking regex v1.12.2
[INFO] [stderr]    Compiling proc-macro-crate v3.5.0
[INFO] [stderr]     Checking criterion-plot v0.5.0
[INFO] [stderr]     Checking clap v4.6.6
[INFO] [stderr]    Compiling zerocopy-derive v0.8.31
[INFO] [stderr]    Compiling serde_derive v1.0.229
[INFO] [stderr]    Compiling serde_repr v0.1.21
[INFO] [stderr]     Checking zerocopy v0.8.31
[INFO] [stderr]     Checking tinytemplate v1.2.1
[INFO] [stderr]     Checking zvariant_utils v4.2.0
[INFO] [stderr]     Checking zcheapstr v1.1.0
[INFO] [stderr]     Checking chrono v0.4.45
[INFO] [stderr]     Checking half v2.7.1
[INFO] [stderr]     Checking ciborium-ll v0.2.2
[INFO] [stderr]     Checking ciborium v0.2.2
[INFO] [stderr]    Compiling zvariant_derive v5.15.1
[INFO] [stderr]     Checking zvariant v5.15.1 (/opt/rustwide/workdir)
[INFO] [stderr]     Checking codspeed-criterion-compat-walltime v5.0.1
[INFO] [stdout] error: useless conversion to the same type: `error::Error`
[INFO] [stdout]    --> src/from_value.rs:93:21
[INFO] [stdout]     |
[INFO] [stdout]  86 | macro_rules! value_try_from_ref_try_clone {
[INFO] [stdout] ...
[INFO] [stdout]  93 |                     value.try_clone().map_err(Into::into)
[INFO] [stdout]     |                     ^^^^^^^^^^^^^^^^^^^^^^^^^^^^^^^^^^^^^
[INFO] [stdout] ...
[INFO] [stdout] 104 | value_try_from_ref_try_clone!(Structure, Structure<'a>);
[INFO] [stdout]     | ------------------------------------------------------- in this macro invocation
[INFO] [stdout]     |
[INFO] [stdout]     = note: this method call relies on the `impl<T> Into<T> for T` blanket implementation and type inference, which is a semver hazard as a new `impl Into<_>` that affects your type might be added in the future causing type inference errors
[INFO] [stdout]     = note: you can instead use the fully-qualified path `<error::Error as Into<error::Error>::into(val) to avoid triggering this lint
[INFO] [stdout]     = note: `#[deny(self_type_conversion)]` on by default
[INFO] [stdout] 
[INFO] [stdout] 
[INFO] [stdout] error: useless conversion to the same type: `error::Error`
[INFO] [stdout]    --> src/from_value.rs:93:21
[INFO] [stdout]     |
[INFO] [stdout]  86 | macro_rules! value_try_from_ref_try_clone {
[INFO] [stdout] ...
[INFO] [stdout]  93 |                     value.try_clone().map_err(Into::into)
[INFO] [stdout]     |                     ^^^^^^^^^^^^^^^^^^^^^^^^^^^^^^^^^^^^^
[INFO] [stdout] ...
[INFO] [stdout] 108 | value_try_from_ref_try_clone!(Dict, Dict<'a, 'a>);
[INFO] [stdout]     | ------------------------------------------------- in this macro invocation
[INFO] [stdout]     |
[INFO] [stdout]     = note: this method call relies on the `impl<T> Into<T> for T` blanket implementation and type inference, which is a semver hazard as a new `impl Into<_>` that affects your type might be added in the future causing type inference errors
[INFO] [stdout]     = note: you can instead use the fully-qualified path `<error::Error as Into<error::Error>::into(val) to avoid triggering this lint
[INFO] [stdout] 
[INFO] [stdout] 
[INFO] [stdout] error: useless conversion to the same type: `error::Error`
[INFO] [stdout]    --> src/from_value.rs:93:21
[INFO] [stdout]     |
[INFO] [stdout]  86 | macro_rules! value_try_from_ref_try_clone {
[INFO] [stdout] ...
[INFO] [stdout]  93 |                     value.try_clone().map_err(Into::into)
[INFO] [stdout]     |                     ^^^^^^^^^^^^^^^^^^^^^^^^^^^^^^^^^^^^^
[INFO] [stdout] ...
[INFO] [stdout] 112 | value_try_from_ref_try_clone!(Array, Array<'a>);
[INFO] [stdout]     | ----------------------------------------------- in this macro invocation
[INFO] [stdout]     |
[INFO] [stdout]     = note: this method call relies on the `impl<T> Into<T> for T` blanket implementation and type inference, which is a semver hazard as a new `impl Into<_>` that affects your type might be added in the future causing type inference errors
[INFO] [stdout]     = note: you can instead use the fully-qualified path `<error::Error as Into<error::Error>::into(val) to avoid triggering this lint
[INFO] [stdout] 
[INFO] [stdout] 
[INFO] [stdout] error: useless conversion to the same type: `error::Error`
[INFO] [stdout]    --> src/from_value.rs:93:21
[INFO] [stdout]     |
[INFO] [stdout]  86 | macro_rules! value_try_from_ref_try_clone {
[INFO] [stdout] ...
[INFO] [stdout]  93 |                     value.try_clone().map_err(Into::into)
[INFO] [stdout]     |                     ^^^^^^^^^^^^^^^^^^^^^^^^^^^^^^^^^^^^^
[INFO] [stdout] ...
[INFO] [stdout] 131 | value_try_from_ref_try_clone!(Fd, Fd<'a>);
[INFO] [stdout]     | ----------------------------------------- in this macro invocation
[INFO] [stdout]     |
[INFO] [stdout]     = note: this method call relies on the `impl<T> Into<T> for T` blanket implementation and type inference, which is a semver hazard as a new `impl Into<_>` that affects your type might be added in the future causing type inference errors
[INFO] [stdout]     = note: you can instead use the fully-qualified path `<error::Error as Into<error::Error>::into(val) to avoid triggering this lint
[INFO] [stdout] 
[INFO] [stdout] 
[INFO] [stderr] error: could not compile `zvariant` (lib) due to 4 previous errors
[INFO] [stderr] warning: build failed, waiting for other jobs to finish...
[INFO] running `Command { std: "docker" "inspect" "5b502fbf8192d10109d70302c547511211eae2f5fc6c2e81b8a10de6dbe1a50b", kill_on_drop: false }`
[INFO] running `Command { std: "docker" "rm" "-f" "5b502fbf8192d10109d70302c547511211eae2f5fc6c2e81b8a10de6dbe1a50b", kill_on_drop: false }`
[INFO] [stdout] 5b502fbf8192d10109d70302c547511211eae2f5fc6c2e81b8a10de6dbe1a50b
