[INFO] fetching crate utz_build 0.4.0+2026c...
[INFO] checking utz_build-0.4.0+2026c against 52995a223f2919dd3e2e427231db90a257350ded for pr-129249-4
[INFO] extracting crate utz_build 0.4.0+2026c into /workspace/builds/worker-7-tc2/source
[INFO] started tweaking crates.io crate utz_build 0.4.0+2026c
[INFO] finished tweaking crates.io crate utz_build 0.4.0+2026c
[INFO] tweaked toml for crates.io crate utz_build 0.4.0+2026c written to /workspace/builds/worker-7-tc2/source/Cargo.toml
[INFO] validating manifest of crates.io crate utz_build 0.4.0+2026c on toolchain 52995a223f2919dd3e2e427231db90a257350ded
[INFO] running `Command { std: CARGO_HOME="/workspace/cargo-home" RUSTUP_HOME="/workspace/rustup-home" "/workspace/cargo-home/bin/cargo" "+52995a223f2919dd3e2e427231db90a257350ded" "metadata" "--manifest-path" "Cargo.toml" "--no-deps", kill_on_drop: false }`
[INFO] crate crates.io crate utz_build 0.4.0+2026c already has a lockfile, it will not be regenerated
[INFO] running `Command { std: CARGO_HOME="/workspace/cargo-home" RUSTUP_HOME="/workspace/rustup-home" "/workspace/cargo-home/bin/cargo" "+52995a223f2919dd3e2e427231db90a257350ded" "fetch" "--manifest-path" "Cargo.toml", kill_on_drop: false }`
[INFO] running `Command { std: "docker" "create" "-v" "/var/lib/crater-agent-workspace/builds/worker-7-tc2/source:/opt/rustwide/workdir:ro,Z" "-v" "/var/lib/crater-agent-workspace/builds/worker-7-tc2/target:/opt/rustwide/target:rw,Z" "-v" "/var/lib/crater-agent-workspace/cargo-home:/opt/rustwide/cargo-home:ro,Z" "-v" "/var/lib/crater-agent-workspace/rustup-home:/opt/rustwide/rustup-home:ro,Z" "-m" "1610612736" "--network" "none" "ghcr.io/rust-lang/crates-build-env/linux@sha256:c0af3998e971868164375a7dfb646c9933ddd1a3bdb00fa2041266763dc1eeab" "sleep" "infinity", kill_on_drop: false }`
[INFO] [stdout] a4b28e6d42d4d3a98a270fcb09d96243db32138b8ad833173690976053aaa608
[INFO] running `Command { std: "docker" "start" "a4b28e6d42d4d3a98a270fcb09d96243db32138b8ad833173690976053aaa608", kill_on_drop: false }`
[INFO] running `Command { std: "docker" "inspect" "a4b28e6d42d4d3a98a270fcb09d96243db32138b8ad833173690976053aaa608", kill_on_drop: false }`
[INFO] running `Command { std: "docker" "exec" "-e" "SOURCE_DIR=/opt/rustwide/workdir" "-e" "CARGO_HOME=/opt/rustwide/cargo-home" "-e" "RUSTUP_HOME=/opt/rustwide/rustup-home" "-e" "CARGO_TARGET_DIR=/opt/rustwide/target" "-w" "/opt/rustwide/workdir" "--user" "0:0" "a4b28e6d42d4d3a98a270fcb09d96243db32138b8ad833173690976053aaa608" "/opt/rustwide/cargo-home/bin/cargo" "+52995a223f2919dd3e2e427231db90a257350ded" "metadata" "--no-deps" "--format-version=1", kill_on_drop: false }`
[INFO] running `Command { std: "docker" "inspect" "a4b28e6d42d4d3a98a270fcb09d96243db32138b8ad833173690976053aaa608", kill_on_drop: false }`
[INFO] running `Command { std: "docker" "exec" "-e" "SOURCE_DIR=/opt/rustwide/workdir" "-e" "CARGO_HOME=/opt/rustwide/cargo-home" "-e" "RUSTUP_HOME=/opt/rustwide/rustup-home" "-e" "CARGO_TARGET_DIR=/opt/rustwide/target" "-e" "CARGO_INCREMENTAL=0" "-e" "RUST_BACKTRACE=full" "-e" "RUSTFLAGS=--cap-lints=forbid" "-e" "RUSTDOCFLAGS=--cap-lints=forbid" "-w" "/opt/rustwide/workdir" "--user" "0:0" "a4b28e6d42d4d3a98a270fcb09d96243db32138b8ad833173690976053aaa608" "/opt/rustwide/cargo-home/bin/cargo" "+52995a223f2919dd3e2e427231db90a257350ded" "check" "--frozen" "--all" "--all-targets" "--message-format=json", kill_on_drop: false }`
[INFO] [stderr]    Compiling libc v0.2.189
[INFO] [stderr]    Compiling proc-macro2 v1.0.107
[INFO] [stderr]     Checking typenum v1.20.1
[INFO] [stderr]    Compiling pkg-config v0.3.33
[INFO] [stderr]    Compiling num-traits v0.2.19
[INFO] [stderr]     Checking simd-adler32 v0.3.10
[INFO] [stderr]     Checking zeroize v1.9.0
[INFO] [stderr]     Checking log v0.4.33
[INFO] [stderr]     Checking rustls-pki-types v1.15.1
[INFO] [stderr]     Checking miniz_oxide v0.8.9
[INFO] [stderr]    Compiling quote v1.0.47
[INFO] [stderr]    Compiling syn v2.0.119
[INFO] [stderr]    Compiling matrixmultiply v0.3.11
[INFO] [stderr]    Compiling zerocopy v0.8.55
[INFO] [stderr]    Compiling serde_core v1.0.229
[INFO] [stderr]    Compiling unicode-segmentation v1.13.3
[INFO] [stderr]    Compiling zstd-safe v7.2.4
[INFO] [stderr]     Checking alloc-no-stdlib v2.0.4
[INFO] [stderr]     Checking const-oid v0.10.2
[INFO] [stderr]    Compiling httparse v1.10.1
[INFO] [stderr]     Checking zlib-rs v0.6.7
[INFO] [stderr]     Checking alloc-stdlib v0.2.4
[INFO] [stderr]    Compiling convert_case v0.10.0
[INFO] [stderr]    Compiling jobserver v0.1.35
[INFO] [stderr]    Compiling rustls v0.23.43
[INFO] [stderr]     Checking rawpointer v0.2.1
[INFO] [stderr]     Checking http v1.5.0
[INFO] [stderr]    Compiling cc v1.4.0
[INFO] [stderr]     Checking num-integer v0.1.46
[INFO] [stderr]     Checking getrandom v0.2.17
[INFO] [stderr]     Checking num-complex v0.4.6
[INFO] [stderr]     Checking brotli-decompressor v5.0.3
[INFO] [stderr]     Checking hybrid-array v0.4.14
[INFO] [stderr]    Compiling syn v3.0.3
[INFO] [stderr]    Compiling serde v1.0.229
[INFO] [stderr]     Checking flate2 v1.1.9
[INFO] [stderr]     Checking zune-core v0.5.1
[INFO] [stderr]     Checking bumpalo v3.20.3
[INFO] [stderr]     Checking zune-jpeg v0.5.15
[INFO] [stderr]     Checking crypto-common v0.2.2
[INFO] [stderr]     Checking block-buffer v0.12.1
[INFO] [stderr]     Checking zopfli v0.8.3
[INFO] [stderr]     Checking brotli v8.0.4
[INFO] [stderr]    Compiling ring v0.17.14
[INFO] [stderr]    Compiling zstd-sys v2.0.16+zstd.1.5.7
[INFO] [stderr]     Checking digest v0.11.3
[INFO] [stderr]     Checking ureq-proto v0.6.0
[INFO] [stderr]     Checking sha2 v0.11.0
[INFO] [stderr]     Checking ndarray v0.17.2
[INFO] [stderr]     Checking lzma-rust2 v0.18.0
[INFO] [stderr]     Checking webpki-roots v1.0.9
[INFO] [stderr]     Checking miniz_oxide v0.9.1
[INFO] [stderr]     Checking quick-error v2.0.1
[INFO] [stderr]     Checking weezl v0.1.12
[INFO] [stderr]     Checking utz_simplify v0.4.0+2026c
[INFO] [stderr]    Compiling serde_derive v1.0.229
[INFO] [stderr]     Checking fax v0.2.7
[INFO] [stderr]     Checking typed-path v0.12.3
[INFO] [stderr]     Checking utf8-zero v0.8.1
[INFO] [stderr]     Checking serde_json v1.0.151
[INFO] [stderr]    Compiling scroll_derive v0.13.1
[INFO] [stderr]    Compiling zerocopy-derive v0.8.55
[INFO] [stderr]    Compiling derive_more-impl v2.1.1
[INFO] [stderr]     Checking zip v8.6.0
[INFO] [stderr]     Checking scroll v0.13.0
[INFO] [stderr]     Checking utz_common v0.4.0+2026c
[INFO] [stderr]     Checking rustls-webpki v0.103.13
[INFO] [stderr]     Checking derive_more v2.1.1
[INFO] [stderr]     Checking zstd v0.13.3
[INFO] [stderr]     Checking utz_encode v0.4.0+2026c
[INFO] [stderr]     Checking ureq v3.3.0
[INFO] [stderr]     Checking half v2.7.1
[INFO] [stderr]     Checking tiff v0.11.3
[INFO] [stderr]     Checking utz_build v0.4.0+2026c (/opt/rustwide/workdir)
[INFO] [stdout] error: useless conversion to the same type: `error::Error`
[INFO] [stdout]    --> src/error.rs:84:24
[INFO] [stdout]     |
[INFO] [stdout]  81 |   macro_rules! ensure {
[INFO] [stdout] ...
[INFO] [stdout]  84 |               return Err($err.into());
[INFO] [stdout]     |                          ^^^^^^^^^^^
[INFO] [stdout]     |
[INFO] [stdout]    ::: src/density.rs:211:9
[INFO] [stdout]     |
[INFO] [stdout] 211 | /         crate::ensure!(
[INFO] [stdout] 212 | |             scale.len() >= 2 && tiepoint.len() >= 5,
[INFO] [stdout] 213 | |             Error::MissingGeotransform
[INFO] [stdout] 214 | |         );
[INFO] [stdout]     | |_________- in this macro invocation
[INFO] [stdout]     |
[INFO] [stdout]     = note: this method call relies on the `impl<T> Into<T> for T` blanket implementation and type inference, which is a semver hazard as a new `impl Into<_>` that affects your type might be added in the future causing type inference errors
[INFO] [stdout]     = note: you can instead use the fully-qualified path `<error::Error as Into<error::Error>::into(val) to avoid triggering this lint
[INFO] [stdout]     = note: `#[deny(self_type_conversion)]` on by default
[INFO] [stdout] 
[INFO] [stdout] 
[INFO] [stdout] error: useless conversion to the same type: `error::Error`
[INFO] [stdout]    --> src/error.rs:84:24
[INFO] [stdout]     |
[INFO] [stdout]  81 | macro_rules! ensure {
[INFO] [stdout] ...
[INFO] [stdout]  84 |             return Err($err.into());
[INFO] [stdout]     |                        ^^^^^^^^^^^
[INFO] [stdout]     |
[INFO] [stdout]    ::: src/density.rs:341:9
[INFO] [stdout]     |
[INFO] [stdout] 341 |         crate::ensure!(&magic == SIDECAR_MAGIC, Error::BadSidecar("bad magic"));
[INFO] [stdout]     |         ----------------------------------------------------------------------- in this macro invocation
[INFO] [stdout]     |
[INFO] [stdout]     = note: this method call relies on the `impl<T> Into<T> for T` blanket implementation and type inference, which is a semver hazard as a new `impl Into<_>` that affects your type might be added in the future causing type inference errors
[INFO] [stdout]     = note: you can instead use the fully-qualified path `<error::Error as Into<error::Error>::into(val) to avoid triggering this lint
[INFO] [stdout] 
[INFO] [stdout] 
[INFO] [stdout] error: useless conversion to the same type: `error::Error`
[INFO] [stdout]    --> src/error.rs:84:24
[INFO] [stdout]     |
[INFO] [stdout]  81 |   macro_rules! ensure {
[INFO] [stdout] ...
[INFO] [stdout]  84 |               return Err($err.into());
[INFO] [stdout]     |                          ^^^^^^^^^^^
[INFO] [stdout]     |
[INFO] [stdout]    ::: src/density.rs:355:9
[INFO] [stdout]     |
[INFO] [stdout] 355 | /         crate::ensure!(
[INFO] [stdout] 356 | |             bytes.len() == width * height * 4,
[INFO] [stdout] 357 | |             Error::BadSidecar("size mismatch")
[INFO] [stdout] 358 | |         );
[INFO] [stdout]     | |_________- in this macro invocation
[INFO] [stdout]     |
[INFO] [stdout]     = note: this method call relies on the `impl<T> Into<T> for T` blanket implementation and type inference, which is a semver hazard as a new `impl Into<_>` that affects your type might be added in the future causing type inference errors
[INFO] [stdout]     = note: you can instead use the fully-qualified path `<error::Error as Into<error::Error>::into(val) to avoid triggering this lint
[INFO] [stdout] 
[INFO] [stdout] 
[INFO] [stdout] error: useless conversion to the same type: `error::Error`
[INFO] [stdout]    --> src/error.rs:84:24
[INFO] [stdout]     |
[INFO] [stdout]  81 |   macro_rules! ensure {
[INFO] [stdout] ...
[INFO] [stdout]  84 |               return Err($err.into());
[INFO] [stdout]     |                          ^^^^^^^^^^^
[INFO] [stdout]     |
[INFO] [stdout]    ::: src/density.rs:211:9
[INFO] [stdout]     |
[INFO] [stdout] 211 | /         crate::ensure!(
[INFO] [stdout] 212 | |             scale.len() >= 2 && tiepoint.len() >= 5,
[INFO] [stdout] 213 | |             Error::MissingGeotransform
[INFO] [stdout] 214 | |         );
[INFO] [stdout]     | |_________- in this macro invocation
[INFO] [stdout]     |
[INFO] [stdout]     = note: this method call relies on the `impl<T> Into<T> for T` blanket implementation and type inference, which is a semver hazard as a new `impl Into<_>` that affects your type might be added in the future causing type inference errors
[INFO] [stdout]     = note: you can instead use the fully-qualified path `<error::Error as Into<error::Error>::into(val) to avoid triggering this lint
[INFO] [stdout]     = note: `#[deny(self_type_conversion)]` on by default
[INFO] [stdout] 
[INFO] [stdout] 
[INFO] [stdout] error: useless conversion to the same type: `error::Error`
[INFO] [stdout]    --> src/error.rs:84:24
[INFO] [stdout]     |
[INFO] [stdout]  81 | macro_rules! ensure {
[INFO] [stdout] ...
[INFO] [stdout]  84 |             return Err($err.into());
[INFO] [stdout]     |                        ^^^^^^^^^^^
[INFO] [stdout]     |
[INFO] [stdout]    ::: src/density.rs:341:9
[INFO] [stdout]     |
[INFO] [stdout] 341 |         crate::ensure!(&magic == SIDECAR_MAGIC, Error::BadSidecar("bad magic"));
[INFO] [stdout]     |         ----------------------------------------------------------------------- in this macro invocation
[INFO] [stdout]     |
[INFO] [stdout]     = note: this method call relies on the `impl<T> Into<T> for T` blanket implementation and type inference, which is a semver hazard as a new `impl Into<_>` that affects your type might be added in the future causing type inference errors
[INFO] [stdout]     = note: you can instead use the fully-qualified path `<error::Error as Into<error::Error>::into(val) to avoid triggering this lint
[INFO] [stdout] 
[INFO] [stdout] 
[INFO] [stdout] error: useless conversion to the same type: `error::Error`
[INFO] [stdout]    --> src/error.rs:84:24
[INFO] [stdout]     |
[INFO] [stdout]  81 |   macro_rules! ensure {
[INFO] [stdout] ...
[INFO] [stdout]  84 |               return Err($err.into());
[INFO] [stdout]     |                          ^^^^^^^^^^^
[INFO] [stdout]     |
[INFO] [stdout]    ::: src/density.rs:355:9
[INFO] [stdout]     |
[INFO] [stdout] 355 | /         crate::ensure!(
[INFO] [stdout] 356 | |             bytes.len() == width * height * 4,
[INFO] [stdout] 357 | |             Error::BadSidecar("size mismatch")
[INFO] [stdout] 358 | |         );
[INFO] [stdout]     | |_________- in this macro invocation
[INFO] [stdout]     |
[INFO] [stdout]     = note: this method call relies on the `impl<T> Into<T> for T` blanket implementation and type inference, which is a semver hazard as a new `impl Into<_>` that affects your type might be added in the future causing type inference errors
[INFO] [stdout]     = note: you can instead use the fully-qualified path `<error::Error as Into<error::Error>::into(val) to avoid triggering this lint
[INFO] [stdout] 
[INFO] [stdout] 
[INFO] [stderr] error: could not compile `utz_build` (lib) due to 3 previous errors
[INFO] [stderr] warning: build failed, waiting for other jobs to finish...
[INFO] [stderr] error: could not compile `utz_build` (lib test) due to 3 previous errors
[INFO] running `Command { std: "docker" "inspect" "a4b28e6d42d4d3a98a270fcb09d96243db32138b8ad833173690976053aaa608", kill_on_drop: false }`
[INFO] running `Command { std: "docker" "rm" "-f" "a4b28e6d42d4d3a98a270fcb09d96243db32138b8ad833173690976053aaa608", kill_on_drop: false }`
[INFO] [stdout] a4b28e6d42d4d3a98a270fcb09d96243db32138b8ad833173690976053aaa608
