[INFO] fetching crate rusqlite-le 0.24.2...
[INFO] checking rusqlite-le-0.24.2 against 52995a223f2919dd3e2e427231db90a257350ded for pr-129249-4
[INFO] extracting crate rusqlite-le 0.24.2 into /workspace/builds/worker-7-tc2/source
[INFO] started tweaking crates.io crate rusqlite-le 0.24.2
[INFO] removed 0 missing tests
[INFO] finished tweaking crates.io crate rusqlite-le 0.24.2
[INFO] tweaked toml for crates.io crate rusqlite-le 0.24.2 written to /workspace/builds/worker-7-tc2/source/Cargo.toml
[INFO] validating manifest of crates.io crate rusqlite-le 0.24.2 on toolchain 52995a223f2919dd3e2e427231db90a257350ded
[INFO] running `Command { std: CARGO_HOME="/workspace/cargo-home" RUSTUP_HOME="/workspace/rustup-home" "/workspace/cargo-home/bin/cargo" "+52995a223f2919dd3e2e427231db90a257350ded" "metadata" "--manifest-path" "Cargo.toml" "--no-deps", kill_on_drop: false }`
[INFO] running `Command { std: CARGO_HOME="/workspace/cargo-home" RUSTUP_HOME="/workspace/rustup-home" "/workspace/cargo-home/bin/cargo" "+52995a223f2919dd3e2e427231db90a257350ded" "generate-lockfile" "--manifest-path" "Cargo.toml", kill_on_drop: false }`
[INFO] [stderr]     Blocking waiting for file lock on package cache
[INFO] [stderr]     Updating crates.io index
[INFO] [stderr]     Blocking waiting for file lock on package cache
[INFO] [stderr]      Locking 137 packages to highest compatible versions
[INFO] [stderr]       Adding bitflags v1.3.2 (available: v2.13.2)
[INFO] [stderr]       Adding fallible-iterator v0.2.0 (available: v0.3.0)
[INFO] [stderr]       Adding hashlink v0.6.0 (available: v0.12.2)
[INFO] [stderr]       Adding time v0.2.27 (available: v0.3.55)
[INFO] [stderr]       Adding uuid v0.8.2 (available: v1.29.0)
[INFO] running `Command { std: CARGO_HOME="/workspace/cargo-home" RUSTUP_HOME="/workspace/rustup-home" "/workspace/cargo-home/bin/cargo" "+52995a223f2919dd3e2e427231db90a257350ded" "fetch" "--manifest-path" "Cargo.toml", kill_on_drop: false }`
[INFO] [stderr]     Blocking waiting for file lock on package cache
[INFO] running `Command { std: "docker" "create" "-v" "/var/lib/crater-agent-workspace/builds/worker-7-tc2/source:/opt/rustwide/workdir:ro,Z" "-v" "/var/lib/crater-agent-workspace/builds/worker-7-tc2/target:/opt/rustwide/target:rw,Z" "-v" "/var/lib/crater-agent-workspace/cargo-home:/opt/rustwide/cargo-home:ro,Z" "-v" "/var/lib/crater-agent-workspace/rustup-home:/opt/rustwide/rustup-home:ro,Z" "-m" "1610612736" "--network" "none" "ghcr.io/rust-lang/crates-build-env/linux@sha256:c0af3998e971868164375a7dfb646c9933ddd1a3bdb00fa2041266763dc1eeab" "sleep" "infinity", kill_on_drop: false }`
[INFO] [stdout] 64637b2f70ef350a8bdd13d53e384e86526e3ca1e8d0467e8fd00f7ca98b4068
[INFO] running `Command { std: "docker" "start" "64637b2f70ef350a8bdd13d53e384e86526e3ca1e8d0467e8fd00f7ca98b4068", kill_on_drop: false }`
[INFO] running `Command { std: "docker" "inspect" "64637b2f70ef350a8bdd13d53e384e86526e3ca1e8d0467e8fd00f7ca98b4068", kill_on_drop: false }`
[INFO] running `Command { std: "docker" "exec" "-e" "SOURCE_DIR=/opt/rustwide/workdir" "-e" "CARGO_HOME=/opt/rustwide/cargo-home" "-e" "RUSTUP_HOME=/opt/rustwide/rustup-home" "-e" "CARGO_TARGET_DIR=/opt/rustwide/target" "-w" "/opt/rustwide/workdir" "--user" "0:0" "64637b2f70ef350a8bdd13d53e384e86526e3ca1e8d0467e8fd00f7ca98b4068" "/opt/rustwide/cargo-home/bin/cargo" "+52995a223f2919dd3e2e427231db90a257350ded" "metadata" "--no-deps" "--format-version=1", kill_on_drop: false }`
[INFO] running `Command { std: "docker" "inspect" "64637b2f70ef350a8bdd13d53e384e86526e3ca1e8d0467e8fd00f7ca98b4068", kill_on_drop: false }`
[INFO] running `Command { std: "docker" "exec" "-e" "SOURCE_DIR=/opt/rustwide/workdir" "-e" "CARGO_HOME=/opt/rustwide/cargo-home" "-e" "RUSTUP_HOME=/opt/rustwide/rustup-home" "-e" "CARGO_TARGET_DIR=/opt/rustwide/target" "-e" "CARGO_INCREMENTAL=0" "-e" "RUST_BACKTRACE=full" "-e" "RUSTFLAGS=--cap-lints=forbid" "-e" "RUSTDOCFLAGS=--cap-lints=forbid" "-w" "/opt/rustwide/workdir" "--user" "0:0" "64637b2f70ef350a8bdd13d53e384e86526e3ca1e8d0467e8fd00f7ca98b4068" "/opt/rustwide/cargo-home/bin/cargo" "+52995a223f2919dd3e2e427231db90a257350ded" "check" "--frozen" "--all" "--all-targets" "--message-format=json", kill_on_drop: false }`
[INFO] [stderr]    Compiling libc v0.2.191
[INFO] [stderr]     Checking ahash v0.4.8
[INFO] [stderr]    Compiling libsqlite3-sys-le v0.21.0
[INFO] [stderr]     Checking bencher v0.1.5
[INFO] [stderr]     Checking hashbrown v0.9.1
[INFO] [stderr]     Checking hashlink v0.6.0
[INFO] [stderr]     Checking rusqlite-le v0.24.2 (/opt/rustwide/workdir)
[INFO] [stdout] warning: use of deprecated constant `std::usize::MAX`: replaced by the `MAX` associated constant on this type
[INFO] [stdout]    --> src/error.rs:182:43
[INFO] [stdout]     |
[INFO] [stdout] 182 | const UNKNOWN_COLUMN: usize = std::usize::MAX;
[INFO] [stdout]     |                                           ^^^
[INFO] [stdout]     |
[INFO] [stdout]     = note: `#[warn(deprecated)]` on by default
[INFO] [stdout] 
[INFO] [stdout] 
[INFO] [stdout] warning: use of deprecated associated function `bitflags::core::num::<impl i32>::max_value`: replaced by the `MAX` associated constant on this type
[INFO] [stdout]    --> src/lib.rs:271:23
[INFO] [stdout]     |
[INFO] [stdout] 271 |     if len >= (c_int::max_value() as usize) {
[INFO] [stdout]     |                       ^^^^^^^^^
[INFO] [stdout] 
[INFO] [stdout] 
[INFO] [stdout] error: useless conversion to the same type: `error::Error`
[INFO] [stdout]    --> src/error.rs:365:24
[INFO] [stdout]     |
[INFO] [stdout] 361 |   macro_rules! check {
[INFO] [stdout] ...
[INFO] [stdout] 365 |               return Err(crate::error::error_from_sqlite_code(rc, None).into());
[INFO] [stdout]     |                          ^^^^^^^^^^^^^^^^^^^^^^^^^^^^^^^^^^^^^^^^^^^^^^^^^^^^^
[INFO] [stdout]     |
[INFO] [stdout]    ::: src/config.rs:82:13
[INFO] [stdout]     |
[INFO] [stdout]  82 | /             check!(ffi::sqlite3_db_config(
[INFO] [stdout]  83 | |                 c.db(),
[INFO] [stdout]  84 | |                 config as c_int,
[INFO] [stdout]  85 | |                 -1,
[INFO] [stdout]  86 | |                 &mut val
[INFO] [stdout]  87 | |             ));
[INFO] [stdout]     | |______________- in this macro invocation
[INFO] [stdout]     |
[INFO] [stdout]     = note: this method call relies on the `impl<T> Into<T> for T` blanket implementation and type inference, which is a semver hazard as a new `impl Into<_>` that affects your type might be added in the future causing type inference errors
[INFO] [stdout]     = note: you can instead use the fully-qualified path `<error::Error as Into<error::Error>::into(val) to avoid triggering this lint
[INFO] [stdout]     = note: `#[deny(self_type_conversion)]` on by default
[INFO] [stdout] 
[INFO] [stdout] 
[INFO] [stdout] error: useless conversion to the same type: `error::Error`
[INFO] [stdout]    --> src/error.rs:365:24
[INFO] [stdout]     |
[INFO] [stdout] 361 |   macro_rules! check {
[INFO] [stdout] ...
[INFO] [stdout] 365 |               return Err(crate::error::error_from_sqlite_code(rc, None).into());
[INFO] [stdout]     |                          ^^^^^^^^^^^^^^^^^^^^^^^^^^^^^^^^^^^^^^^^^^^^^^^^^^^^^
[INFO] [stdout]     |
[INFO] [stdout]    ::: src/config.rs:111:13
[INFO] [stdout]     |
[INFO] [stdout] 111 | /             check!(ffi::sqlite3_db_config(
[INFO] [stdout] 112 | |                 c.db(),
[INFO] [stdout] 113 | |                 config as c_int,
[INFO] [stdout] 114 | |                 if new_val { 1 } else { 0 },
[INFO] [stdout] 115 | |                 &mut val
[INFO] [stdout] 116 | |             ));
[INFO] [stdout]     | |______________- in this macro invocation
[INFO] [stdout]     |
[INFO] [stdout]     = note: this method call relies on the `impl<T> Into<T> for T` blanket implementation and type inference, which is a semver hazard as a new `impl Into<_>` that affects your type might be added in the future causing type inference errors
[INFO] [stdout]     = note: you can instead use the fully-qualified path `<error::Error as Into<error::Error>::into(val) to avoid triggering this lint
[INFO] [stdout] 
[INFO] [stdout] 
[INFO] [stdout] warning: panic message is not a string literal
[INFO] [stdout]    --> src/inner_connection.rs:454:28
[INFO] [stdout]     |
[INFO] [stdout] 454 |                     panic!(msg);
[INFO] [stdout]     |                            ^^^
[INFO] [stdout]     |
[INFO] [stdout]     = note: this usage of `panic!()` is deprecated; it will be a hard error in Rust 2021
[INFO] [stdout]     = note: for more information, see <https://doc.rust-lang.org/edition-guide/rust-2021/panic-macro-consistency.html>
[INFO] [stdout]     = note: for more information, see <https://doc.rust-lang.org/edition-guide/rust-2021/panic-macro-consistency.html>
[INFO] [stdout]     = note: `#[warn(non_fmt_panics)]` (part of `#[warn(rust_2021_compatibility)]`) on by default
[INFO] [stdout] help: add a "{}" format string to `Display` the message
[INFO] [stdout]     |
[INFO] [stdout] 454 |                     panic!("{}", msg);
[INFO] [stdout]     |                            +++++
[INFO] [stdout] 
[INFO] [stdout] 
[INFO] [stdout] warning: panic message is not a string literal
[INFO] [stdout]    --> src/inner_connection.rs:457:28
[INFO] [stdout]     |
[INFO] [stdout] 457 |                     panic!(msg);
[INFO] [stdout]     |                            ^^^
[INFO] [stdout]     |
[INFO] [stdout]     = note: this usage of `panic!()` is deprecated; it will be a hard error in Rust 2021
[INFO] [stdout]     = note: for more information, see <https://doc.rust-lang.org/edition-guide/rust-2021/panic-macro-consistency.html>
[INFO] [stdout]     = note: for more information, see <https://doc.rust-lang.org/edition-guide/rust-2021/panic-macro-consistency.html>
[INFO] [stdout] help: add a "{}" format string to `Display` the message
[INFO] [stdout]     |
[INFO] [stdout] 457 |                     panic!("{}", msg);
[INFO] [stdout]     |                            +++++
[INFO] [stdout] 
[INFO] [stdout] 
[INFO] [stderr]     Checking getrandom v0.4.3
[INFO] [stderr]     Checking getrandom v0.2.17
[INFO] [stderr] error: could not compile `rusqlite-le` (lib) due to 2 previous errors; 4 warnings emitted
[INFO] [stderr] warning: build failed, waiting for other jobs to finish...
[INFO] running `Command { std: "docker" "inspect" "64637b2f70ef350a8bdd13d53e384e86526e3ca1e8d0467e8fd00f7ca98b4068", kill_on_drop: false }`
[INFO] running `Command { std: "docker" "rm" "-f" "64637b2f70ef350a8bdd13d53e384e86526e3ca1e8d0467e8fd00f7ca98b4068", kill_on_drop: false }`
[INFO] [stdout] 64637b2f70ef350a8bdd13d53e384e86526e3ca1e8d0467e8fd00f7ca98b4068
