[INFO] fetching crate pbcodec 0.0.8...
[INFO] checking pbcodec-0.0.8 against 52995a223f2919dd3e2e427231db90a257350ded for pr-129249-4
[INFO] extracting crate pbcodec 0.0.8 into /workspace/builds/worker-4-tc2/source
[INFO] started tweaking crates.io crate pbcodec 0.0.8
[INFO] finished tweaking crates.io crate pbcodec 0.0.8
[INFO] tweaked toml for crates.io crate pbcodec 0.0.8 written to /workspace/builds/worker-4-tc2/source/Cargo.toml
[INFO] validating manifest of crates.io crate pbcodec 0.0.8 on toolchain 52995a223f2919dd3e2e427231db90a257350ded
[INFO] running `Command { std: CARGO_HOME="/workspace/cargo-home" RUSTUP_HOME="/workspace/rustup-home" "/workspace/cargo-home/bin/cargo" "+52995a223f2919dd3e2e427231db90a257350ded" "metadata" "--manifest-path" "Cargo.toml" "--no-deps", kill_on_drop: false }`
[INFO] running `Command { std: CARGO_HOME="/workspace/cargo-home" RUSTUP_HOME="/workspace/rustup-home" "/workspace/cargo-home/bin/cargo" "+52995a223f2919dd3e2e427231db90a257350ded" "generate-lockfile" "--manifest-path" "Cargo.toml", kill_on_drop: false }`
[INFO] [stderr]     Updating crates.io index
[INFO] [stderr]      Locking 9 packages to highest compatible versions
[INFO] [stderr]       Adding futures v0.1.31 (available: v0.3.34)
[INFO] [stderr]       Adding trackable v0.2.24 (available: v1.3.0)
[INFO] running `Command { std: CARGO_HOME="/workspace/cargo-home" RUSTUP_HOME="/workspace/rustup-home" "/workspace/cargo-home/bin/cargo" "+52995a223f2919dd3e2e427231db90a257350ded" "fetch" "--manifest-path" "Cargo.toml", kill_on_drop: false }`
[INFO] [stderr] warning: Cargo.toml: `package.edition` is unspecified, defaulting to `2015` while the latest is `2024`
[INFO] [stderr] warning: `package.homepage` is redundant with `package.repository`
[INFO] [stderr]   --> Cargo.toml:20:12
[INFO] [stderr]    |
[INFO] [stderr] 20 | homepage = "https://github.com/sile/pbcodec"
[INFO] [stderr]    |            ^^^^^^^^^^^^^^^^^^^^^^^^^^^^^^^^^
[INFO] [stderr] ...
[INFO] [stderr] 25 | repository = "https://github.com/sile/pbcodec"
[INFO] [stderr]    |              ---------------------------------
[INFO] [stderr]    |
[INFO] [stderr]    = note: `cargo::redundant_homepage` is set to `warn` by default
[INFO] [stderr] help: consider removing `package.homepage`
[INFO] [stderr] warning: `pbcodec` (manifest) generated 2 warnings
[INFO] running `Command { std: "docker" "create" "-v" "/var/lib/crater-agent-workspace/builds/worker-4-tc2/source:/opt/rustwide/workdir:ro,Z" "-v" "/var/lib/crater-agent-workspace/builds/worker-4-tc2/target:/opt/rustwide/target:rw,Z" "-v" "/var/lib/crater-agent-workspace/cargo-home:/opt/rustwide/cargo-home:ro,Z" "-v" "/var/lib/crater-agent-workspace/rustup-home:/opt/rustwide/rustup-home:ro,Z" "-m" "1610612736" "--network" "none" "ghcr.io/rust-lang/crates-build-env/linux@sha256:c0af3998e971868164375a7dfb646c9933ddd1a3bdb00fa2041266763dc1eeab" "sleep" "infinity", kill_on_drop: false }`
[INFO] [stdout] 9bf6b86265825bd6354112d271ddb206580d1e98db7a92a1489c1cc2722e501d
[INFO] running `Command { std: "docker" "start" "9bf6b86265825bd6354112d271ddb206580d1e98db7a92a1489c1cc2722e501d", kill_on_drop: false }`
[INFO] running `Command { std: "docker" "inspect" "9bf6b86265825bd6354112d271ddb206580d1e98db7a92a1489c1cc2722e501d", kill_on_drop: false }`
[INFO] running `Command { std: "docker" "exec" "-e" "SOURCE_DIR=/opt/rustwide/workdir" "-e" "CARGO_HOME=/opt/rustwide/cargo-home" "-e" "RUSTUP_HOME=/opt/rustwide/rustup-home" "-e" "CARGO_TARGET_DIR=/opt/rustwide/target" "-w" "/opt/rustwide/workdir" "--user" "0:0" "9bf6b86265825bd6354112d271ddb206580d1e98db7a92a1489c1cc2722e501d" "/opt/rustwide/cargo-home/bin/cargo" "+52995a223f2919dd3e2e427231db90a257350ded" "metadata" "--no-deps" "--format-version=1", kill_on_drop: false }`
[INFO] running `Command { std: "docker" "inspect" "9bf6b86265825bd6354112d271ddb206580d1e98db7a92a1489c1cc2722e501d", kill_on_drop: false }`
[INFO] running `Command { std: "docker" "exec" "-e" "SOURCE_DIR=/opt/rustwide/workdir" "-e" "CARGO_HOME=/opt/rustwide/cargo-home" "-e" "RUSTUP_HOME=/opt/rustwide/rustup-home" "-e" "CARGO_TARGET_DIR=/opt/rustwide/target" "-e" "CARGO_INCREMENTAL=0" "-e" "RUST_BACKTRACE=full" "-e" "RUSTFLAGS=--cap-lints=forbid" "-e" "RUSTDOCFLAGS=--cap-lints=forbid" "-w" "/opt/rustwide/workdir" "--user" "0:0" "9bf6b86265825bd6354112d271ddb206580d1e98db7a92a1489c1cc2722e501d" "/opt/rustwide/cargo-home/bin/cargo" "+52995a223f2919dd3e2e427231db90a257350ded" "check" "--frozen" "--all" "--all-targets" "--message-format=json", kill_on_drop: false }`
[INFO] [stderr] warning: Cargo.toml: `package.edition` is unspecified, defaulting to `2015` while the latest is `2024`
[INFO] [stderr] warning: `package.homepage` is redundant with `package.repository`
[INFO] [stderr]   --> Cargo.toml:20:12
[INFO] [stderr]    |
[INFO] [stderr] 20 | homepage = "https://github.com/sile/pbcodec"
[INFO] [stderr]    |            ^^^^^^^^^^^^^^^^^^^^^^^^^^^^^^^^^
[INFO] [stderr] ...
[INFO] [stderr] 25 | repository = "https://github.com/sile/pbcodec"
[INFO] [stderr]    |              ---------------------------------
[INFO] [stderr]    |
[INFO] [stderr]    = note: `cargo::redundant_homepage` is set to `warn` by default
[INFO] [stderr] help: consider removing `package.homepage`
[INFO] [stderr] warning: `pbcodec` (manifest) generated 2 warnings
[INFO] [stderr]    Compiling proc-macro2 v1.0.107
[INFO] [stderr]    Compiling syn v1.0.109
[INFO] [stderr]     Checking futures v0.1.31
[INFO] [stderr]    Compiling quote v1.0.47
[INFO] [stderr]    Compiling trackable_derive v1.0.0
[INFO] [stderr]     Checking trackable v1.3.0
[INFO] [stderr]     Checking trackable v0.2.24
[INFO] [stderr]     Checking pbcodec v0.0.8 (/opt/rustwide/workdir)
[INFO] [stdout] warning: unexpected `cfg` condition value: `cargo-clippy`
[INFO] [stdout]  --> src/lib.rs:1:13
[INFO] [stdout]   |
[INFO] [stdout] 1 | #![cfg_attr(feature = "cargo-clippy", allow(type_complexity, useless_format, never_loop))]
[INFO] [stdout]   |             ^^^^^^^^^^^^^^^^^^^^^^^^ help: remove the condition
[INFO] [stdout]   |
[INFO] [stdout]   = note: no expected values for `feature`
[INFO] [stdout]   = help: consider adding `cargo-clippy` as a feature in `Cargo.toml`
[INFO] [stdout]   = note: see <https://doc.rust-lang.org/nightly/rustc/check-cfg/cargo-specifics.html> for more information about checking conditional configuration
[INFO] [stdout]   = note: `#[warn(unexpected_cfgs)]` on by default
[INFO] [stdout] 
[INFO] [stdout] 
[INFO] [stdout] warning: `...` range patterns are deprecated
[INFO] [stdout]    --> src/future/decode/message.rs:103:26
[INFO] [stdout]     |
[INFO] [stdout] 103 |                     w @ 3...4 => failed!(r, ErrorKind::Unsupported, "Unsupported wire type: {}", w),
[INFO] [stdout]     |                          ^^^ help: use `..=` for an inclusive range
[INFO] [stdout]     |
[INFO] [stdout]     = warning: this is accepted in the current edition (Rust 2015) but is a hard error in Rust 2021!
[INFO] [stdout]     = note: for more information, see <https://doc.rust-lang.org/edition-guide/rust-2021/warnings-promoted-to-error.html>
[INFO] [stdout]     = note: `#[warn(ellipsis_inclusive_range_patterns)]` (part of `#[warn(rust_2021_compatibility)]`) on by default
[INFO] [stdout] 
[INFO] [stdout] 
[INFO] [stdout] warning: unexpected `cfg` condition value: `cargo-clippy`
[INFO] [stdout]  --> src/lib.rs:1:13
[INFO] [stdout]   |
[INFO] [stdout] 1 | #![cfg_attr(feature = "cargo-clippy", allow(type_complexity, useless_format, never_loop))]
[INFO] [stdout]   |             ^^^^^^^^^^^^^^^^^^^^^^^^ help: remove the condition
[INFO] [stdout]   |
[INFO] [stdout]   = note: no expected values for `feature`
[INFO] [stdout]   = help: consider adding `cargo-clippy` as a feature in `Cargo.toml`
[INFO] [stdout]   = note: see <https://doc.rust-lang.org/nightly/rustc/check-cfg/cargo-specifics.html> for more information about checking conditional configuration
[INFO] [stdout]   = note: `#[warn(unexpected_cfgs)]` on by default
[INFO] [stdout] 
[INFO] [stdout] 
[INFO] [stdout] warning: `...` range patterns are deprecated
[INFO] [stdout]    --> src/future/decode/message.rs:103:26
[INFO] [stdout]     |
[INFO] [stdout] 103 |                     w @ 3...4 => failed!(r, ErrorKind::Unsupported, "Unsupported wire type: {}", w),
[INFO] [stdout]     |                          ^^^ help: use `..=` for an inclusive range
[INFO] [stdout]     |
[INFO] [stdout]     = warning: this is accepted in the current edition (Rust 2015) but is a hard error in Rust 2021!
[INFO] [stdout]     = note: for more information, see <https://doc.rust-lang.org/edition-guide/rust-2021/warnings-promoted-to-error.html>
[INFO] [stdout]     = note: `#[warn(ellipsis_inclusive_range_patterns)]` (part of `#[warn(rust_2021_compatibility)]`) on by default
[INFO] [stdout] 
[INFO] [stdout] 
[INFO] [stdout] warning: use of deprecated constant `std::i32::MIN`: replaced by the `MIN` associated constant on this type
[INFO] [stdout]   --> src/types.rs:55:38
[INFO] [stdout]    |
[INFO] [stdout] 55 |             n >= i64::from(std::i32::MIN),
[INFO] [stdout]    |                                      ^^^
[INFO] [stdout]    |
[INFO] [stdout]    = note: `#[warn(deprecated)]` on by default
[INFO] [stdout] 
[INFO] [stdout] 
[INFO] [stdout] warning: use of deprecated constant `std::i32::MAX`: replaced by the `MAX` associated constant on this type
[INFO] [stdout]   --> src/types.rs:61:38
[INFO] [stdout]    |
[INFO] [stdout] 61 |             n <= i64::from(std::i32::MAX),
[INFO] [stdout]    |                                      ^^^
[INFO] [stdout] 
[INFO] [stdout] 
[INFO] [stdout] warning: use of deprecated constant `std::u32::MAX`: replaced by the `MAX` associated constant on this type
[INFO] [stdout]   --> src/types.rs:89:40
[INFO] [stdout]    |
[INFO] [stdout] 89 |             f.0 <= u64::from(std::u32::MAX),
[INFO] [stdout]    |                                        ^^^
[INFO] [stdout] 
[INFO] [stdout] 
[INFO] [stdout] warning: use of deprecated constant `std::i32::MIN`: replaced by the `MIN` associated constant on this type
[INFO] [stdout]   --> src/types.rs:55:38
[INFO] [stdout]    |
[INFO] [stdout] 55 |             n >= i64::from(std::i32::MIN),
[INFO] [stdout]    |                                      ^^^
[INFO] [stdout]    |
[INFO] [stdout]    = note: `#[warn(deprecated)]` on by default
[INFO] [stdout] 
[INFO] [stdout] 
[INFO] [stdout] warning: use of deprecated constant `std::i32::MAX`: replaced by the `MAX` associated constant on this type
[INFO] [stdout]   --> src/types.rs:61:38
[INFO] [stdout]    |
[INFO] [stdout] 61 |             n <= i64::from(std::i32::MAX),
[INFO] [stdout]    |                                      ^^^
[INFO] [stdout] 
[INFO] [stdout] 
[INFO] [stdout] warning: use of deprecated constant `std::u32::MAX`: replaced by the `MAX` associated constant on this type
[INFO] [stdout]   --> src/types.rs:89:40
[INFO] [stdout]    |
[INFO] [stdout] 89 |             f.0 <= u64::from(std::u32::MAX),
[INFO] [stdout]    |                                        ^^^
[INFO] [stdout] 
[INFO] [stdout] 
[INFO] [stdout] warning: use of deprecated constant `std::i32::MIN`: replaced by the `MIN` associated constant on this type
[INFO] [stdout]    --> src/types.rs:118:38
[INFO] [stdout]     |
[INFO] [stdout] 118 |             n >= i64::from(std::i32::MIN),
[INFO] [stdout]     |                                      ^^^
[INFO] [stdout] 
[INFO] [stdout] 
[INFO] [stdout] warning: use of deprecated constant `std::i32::MAX`: replaced by the `MAX` associated constant on this type
[INFO] [stdout]    --> src/types.rs:124:38
[INFO] [stdout]     |
[INFO] [stdout] 124 |             n <= i64::from(std::i32::MAX),
[INFO] [stdout]     |                                      ^^^
[INFO] [stdout] 
[INFO] [stdout] 
[INFO] [stdout] warning: use of deprecated constant `std::i32::MIN`: replaced by the `MIN` associated constant on this type
[INFO] [stdout]    --> src/types.rs:118:38
[INFO] [stdout]     |
[INFO] [stdout] 118 |             n >= i64::from(std::i32::MIN),
[INFO] [stdout]     |                                      ^^^
[INFO] [stdout] 
[INFO] [stdout] 
[INFO] [stdout] warning: use of deprecated constant `std::i32::MAX`: replaced by the `MAX` associated constant on this type
[INFO] [stdout]    --> src/types.rs:124:38
[INFO] [stdout]     |
[INFO] [stdout] 124 |             n <= i64::from(std::i32::MAX),
[INFO] [stdout]     |                                      ^^^
[INFO] [stdout] 
[INFO] [stdout] 
[INFO] [stdout] warning: trait objects without an explicit `dyn` are deprecated
[INFO] [stdout]   --> src/traits.rs:27:34
[INFO] [stdout]    |
[INFO] [stdout] 27 |     fn iter<'a>(&'a self) -> Box<Iterator<Item = (&'a Self::Key, &'a Self::Value)> + 'a>;
[INFO] [stdout]    |                                  ^^^^^^^^^^^^^^^^^^^^^^^^^^^^^^^^^^^^^^^^^^^^^^^^^^^^^^
[INFO] [stdout]    |
[INFO] [stdout]    = warning: this is accepted in the current edition (Rust 2015) but is a hard error in Rust 2021!
[INFO] [stdout]    = note: for more information, see <https://doc.rust-lang.org/edition-guide/rust-2021/warnings-promoted-to-error.html>
[INFO] [stdout]    = note: `#[warn(bare_trait_objects)]` (part of `#[warn(rust_2021_compatibility)]`) on by default
[INFO] [stdout] help: if this is a dyn-compatible trait, use `dyn`
[INFO] [stdout]    |
[INFO] [stdout] 27 |     fn iter<'a>(&'a self) -> Box<dyn Iterator<Item = (&'a Self::Key, &'a Self::Value)> + 'a>;
[INFO] [stdout]    |                                  +++
[INFO] [stdout] 
[INFO] [stdout] 
[INFO] [stdout] warning: trait objects without an explicit `dyn` are deprecated
[INFO] [stdout]   --> src/traits.rs:27:34
[INFO] [stdout]    |
[INFO] [stdout] 27 |     fn iter<'a>(&'a self) -> Box<Iterator<Item = (&'a Self::Key, &'a Self::Value)> + 'a>;
[INFO] [stdout]    |                                  ^^^^^^^^^^^^^^^^^^^^^^^^^^^^^^^^^^^^^^^^^^^^^^^^^^^^^^
[INFO] [stdout]    |
[INFO] [stdout]    = warning: this is accepted in the current edition (Rust 2015) but is a hard error in Rust 2021!
[INFO] [stdout]    = note: for more information, see <https://doc.rust-lang.org/edition-guide/rust-2021/warnings-promoted-to-error.html>
[INFO] [stdout]    = note: `#[warn(bare_trait_objects)]` (part of `#[warn(rust_2021_compatibility)]`) on by default
[INFO] [stdout] help: if this is a dyn-compatible trait, use `dyn`
[INFO] [stdout]    |
[INFO] [stdout] 27 |     fn iter<'a>(&'a self) -> Box<dyn Iterator<Item = (&'a Self::Key, &'a Self::Value)> + 'a>;
[INFO] [stdout]    |                                  +++
[INFO] [stdout] 
[INFO] [stdout] 
[INFO] [stdout] warning: trait objects without an explicit `dyn` are deprecated
[INFO] [stdout]   --> src/traits.rs:43:34
[INFO] [stdout]    |
[INFO] [stdout] 43 |     fn iter<'a>(&'a self) -> Box<Iterator<Item = (&'a Self::Key, &'a Self::Value)> + 'a> {
[INFO] [stdout]    |                                  ^^^^^^^^^^^^^^^^^^^^^^^^^^^^^^^^^^^^^^^^^^^^^^^^^^^^^^
[INFO] [stdout]    |
[INFO] [stdout]    = warning: this is accepted in the current edition (Rust 2015) but is a hard error in Rust 2021!
[INFO] [stdout]    = note: for more information, see <https://doc.rust-lang.org/edition-guide/rust-2021/warnings-promoted-to-error.html>
[INFO] [stdout] help: if this is a dyn-compatible trait, use `dyn`
[INFO] [stdout]    |
[INFO] [stdout] 43 |     fn iter<'a>(&'a self) -> Box<dyn Iterator<Item = (&'a Self::Key, &'a Self::Value)> + 'a> {
[INFO] [stdout]    |                                  +++
[INFO] [stdout] 
[INFO] [stdout] 
[INFO] [stdout] warning: trait objects without an explicit `dyn` are deprecated
[INFO] [stdout]   --> src/traits.rs:61:34
[INFO] [stdout]    |
[INFO] [stdout] 61 |     fn iter<'a>(&'a self) -> Box<Iterator<Item = (&'a Self::Key, &'a Self::Value)> + 'a> {
[INFO] [stdout]    |                                  ^^^^^^^^^^^^^^^^^^^^^^^^^^^^^^^^^^^^^^^^^^^^^^^^^^^^^^
[INFO] [stdout]    |
[INFO] [stdout]    = warning: this is accepted in the current edition (Rust 2015) but is a hard error in Rust 2021!
[INFO] [stdout]    = note: for more information, see <https://doc.rust-lang.org/edition-guide/rust-2021/warnings-promoted-to-error.html>
[INFO] [stdout] help: if this is a dyn-compatible trait, use `dyn`
[INFO] [stdout]    |
[INFO] [stdout] 61 |     fn iter<'a>(&'a self) -> Box<dyn Iterator<Item = (&'a Self::Key, &'a Self::Value)> + 'a> {
[INFO] [stdout]    |                                  +++
[INFO] [stdout] 
[INFO] [stdout] 
[INFO] [stdout] warning: trait objects without an explicit `dyn` are deprecated
[INFO] [stdout]   --> src/error.rs:29:32
[INFO] [stdout]    |
[INFO] [stdout] 29 |     fn cause(&self) -> Option<&std::error::Error> {
[INFO] [stdout]    |                                ^^^^^^^^^^^^^^^^^
[INFO] [stdout]    |
[INFO] [stdout]    = warning: this is accepted in the current edition (Rust 2015) but is a hard error in Rust 2021!
[INFO] [stdout]    = note: for more information, see <https://doc.rust-lang.org/edition-guide/rust-2021/warnings-promoted-to-error.html>
[INFO] [stdout] help: if this is a dyn-compatible trait, use `dyn`
[INFO] [stdout]    |
[INFO] [stdout] 29 |     fn cause(&self) -> Option<&dyn std::error::Error> {
[INFO] [stdout]    |                                +++
[INFO] [stdout] 
[INFO] [stdout] 
[INFO] [stdout] warning: trait objects without an explicit `dyn` are deprecated
[INFO] [stdout]   --> src/traits.rs:43:34
[INFO] [stdout]    |
[INFO] [stdout] 43 |     fn iter<'a>(&'a self) -> Box<Iterator<Item = (&'a Self::Key, &'a Self::Value)> + 'a> {
[INFO] [stdout]    |                                  ^^^^^^^^^^^^^^^^^^^^^^^^^^^^^^^^^^^^^^^^^^^^^^^^^^^^^^
[INFO] [stdout]    |
[INFO] [stdout]    = warning: this is accepted in the current edition (Rust 2015) but is a hard error in Rust 2021!
[INFO] [stdout]    = note: for more information, see <https://doc.rust-lang.org/edition-guide/rust-2021/warnings-promoted-to-error.html>
[INFO] [stdout] help: if this is a dyn-compatible trait, use `dyn`
[INFO] [stdout]    |
[INFO] [stdout] 43 |     fn iter<'a>(&'a self) -> Box<dyn Iterator<Item = (&'a Self::Key, &'a Self::Value)> + 'a> {
[INFO] [stdout]    |                                  +++
[INFO] [stdout] 
[INFO] [stdout] 
[INFO] [stdout] warning: trait objects without an explicit `dyn` are deprecated
[INFO] [stdout]   --> src/traits.rs:61:34
[INFO] [stdout]    |
[INFO] [stdout] 61 |     fn iter<'a>(&'a self) -> Box<Iterator<Item = (&'a Self::Key, &'a Self::Value)> + 'a> {
[INFO] [stdout]    |                                  ^^^^^^^^^^^^^^^^^^^^^^^^^^^^^^^^^^^^^^^^^^^^^^^^^^^^^^
[INFO] [stdout]    |
[INFO] [stdout]    = warning: this is accepted in the current edition (Rust 2015) but is a hard error in Rust 2021!
[INFO] [stdout]    = note: for more information, see <https://doc.rust-lang.org/edition-guide/rust-2021/warnings-promoted-to-error.html>
[INFO] [stdout] help: if this is a dyn-compatible trait, use `dyn`
[INFO] [stdout]    |
[INFO] [stdout] 61 |     fn iter<'a>(&'a self) -> Box<dyn Iterator<Item = (&'a Self::Key, &'a Self::Value)> + 'a> {
[INFO] [stdout]    |                                  +++
[INFO] [stdout] 
[INFO] [stdout] 
[INFO] [stdout] warning: trait objects without an explicit `dyn` are deprecated
[INFO] [stdout]   --> src/error.rs:29:32
[INFO] [stdout]    |
[INFO] [stdout] 29 |     fn cause(&self) -> Option<&std::error::Error> {
[INFO] [stdout]    |                                ^^^^^^^^^^^^^^^^^
[INFO] [stdout]    |
[INFO] [stdout]    = warning: this is accepted in the current edition (Rust 2015) but is a hard error in Rust 2021!
[INFO] [stdout]    = note: for more information, see <https://doc.rust-lang.org/edition-guide/rust-2021/warnings-promoted-to-error.html>
[INFO] [stdout] help: if this is a dyn-compatible trait, use `dyn`
[INFO] [stdout]    |
[INFO] [stdout] 29 |     fn cause(&self) -> Option<&dyn std::error::Error> {
[INFO] [stdout]    |                                +++
[INFO] [stdout] 
[INFO] [stdout] 
[INFO] [stdout] warning: use of deprecated method `std::error::Error::description`: use the Display impl or to_string()
[INFO] [stdout]   --> src/error.rs:27:20
[INFO] [stdout]    |
[INFO] [stdout] 27 |         self.error.description()
[INFO] [stdout]    |                    ^^^^^^^^^^^
[INFO] [stdout] 
[INFO] [stdout] 
[INFO] [stdout] warning: use of deprecated method `std::error::Error::cause`: replaced by Error::source, which can support downcasting
[INFO] [stdout]   --> src/error.rs:30:20
[INFO] [stdout]    |
[INFO] [stdout] 30 |         self.error.cause()
[INFO] [stdout]    |                    ^^^^^
[INFO] [stdout] 
[INFO] [stdout] 
[INFO] [stdout] warning: use of deprecated method `std::error::Error::description`: use the Display impl or to_string()
[INFO] [stdout]   --> src/error.rs:27:20
[INFO] [stdout]    |
[INFO] [stdout] 27 |         self.error.description()
[INFO] [stdout]    |                    ^^^^^^^^^^^
[INFO] [stdout] 
[INFO] [stdout] 
[INFO] [stdout] warning: use of deprecated method `std::error::Error::cause`: replaced by Error::source, which can support downcasting
[INFO] [stdout]   --> src/error.rs:30:20
[INFO] [stdout]    |
[INFO] [stdout] 30 |         self.error.cause()
[INFO] [stdout]    |                    ^^^^^
[INFO] [stdout] 
[INFO] [stdout] 
[INFO] [stdout] error: useless conversion to the same type: `TrackableError<error::ErrorKind>`
[INFO] [stdout]   --> src/future/decode/field.rs:22:25
[INFO] [stdout]    |
[INFO] [stdout] 16 | macro_rules! track_assert_wire_type {
[INFO] [stdout] ...
[INFO] [stdout] 22 |             let error = track!(::ErrorKind::Invalid.cause(cause)).into();
[INFO] [stdout]    |                         ^^^^^^^^^^^^^^^^^^^^^^^^^^^^^^^^^^^^^^^^^^^^^^^^
[INFO] [stdout] ...
[INFO] [stdout] 45 |         track_assert_wire_type!(reader, wire_type, F::wire_type());
[INFO] [stdout]    |         ---------------------------------------------------------- in this macro invocation
[INFO] [stdout]    |
[INFO] [stdout]    = note: this method call relies on the `impl<T> Into<T> for T` blanket implementation and type inference, which is a semver hazard as a new `impl Into<_>` that affects your type might be added in the future causing type inference errors
[INFO] [stdout]    = note: you can instead use the fully-qualified path `<TrackableError<error::ErrorKind> as Into<TrackableError<error::ErrorKind>>::into(val) to avoid triggering this lint
[INFO] [stdout]    = note: `#[deny(self_type_conversion)]` on by default
[INFO] [stdout] 
[INFO] [stdout] 
[INFO] [stdout] error: useless conversion to the same type: `TrackableError<error::ErrorKind>`
[INFO] [stdout]   --> src/future/decode/field.rs:22:25
[INFO] [stdout]    |
[INFO] [stdout] 16 | macro_rules! track_assert_wire_type {
[INFO] [stdout] ...
[INFO] [stdout] 22 |             let error = track!(::ErrorKind::Invalid.cause(cause)).into();
[INFO] [stdout]    |                         ^^^^^^^^^^^^^^^^^^^^^^^^^^^^^^^^^^^^^^^^^^^^^^^^
[INFO] [stdout] ...
[INFO] [stdout] 67 |         track_assert_wire_type!(reader, wire_type, F::wire_type());
[INFO] [stdout]    |         ---------------------------------------------------------- in this macro invocation
[INFO] [stdout]    |
[INFO] [stdout]    = note: this method call relies on the `impl<T> Into<T> for T` blanket implementation and type inference, which is a semver hazard as a new `impl Into<_>` that affects your type might be added in the future causing type inference errors
[INFO] [stdout]    = note: you can instead use the fully-qualified path `<TrackableError<error::ErrorKind> as Into<TrackableError<error::ErrorKind>>::into(val) to avoid triggering this lint
[INFO] [stdout] 
[INFO] [stdout] 
[INFO] [stdout] error: useless conversion to the same type: `TrackableError<error::ErrorKind>`
[INFO] [stdout]    --> src/future/decode/field.rs:22:25
[INFO] [stdout]     |
[INFO] [stdout]  16 | macro_rules! track_assert_wire_type {
[INFO] [stdout] ...
[INFO] [stdout]  22 |             let error = track!(::ErrorKind::Invalid.cause(cause)).into();
[INFO] [stdout]     |                         ^^^^^^^^^^^^^^^^^^^^^^^^^^^^^^^^^^^^^^^^^^^^^^^^
[INFO] [stdout] ...
[INFO] [stdout] 151 |         track_assert_wire_type!(reader, wire_type, WireType::LengthDelimited);
[INFO] [stdout]     |         --------------------------------------------------------------------- in this macro invocation
[INFO] [stdout]     |
[INFO] [stdout]     = note: this method call relies on the `impl<T> Into<T> for T` blanket implementation and type inference, which is a semver hazard as a new `impl Into<_>` that affects your type might be added in the future causing type inference errors
[INFO] [stdout]     = note: you can instead use the fully-qualified path `<TrackableError<error::ErrorKind> as Into<TrackableError<error::ErrorKind>>::into(val) to avoid triggering this lint
[INFO] [stdout] 
[INFO] [stdout] 
[INFO] [stdout] error: useless conversion to the same type: `TrackableError<error::ErrorKind>`
[INFO] [stdout]    --> src/future/decode/field.rs:22:25
[INFO] [stdout]     |
[INFO] [stdout]  16 | macro_rules! track_assert_wire_type {
[INFO] [stdout] ...
[INFO] [stdout]  22 |             let error = track!(::ErrorKind::Invalid.cause(cause)).into();
[INFO] [stdout]     |                         ^^^^^^^^^^^^^^^^^^^^^^^^^^^^^^^^^^^^^^^^^^^^^^^^
[INFO] [stdout] ...
[INFO] [stdout] 252 |         track_assert_wire_type!(reader, wire_type, WireType::LengthDelimited);
[INFO] [stdout]     |         --------------------------------------------------------------------- in this macro invocation
[INFO] [stdout]     |
[INFO] [stdout]     = note: this method call relies on the `impl<T> Into<T> for T` blanket implementation and type inference, which is a semver hazard as a new `impl Into<_>` that affects your type might be added in the future causing type inference errors
[INFO] [stdout]     = note: you can instead use the fully-qualified path `<TrackableError<error::ErrorKind> as Into<TrackableError<error::ErrorKind>>::into(val) to avoid triggering this lint
[INFO] [stdout] 
[INFO] [stdout] 
[INFO] [stdout] error: useless conversion to the same type: `TrackableError<error::ErrorKind>`
[INFO] [stdout]    --> src/lib.rs:22:25
[INFO] [stdout]     |
[INFO] [stdout]  12 | macro_rules! failed {
[INFO] [stdout] ...
[INFO] [stdout]  22 |             let error = $kind.cause(format!($($arg),*)).into();
[INFO] [stdout]     |                         ^^^^^^^^^^^^^^^^^^^^^^^^^^^^^^^^^^^^^^
[INFO] [stdout]     |
[INFO] [stdout]    ::: src/future/decode/message.rs:103:34
[INFO] [stdout]     |
[INFO] [stdout] 103 |                     w @ 3...4 => failed!(r, ErrorKind::Unsupported, "Unsupported wire type: {}", w),
[INFO] [stdout]     |                                  ------------------------------------------------------------------ in this macro invocation
[INFO] [stdout]     |
[INFO] [stdout]     = note: this method call relies on the `impl<T> Into<T> for T` blanket implementation and type inference, which is a semver hazard as a new `impl Into<_>` that affects your type might be added in the future causing type inference errors
[INFO] [stdout]     = note: you can instead use the fully-qualified path `<TrackableError<error::ErrorKind> as Into<TrackableError<error::ErrorKind>>::into(val) to avoid triggering this lint
[INFO] [stdout] 
[INFO] [stdout] 
[INFO] [stdout] error: useless conversion to the same type: `TrackableError<error::ErrorKind>`
[INFO] [stdout]    --> src/lib.rs:22:25
[INFO] [stdout]     |
[INFO] [stdout]  12 | macro_rules! failed {
[INFO] [stdout] ...
[INFO] [stdout]  22 |             let error = $kind.cause(format!($($arg),*)).into();
[INFO] [stdout]     |                         ^^^^^^^^^^^^^^^^^^^^^^^^^^^^^^^^^^^^^^
[INFO] [stdout]     |
[INFO] [stdout]    ::: src/future/decode/message.rs:104:26
[INFO] [stdout]     |
[INFO] [stdout] 104 |                     w => failed!(r, ErrorKind::Invalid, "Unknown wire type: {}", w),
[INFO] [stdout]     |                          ---------------------------------------------------------- in this macro invocation
[INFO] [stdout]     |
[INFO] [stdout]     = note: this method call relies on the `impl<T> Into<T> for T` blanket implementation and type inference, which is a semver hazard as a new `impl Into<_>` that affects your type might be added in the future causing type inference errors
[INFO] [stdout]     = note: you can instead use the fully-qualified path `<TrackableError<error::ErrorKind> as Into<TrackableError<error::ErrorKind>>::into(val) to avoid triggering this lint
[INFO] [stdout] 
[INFO] [stdout] 
[INFO] [stdout] error: useless conversion to the same type: `TrackableError<error::ErrorKind>`
[INFO] [stdout]   --> src/lib.rs:22:25
[INFO] [stdout]    |
[INFO] [stdout] 12 | macro_rules! failed {
[INFO] [stdout] ...
[INFO] [stdout] 22 |             let error = $kind.cause(format!($($arg),*)).into();
[INFO] [stdout]    |                         ^^^^^^^^^^^^^^^^^^^^^^^^^^^^^^^^^^^^^^
[INFO] [stdout]    |
[INFO] [stdout]   ::: src/future/decode/wire.rs:51:17
[INFO] [stdout]    |
[INFO] [stdout] 51 |                 failed!(r, ErrorKind::Invalid, "Too large Varint");
[INFO] [stdout]    |                 -------------------------------------------------- in this macro invocation
[INFO] [stdout]    |
[INFO] [stdout]    = note: this method call relies on the `impl<T> Into<T> for T` blanket implementation and type inference, which is a semver hazard as a new `impl Into<_>` that affects your type might be added in the future causing type inference errors
[INFO] [stdout]    = note: you can instead use the fully-qualified path `<TrackableError<error::ErrorKind> as Into<TrackableError<error::ErrorKind>>::into(val) to avoid triggering this lint
[INFO] [stdout] 
[INFO] [stdout] 
[INFO] [stdout] error: useless conversion to the same type: `TrackableError<error::ErrorKind>`
[INFO] [stdout]   --> src/lib.rs:16:63
[INFO] [stdout]    |
[INFO] [stdout] 12 | macro_rules! failed {
[INFO] [stdout] ...
[INFO] [stdout] 16 |             return Err(track!(::Error{stream: $stream, error: $kind.error().into()}));
[INFO] [stdout]    |                                                               ^^^^^^^^^^^^^^^^^^^^
[INFO] [stdout]    |
[INFO] [stdout]   ::: src/future/read.rs:33:17
[INFO] [stdout]    |
[INFO] [stdout] 33 |                 failed!(r, ErrorKind::UnexpectedEos);
[INFO] [stdout]    |                 ------------------------------------ in this macro invocation
[INFO] [stdout]    |
[INFO] [stdout]    = note: this method call relies on the `impl<T> Into<T> for T` blanket implementation and type inference, which is a semver hazard as a new `impl Into<_>` that affects your type might be added in the future causing type inference errors
[INFO] [stdout]    = note: you can instead use the fully-qualified path `<TrackableError<error::ErrorKind> as Into<TrackableError<error::ErrorKind>>::into(val) to avoid triggering this lint
[INFO] [stdout] 
[INFO] [stdout] 
[INFO] [stdout] error: useless conversion to the same type: `TrackableError<error::ErrorKind>`
[INFO] [stdout]   --> src/lib.rs:16:63
[INFO] [stdout]    |
[INFO] [stdout] 12 | macro_rules! failed {
[INFO] [stdout] ...
[INFO] [stdout] 16 |             return Err(track!(::Error{stream: $stream, error: $kind.error().into()}));
[INFO] [stdout]    |                                                               ^^^^^^^^^^^^^^^^^^^^
[INFO] [stdout]    |
[INFO] [stdout]   ::: src/future/read.rs:76:25
[INFO] [stdout]    |
[INFO] [stdout] 76 |                         failed!(r, ErrorKind::UnexpectedEos);
[INFO] [stdout]    |                         ------------------------------------ in this macro invocation
[INFO] [stdout]    |
[INFO] [stdout]    = note: this method call relies on the `impl<T> Into<T> for T` blanket implementation and type inference, which is a semver hazard as a new `impl Into<_>` that affects your type might be added in the future causing type inference errors
[INFO] [stdout]    = note: you can instead use the fully-qualified path `<TrackableError<error::ErrorKind> as Into<TrackableError<error::ErrorKind>>::into(val) to avoid triggering this lint
[INFO] [stdout] 
[INFO] [stdout] 
[INFO] [stdout] error: useless conversion to the same type: `TrackableError<error::ErrorKind>`
[INFO] [stdout]   --> src/lib.rs:16:63
[INFO] [stdout]    |
[INFO] [stdout] 12 | macro_rules! failed {
[INFO] [stdout] ...
[INFO] [stdout] 16 |             return Err(track!(::Error{stream: $stream, error: $kind.error().into()}));
[INFO] [stdout]    |                                                               ^^^^^^^^^^^^^^^^^^^^
[INFO] [stdout]    |
[INFO] [stdout]   ::: src/future/write.rs:31:22
[INFO] [stdout]    |
[INFO] [stdout] 31 |             Ok(0) => failed!(writer, ErrorKind::UnexpectedEos),
[INFO] [stdout]    |                      ----------------------------------------- in this macro invocation
[INFO] [stdout]    |
[INFO] [stdout]    = note: this method call relies on the `impl<T> Into<T> for T` blanket implementation and type inference, which is a semver hazard as a new `impl Into<_>` that affects your type might be added in the future causing type inference errors
[INFO] [stdout]    = note: you can instead use the fully-qualified path `<TrackableError<error::ErrorKind> as Into<TrackableError<error::ErrorKind>>::into(val) to avoid triggering this lint
[INFO] [stdout] 
[INFO] [stdout] 
[INFO] [stdout] error: useless conversion to the same type: `TrackableError<error::ErrorKind>`
[INFO] [stdout]   --> src/lib.rs:16:63
[INFO] [stdout]    |
[INFO] [stdout] 12 | macro_rules! failed {
[INFO] [stdout] ...
[INFO] [stdout] 16 |             return Err(track!(::Error{stream: $stream, error: $kind.error().into()}));
[INFO] [stdout]    |                                                               ^^^^^^^^^^^^^^^^^^^^
[INFO] [stdout]    |
[INFO] [stdout]   ::: src/future/write.rs:71:25
[INFO] [stdout]    |
[INFO] [stdout] 71 |                         failed!(writer, ErrorKind::UnexpectedEos)
[INFO] [stdout]    |                         ----------------------------------------- in this macro invocation
[INFO] [stdout]    |
[INFO] [stdout]    = note: this method call relies on the `impl<T> Into<T> for T` blanket implementation and type inference, which is a semver hazard as a new `impl Into<_>` that affects your type might be added in the future causing type inference errors
[INFO] [stdout]    = note: you can instead use the fully-qualified path `<TrackableError<error::ErrorKind> as Into<TrackableError<error::ErrorKind>>::into(val) to avoid triggering this lint
[INFO] [stdout] 
[INFO] [stdout] 
[INFO] [stdout] error: useless conversion to the same type: `TrackableError<error::ErrorKind>`
[INFO] [stdout]    --> src/lib.rs:31:63
[INFO] [stdout]     |
[INFO] [stdout]  27 | macro_rules! failed_by_error {
[INFO] [stdout] ...
[INFO] [stdout]  31 |             return Err(track!(::Error{stream: $stream, error: $kind.cause($cause).into()}));
[INFO] [stdout]     |                                                               ^^^^^^^^^^^^^^^^^^^^^^^^^^
[INFO] [stdout]     |
[INFO] [stdout]    ::: src/future/decode/wire.rs:194:21
[INFO] [stdout]     |
[INFO] [stdout] 194 |                     failed_by_error!(reader, ErrorKind::Other, e);
[INFO] [stdout]     |                     --------------------------------------------- in this macro invocation
[INFO] [stdout]     |
[INFO] [stdout]     = note: this method call relies on the `impl<T> Into<T> for T` blanket implementation and type inference, which is a semver hazard as a new `impl Into<_>` that affects your type might be added in the future causing type inference errors
[INFO] [stdout]     = note: you can instead use the fully-qualified path `<TrackableError<error::ErrorKind> as Into<TrackableError<error::ErrorKind>>::into(val) to avoid triggering this lint
[INFO] [stdout] 
[INFO] [stdout] 
[INFO] [stdout] error: useless conversion to the same type: `TrackableError<error::ErrorKind>`
[INFO] [stdout]   --> src/lib.rs:31:63
[INFO] [stdout]    |
[INFO] [stdout] 27 | macro_rules! failed_by_error {
[INFO] [stdout] ...
[INFO] [stdout] 31 |             return Err(track!(::Error{stream: $stream, error: $kind.cause($cause).into()}));
[INFO] [stdout]    |                                                               ^^^^^^^^^^^^^^^^^^^^^^^^^^
[INFO] [stdout]    |
[INFO] [stdout]   ::: src/future/read.rs:27:21
[INFO] [stdout]    |
[INFO] [stdout] 27 |                     failed_by_error!(r, ErrorKind::Other, e);
[INFO] [stdout]    |                     ---------------------------------------- in this macro invocation
[INFO] [stdout]    |
[INFO] [stdout]    = note: this method call relies on the `impl<T> Into<T> for T` blanket implementation and type inference, which is a semver hazard as a new `impl Into<_>` that affects your type might be added in the future causing type inference errors
[INFO] [stdout]    = note: you can instead use the fully-qualified path `<TrackableError<error::ErrorKind> as Into<TrackableError<error::ErrorKind>>::into(val) to avoid triggering this lint
[INFO] [stdout] 
[INFO] [stdout] 
[INFO] [stdout] error: useless conversion to the same type: `TrackableError<error::ErrorKind>`
[INFO] [stdout]   --> src/lib.rs:31:63
[INFO] [stdout]    |
[INFO] [stdout] 27 | macro_rules! failed_by_error {
[INFO] [stdout] ...
[INFO] [stdout] 31 |             return Err(track!(::Error{stream: $stream, error: $kind.cause($cause).into()}));
[INFO] [stdout]    |                                                               ^^^^^^^^^^^^^^^^^^^^^^^^^^
[INFO] [stdout]    |
[INFO] [stdout]   ::: src/future/read.rs:65:25
[INFO] [stdout]    |
[INFO] [stdout] 65 |                         failed_by_error!(r, ErrorKind::Other, e);
[INFO] [stdout]    |                         ---------------------------------------- in this macro invocation
[INFO] [stdout]    |
[INFO] [stdout]    = note: this method call relies on the `impl<T> Into<T> for T` blanket implementation and type inference, which is a semver hazard as a new `impl Into<_>` that affects your type might be added in the future causing type inference errors
[INFO] [stdout]    = note: you can instead use the fully-qualified path `<TrackableError<error::ErrorKind> as Into<TrackableError<error::ErrorKind>>::into(val) to avoid triggering this lint
[INFO] [stdout] 
[INFO] [stdout] 
[INFO] [stdout] error: useless conversion to the same type: `TrackableError<error::ErrorKind>`
[INFO] [stdout]    --> src/lib.rs:31:63
[INFO] [stdout]     |
[INFO] [stdout]  27 | macro_rules! failed_by_error {
[INFO] [stdout] ...
[INFO] [stdout]  31 |             return Err(track!(::Error{stream: $stream, error: $kind.cause($cause).into()}));
[INFO] [stdout]     |                                                               ^^^^^^^^^^^^^^^^^^^^^^^^^^
[INFO] [stdout]     |
[INFO] [stdout]    ::: src/future/read.rs:118:25
[INFO] [stdout]     |
[INFO] [stdout] 118 |                         failed_by_error!(r, ErrorKind::Other, e);
[INFO] [stdout]     |                         ---------------------------------------- in this macro invocation
[INFO] [stdout]     |
[INFO] [stdout]     = note: this method call relies on the `impl<T> Into<T> for T` blanket implementation and type inference, which is a semver hazard as a new `impl Into<_>` that affects your type might be added in the future causing type inference errors
[INFO] [stdout]     = note: you can instead use the fully-qualified path `<TrackableError<error::ErrorKind> as Into<TrackableError<error::ErrorKind>>::into(val) to avoid triggering this lint
[INFO] [stdout] 
[INFO] [stdout] 
[INFO] [stdout] error: useless conversion to the same type: `TrackableError<error::ErrorKind>`
[INFO] [stdout]   --> src/lib.rs:31:63
[INFO] [stdout]    |
[INFO] [stdout] 27 | macro_rules! failed_by_error {
[INFO] [stdout] ...
[INFO] [stdout] 31 |             return Err(track!(::Error{stream: $stream, error: $kind.cause($cause).into()}));
[INFO] [stdout]    |                                                               ^^^^^^^^^^^^^^^^^^^^^^^^^^
[INFO] [stdout]    |
[INFO] [stdout]   ::: src/future/write.rs:27:21
[INFO] [stdout]    |
[INFO] [stdout] 27 |                     failed_by_error!(writer, ErrorKind::Other, e);
[INFO] [stdout]    |                     --------------------------------------------- in this macro invocation
[INFO] [stdout]    |
[INFO] [stdout]    = note: this method call relies on the `impl<T> Into<T> for T` blanket implementation and type inference, which is a semver hazard as a new `impl Into<_>` that affects your type might be added in the future causing type inference errors
[INFO] [stdout]    = note: you can instead use the fully-qualified path `<TrackableError<error::ErrorKind> as Into<TrackableError<error::ErrorKind>>::into(val) to avoid triggering this lint
[INFO] [stdout] 
[INFO] [stdout] 
[INFO] [stdout] error: useless conversion to the same type: `TrackableError<error::ErrorKind>`
[INFO] [stdout]   --> src/lib.rs:31:63
[INFO] [stdout]    |
[INFO] [stdout] 27 | macro_rules! failed_by_error {
[INFO] [stdout] ...
[INFO] [stdout] 31 |             return Err(track!(::Error{stream: $stream, error: $kind.cause($cause).into()}));
[INFO] [stdout]    |                                                               ^^^^^^^^^^^^^^^^^^^^^^^^^^
[INFO] [stdout]    |
[INFO] [stdout]   ::: src/future/write.rs:61:25
[INFO] [stdout]    |
[INFO] [stdout] 61 |                         failed_by_error!(writer, ErrorKind::Other, e);
[INFO] [stdout]    |                         --------------------------------------------- in this macro invocation
[INFO] [stdout]    |
[INFO] [stdout]    = note: this method call relies on the `impl<T> Into<T> for T` blanket implementation and type inference, which is a semver hazard as a new `impl Into<_>` that affects your type might be added in the future causing type inference errors
[INFO] [stdout]    = note: you can instead use the fully-qualified path `<TrackableError<error::ErrorKind> as Into<TrackableError<error::ErrorKind>>::into(val) to avoid triggering this lint
[INFO] [stdout] 
[INFO] [stdout] 
[INFO] [stderr] error: could not compile `pbcodec` (lib) due to 17 previous errors; 13 warnings emitted
[INFO] [stdout] error: useless conversion to the same type: `TrackableError<error::ErrorKind>`
[INFO] [stdout]   --> src/future/decode/field.rs:22:25
[INFO] [stdout]    |
[INFO] [stdout] 16 | macro_rules! track_assert_wire_type {
[INFO] [stdout] ...
[INFO] [stdout] 22 |             let error = track!(::ErrorKind::Invalid.cause(cause)).into();
[INFO] [stdout]    |                         ^^^^^^^^^^^^^^^^^^^^^^^^^^^^^^^^^^^^^^^^^^^^^^^^
[INFO] [stdout] ...
[INFO] [stdout] 45 |         track_assert_wire_type!(reader, wire_type, F::wire_type());
[INFO] [stdout]    |         ---------------------------------------------------------- in this macro invocation
[INFO] [stdout]    |
[INFO] [stdout]    = note: this method call relies on the `impl<T> Into<T> for T` blanket implementation and type inference, which is a semver hazard as a new `impl Into<_>` that affects your type might be added in the future causing type inference errors
[INFO] [stdout]    = note: you can instead use the fully-qualified path `<TrackableError<error::ErrorKind> as Into<TrackableError<error::ErrorKind>>::into(val) to avoid triggering this lint
[INFO] [stdout]    = note: `#[deny(self_type_conversion)]` on by default
[INFO] [stdout] 
[INFO] [stdout] 
[INFO] [stderr] warning: build failed, waiting for other jobs to finish...
[INFO] [stdout] error: useless conversion to the same type: `TrackableError<error::ErrorKind>`
[INFO] [stdout]   --> src/future/decode/field.rs:22:25
[INFO] [stdout]    |
[INFO] [stdout] 16 | macro_rules! track_assert_wire_type {
[INFO] [stdout] ...
[INFO] [stdout] 22 |             let error = track!(::ErrorKind::Invalid.cause(cause)).into();
[INFO] [stdout]    |                         ^^^^^^^^^^^^^^^^^^^^^^^^^^^^^^^^^^^^^^^^^^^^^^^^
[INFO] [stdout] ...
[INFO] [stdout] 67 |         track_assert_wire_type!(reader, wire_type, F::wire_type());
[INFO] [stdout]    |         ---------------------------------------------------------- in this macro invocation
[INFO] [stdout]    |
[INFO] [stdout]    = note: this method call relies on the `impl<T> Into<T> for T` blanket implementation and type inference, which is a semver hazard as a new `impl Into<_>` that affects your type might be added in the future causing type inference errors
[INFO] [stdout]    = note: you can instead use the fully-qualified path `<TrackableError<error::ErrorKind> as Into<TrackableError<error::ErrorKind>>::into(val) to avoid triggering this lint
[INFO] [stdout] 
[INFO] [stdout] 
[INFO] [stdout] error: useless conversion to the same type: `TrackableError<error::ErrorKind>`
[INFO] [stdout]    --> src/future/decode/field.rs:22:25
[INFO] [stdout]     |
[INFO] [stdout]  16 | macro_rules! track_assert_wire_type {
[INFO] [stdout] ...
[INFO] [stdout]  22 |             let error = track!(::ErrorKind::Invalid.cause(cause)).into();
[INFO] [stdout]     |                         ^^^^^^^^^^^^^^^^^^^^^^^^^^^^^^^^^^^^^^^^^^^^^^^^
[INFO] [stdout] ...
[INFO] [stdout] 151 |         track_assert_wire_type!(reader, wire_type, WireType::LengthDelimited);
[INFO] [stdout]     |         --------------------------------------------------------------------- in this macro invocation
[INFO] [stdout]     |
[INFO] [stdout]     = note: this method call relies on the `impl<T> Into<T> for T` blanket implementation and type inference, which is a semver hazard as a new `impl Into<_>` that affects your type might be added in the future causing type inference errors
[INFO] [stdout]     = note: you can instead use the fully-qualified path `<TrackableError<error::ErrorKind> as Into<TrackableError<error::ErrorKind>>::into(val) to avoid triggering this lint
[INFO] [stdout] 
[INFO] [stdout] 
[INFO] [stdout] error: useless conversion to the same type: `TrackableError<error::ErrorKind>`
[INFO] [stdout]    --> src/future/decode/field.rs:22:25
[INFO] [stdout]     |
[INFO] [stdout]  16 | macro_rules! track_assert_wire_type {
[INFO] [stdout] ...
[INFO] [stdout]  22 |             let error = track!(::ErrorKind::Invalid.cause(cause)).into();
[INFO] [stdout]     |                         ^^^^^^^^^^^^^^^^^^^^^^^^^^^^^^^^^^^^^^^^^^^^^^^^
[INFO] [stdout] ...
[INFO] [stdout] 252 |         track_assert_wire_type!(reader, wire_type, WireType::LengthDelimited);
[INFO] [stdout]     |         --------------------------------------------------------------------- in this macro invocation
[INFO] [stdout]     |
[INFO] [stdout]     = note: this method call relies on the `impl<T> Into<T> for T` blanket implementation and type inference, which is a semver hazard as a new `impl Into<_>` that affects your type might be added in the future causing type inference errors
[INFO] [stdout]     = note: you can instead use the fully-qualified path `<TrackableError<error::ErrorKind> as Into<TrackableError<error::ErrorKind>>::into(val) to avoid triggering this lint
[INFO] [stdout] 
[INFO] [stdout] 
[INFO] [stdout] error: useless conversion to the same type: `TrackableError<error::ErrorKind>`
[INFO] [stdout]    --> src/lib.rs:22:25
[INFO] [stdout]     |
[INFO] [stdout]  12 | macro_rules! failed {
[INFO] [stdout] ...
[INFO] [stdout]  22 |             let error = $kind.cause(format!($($arg),*)).into();
[INFO] [stdout]     |                         ^^^^^^^^^^^^^^^^^^^^^^^^^^^^^^^^^^^^^^
[INFO] [stdout]     |
[INFO] [stdout]    ::: src/future/decode/message.rs:103:34
[INFO] [stdout]     |
[INFO] [stdout] 103 |                     w @ 3...4 => failed!(r, ErrorKind::Unsupported, "Unsupported wire type: {}", w),
[INFO] [stdout]     |                                  ------------------------------------------------------------------ in this macro invocation
[INFO] [stdout]     |
[INFO] [stdout]     = note: this method call relies on the `impl<T> Into<T> for T` blanket implementation and type inference, which is a semver hazard as a new `impl Into<_>` that affects your type might be added in the future causing type inference errors
[INFO] [stdout]     = note: you can instead use the fully-qualified path `<TrackableError<error::ErrorKind> as Into<TrackableError<error::ErrorKind>>::into(val) to avoid triggering this lint
[INFO] [stdout] 
[INFO] [stdout] 
[INFO] [stdout] error: useless conversion to the same type: `TrackableError<error::ErrorKind>`
[INFO] [stdout]    --> src/lib.rs:22:25
[INFO] [stdout]     |
[INFO] [stdout]  12 | macro_rules! failed {
[INFO] [stdout] ...
[INFO] [stdout]  22 |             let error = $kind.cause(format!($($arg),*)).into();
[INFO] [stdout]     |                         ^^^^^^^^^^^^^^^^^^^^^^^^^^^^^^^^^^^^^^
[INFO] [stdout]     |
[INFO] [stdout]    ::: src/future/decode/message.rs:104:26
[INFO] [stdout]     |
[INFO] [stdout] 104 |                     w => failed!(r, ErrorKind::Invalid, "Unknown wire type: {}", w),
[INFO] [stdout]     |                          ---------------------------------------------------------- in this macro invocation
[INFO] [stdout]     |
[INFO] [stdout]     = note: this method call relies on the `impl<T> Into<T> for T` blanket implementation and type inference, which is a semver hazard as a new `impl Into<_>` that affects your type might be added in the future causing type inference errors
[INFO] [stdout]     = note: you can instead use the fully-qualified path `<TrackableError<error::ErrorKind> as Into<TrackableError<error::ErrorKind>>::into(val) to avoid triggering this lint
[INFO] [stdout] 
[INFO] [stdout] 
[INFO] [stdout] error: useless conversion to the same type: `TrackableError<error::ErrorKind>`
[INFO] [stdout]   --> src/lib.rs:22:25
[INFO] [stdout]    |
[INFO] [stdout] 12 | macro_rules! failed {
[INFO] [stdout] ...
[INFO] [stdout] 22 |             let error = $kind.cause(format!($($arg),*)).into();
[INFO] [stdout]    |                         ^^^^^^^^^^^^^^^^^^^^^^^^^^^^^^^^^^^^^^
[INFO] [stdout]    |
[INFO] [stdout]   ::: src/future/decode/wire.rs:51:17
[INFO] [stdout]    |
[INFO] [stdout] 51 |                 failed!(r, ErrorKind::Invalid, "Too large Varint");
[INFO] [stdout]    |                 -------------------------------------------------- in this macro invocation
[INFO] [stdout]    |
[INFO] [stdout]    = note: this method call relies on the `impl<T> Into<T> for T` blanket implementation and type inference, which is a semver hazard as a new `impl Into<_>` that affects your type might be added in the future causing type inference errors
[INFO] [stdout]    = note: you can instead use the fully-qualified path `<TrackableError<error::ErrorKind> as Into<TrackableError<error::ErrorKind>>::into(val) to avoid triggering this lint
[INFO] [stdout] 
[INFO] [stdout] 
[INFO] [stdout] error: useless conversion to the same type: `TrackableError<error::ErrorKind>`
[INFO] [stdout]   --> src/lib.rs:16:63
[INFO] [stdout]    |
[INFO] [stdout] 12 | macro_rules! failed {
[INFO] [stdout] ...
[INFO] [stdout] 16 |             return Err(track!(::Error{stream: $stream, error: $kind.error().into()}));
[INFO] [stdout]    |                                                               ^^^^^^^^^^^^^^^^^^^^
[INFO] [stdout]    |
[INFO] [stdout]   ::: src/future/read.rs:33:17
[INFO] [stdout]    |
[INFO] [stdout] 33 |                 failed!(r, ErrorKind::UnexpectedEos);
[INFO] [stdout]    |                 ------------------------------------ in this macro invocation
[INFO] [stdout]    |
[INFO] [stdout]    = note: this method call relies on the `impl<T> Into<T> for T` blanket implementation and type inference, which is a semver hazard as a new `impl Into<_>` that affects your type might be added in the future causing type inference errors
[INFO] [stdout]    = note: you can instead use the fully-qualified path `<TrackableError<error::ErrorKind> as Into<TrackableError<error::ErrorKind>>::into(val) to avoid triggering this lint
[INFO] [stdout] 
[INFO] [stdout] 
[INFO] [stdout] error: useless conversion to the same type: `TrackableError<error::ErrorKind>`
[INFO] [stdout]   --> src/lib.rs:16:63
[INFO] [stdout]    |
[INFO] [stdout] 12 | macro_rules! failed {
[INFO] [stdout] ...
[INFO] [stdout] 16 |             return Err(track!(::Error{stream: $stream, error: $kind.error().into()}));
[INFO] [stdout]    |                                                               ^^^^^^^^^^^^^^^^^^^^
[INFO] [stdout]    |
[INFO] [stdout]   ::: src/future/read.rs:76:25
[INFO] [stdout]    |
[INFO] [stdout] 76 |                         failed!(r, ErrorKind::UnexpectedEos);
[INFO] [stdout]    |                         ------------------------------------ in this macro invocation
[INFO] [stdout]    |
[INFO] [stdout]    = note: this method call relies on the `impl<T> Into<T> for T` blanket implementation and type inference, which is a semver hazard as a new `impl Into<_>` that affects your type might be added in the future causing type inference errors
[INFO] [stdout]    = note: you can instead use the fully-qualified path `<TrackableError<error::ErrorKind> as Into<TrackableError<error::ErrorKind>>::into(val) to avoid triggering this lint
[INFO] [stdout] 
[INFO] [stdout] 
[INFO] [stdout] error: useless conversion to the same type: `TrackableError<error::ErrorKind>`
[INFO] [stdout]   --> src/lib.rs:16:63
[INFO] [stdout]    |
[INFO] [stdout] 12 | macro_rules! failed {
[INFO] [stdout] ...
[INFO] [stdout] 16 |             return Err(track!(::Error{stream: $stream, error: $kind.error().into()}));
[INFO] [stdout]    |                                                               ^^^^^^^^^^^^^^^^^^^^
[INFO] [stdout]    |
[INFO] [stdout]   ::: src/future/write.rs:31:22
[INFO] [stdout]    |
[INFO] [stdout] 31 |             Ok(0) => failed!(writer, ErrorKind::UnexpectedEos),
[INFO] [stdout]    |                      ----------------------------------------- in this macro invocation
[INFO] [stdout]    |
[INFO] [stdout]    = note: this method call relies on the `impl<T> Into<T> for T` blanket implementation and type inference, which is a semver hazard as a new `impl Into<_>` that affects your type might be added in the future causing type inference errors
[INFO] [stdout]    = note: you can instead use the fully-qualified path `<TrackableError<error::ErrorKind> as Into<TrackableError<error::ErrorKind>>::into(val) to avoid triggering this lint
[INFO] [stdout] 
[INFO] [stdout] 
[INFO] [stdout] error: useless conversion to the same type: `TrackableError<error::ErrorKind>`
[INFO] [stdout]   --> src/lib.rs:16:63
[INFO] [stdout]    |
[INFO] [stdout] 12 | macro_rules! failed {
[INFO] [stdout] ...
[INFO] [stdout] 16 |             return Err(track!(::Error{stream: $stream, error: $kind.error().into()}));
[INFO] [stdout]    |                                                               ^^^^^^^^^^^^^^^^^^^^
[INFO] [stdout]    |
[INFO] [stdout]   ::: src/future/write.rs:71:25
[INFO] [stdout]    |
[INFO] [stdout] 71 |                         failed!(writer, ErrorKind::UnexpectedEos)
[INFO] [stdout]    |                         ----------------------------------------- in this macro invocation
[INFO] [stdout]    |
[INFO] [stdout]    = note: this method call relies on the `impl<T> Into<T> for T` blanket implementation and type inference, which is a semver hazard as a new `impl Into<_>` that affects your type might be added in the future causing type inference errors
[INFO] [stdout]    = note: you can instead use the fully-qualified path `<TrackableError<error::ErrorKind> as Into<TrackableError<error::ErrorKind>>::into(val) to avoid triggering this lint
[INFO] [stdout] 
[INFO] [stdout] 
[INFO] [stdout] error: useless conversion to the same type: `TrackableError<error::ErrorKind>`
[INFO] [stdout]    --> src/lib.rs:31:63
[INFO] [stdout]     |
[INFO] [stdout]  27 | macro_rules! failed_by_error {
[INFO] [stdout] ...
[INFO] [stdout]  31 |             return Err(track!(::Error{stream: $stream, error: $kind.cause($cause).into()}));
[INFO] [stdout]     |                                                               ^^^^^^^^^^^^^^^^^^^^^^^^^^
[INFO] [stdout]     |
[INFO] [stdout]    ::: src/future/decode/wire.rs:194:21
[INFO] [stdout]     |
[INFO] [stdout] 194 |                     failed_by_error!(reader, ErrorKind::Other, e);
[INFO] [stdout]     |                     --------------------------------------------- in this macro invocation
[INFO] [stdout]     |
[INFO] [stdout]     = note: this method call relies on the `impl<T> Into<T> for T` blanket implementation and type inference, which is a semver hazard as a new `impl Into<_>` that affects your type might be added in the future causing type inference errors
[INFO] [stdout]     = note: you can instead use the fully-qualified path `<TrackableError<error::ErrorKind> as Into<TrackableError<error::ErrorKind>>::into(val) to avoid triggering this lint
[INFO] [stdout] 
[INFO] [stdout] 
[INFO] [stdout] error: useless conversion to the same type: `TrackableError<error::ErrorKind>`
[INFO] [stdout]   --> src/lib.rs:31:63
[INFO] [stdout]    |
[INFO] [stdout] 27 | macro_rules! failed_by_error {
[INFO] [stdout] ...
[INFO] [stdout] 31 |             return Err(track!(::Error{stream: $stream, error: $kind.cause($cause).into()}));
[INFO] [stdout]    |                                                               ^^^^^^^^^^^^^^^^^^^^^^^^^^
[INFO] [stdout]    |
[INFO] [stdout]   ::: src/future/read.rs:27:21
[INFO] [stdout]    |
[INFO] [stdout] 27 |                     failed_by_error!(r, ErrorKind::Other, e);
[INFO] [stdout]    |                     ---------------------------------------- in this macro invocation
[INFO] [stdout]    |
[INFO] [stdout]    = note: this method call relies on the `impl<T> Into<T> for T` blanket implementation and type inference, which is a semver hazard as a new `impl Into<_>` that affects your type might be added in the future causing type inference errors
[INFO] [stdout]    = note: you can instead use the fully-qualified path `<TrackableError<error::ErrorKind> as Into<TrackableError<error::ErrorKind>>::into(val) to avoid triggering this lint
[INFO] [stdout] 
[INFO] [stdout] 
[INFO] [stdout] error: useless conversion to the same type: `TrackableError<error::ErrorKind>`
[INFO] [stdout]   --> src/lib.rs:31:63
[INFO] [stdout]    |
[INFO] [stdout] 27 | macro_rules! failed_by_error {
[INFO] [stdout] ...
[INFO] [stdout] 31 |             return Err(track!(::Error{stream: $stream, error: $kind.cause($cause).into()}));
[INFO] [stdout]    |                                                               ^^^^^^^^^^^^^^^^^^^^^^^^^^
[INFO] [stdout]    |
[INFO] [stdout]   ::: src/future/read.rs:65:25
[INFO] [stdout]    |
[INFO] [stdout] 65 |                         failed_by_error!(r, ErrorKind::Other, e);
[INFO] [stdout]    |                         ---------------------------------------- in this macro invocation
[INFO] [stdout]    |
[INFO] [stdout]    = note: this method call relies on the `impl<T> Into<T> for T` blanket implementation and type inference, which is a semver hazard as a new `impl Into<_>` that affects your type might be added in the future causing type inference errors
[INFO] [stdout]    = note: you can instead use the fully-qualified path `<TrackableError<error::ErrorKind> as Into<TrackableError<error::ErrorKind>>::into(val) to avoid triggering this lint
[INFO] [stdout] 
[INFO] [stdout] 
[INFO] [stdout] error: useless conversion to the same type: `TrackableError<error::ErrorKind>`
[INFO] [stdout]    --> src/lib.rs:31:63
[INFO] [stdout]     |
[INFO] [stdout]  27 | macro_rules! failed_by_error {
[INFO] [stdout] ...
[INFO] [stdout]  31 |             return Err(track!(::Error{stream: $stream, error: $kind.cause($cause).into()}));
[INFO] [stdout]     |                                                               ^^^^^^^^^^^^^^^^^^^^^^^^^^
[INFO] [stdout]     |
[INFO] [stdout]    ::: src/future/read.rs:118:25
[INFO] [stdout]     |
[INFO] [stdout] 118 |                         failed_by_error!(r, ErrorKind::Other, e);
[INFO] [stdout]     |                         ---------------------------------------- in this macro invocation
[INFO] [stdout]     |
[INFO] [stdout]     = note: this method call relies on the `impl<T> Into<T> for T` blanket implementation and type inference, which is a semver hazard as a new `impl Into<_>` that affects your type might be added in the future causing type inference errors
[INFO] [stdout]     = note: you can instead use the fully-qualified path `<TrackableError<error::ErrorKind> as Into<TrackableError<error::ErrorKind>>::into(val) to avoid triggering this lint
[INFO] [stdout] 
[INFO] [stdout] 
[INFO] [stdout] error: useless conversion to the same type: `TrackableError<error::ErrorKind>`
[INFO] [stdout]   --> src/lib.rs:31:63
[INFO] [stdout]    |
[INFO] [stdout] 27 | macro_rules! failed_by_error {
[INFO] [stdout] ...
[INFO] [stdout] 31 |             return Err(track!(::Error{stream: $stream, error: $kind.cause($cause).into()}));
[INFO] [stdout]    |                                                               ^^^^^^^^^^^^^^^^^^^^^^^^^^
[INFO] [stdout]    |
[INFO] [stdout]   ::: src/future/write.rs:27:21
[INFO] [stdout]    |
[INFO] [stdout] 27 |                     failed_by_error!(writer, ErrorKind::Other, e);
[INFO] [stdout]    |                     --------------------------------------------- in this macro invocation
[INFO] [stdout]    |
[INFO] [stdout]    = note: this method call relies on the `impl<T> Into<T> for T` blanket implementation and type inference, which is a semver hazard as a new `impl Into<_>` that affects your type might be added in the future causing type inference errors
[INFO] [stdout]    = note: you can instead use the fully-qualified path `<TrackableError<error::ErrorKind> as Into<TrackableError<error::ErrorKind>>::into(val) to avoid triggering this lint
[INFO] [stdout] 
[INFO] [stdout] 
[INFO] [stdout] error: useless conversion to the same type: `TrackableError<error::ErrorKind>`
[INFO] [stdout]   --> src/lib.rs:31:63
[INFO] [stdout]    |
[INFO] [stdout] 27 | macro_rules! failed_by_error {
[INFO] [stdout] ...
[INFO] [stdout] 31 |             return Err(track!(::Error{stream: $stream, error: $kind.cause($cause).into()}));
[INFO] [stdout]    |                                                               ^^^^^^^^^^^^^^^^^^^^^^^^^^
[INFO] [stdout]    |
[INFO] [stdout]   ::: src/future/write.rs:61:25
[INFO] [stdout]    |
[INFO] [stdout] 61 |                         failed_by_error!(writer, ErrorKind::Other, e);
[INFO] [stdout]    |                         --------------------------------------------- in this macro invocation
[INFO] [stdout]    |
[INFO] [stdout]    = note: this method call relies on the `impl<T> Into<T> for T` blanket implementation and type inference, which is a semver hazard as a new `impl Into<_>` that affects your type might be added in the future causing type inference errors
[INFO] [stdout]    = note: you can instead use the fully-qualified path `<TrackableError<error::ErrorKind> as Into<TrackableError<error::ErrorKind>>::into(val) to avoid triggering this lint
[INFO] [stdout] 
[INFO] [stdout] 
[INFO] [stderr] error: could not compile `pbcodec` (lib test) due to 17 previous errors; 13 warnings emitted
[INFO] running `Command { std: "docker" "inspect" "9bf6b86265825bd6354112d271ddb206580d1e98db7a92a1489c1cc2722e501d", kill_on_drop: false }`
[INFO] running `Command { std: "docker" "rm" "-f" "9bf6b86265825bd6354112d271ddb206580d1e98db7a92a1489c1cc2722e501d", kill_on_drop: false }`
[INFO] [stdout] 9bf6b86265825bd6354112d271ddb206580d1e98db7a92a1489c1cc2722e501d
