[INFO] fetching crate jrsonnet-evaluator 0.5.0-pre98...
[INFO] checking jrsonnet-evaluator-0.5.0-pre98 against 52995a223f2919dd3e2e427231db90a257350ded for pr-129249-4
[INFO] extracting crate jrsonnet-evaluator 0.5.0-pre98 into /workspace/builds/worker-0-tc2/source
[INFO] started tweaking crates.io crate jrsonnet-evaluator 0.5.0-pre98
[INFO] finished tweaking crates.io crate jrsonnet-evaluator 0.5.0-pre98
[INFO] tweaked toml for crates.io crate jrsonnet-evaluator 0.5.0-pre98 written to /workspace/builds/worker-0-tc2/source/Cargo.toml
[INFO] validating manifest of crates.io crate jrsonnet-evaluator 0.5.0-pre98 on toolchain 52995a223f2919dd3e2e427231db90a257350ded
[INFO] running `Command { std: CARGO_HOME="/workspace/cargo-home" RUSTUP_HOME="/workspace/rustup-home" "/workspace/cargo-home/bin/cargo" "+52995a223f2919dd3e2e427231db90a257350ded" "metadata" "--manifest-path" "Cargo.toml" "--no-deps", kill_on_drop: false }`
[INFO] crate crates.io crate jrsonnet-evaluator 0.5.0-pre98 already has a lockfile, it will not be regenerated
[INFO] running `Command { std: CARGO_HOME="/workspace/cargo-home" RUSTUP_HOME="/workspace/rustup-home" "/workspace/cargo-home/bin/cargo" "+52995a223f2919dd3e2e427231db90a257350ded" "fetch" "--manifest-path" "Cargo.toml", kill_on_drop: false }`
[INFO] running `Command { std: "docker" "create" "-v" "/var/lib/crater-agent-workspace/builds/worker-0-tc2/source:/opt/rustwide/workdir:ro,Z" "-v" "/var/lib/crater-agent-workspace/builds/worker-0-tc2/target:/opt/rustwide/target:rw,Z" "-v" "/var/lib/crater-agent-workspace/cargo-home:/opt/rustwide/cargo-home:ro,Z" "-v" "/var/lib/crater-agent-workspace/rustup-home:/opt/rustwide/rustup-home:ro,Z" "-m" "1610612736" "--network" "none" "ghcr.io/rust-lang/crates-build-env/linux@sha256:c0af3998e971868164375a7dfb646c9933ddd1a3bdb00fa2041266763dc1eeab" "sleep" "infinity", kill_on_drop: false }`
[INFO] [stdout] 2c079e5f2f2e3024a7aeb4f11b783eb47dd2ef9ee66868b876d215929afb7208
[INFO] running `Command { std: "docker" "start" "2c079e5f2f2e3024a7aeb4f11b783eb47dd2ef9ee66868b876d215929afb7208", kill_on_drop: false }`
[INFO] running `Command { std: "docker" "inspect" "2c079e5f2f2e3024a7aeb4f11b783eb47dd2ef9ee66868b876d215929afb7208", kill_on_drop: false }`
[INFO] running `Command { std: "docker" "exec" "-e" "SOURCE_DIR=/opt/rustwide/workdir" "-e" "CARGO_HOME=/opt/rustwide/cargo-home" "-e" "RUSTUP_HOME=/opt/rustwide/rustup-home" "-e" "CARGO_TARGET_DIR=/opt/rustwide/target" "-w" "/opt/rustwide/workdir" "--user" "0:0" "2c079e5f2f2e3024a7aeb4f11b783eb47dd2ef9ee66868b876d215929afb7208" "/opt/rustwide/cargo-home/bin/cargo" "+52995a223f2919dd3e2e427231db90a257350ded" "metadata" "--no-deps" "--format-version=1", kill_on_drop: false }`
[INFO] running `Command { std: "docker" "inspect" "2c079e5f2f2e3024a7aeb4f11b783eb47dd2ef9ee66868b876d215929afb7208", kill_on_drop: false }`
[INFO] running `Command { std: "docker" "exec" "-e" "SOURCE_DIR=/opt/rustwide/workdir" "-e" "CARGO_HOME=/opt/rustwide/cargo-home" "-e" "RUSTUP_HOME=/opt/rustwide/rustup-home" "-e" "CARGO_TARGET_DIR=/opt/rustwide/target" "-e" "CARGO_INCREMENTAL=0" "-e" "RUST_BACKTRACE=full" "-e" "RUSTFLAGS=--cap-lints=forbid" "-e" "RUSTDOCFLAGS=--cap-lints=forbid" "-w" "/opt/rustwide/workdir" "--user" "0:0" "2c079e5f2f2e3024a7aeb4f11b783eb47dd2ef9ee66868b876d215929afb7208" "/opt/rustwide/cargo-home/bin/cargo" "+52995a223f2919dd3e2e427231db90a257350ded" "check" "--frozen" "--all" "--all-targets" "--message-format=json", kill_on_drop: false }`
[INFO] [stderr]    Compiling zerocopy v0.8.48
[INFO] [stderr]    Compiling object v0.37.3
[INFO] [stderr]    Compiling wasm-bindgen-shared v0.2.106
[INFO] [stderr]    Compiling aho-corasick v1.1.4
[INFO] [stderr]    Compiling regex-syntax v0.8.10
[INFO] [stderr]    Compiling peg-macros v0.8.5
[INFO] [stderr]    Compiling jrsonnet-gcmodule-derive v0.4.6
[INFO] [stderr]     Checking peg-runtime v0.8.5
[INFO] [stderr]     Checking bitflags v2.11.1
[INFO] [stderr]     Checking hashbrown v0.17.0
[INFO] [stderr]     Checking getrandom v0.4.2
[INFO] [stderr]     Checking bstr v1.12.1
[INFO] [stderr]     Checking str_indices v0.4.4
[INFO] [stderr]     Checking itertools v0.14.0
[INFO] [stderr]     Checking url v2.5.8
[INFO] [stderr]    Compiling enum-ordinalize-derive v4.3.2
[INFO] [stderr]     Checking rustix v1.1.4
[INFO] [stderr]    Compiling wasm-bindgen v0.2.106
[INFO] [stderr]    Compiling stacker v0.1.24
[INFO] [stderr]     Checking console v0.16.3
[INFO] [stderr]     Checking similar v2.7.0
[INFO] [stderr]     Checking range-map v0.2.0
[INFO] [stderr]    Compiling extension-trait v1.0.2
[INFO] [stderr]    Compiling syn-dissect-closure v0.1.0
[INFO] [stderr]    Compiling wasm-bindgen-macro-support v0.2.106
[INFO] [stderr]    Compiling jrsonnet-evaluator v0.5.0-pre98 (/opt/rustwide/workdir)
[INFO] [stderr]    Compiling enum-ordinalize v4.3.2
[INFO] [stderr]     Checking unicode-box-drawing v0.3.0
[INFO] [stderr]    Compiling educe v0.6.0
[INFO] [stderr]     Checking vte v0.14.1
[INFO] [stderr]     Checking jrsonnet-gcmodule v0.4.6
[INFO] [stderr]     Checking drop_bomb v0.1.5
[INFO] [stderr]     Checking strip-ansi-escapes v0.2.1
[INFO] [stderr]    Compiling jrsonnet-macros v0.5.0-pre98
[INFO] [stderr]     Checking regex-automata v0.4.14
[INFO] [stderr]     Checking jrsonnet-interner v0.5.0-pre98
[INFO] [stderr]     Checking peg v0.8.5
[INFO] [stderr]     Checking jrsonnet-ir v0.5.0-pre98
[INFO] [stderr]     Checking jrsonnet-types v0.5.0-pre98
[INFO] [stderr]     Checking tempfile v3.27.0
[INFO] [stderr]    Compiling wasm-bindgen-macro v0.2.106
[INFO] [stderr]     Checking globset v0.4.18
[INFO] [stderr]     Checking insta v1.47.2
[INFO] [stderr]    Compiling ar_archive_writer v0.5.1
[INFO] [stderr]    Compiling psm v0.1.31
[INFO] [stderr]    Compiling logos-codegen v0.16.1
[INFO] [stderr]     Checking ppv-lite86 v0.2.21
[INFO] [stderr]     Checking rand_chacha v0.9.0
[INFO] [stderr]     Checking rand v0.9.4
[INFO] [stderr]     Checking hi-doc-jumprope v1.2.1
[INFO] [stderr]     Checking random_color v1.1.0
[INFO] [stderr]    Compiling logos-derive v0.16.1
[INFO] [stderr]     Checking annotated-string v0.3.0
[INFO] [stderr]     Checking logos v0.16.1
[INFO] [stderr]     Checking jrsonnet-lexer v0.5.0-pre98
[INFO] [stderr]     Checking hi-doc v0.3.0
[INFO] [stderr]     Checking jrsonnet-ir-parser v0.5.0-pre98
[INFO] [stdout] error: useless conversion to the same type: `error::ErrorKind`
[INFO] [stdout]    --> src/error.rs:399:66
[INFO] [stdout]     |
[INFO] [stdout] 391 | ...
[INFO] [stdout] ...
[INFO] [stdout] 399 | ...Kind>>::from($crate::error::ErrorKind::RuntimeError($crate::jrsonnet_macros::format_istr!($l$(, $($tt)*)?)).into())
[INFO] [stdout]     |                 ^^^^^^^^^^^^^^^^^^^^^^^^^^^^^^^^^^^^^^^^^^^^^^^^^^^^^^^^^^^^^^^^^^^^^^^^^^^^^^^^^^^^^^^^^^^^^^^^^^^^^
[INFO] [stdout]     |
[INFO] [stdout]    ::: src/evaluate/operator.rs:44:59
[INFO] [stdout]     |
[INFO] [stdout]  44 |             ArrValue::extended(a.clone(), b.clone()).ok_or_else(|| error!("array is too large"))?,
[INFO] [stdout]     |                                                                    ---------------------------- in this macro invocation
[INFO] [stdout]     |
[INFO] [stdout]     = note: this method call relies on the `impl<T> Into<T> for T` blanket implementation and type inference, which is a semver hazard as a new `impl Into<_>` that affects your type might be added in the future causing type inference errors
[INFO] [stdout]     = note: you can instead use the fully-qualified path `<error::ErrorKind as Into<error::ErrorKind>::into(val) to avoid triggering this lint
[INFO] [stdout]     = note: `#[deny(self_type_conversion)]` on by default
[INFO] [stdout] 
[INFO] [stdout] 
[INFO] [stdout] error: useless conversion to the same type: `error::ErrorKind`
[INFO] [stdout]    --> src/error.rs:399:66
[INFO] [stdout]     |
[INFO] [stdout] 391 | ...
[INFO] [stdout] ...
[INFO] [stdout] 399 | ...Kind>>::from($crate::error::ErrorKind::RuntimeError($crate::jrsonnet_macros::format_istr!($l$(, $($tt)*)?)).into())
[INFO] [stdout]     |                 ^^^^^^^^^^^^^^^^^^^^^^^^^^^^^^^^^^^^^^^^^^^^^^^^^^^^^^^^^^^^^^^^^^^^^^^^^^^^^^^^^^^^^^^^^^^^^^^^^^^^^
[INFO] [stdout]     |
[INFO] [stdout]    ::: src/evaluate/mod.rs:234:50
[INFO] [stdout]     |
[INFO] [stdout] 234 |                     BoundedUsize::new(n as usize).ok_or_else(|| error!("slice step must be >= 1"))
[INFO] [stdout]     |                                                                 --------------------------------- in this macro invocation
[INFO] [stdout]     |
[INFO] [stdout]     = note: this method call relies on the `impl<T> Into<T> for T` blanket implementation and type inference, which is a semver hazard as a new `impl Into<_>` that affects your type might be added in the future causing type inference errors
[INFO] [stdout]     = note: you can instead use the fully-qualified path `<error::ErrorKind as Into<error::ErrorKind>::into(val) to avoid triggering this lint
[INFO] [stdout] 
[INFO] [stdout] 
[INFO] [stdout] error: useless conversion to the same type: `error::ErrorKind`
[INFO] [stdout]    --> src/error.rs:399:66
[INFO] [stdout]     |
[INFO] [stdout] 391 | ...
[INFO] [stdout] ...
[INFO] [stdout] 399 | ...Kind>>::from($crate::error::ErrorKind::RuntimeError($crate::jrsonnet_macros::format_istr!($l$(, $($tt)*)?)).into())
[INFO] [stdout]     |                 ^^^^^^^^^^^^^^^^^^^^^^^^^^^^^^^^^^^^^^^^^^^^^^^^^^^^^^^^^^^^^^^^^^^^^^^^^^^^^^^^^^^^^^^^^^^^^^^^^^^^^
[INFO] [stdout]     |
[INFO] [stdout]    ::: src/integrations/serde.rs:632:3
[INFO] [stdout]     |
[INFO] [stdout] 632 |         error!("serde: {msg}")
[INFO] [stdout]     |         ---------------------- in this macro invocation
[INFO] [stdout]     |
[INFO] [stdout]     = note: this method call relies on the `impl<T> Into<T> for T` blanket implementation and type inference, which is a semver hazard as a new `impl Into<_>` that affects your type might be added in the future causing type inference errors
[INFO] [stdout]     = note: you can instead use the fully-qualified path `<error::ErrorKind as Into<error::ErrorKind>::into(val) to avoid triggering this lint
[INFO] [stdout] 
[INFO] [stdout] 
[INFO] [stderr] error: could not compile `jrsonnet-evaluator` (lib test) due to 3 previous errors
[INFO] [stderr] warning: build failed, waiting for other jobs to finish...
[INFO] [stdout] error: useless conversion to the same type: `error::ErrorKind`
[INFO] [stdout]    --> src/error.rs:399:66
[INFO] [stdout]     |
[INFO] [stdout] 391 | ...
[INFO] [stdout] ...
[INFO] [stdout] 399 | ...Kind>>::from($crate::error::ErrorKind::RuntimeError($crate::jrsonnet_macros::format_istr!($l$(, $($tt)*)?)).into())
[INFO] [stdout]     |                 ^^^^^^^^^^^^^^^^^^^^^^^^^^^^^^^^^^^^^^^^^^^^^^^^^^^^^^^^^^^^^^^^^^^^^^^^^^^^^^^^^^^^^^^^^^^^^^^^^^^^^
[INFO] [stdout]     |
[INFO] [stdout]    ::: src/evaluate/operator.rs:44:59
[INFO] [stdout]     |
[INFO] [stdout]  44 |             ArrValue::extended(a.clone(), b.clone()).ok_or_else(|| error!("array is too large"))?,
[INFO] [stdout]     |                                                                    ---------------------------- in this macro invocation
[INFO] [stdout]     |
[INFO] [stdout]     = note: this method call relies on the `impl<T> Into<T> for T` blanket implementation and type inference, which is a semver hazard as a new `impl Into<_>` that affects your type might be added in the future causing type inference errors
[INFO] [stdout]     = note: you can instead use the fully-qualified path `<error::ErrorKind as Into<error::ErrorKind>::into(val) to avoid triggering this lint
[INFO] [stdout]     = note: `#[deny(self_type_conversion)]` on by default
[INFO] [stdout] 
[INFO] [stdout] 
[INFO] [stdout] error: useless conversion to the same type: `error::ErrorKind`
[INFO] [stdout]    --> src/error.rs:399:66
[INFO] [stdout]     |
[INFO] [stdout] 391 | ...
[INFO] [stdout] ...
[INFO] [stdout] 399 | ...Kind>>::from($crate::error::ErrorKind::RuntimeError($crate::jrsonnet_macros::format_istr!($l$(, $($tt)*)?)).into())
[INFO] [stdout]     |                 ^^^^^^^^^^^^^^^^^^^^^^^^^^^^^^^^^^^^^^^^^^^^^^^^^^^^^^^^^^^^^^^^^^^^^^^^^^^^^^^^^^^^^^^^^^^^^^^^^^^^^
[INFO] [stdout]     |
[INFO] [stdout]    ::: src/evaluate/mod.rs:234:50
[INFO] [stdout]     |
[INFO] [stdout] 234 |                     BoundedUsize::new(n as usize).ok_or_else(|| error!("slice step must be >= 1"))
[INFO] [stdout]     |                                                                 --------------------------------- in this macro invocation
[INFO] [stdout]     |
[INFO] [stdout]     = note: this method call relies on the `impl<T> Into<T> for T` blanket implementation and type inference, which is a semver hazard as a new `impl Into<_>` that affects your type might be added in the future causing type inference errors
[INFO] [stdout]     = note: you can instead use the fully-qualified path `<error::ErrorKind as Into<error::ErrorKind>::into(val) to avoid triggering this lint
[INFO] [stdout] 
[INFO] [stdout] 
[INFO] [stdout] error: useless conversion to the same type: `error::ErrorKind`
[INFO] [stdout]    --> src/error.rs:399:66
[INFO] [stdout]     |
[INFO] [stdout] 391 | ...
[INFO] [stdout] ...
[INFO] [stdout] 399 | ...Kind>>::from($crate::error::ErrorKind::RuntimeError($crate::jrsonnet_macros::format_istr!($l$(, $($tt)*)?)).into())
[INFO] [stdout]     |                 ^^^^^^^^^^^^^^^^^^^^^^^^^^^^^^^^^^^^^^^^^^^^^^^^^^^^^^^^^^^^^^^^^^^^^^^^^^^^^^^^^^^^^^^^^^^^^^^^^^^^^
[INFO] [stdout]     |
[INFO] [stdout]    ::: src/integrations/serde.rs:632:3
[INFO] [stdout]     |
[INFO] [stdout] 632 |         error!("serde: {msg}")
[INFO] [stdout]     |         ---------------------- in this macro invocation
[INFO] [stdout]     |
[INFO] [stdout]     = note: this method call relies on the `impl<T> Into<T> for T` blanket implementation and type inference, which is a semver hazard as a new `impl Into<_>` that affects your type might be added in the future causing type inference errors
[INFO] [stdout]     = note: you can instead use the fully-qualified path `<error::ErrorKind as Into<error::ErrorKind>::into(val) to avoid triggering this lint
[INFO] [stdout] 
[INFO] [stdout] 
[INFO] [stderr] error: could not compile `jrsonnet-evaluator` (lib) due to 3 previous errors
[INFO] [stderr] warning: unused dependency `wasm-bindgen`
[INFO] [stderr]   --> Cargo.toml:73:15
[INFO] [stderr]    |
[INFO] [stderr] 73 | [dependencies.wasm-bindgen]
[INFO] [stderr]    |               ^^^^^^^^^^^^^
[INFO] [stderr]    |
[INFO] [stderr]    = note: `cargo::unused_dependencies` is set to `warn` by default
[INFO] [stderr] help: consider removing the dependency on `wasm-bindgen`
[INFO] [stderr] warning: `jrsonnet-evaluator` (manifest) generated 1 warning
[INFO] running `Command { std: "docker" "inspect" "2c079e5f2f2e3024a7aeb4f11b783eb47dd2ef9ee66868b876d215929afb7208", kill_on_drop: false }`
[INFO] running `Command { std: "docker" "rm" "-f" "2c079e5f2f2e3024a7aeb4f11b783eb47dd2ef9ee66868b876d215929afb7208", kill_on_drop: false }`
[INFO] [stdout] 2c079e5f2f2e3024a7aeb4f11b783eb47dd2ef9ee66868b876d215929afb7208
