[INFO] fetching crate dbrest-core 0.10.0...
[INFO] checking dbrest-core-0.10.0 against 52995a223f2919dd3e2e427231db90a257350ded for pr-129249-4
[INFO] extracting crate dbrest-core 0.10.0 into /workspace/builds/worker-1-tc2/source
[INFO] started tweaking crates.io crate dbrest-core 0.10.0
[INFO] finished tweaking crates.io crate dbrest-core 0.10.0
[INFO] tweaked toml for crates.io crate dbrest-core 0.10.0 written to /workspace/builds/worker-1-tc2/source/Cargo.toml
[INFO] validating manifest of crates.io crate dbrest-core 0.10.0 on toolchain 52995a223f2919dd3e2e427231db90a257350ded
[INFO] running `Command { std: CARGO_HOME="/workspace/cargo-home" RUSTUP_HOME="/workspace/rustup-home" "/workspace/cargo-home/bin/cargo" "+52995a223f2919dd3e2e427231db90a257350ded" "metadata" "--manifest-path" "Cargo.toml" "--no-deps", kill_on_drop: false }`
[INFO] crate crates.io crate dbrest-core 0.10.0 already has a lockfile, it will not be regenerated
[INFO] running `Command { std: CARGO_HOME="/workspace/cargo-home" RUSTUP_HOME="/workspace/rustup-home" "/workspace/cargo-home/bin/cargo" "+52995a223f2919dd3e2e427231db90a257350ded" "fetch" "--manifest-path" "Cargo.toml", kill_on_drop: false }`
[INFO] [stderr]     Blocking waiting for file lock on package cache
[INFO] [stderr]     Blocking waiting for file lock on package cache
[INFO] running `Command { std: "docker" "create" "-v" "/var/lib/crater-agent-workspace/builds/worker-1-tc2/source:/opt/rustwide/workdir:ro,Z" "-v" "/var/lib/crater-agent-workspace/builds/worker-1-tc2/target:/opt/rustwide/target:rw,Z" "-v" "/var/lib/crater-agent-workspace/cargo-home:/opt/rustwide/cargo-home:ro,Z" "-v" "/var/lib/crater-agent-workspace/rustup-home:/opt/rustwide/rustup-home:ro,Z" "-m" "1610612736" "--network" "none" "ghcr.io/rust-lang/crates-build-env/linux@sha256:c0af3998e971868164375a7dfb646c9933ddd1a3bdb00fa2041266763dc1eeab" "sleep" "infinity", kill_on_drop: false }`
[INFO] [stdout] 362f905edb807237413a26610306c0244b9b82919c6a6d5e44859a0abc8530b2
[INFO] running `Command { std: "docker" "start" "362f905edb807237413a26610306c0244b9b82919c6a6d5e44859a0abc8530b2", kill_on_drop: false }`
[INFO] running `Command { std: "docker" "inspect" "362f905edb807237413a26610306c0244b9b82919c6a6d5e44859a0abc8530b2", kill_on_drop: false }`
[INFO] running `Command { std: "docker" "exec" "-e" "SOURCE_DIR=/opt/rustwide/workdir" "-e" "CARGO_HOME=/opt/rustwide/cargo-home" "-e" "RUSTUP_HOME=/opt/rustwide/rustup-home" "-e" "CARGO_TARGET_DIR=/opt/rustwide/target" "-w" "/opt/rustwide/workdir" "--user" "0:0" "362f905edb807237413a26610306c0244b9b82919c6a6d5e44859a0abc8530b2" "/opt/rustwide/cargo-home/bin/cargo" "+52995a223f2919dd3e2e427231db90a257350ded" "metadata" "--no-deps" "--format-version=1", kill_on_drop: false }`
[INFO] running `Command { std: "docker" "inspect" "362f905edb807237413a26610306c0244b9b82919c6a6d5e44859a0abc8530b2", kill_on_drop: false }`
[INFO] running `Command { std: "docker" "exec" "-e" "SOURCE_DIR=/opt/rustwide/workdir" "-e" "CARGO_HOME=/opt/rustwide/cargo-home" "-e" "RUSTUP_HOME=/opt/rustwide/rustup-home" "-e" "CARGO_TARGET_DIR=/opt/rustwide/target" "-e" "CARGO_INCREMENTAL=0" "-e" "RUST_BACKTRACE=full" "-e" "RUSTFLAGS=--cap-lints=forbid" "-e" "RUSTDOCFLAGS=--cap-lints=forbid" "-w" "/opt/rustwide/workdir" "--user" "0:0" "362f905edb807237413a26610306c0244b9b82919c6a6d5e44859a0abc8530b2" "/opt/rustwide/cargo-home/bin/cargo" "+52995a223f2919dd3e2e427231db90a257350ded" "check" "--frozen" "--all" "--all-targets" "--message-format=json", kill_on_drop: false }`
[INFO] [stderr]    Compiling syn v2.0.114
[INFO] [stderr]     Checking http v1.4.0
[INFO] [stderr]    Compiling num-traits v0.2.19
[INFO] [stderr]     Checking errno v0.3.14
[INFO] [stderr]     Checking miniz_oxide v0.8.9
[INFO] [stderr]     Checking getrandom v0.3.4
[INFO] [stderr]     Checking concurrent-queue v2.5.0
[INFO] [stderr]     Checking regex-syntax v0.8.9
[INFO] [stderr]    Compiling ring v0.17.14
[INFO] [stderr]    Compiling time-macros v0.2.27
[INFO] [stderr]    Compiling rustix v1.1.3
[INFO] [stderr]     Checking ryu v1.0.22
[INFO] [stderr]     Checking anstream v0.6.21
[INFO] [stderr]     Checking zerocopy v0.8.39
[INFO] [stderr]     Checking getrandom v0.2.17
[INFO] [stderr]    Compiling mockall_derive v0.13.1
[INFO] [stderr]     Checking signal-hook-registry v1.4.8
[INFO] [stderr]     Checking predicates-core v1.0.9
[INFO] [stderr]     Checking clap_lex v0.7.7
[INFO] [stderr]     Checking uuid v1.20.0
[INFO] [stderr]     Checking crossbeam-epoch v0.9.18
[INFO] [stderr]     Checking serde_path_to_error v0.1.20
[INFO] [stderr]     Checking matchit v0.7.3
[INFO] [stderr]     Checking predicates-tree v1.0.12
[INFO] [stderr]     Checking clap_builder v4.5.57
[INFO] [stderr]     Checking predicates v3.1.3
[INFO] [stderr]     Checking arc-swap v1.8.1
[INFO] [stderr]     Checking event-listener v5.4.1
[INFO] [stderr]     Checking console v0.15.11
[INFO] [stderr]     Checking fragile v2.0.1
[INFO] [stderr]     Checking downcast v0.11.0
[INFO] [stderr]     Checking event-listener-strategy v0.5.4
[INFO] [stderr]     Checking async-lock v3.4.2
[INFO] [stderr]     Checking flate2 v1.1.9
[INFO] [stderr]     Checking http-body v1.0.1
[INFO] [stderr]     Checking http-body-util v0.1.3
[INFO] [stderr]     Checking compression-codecs v0.4.36
[INFO] [stderr]     Checking num-integer v0.1.46
[INFO] [stderr]     Checking time v0.3.47
[INFO] [stderr]     Checking num-bigint v0.4.6
[INFO] [stderr]     Checking regex-automata v0.4.14
[INFO] [stderr]     Checking tempfile v3.24.0
[INFO] [stderr]     Checking insta v1.46.3
[INFO] [stderr]     Checking matchers v0.2.0
[INFO] [stderr]    Compiling serde_derive v1.0.228
[INFO] [stderr]    Compiling tokio-macros v2.6.0
[INFO] [stderr]    Compiling tracing-attributes v0.1.31
[INFO] [stderr]    Compiling futures-macro v0.3.31
[INFO] [stderr]    Compiling thiserror-impl v2.0.18
[INFO] [stderr]    Compiling async-trait v0.1.89
[INFO] [stderr]    Compiling clap_derive v4.5.55
[INFO] [stderr]    Compiling serial_test_derive v3.3.1
[INFO] [stderr]     Checking futures-util v0.3.31
[INFO] [stderr]     Checking thiserror v2.0.18
[INFO] [stderr]     Checking simple_asn1 v0.6.3
[INFO] [stderr]     Checking tracing v0.1.44
[INFO] [stderr]     Checking opentelemetry v0.31.0
[INFO] [stderr]     Checking ahash v0.8.12
[INFO] [stderr]     Checking metrics v0.24.3
[INFO] [stderr]     Checking clap v4.5.57
[INFO] [stderr]     Checking mockall v0.13.1
[INFO] [stderr]     Checking serde v1.0.228
[INFO] [stderr]     Checking smallvec v1.15.1
[INFO] [stderr]     Checking serde_urlencoded v0.7.1
[INFO] [stderr]     Checking jsonwebtoken v9.3.1
[INFO] [stderr]     Checking compact_str v0.8.1
[INFO] [stderr]     Checking chrono v0.4.43
[INFO] [stderr]     Checking parking_lot_core v0.9.12
[INFO] [stderr]     Checking tracing-subscriber v0.3.22
[INFO] [stderr]     Checking futures-executor v0.3.31
[INFO] [stderr]     Checking axum-core v0.4.5
[INFO] [stderr]     Checking parking_lot v0.12.5
[INFO] [stderr]     Checking futures v0.3.31
[INFO] [stderr]     Checking tokio v1.49.0
[INFO] [stderr]     Checking moka v0.12.13
[INFO] [stderr]     Checking serial_test v3.3.1
[INFO] [stderr]     Checking tracing-opentelemetry v0.32.1
[INFO] [stderr]     Checking tokio-util v0.7.18
[INFO] [stderr]     Checking tower v0.5.3
[INFO] [stderr]     Checking async-compression v0.4.38
[INFO] [stderr]     Checking tokio-stream v0.1.18
[INFO] [stderr]     Checking tokio-test v0.4.5
[INFO] [stderr]     Checking h2 v0.4.13
[INFO] [stderr]     Checking tower-http v0.6.8
[INFO] [stderr]     Checking hyper v1.8.1
[INFO] [stderr]     Checking hyper-util v0.1.20
[INFO] [stderr]     Checking axum v0.7.9
[INFO] [stderr]     Checking dbrest-core v0.10.0 (/opt/rustwide/workdir)
[INFO] [stdout] error: useless conversion to the same type: `error::Error`
[INFO] [stdout]    --> src/error/response.rs:152:20
[INFO] [stdout]     |
[INFO] [stdout] 150 |   macro_rules! bail {
[INFO] [stdout] 151 |       ($err:expr) => {
[INFO] [stdout] 152 |           return Err($err.into());
[INFO] [stdout]     |                      ^^^^^^^^^^^
[INFO] [stdout] ...
[INFO] [stdout] 265 | /             crate::bail!(Error::InvalidQueryParam {
[INFO] [stdout] 266 | |                 param: "test".to_string(),
[INFO] [stdout] 267 | |                 message: "bail test".to_string(),
[INFO] [stdout] 268 | |             });
[INFO] [stdout]     | |______________- in this macro invocation
[INFO] [stdout]     |
[INFO] [stdout]     = note: this method call relies on the `impl<T> Into<T> for T` blanket implementation and type inference, which is a semver hazard as a new `impl Into<_>` that affects your type might be added in the future causing type inference errors
[INFO] [stdout]     = note: you can instead use the fully-qualified path `<error::Error as Into<error::Error>::into(val) to avoid triggering this lint
[INFO] [stdout]     = note: `#[deny(self_type_conversion)]` on by default
[INFO] [stdout] 
[INFO] [stdout] 
[INFO] [stdout] error: useless conversion to the same type: `error::Error`
[INFO] [stdout]    --> src/error/response.rs:176:24
[INFO] [stdout]     |
[INFO] [stdout] 173 |   macro_rules! ensure {
[INFO] [stdout] ...
[INFO] [stdout] 176 |               return Err($err.into());
[INFO] [stdout]     |                          ^^^^^^^^^^^
[INFO] [stdout] ...
[INFO] [stdout] 278 | /             crate::ensure!(
[INFO] [stdout] 279 | |                 x >= 0,
[INFO] [stdout] 280 | |                 Error::InvalidQueryParam {
[INFO] [stdout] 281 | |                     param: "x".to_string(),
[INFO] [stdout] ...   |
[INFO] [stdout] 284 | |             );
[INFO] [stdout]     | |_____________- in this macro invocation
[INFO] [stdout]     |
[INFO] [stdout]     = note: this method call relies on the `impl<T> Into<T> for T` blanket implementation and type inference, which is a semver hazard as a new `impl Into<_>` that affects your type might be added in the future causing type inference errors
[INFO] [stdout]     = note: you can instead use the fully-qualified path `<error::Error as Into<error::Error>::into(val) to avoid triggering this lint
[INFO] [stdout] 
[INFO] [stdout] 
[INFO] [stderr] error: could not compile `dbrest-core` (lib test) due to 2 previous errors
[INFO] [stderr] warning: unused dependency `clap`
[INFO] [stderr]   --> Cargo.toml:23:15
[INFO] [stderr]    |
[INFO] [stderr] 23 | [dependencies.clap]
[INFO] [stderr]    |               ^^^^^
[INFO] [stderr]    |
[INFO] [stderr]    = note: `cargo::unused_dependencies` is set to `warn` by default
[INFO] [stderr] help: consider removing the dependency on `clap`
[INFO] [stderr] warning: `dbrest-core` (manifest) generated 1 warning
[INFO] running `Command { std: "docker" "inspect" "362f905edb807237413a26610306c0244b9b82919c6a6d5e44859a0abc8530b2", kill_on_drop: false }`
[INFO] running `Command { std: "docker" "rm" "-f" "362f905edb807237413a26610306c0244b9b82919c6a6d5e44859a0abc8530b2", kill_on_drop: false }`
[INFO] [stdout] 362f905edb807237413a26610306c0244b9b82919c6a6d5e44859a0abc8530b2
