[INFO] cloning repository https://github.com/bgunebakan/puhu
[INFO] running `Command { std: "git" "-c" "credential.helper=" "-c" "credential.helper=/workspace/cargo-home/bin/git-credential-null" "clone" "--bare" "https://github.com/bgunebakan/puhu" "/workspace/cache/git-repos/https%3A%2F%2Fgithub.com%2Fbgunebakan%2Fpuhu", kill_on_drop: false }`
[INFO] [stderr] Cloning into bare repository '/workspace/cache/git-repos/https%3A%2F%2Fgithub.com%2Fbgunebakan%2Fpuhu'...
[INFO] running `Command { std: "git" "rev-parse" "HEAD", kill_on_drop: false }`
[INFO] [stdout] 5d7a73ec5433dd7e0a31e9016de2bfcea95d40f6
[INFO] checking bgunebakan/puhu against 52995a223f2919dd3e2e427231db90a257350ded for pr-129249-4
[INFO] running `Command { std: "git" "clone" "/workspace/cache/git-repos/https%3A%2F%2Fgithub.com%2Fbgunebakan%2Fpuhu" "/workspace/builds/worker-2-tc2/source", kill_on_drop: false }`
[INFO] [stderr] Cloning into '/workspace/builds/worker-2-tc2/source'...
[INFO] [stderr] done.
[INFO] started tweaking git repo https://github.com/bgunebakan/puhu
[INFO] finished tweaking git repo https://github.com/bgunebakan/puhu
[INFO] tweaked toml for git repo https://github.com/bgunebakan/puhu written to /workspace/builds/worker-2-tc2/source/Cargo.toml
[INFO] validating manifest of git repo https://github.com/bgunebakan/puhu on toolchain 52995a223f2919dd3e2e427231db90a257350ded
[INFO] running `Command { std: CARGO_HOME="/workspace/cargo-home" RUSTUP_HOME="/workspace/rustup-home" "/workspace/cargo-home/bin/cargo" "+52995a223f2919dd3e2e427231db90a257350ded" "metadata" "--manifest-path" "Cargo.toml" "--no-deps", kill_on_drop: false }`
[INFO] crate git repo https://github.com/bgunebakan/puhu already has a lockfile, it will not be regenerated
[INFO] running `Command { std: CARGO_HOME="/workspace/cargo-home" RUSTUP_HOME="/workspace/rustup-home" "/workspace/cargo-home/bin/cargo" "+52995a223f2919dd3e2e427231db90a257350ded" "fetch" "--manifest-path" "Cargo.toml", kill_on_drop: false }`
[INFO] running `Command { std: "docker" "create" "-v" "/var/lib/crater-agent-workspace/builds/worker-2-tc2/source:/opt/rustwide/workdir:ro,Z" "-v" "/var/lib/crater-agent-workspace/builds/worker-2-tc2/target:/opt/rustwide/target:rw,Z" "-v" "/var/lib/crater-agent-workspace/cargo-home:/opt/rustwide/cargo-home:ro,Z" "-v" "/var/lib/crater-agent-workspace/rustup-home:/opt/rustwide/rustup-home:ro,Z" "-m" "1610612736" "--network" "none" "ghcr.io/rust-lang/crates-build-env/linux@sha256:77db811e55d90add9212f6832c23229e3de5f1c1f9905e8cb07319ea15df73ac" "sleep" "infinity", kill_on_drop: false }`
[INFO] [stdout] 2b21cbb4476c867378ef0ebae2efd3276598ed93bce41dffbaeecd918c40a15b
[INFO] running `Command { std: "docker" "start" "2b21cbb4476c867378ef0ebae2efd3276598ed93bce41dffbaeecd918c40a15b", kill_on_drop: false }`
[INFO] running `Command { std: "docker" "inspect" "2b21cbb4476c867378ef0ebae2efd3276598ed93bce41dffbaeecd918c40a15b", kill_on_drop: false }`
[INFO] running `Command { std: "docker" "exec" "-e" "SOURCE_DIR=/opt/rustwide/workdir" "-e" "CARGO_HOME=/opt/rustwide/cargo-home" "-e" "RUSTUP_HOME=/opt/rustwide/rustup-home" "-e" "CARGO_TARGET_DIR=/opt/rustwide/target" "-w" "/opt/rustwide/workdir" "--user" "0:0" "2b21cbb4476c867378ef0ebae2efd3276598ed93bce41dffbaeecd918c40a15b" "/opt/rustwide/cargo-home/bin/cargo" "+52995a223f2919dd3e2e427231db90a257350ded" "metadata" "--no-deps" "--format-version=1", kill_on_drop: false }`
[INFO] running `Command { std: "docker" "inspect" "2b21cbb4476c867378ef0ebae2efd3276598ed93bce41dffbaeecd918c40a15b", kill_on_drop: false }`
[INFO] running `Command { std: "docker" "exec" "-e" "SOURCE_DIR=/opt/rustwide/workdir" "-e" "CARGO_HOME=/opt/rustwide/cargo-home" "-e" "RUSTUP_HOME=/opt/rustwide/rustup-home" "-e" "CARGO_TARGET_DIR=/opt/rustwide/target" "-e" "CARGO_INCREMENTAL=0" "-e" "RUST_BACKTRACE=full" "-e" "RUSTFLAGS=--cap-lints=forbid" "-e" "RUSTDOCFLAGS=--cap-lints=forbid" "-w" "/opt/rustwide/workdir" "--user" "0:0" "2b21cbb4476c867378ef0ebae2efd3276598ed93bce41dffbaeecd918c40a15b" "/opt/rustwide/cargo-home/bin/cargo" "+52995a223f2919dd3e2e427231db90a257350ded" "check" "--frozen" "--all" "--all-targets" "--message-format=json", kill_on_drop: false }`
[INFO] [stderr]    Compiling proc-macro2 v1.0.101
[INFO] [stderr]    Compiling once_cell v1.21.3
[INFO] [stderr]    Compiling libm v0.2.15
[INFO] [stderr]    Compiling uncased v0.9.10
[INFO] [stderr]    Compiling num-traits v0.2.19
[INFO] [stderr]    Compiling pyo3-build-config v0.24.2
[INFO] [stderr]    Compiling zerocopy v0.8.27
[INFO] [stderr]     Checking crc32fast v1.5.0
[INFO] [stderr]    Compiling libc v0.2.175
[INFO] [stderr]    Compiling fastrand v2.3.0
[INFO] [stderr]    Compiling phf_shared v0.13.1
[INFO] [stderr]     Checking flate2 v1.1.2
[INFO] [stderr]    Compiling memoffset v0.9.1
[INFO] [stderr]     Checking weezl v0.1.10
[INFO] [stderr]    Compiling phf_generator v0.13.1
[INFO] [stderr]     Checking zune-jpeg v0.4.20
[INFO] [stderr]     Checking image-webp v0.2.3
[INFO] [stderr]     Checking gif v0.13.3
[INFO] [stderr]    Compiling quote v1.0.40
[INFO] [stderr]     Checking png v0.18.0
[INFO] [stderr]    Compiling syn v2.0.106
[INFO] [stderr]     Checking unindent v0.2.4
[INFO] [stderr]     Checking either v1.15.0
[INFO] [stderr]    Compiling indoc v2.0.6
[INFO] [stderr]     Checking bytemuck v1.23.2
[INFO] [stderr]     Checking rayon v1.11.0
[INFO] [stderr]    Compiling pyo3-macros-backend v0.24.2
[INFO] [stderr]    Compiling pyo3-ffi v0.24.2
[INFO] [stderr]    Compiling pyo3 v0.24.2
[INFO] [stderr]     Checking pxfm v0.1.25
[INFO] [stderr]     Checking moxcms v0.7.9
[INFO] [stderr]    Compiling zerocopy-derive v0.8.27
[INFO] [stderr]    Compiling fax_derive v0.2.0
[INFO] [stderr]    Compiling phf_macros v0.13.1
[INFO] [stderr]    Compiling thiserror-impl v1.0.69
[INFO] [stderr]     Checking fax v0.2.6
[INFO] [stderr]     Checking phf v0.13.1
[INFO] [stderr]     Checking csscolorparser v0.8.1
[INFO] [stderr]     Checking thiserror v1.0.69
[INFO] [stderr]     Checking half v2.7.1
[INFO] [stderr]     Checking tiff v0.10.3
[INFO] [stderr]    Compiling pyo3-macros v0.24.2
[INFO] [stderr]     Checking image v0.25.8
[INFO] [stderr]     Checking puhu-core v0.4.1 (/opt/rustwide/workdir)
[INFO] [stdout] warning: use of deprecated type alias `image::io::Reader`: this type has been moved and renamed to image::ImageReader
[INFO] [stdout]   --> src/image.rs:43:41
[INFO] [stdout]    |
[INFO] [stdout] 43 |                 let reader = image::io::Reader::new(cursor)
[INFO] [stdout]    |                                         ^^^^^^
[INFO] [stdout]    |
[INFO] [stdout]    = note: `#[warn(deprecated)]` on by default
[INFO] [stdout] 
[INFO] [stdout] 
[INFO] [stdout] warning: use of deprecated type alias `image::io::Reader`: this type has been moved and renamed to image::ImageReader
[INFO] [stdout]    --> src/image.rs:169:28
[INFO] [stdout]     |
[INFO] [stdout] 169 |                 image::io::Reader::new(cursor)
[INFO] [stdout]     |                            ^^^^^^
[INFO] [stdout] 
[INFO] [stdout] 
[INFO] [stdout] warning: use of deprecated associated function `pyo3::types::PyBytes::new_bound`: renamed to `PyBytes::new`
[INFO] [stdout]    --> src/image.rs:406:25
[INFO] [stdout]     |
[INFO] [stdout] 406 |             Ok(PyBytes::new_bound(py, &bytes).into())
[INFO] [stdout]     |                         ^^^^^^^^^
[INFO] [stdout] 
[INFO] [stdout] 
[INFO] [stdout] warning: use of deprecated type alias `image::io::Reader`: this type has been moved and renamed to image::ImageReader
[INFO] [stdout]   --> src/image.rs:43:41
[INFO] [stdout]    |
[INFO] [stdout] 43 |                 let reader = image::io::Reader::new(cursor)
[INFO] [stdout]    |                                         ^^^^^^
[INFO] [stdout]    |
[INFO] [stdout]    = note: `#[warn(deprecated)]` on by default
[INFO] [stdout] 
[INFO] [stdout] 
[INFO] [stdout] warning: use of deprecated type alias `image::io::Reader`: this type has been moved and renamed to image::ImageReader
[INFO] [stdout]    --> src/image.rs:169:28
[INFO] [stdout]     |
[INFO] [stdout] 169 |                 image::io::Reader::new(cursor)
[INFO] [stdout]     |                            ^^^^^^
[INFO] [stdout] 
[INFO] [stdout] 
[INFO] [stdout] warning: use of deprecated method `pyo3::Python::<'py>::get_type_bound`: renamed to `Python::get_type`
[INFO] [stdout]   --> src/lib.rs:20:16
[INFO] [stdout]    |
[INFO] [stdout] 20 |         m.py().get_type_bound::<errors::PuhuProcessingError>(),
[INFO] [stdout]    |                ^^^^^^^^^^^^^^
[INFO] [stdout] 
[INFO] [stdout] 
[INFO] [stdout] warning: use of deprecated method `pyo3::Python::<'py>::get_type_bound`: renamed to `Python::get_type`
[INFO] [stdout]   --> src/lib.rs:24:16
[INFO] [stdout]    |
[INFO] [stdout] 24 |         m.py().get_type_bound::<errors::InvalidImageError>(),
[INFO] [stdout]    |                ^^^^^^^^^^^^^^
[INFO] [stdout] 
[INFO] [stdout] 
[INFO] [stdout] warning: use of deprecated method `pyo3::Python::<'py>::get_type_bound`: renamed to `Python::get_type`
[INFO] [stdout]   --> src/lib.rs:28:16
[INFO] [stdout]    |
[INFO] [stdout] 28 |         m.py().get_type_bound::<errors::UnsupportedFormatError>(),
[INFO] [stdout]    |                ^^^^^^^^^^^^^^
[INFO] [stdout] 
[INFO] [stdout] 
[INFO] [stdout] warning: use of deprecated method `pyo3::Python::<'py>::get_type_bound`: renamed to `Python::get_type`
[INFO] [stdout]   --> src/lib.rs:32:16
[INFO] [stdout]    |
[INFO] [stdout] 32 |         m.py().get_type_bound::<errors::PuhuIOError>(),
[INFO] [stdout]    |                ^^^^^^^^^^^^^^
[INFO] [stdout] 
[INFO] [stdout] 
[INFO] [stdout] warning: use of deprecated associated function `pyo3::types::PyBytes::new_bound`: renamed to `PyBytes::new`
[INFO] [stdout]    --> src/image.rs:406:25
[INFO] [stdout]     |
[INFO] [stdout] 406 |             Ok(PyBytes::new_bound(py, &bytes).into())
[INFO] [stdout]     |                         ^^^^^^^^^
[INFO] [stdout] 
[INFO] [stdout] 
[INFO] [stdout] warning: use of deprecated method `pyo3::Python::<'py>::get_type_bound`: renamed to `Python::get_type`
[INFO] [stdout]   --> src/lib.rs:20:16
[INFO] [stdout]    |
[INFO] [stdout] 20 |         m.py().get_type_bound::<errors::PuhuProcessingError>(),
[INFO] [stdout]    |                ^^^^^^^^^^^^^^
[INFO] [stdout] 
[INFO] [stdout] 
[INFO] [stdout] warning: use of deprecated method `pyo3::Python::<'py>::get_type_bound`: renamed to `Python::get_type`
[INFO] [stdout]   --> src/lib.rs:24:16
[INFO] [stdout]    |
[INFO] [stdout] 24 |         m.py().get_type_bound::<errors::InvalidImageError>(),
[INFO] [stdout]    |                ^^^^^^^^^^^^^^
[INFO] [stdout] 
[INFO] [stdout] 
[INFO] [stdout] warning: use of deprecated method `pyo3::Python::<'py>::get_type_bound`: renamed to `Python::get_type`
[INFO] [stdout]   --> src/lib.rs:28:16
[INFO] [stdout]    |
[INFO] [stdout] 28 |         m.py().get_type_bound::<errors::UnsupportedFormatError>(),
[INFO] [stdout]    |                ^^^^^^^^^^^^^^
[INFO] [stdout] 
[INFO] [stdout] 
[INFO] [stdout] warning: use of deprecated method `pyo3::Python::<'py>::get_type_bound`: renamed to `Python::get_type`
[INFO] [stdout]   --> src/lib.rs:32:16
[INFO] [stdout]    |
[INFO] [stdout] 32 |         m.py().get_type_bound::<errors::PuhuIOError>(),
[INFO] [stdout]    |                ^^^^^^^^^^^^^^
[INFO] [stdout] 
[INFO] [stdout] 
[INFO] [stdout] error: useless conversion to the same type: `pyo3::PyErr`
[INFO] [stdout]   --> src/image.rs:88:10
[INFO] [stdout]    |
[INFO] [stdout] 88 |     ) -> PyResult<Self> {
[INFO] [stdout]    |          ^^^^^^^^^^^^^^
[INFO] [stdout]    |
[INFO] [stdout]    = note: this method call relies on the `impl<T> Into<T> for T` blanket implementation and type inference, which is a semver hazard as a new `impl Into<_>` that affects your type might be added in the future causing type inference errors
[INFO] [stdout]    = note: `#[deny(self_type_conversion)]` on by default
[INFO] [stdout] 
[INFO] [stdout] 
[INFO] [stdout] error: useless conversion to the same type: `pyo3::PyErr`
[INFO] [stdout]    --> src/image.rs:154:76
[INFO] [stdout]     |
[INFO] [stdout] 154 |     fn open(_cls: &Bound<'_, PyType>, path_or_bytes: &Bound<'_, PyAny>) -> PyResult<Self> {
[INFO] [stdout]     |                                                                            ^^^^^^^^^^^^^^
[INFO] [stdout]     |
[INFO] [stdout]     = note: this method call relies on the `impl<T> Into<T> for T` blanket implementation and type inference, which is a semver hazard as a new `impl Into<_>` that affects your type might be added in the future causing type inference errors
[INFO] [stdout] 
[INFO] [stdout] 
[INFO] [stdout] error: useless conversion to the same type: `pyo3::PyErr`
[INFO] [stdout]    --> src/image.rs:184:86
[INFO] [stdout]     |
[INFO] [stdout] 184 |     fn save(&mut self, path_or_buffer: &Bound<'_, PyAny>, format: Option<String>) -> PyResult<()> {
[INFO] [stdout]     |                                                                                      ^^^^^^^^^^^^
[INFO] [stdout]     |
[INFO] [stdout]     = note: this method call relies on the `impl<T> Into<T> for T` blanket implementation and type inference, which is a semver hazard as a new `impl Into<_>` that affects your type might be added in the future causing type inference errors
[INFO] [stdout] 
[INFO] [stdout] 
[INFO] [stdout] error: useless conversion to the same type: `pyo3::PyErr`
[INFO] [stdout]    --> src/image.rs:212:73
[INFO] [stdout]     |
[INFO] [stdout] 212 |     fn resize(&mut self, size: (u32, u32), resample: Option<String>) -> PyResult<Self> {
[INFO] [stdout]     |                                                                         ^^^^^^^^^^^^^^
[INFO] [stdout]     |
[INFO] [stdout]     = note: this method call relies on the `impl<T> Into<T> for T` blanket implementation and type inference, which is a semver hazard as a new `impl Into<_>` that affects your type might be added in the future causing type inference errors
[INFO] [stdout] 
[INFO] [stdout] 
[INFO] [stdout] error: useless conversion to the same type: `pyo3::PyErr`
[INFO] [stdout]    --> src/image.rs:240:61
[INFO] [stdout]     |
[INFO] [stdout] 240 |     fn crop(&mut self, box_coords: (u32, u32, u32, u32)) -> PyResult<Self> {
[INFO] [stdout]     |                                                             ^^^^^^^^^^^^^^
[INFO] [stdout]     |
[INFO] [stdout]     = note: this method call relies on the `impl<T> Into<T> for T` blanket implementation and type inference, which is a semver hazard as a new `impl Into<_>` that affects your type might be added in the future causing type inference errors
[INFO] [stdout] 
[INFO] [stdout] 
[INFO] [stdout] error: useless conversion to the same type: `pyo3::PyErr`
[INFO] [stdout]    --> src/image.rs:319:41
[INFO] [stdout]     |
[INFO] [stdout] 319 |     fn rotate(&mut self, angle: f64) -> PyResult<Self> {
[INFO] [stdout]     |                                         ^^^^^^^^^^^^^^
[INFO] [stdout]     |
[INFO] [stdout]     = note: this method call relies on the `impl<T> Into<T> for T` blanket implementation and type inference, which is a semver hazard as a new `impl Into<_>` that affects your type might be added in the future causing type inference errors
[INFO] [stdout] 
[INFO] [stdout] 
[INFO] [stdout] error: useless conversion to the same type: `pyo3::PyErr`
[INFO] [stdout]    --> src/image.rs:345:48
[INFO] [stdout]     |
[INFO] [stdout] 345 |     fn transpose(&mut self, method: String) -> PyResult<Self> {
[INFO] [stdout]     |                                                ^^^^^^^^^^^^^^
[INFO] [stdout]     |
[INFO] [stdout]     = note: this method call relies on the `impl<T> Into<T> for T` blanket implementation and type inference, which is a semver hazard as a new `impl Into<_>` that affects your type might be added in the future causing type inference errors
[INFO] [stdout] 
[INFO] [stdout] 
[INFO] [stdout] error: useless conversion to the same type: `pyo3::PyErr`
[INFO] [stdout]    --> src/image.rs:402:31
[INFO] [stdout]     |
[INFO] [stdout] 402 |     fn to_bytes(&mut self) -> PyResult<Py<PyBytes>> {
[INFO] [stdout]     |                               ^^^^^^^^^^^^^^^^^^^^^
[INFO] [stdout]     |
[INFO] [stdout]     = note: this method call relies on the `impl<T> Into<T> for T` blanket implementation and type inference, which is a semver hazard as a new `impl Into<_>` that affects your type might be added in the future causing type inference errors
[INFO] [stdout] 
[INFO] [stdout] 
[INFO] [stdout] error: useless conversion to the same type: `pyo3::PyErr`
[INFO] [stdout]    --> src/image.rs:417:28
[INFO] [stdout]     |
[INFO] [stdout] 417 |     fn split(&mut self) -> PyResult<Vec<Self>> {
[INFO] [stdout]     |                            ^^^^^^^^^^^^^^^^^^^
[INFO] [stdout]     |
[INFO] [stdout]     = note: this method call relies on the `impl<T> Into<T> for T` blanket implementation and type inference, which is a semver hazard as a new `impl Into<_>` that affects your type might be added in the future causing type inference errors
[INFO] [stdout] 
[INFO] [stdout] 
[INFO] [stdout] error: useless conversion to the same type: `pyo3::PyErr`
[INFO] [stdout]    --> src/image.rs:443:10
[INFO] [stdout]     |
[INFO] [stdout] 443 |     ) -> PyResult<Self> {
[INFO] [stdout]     |          ^^^^^^^^^^^^^^
[INFO] [stdout]     |
[INFO] [stdout]     = note: this method call relies on the `impl<T> Into<T> for T` blanket implementation and type inference, which is a semver hazard as a new `impl Into<_>` that affects your type might be added in the future causing type inference errors
[INFO] [stdout] 
[INFO] [stdout] 
[INFO] [stdout] error: useless conversion to the same type: `pyo3::PyErr`
[INFO] [stdout]    --> src/image.rs:528:10
[INFO] [stdout]     |
[INFO] [stdout] 528 |     ) -> PyResult<()> {
[INFO] [stdout]     |          ^^^^^^^^^^^^
[INFO] [stdout]     |
[INFO] [stdout]     = note: this method call relies on the `impl<T> Into<T> for T` blanket implementation and type inference, which is a semver hazard as a new `impl Into<_>` that affects your type might be added in the future causing type inference errors
[INFO] [stdout] 
[INFO] [stdout] 
[INFO] [stderr] error: could not compile `puhu-core` (lib) due to 11 previous errors; 7 warnings emitted
[INFO] [stderr] warning: build failed, waiting for other jobs to finish...
[INFO] [stdout] error: useless conversion to the same type: `pyo3::PyErr`
[INFO] [stdout]   --> src/image.rs:88:10
[INFO] [stdout]    |
[INFO] [stdout] 88 |     ) -> PyResult<Self> {
[INFO] [stdout]    |          ^^^^^^^^^^^^^^
[INFO] [stdout]    |
[INFO] [stdout]    = note: this method call relies on the `impl<T> Into<T> for T` blanket implementation and type inference, which is a semver hazard as a new `impl Into<_>` that affects your type might be added in the future causing type inference errors
[INFO] [stdout]    = note: `#[deny(self_type_conversion)]` on by default
[INFO] [stdout] 
[INFO] [stdout] 
[INFO] [stdout] error: useless conversion to the same type: `pyo3::PyErr`
[INFO] [stdout]    --> src/image.rs:154:76
[INFO] [stdout]     |
[INFO] [stdout] 154 |     fn open(_cls: &Bound<'_, PyType>, path_or_bytes: &Bound<'_, PyAny>) -> PyResult<Self> {
[INFO] [stdout]     |                                                                            ^^^^^^^^^^^^^^
[INFO] [stdout]     |
[INFO] [stdout]     = note: this method call relies on the `impl<T> Into<T> for T` blanket implementation and type inference, which is a semver hazard as a new `impl Into<_>` that affects your type might be added in the future causing type inference errors
[INFO] [stdout] 
[INFO] [stdout] 
[INFO] [stdout] error: useless conversion to the same type: `pyo3::PyErr`
[INFO] [stdout]    --> src/image.rs:184:86
[INFO] [stdout]     |
[INFO] [stdout] 184 |     fn save(&mut self, path_or_buffer: &Bound<'_, PyAny>, format: Option<String>) -> PyResult<()> {
[INFO] [stdout]     |                                                                                      ^^^^^^^^^^^^
[INFO] [stdout]     |
[INFO] [stdout]     = note: this method call relies on the `impl<T> Into<T> for T` blanket implementation and type inference, which is a semver hazard as a new `impl Into<_>` that affects your type might be added in the future causing type inference errors
[INFO] [stdout] 
[INFO] [stdout] 
[INFO] [stdout] error: useless conversion to the same type: `pyo3::PyErr`
[INFO] [stdout]    --> src/image.rs:212:73
[INFO] [stdout]     |
[INFO] [stdout] 212 |     fn resize(&mut self, size: (u32, u32), resample: Option<String>) -> PyResult<Self> {
[INFO] [stdout]     |                                                                         ^^^^^^^^^^^^^^
[INFO] [stdout]     |
[INFO] [stdout]     = note: this method call relies on the `impl<T> Into<T> for T` blanket implementation and type inference, which is a semver hazard as a new `impl Into<_>` that affects your type might be added in the future causing type inference errors
[INFO] [stdout] 
[INFO] [stdout] 
[INFO] [stdout] error: useless conversion to the same type: `pyo3::PyErr`
[INFO] [stdout]    --> src/image.rs:240:61
[INFO] [stdout]     |
[INFO] [stdout] 240 |     fn crop(&mut self, box_coords: (u32, u32, u32, u32)) -> PyResult<Self> {
[INFO] [stdout]     |                                                             ^^^^^^^^^^^^^^
[INFO] [stdout]     |
[INFO] [stdout]     = note: this method call relies on the `impl<T> Into<T> for T` blanket implementation and type inference, which is a semver hazard as a new `impl Into<_>` that affects your type might be added in the future causing type inference errors
[INFO] [stdout] 
[INFO] [stdout] 
[INFO] [stdout] error: useless conversion to the same type: `pyo3::PyErr`
[INFO] [stdout]    --> src/image.rs:319:41
[INFO] [stdout]     |
[INFO] [stdout] 319 |     fn rotate(&mut self, angle: f64) -> PyResult<Self> {
[INFO] [stdout]     |                                         ^^^^^^^^^^^^^^
[INFO] [stdout]     |
[INFO] [stdout]     = note: this method call relies on the `impl<T> Into<T> for T` blanket implementation and type inference, which is a semver hazard as a new `impl Into<_>` that affects your type might be added in the future causing type inference errors
[INFO] [stdout] 
[INFO] [stdout] 
[INFO] [stdout] error: useless conversion to the same type: `pyo3::PyErr`
[INFO] [stdout]    --> src/image.rs:345:48
[INFO] [stdout]     |
[INFO] [stdout] 345 |     fn transpose(&mut self, method: String) -> PyResult<Self> {
[INFO] [stdout]     |                                                ^^^^^^^^^^^^^^
[INFO] [stdout]     |
[INFO] [stdout]     = note: this method call relies on the `impl<T> Into<T> for T` blanket implementation and type inference, which is a semver hazard as a new `impl Into<_>` that affects your type might be added in the future causing type inference errors
[INFO] [stdout] 
[INFO] [stdout] 
[INFO] [stdout] error: useless conversion to the same type: `pyo3::PyErr`
[INFO] [stdout]    --> src/image.rs:402:31
[INFO] [stdout]     |
[INFO] [stdout] 402 |     fn to_bytes(&mut self) -> PyResult<Py<PyBytes>> {
[INFO] [stdout]     |                               ^^^^^^^^^^^^^^^^^^^^^
[INFO] [stdout]     |
[INFO] [stdout]     = note: this method call relies on the `impl<T> Into<T> for T` blanket implementation and type inference, which is a semver hazard as a new `impl Into<_>` that affects your type might be added in the future causing type inference errors
[INFO] [stdout] 
[INFO] [stdout] 
[INFO] [stdout] error: useless conversion to the same type: `pyo3::PyErr`
[INFO] [stdout]    --> src/image.rs:417:28
[INFO] [stdout]     |
[INFO] [stdout] 417 |     fn split(&mut self) -> PyResult<Vec<Self>> {
[INFO] [stdout]     |                            ^^^^^^^^^^^^^^^^^^^
[INFO] [stdout]     |
[INFO] [stdout]     = note: this method call relies on the `impl<T> Into<T> for T` blanket implementation and type inference, which is a semver hazard as a new `impl Into<_>` that affects your type might be added in the future causing type inference errors
[INFO] [stdout] 
[INFO] [stdout] 
[INFO] [stdout] error: useless conversion to the same type: `pyo3::PyErr`
[INFO] [stdout]    --> src/image.rs:443:10
[INFO] [stdout]     |
[INFO] [stdout] 443 |     ) -> PyResult<Self> {
[INFO] [stdout]     |          ^^^^^^^^^^^^^^
[INFO] [stdout]     |
[INFO] [stdout]     = note: this method call relies on the `impl<T> Into<T> for T` blanket implementation and type inference, which is a semver hazard as a new `impl Into<_>` that affects your type might be added in the future causing type inference errors
[INFO] [stdout] 
[INFO] [stdout] 
[INFO] [stdout] error: useless conversion to the same type: `pyo3::PyErr`
[INFO] [stdout]    --> src/image.rs:528:10
[INFO] [stdout]     |
[INFO] [stdout] 528 |     ) -> PyResult<()> {
[INFO] [stdout]     |          ^^^^^^^^^^^^
[INFO] [stdout]     |
[INFO] [stdout]     = note: this method call relies on the `impl<T> Into<T> for T` blanket implementation and type inference, which is a semver hazard as a new `impl Into<_>` that affects your type might be added in the future causing type inference errors
[INFO] [stdout] 
[INFO] [stdout] 
[INFO] [stderr] error: could not compile `puhu-core` (lib test) due to 11 previous errors; 7 warnings emitted
[INFO] running `Command { std: "docker" "inspect" "2b21cbb4476c867378ef0ebae2efd3276598ed93bce41dffbaeecd918c40a15b", kill_on_drop: false }`
[INFO] running `Command { std: "docker" "rm" "-f" "2b21cbb4476c867378ef0ebae2efd3276598ed93bce41dffbaeecd918c40a15b", kill_on_drop: false }`
[INFO] [stdout] 2b21cbb4476c867378ef0ebae2efd3276598ed93bce41dffbaeecd918c40a15b
