[INFO] cloning repository https://github.com/Schmarni-Dev/zbus
[INFO] running `Command { std: "git" "-c" "credential.helper=" "-c" "credential.helper=/workspace/cargo-home/bin/git-credential-null" "clone" "--bare" "https://github.com/Schmarni-Dev/zbus" "/workspace/cache/git-repos/https%3A%2F%2Fgithub.com%2FSchmarni-Dev%2Fzbus", kill_on_drop: false }`
[INFO] [stderr] Cloning into bare repository '/workspace/cache/git-repos/https%3A%2F%2Fgithub.com%2FSchmarni-Dev%2Fzbus'...
[INFO] running `Command { std: "git" "rev-parse" "HEAD", kill_on_drop: false }`
[INFO] [stdout] 9bb6a958fdbfcc6c46f2766cae8e60ee20ec81ee
[INFO] checking Schmarni-Dev/zbus against 52995a223f2919dd3e2e427231db90a257350ded for pr-129249-4
[INFO] running `Command { std: "git" "clone" "/workspace/cache/git-repos/https%3A%2F%2Fgithub.com%2FSchmarni-Dev%2Fzbus" "/workspace/builds/worker-2-tc2/source", kill_on_drop: false }`
[INFO] [stderr] Cloning into '/workspace/builds/worker-2-tc2/source'...
[INFO] [stderr] done.
[INFO] started tweaking git repo https://github.com/Schmarni-Dev/zbus
[INFO] finished tweaking git repo https://github.com/Schmarni-Dev/zbus
[INFO] tweaked toml for git repo https://github.com/Schmarni-Dev/zbus written to /workspace/builds/worker-2-tc2/source/Cargo.toml
[INFO] validating manifest of git repo https://github.com/Schmarni-Dev/zbus on toolchain 52995a223f2919dd3e2e427231db90a257350ded
[INFO] running `Command { std: CARGO_HOME="/workspace/cargo-home" RUSTUP_HOME="/workspace/rustup-home" "/workspace/cargo-home/bin/cargo" "+52995a223f2919dd3e2e427231db90a257350ded" "metadata" "--manifest-path" "Cargo.toml" "--no-deps", kill_on_drop: false }`
[INFO] crate git repo https://github.com/Schmarni-Dev/zbus already has a lockfile, it will not be regenerated
[INFO] running `Command { std: CARGO_HOME="/workspace/cargo-home" RUSTUP_HOME="/workspace/rustup-home" "/workspace/cargo-home/bin/cargo" "+52995a223f2919dd3e2e427231db90a257350ded" "fetch" "--manifest-path" "Cargo.toml", kill_on_drop: false }`
[INFO] [stderr]     Blocking waiting for file lock on package cache
[INFO] running `Command { std: "docker" "create" "-v" "/var/lib/crater-agent-workspace/builds/worker-2-tc2/source:/opt/rustwide/workdir:ro,Z" "-v" "/var/lib/crater-agent-workspace/builds/worker-2-tc2/target:/opt/rustwide/target:rw,Z" "-v" "/var/lib/crater-agent-workspace/cargo-home:/opt/rustwide/cargo-home:ro,Z" "-v" "/var/lib/crater-agent-workspace/rustup-home:/opt/rustwide/rustup-home:ro,Z" "-m" "1610612736" "--network" "none" "ghcr.io/rust-lang/crates-build-env/linux@sha256:77db811e55d90add9212f6832c23229e3de5f1c1f9905e8cb07319ea15df73ac" "sleep" "infinity", kill_on_drop: false }`
[INFO] [stdout] b7d79026ca1dc5a45089df992ee0bb5d7965a57c3afae7df5a987bfdf2738ead
[INFO] running `Command { std: "docker" "start" "b7d79026ca1dc5a45089df992ee0bb5d7965a57c3afae7df5a987bfdf2738ead", kill_on_drop: false }`
[INFO] running `Command { std: "docker" "inspect" "b7d79026ca1dc5a45089df992ee0bb5d7965a57c3afae7df5a987bfdf2738ead", kill_on_drop: false }`
[INFO] running `Command { std: "docker" "exec" "-e" "SOURCE_DIR=/opt/rustwide/workdir" "-e" "CARGO_HOME=/opt/rustwide/cargo-home" "-e" "RUSTUP_HOME=/opt/rustwide/rustup-home" "-e" "CARGO_TARGET_DIR=/opt/rustwide/target" "-w" "/opt/rustwide/workdir" "--user" "0:0" "b7d79026ca1dc5a45089df992ee0bb5d7965a57c3afae7df5a987bfdf2738ead" "/opt/rustwide/cargo-home/bin/cargo" "+52995a223f2919dd3e2e427231db90a257350ded" "metadata" "--no-deps" "--format-version=1", kill_on_drop: false }`
[INFO] running `Command { std: "docker" "inspect" "b7d79026ca1dc5a45089df992ee0bb5d7965a57c3afae7df5a987bfdf2738ead", kill_on_drop: false }`
[INFO] running `Command { std: "docker" "exec" "-e" "SOURCE_DIR=/opt/rustwide/workdir" "-e" "CARGO_HOME=/opt/rustwide/cargo-home" "-e" "RUSTUP_HOME=/opt/rustwide/rustup-home" "-e" "CARGO_TARGET_DIR=/opt/rustwide/target" "-e" "CARGO_INCREMENTAL=0" "-e" "RUST_BACKTRACE=full" "-e" "RUSTFLAGS=--cap-lints=forbid" "-e" "RUSTDOCFLAGS=--cap-lints=forbid" "-w" "/opt/rustwide/workdir" "--user" "0:0" "b7d79026ca1dc5a45089df992ee0bb5d7965a57c3afae7df5a987bfdf2738ead" "/opt/rustwide/cargo-home/bin/cargo" "+52995a223f2919dd3e2e427231db90a257350ded" "check" "--frozen" "--all" "--all-targets" "--message-format=json", kill_on_drop: false }`
[INFO] [stderr]    Compiling proc-macro2 v1.0.101
[INFO] [stderr]    Compiling quote v1.0.41
[INFO] [stderr]    Compiling unicode-ident v1.0.18
[INFO] [stderr]    Compiling serde_core v1.0.228
[INFO] [stderr]    Compiling serde v1.0.228
[INFO] [stderr]    Compiling libc v0.2.177
[INFO] [stderr]    Compiling autocfg v1.4.0
[INFO] [stderr]    Compiling winnow v0.7.13
[INFO] [stderr]    Compiling crossbeam-utils v0.8.21
[INFO] [stderr]    Compiling equivalent v1.0.2
[INFO] [stderr]    Compiling hashbrown v0.15.3
[INFO] [stderr]    Compiling toml_datetime v0.7.1
[INFO] [stderr]     Checking bitflags v2.9.0
[INFO] [stderr]     Checking once_cell v1.21.3
[INFO] [stderr]     Checking linux-raw-sys v0.11.0
[INFO] [stderr]     Checking endi v1.1.0
[INFO] [stderr]     Checking fastrand v2.3.0
[INFO] [stderr]    Compiling rustix v1.1.2
[INFO] [stderr]     Checking memchr v2.7.4
[INFO] [stderr]    Compiling getrandom v0.3.3
[INFO] [stderr]     Checking anstyle-parse v0.2.6
[INFO] [stderr]     Checking anstyle v1.0.10
[INFO] [stderr]     Checking anstyle-query v1.1.2
[INFO] [stderr]     Checking colorchoice v1.0.3
[INFO] [stderr]     Checking is_terminal_polyfill v1.70.1
[INFO] [stderr]     Checking clap_lex v0.7.4
[INFO] [stderr]    Compiling cfg-if v1.0.0
[INFO] [stderr]    Compiling num-traits v0.2.19
[INFO] [stderr]     Checking anstream v0.6.18
[INFO] [stderr]    Compiling regex-syntax v0.8.5
[INFO] [stderr]    Compiling libloading v0.8.9
[INFO] [stderr]    Compiling indexmap v2.9.0
[INFO] [stderr]    Compiling either v1.15.0
[INFO] [stderr]    Compiling find-msvc-tools v0.1.4
[INFO] [stderr]     Checking syn v2.0.107
[INFO] [stderr]    Compiling itertools v0.13.0
[INFO] [stderr]    Compiling nom v7.1.3
[INFO] [stderr]    Compiling serde_json v1.0.145
[INFO] [stderr]    Compiling log v0.4.27
[INFO] [stderr]    Compiling rustc-hash v2.1.1
[INFO] [stderr]    Compiling nix v0.30.1
[INFO] [stderr]    Compiling cc v1.2.41
[INFO] [stderr]     Checking crossbeam-epoch v0.9.18
[INFO] [stderr]    Compiling anyhow v1.0.100
[INFO] [stderr]     Checking regex-automata v0.4.9
[INFO] [stderr]     Checking itoa v1.0.15
[INFO] [stderr]    Compiling rayon-core v1.12.1
[INFO] [stderr]     Checking ryu v1.0.20
[INFO] [stderr]     Checking crossbeam-deque v0.8.6
[INFO] [stderr]     Checking approx v0.5.1
[INFO] [stderr]     Checking half v2.6.0
[INFO] [stderr]    Compiling toml_parser v1.0.2
[INFO] [stderr]    Compiling clang-sys v1.8.1
[INFO] [stderr]     Checking plotters-backend v0.3.7
[INFO] [stderr]     Checking ciborium-io v0.2.2
[INFO] [stderr]     Checking ciborium-ll v0.2.2
[INFO] [stderr]     Checking plotters-svg v0.3.7
[INFO] [stderr]     Checking statrs v0.18.0
[INFO] [stderr]     Checking itertools v0.10.5
[INFO] [stderr]     Checking colored v2.2.0
[INFO] [stderr]    Compiling toml_edit v0.23.5
[INFO] [stderr]     Checking same-file v1.0.6
[INFO] [stderr]     Checking cast v0.3.0
[INFO] [stderr]     Checking glob v0.3.3
[INFO] [stderr]     Checking rayon v1.10.0
[INFO] [stderr]    Compiling cexpr v0.6.0
[INFO] [stderr]     Checking walkdir v2.5.0
[INFO] [stderr]     Checking plotters v0.3.7
[INFO] [stderr]     Checking is-terminal v0.4.16
[INFO] [stderr]     Checking anes v0.1.6
[INFO] [stderr]     Checking oorandom v11.1.5
[INFO] [stderr]    Compiling proc-macro-crate v3.4.0
[INFO] [stderr]    Compiling codspeed-criterion-compat v4.0.4
[INFO] [stderr]     Checking pin-project-lite v0.2.16
[INFO] [stderr]     Checking parking v2.2.1
[INFO] [stderr]     Checking concurrent-queue v2.5.0
[INFO] [stderr]     Checking futures-core v0.3.31
[INFO] [stderr]     Checking futures-io v0.3.31
[INFO] [stderr]    Compiling slab v0.4.9
[INFO] [stderr]     Checking regex v1.11.1
[INFO] [stderr]     Checking tracing-core v0.1.33
[INFO] [stderr]    Compiling rustix v0.38.44
[INFO] [stderr]     Checking futures-lite v2.6.1
[INFO] [stderr]     Checking linux-raw-sys v0.4.15
[INFO] [stderr]     Checking event-listener v5.4.1
[INFO] [stderr]    Compiling async-io v2.6.0
[INFO] [stderr]     Checking signal-hook-registry v1.4.5
[INFO] [stderr]     Checking async-task v4.7.1
[INFO] [stderr]     Checking event-listener-strategy v0.5.4
[INFO] [stderr]     Checking atomic-waker v1.1.2
[INFO] [stderr]     Checking ordered-stream v0.2.0
[INFO] [stderr]    Compiling syn v1.0.109
[INFO] [stderr]     Checking piper v0.2.4
[INFO] [stderr]    Compiling doc-comment v0.3.3
[INFO] [stderr]     Checking pin-utils v0.1.0
[INFO] [stderr]     Checking futures-task v0.3.31
[INFO] [stderr]     Checking matchers v0.2.0
[INFO] [stderr]     Checking async-channel v2.3.1
[INFO] [stderr]     Checking async-lock v3.4.1
[INFO] [stderr]     Checking async-broadcast v0.7.2
[INFO] [stderr]     Checking criterion-plot v0.5.0
[INFO] [stderr]     Checking thread_local v1.1.8
[INFO] [stderr]     Checking nu-ansi-term v0.50.1
[INFO] [stderr]     Checking mio v1.0.3
[INFO] [stderr]     Checking socket2 v0.6.0
[INFO] [stderr]     Checking bytes v1.10.1
[INFO] [stderr]     Checking blocking v1.6.2
[INFO] [stderr]     Checking async-executor v1.13.3
[INFO] [stderr]     Checking snakecase v0.1.0
[INFO] [stderr]     Checking diff v0.1.13
[INFO] [stderr]     Checking yansi v1.0.1
[INFO] [stderr]     Checking pretty_assertions v1.4.1
[INFO] [stderr]     Checking terminal_size v0.4.2
[INFO] [stderr]     Checking tempfile v3.23.0
[INFO] [stderr]     Checking clap_builder v4.5.49
[INFO] [stderr]    Compiling prettyplease v0.2.37
[INFO] [stderr]    Compiling serde_derive v1.0.228
[INFO] [stderr]    Compiling enumflags2_derive v0.7.12
[INFO] [stderr]    Compiling serde_repr v0.1.20
[INFO] [stderr]    Compiling clap_derive v4.5.49
[INFO] [stderr]    Compiling tracing-attributes v0.1.28
[INFO] [stderr]    Compiling async-trait v0.1.89
[INFO] [stderr]    Compiling futures-macro v0.3.31
[INFO] [stderr]    Compiling tokio-macros v2.6.0
[INFO] [stderr]    Compiling test-log-macros v0.2.18
[INFO] [stderr]    Compiling bindgen v0.72.1
[INFO] [stderr]     Checking futures-util v0.3.31
[INFO] [stderr]     Checking tokio v1.48.0
[INFO] [stderr]    Compiling ntest_timeout v0.9.3
[INFO] [stderr]    Compiling ntest_test_cases v0.9.3
[INFO] [stderr]     Checking ntest v0.9.3
[INFO] [stderr]     Checking tracing v0.1.41
[INFO] [stderr]     Checking polling v3.7.4
[INFO] [stderr]     Checking tracing-subscriber v0.3.20
[INFO] [stderr]     Checking clap v4.5.49
[INFO] [stderr]     Checking async-signal v0.2.10
[INFO] [stderr]     Checking async-process v2.5.0
[INFO] [stderr]     Checking test-log v0.2.18
[INFO] [stderr]     Checking enumflags2 v0.7.12
[INFO] [stderr]     Checking zvariant_utils v3.2.1 (/opt/rustwide/workdir/zvariant_utils)
[INFO] [stderr]     Checking uuid v1.18.1
[INFO] [stderr]     Checking tinytemplate v1.2.1
[INFO] [stderr]     Checking ciborium v0.2.2
[INFO] [stderr]     Checking chrono v0.4.42
[INFO] [stderr]     Checking quick-xml v0.38.3
[INFO] [stderr]     Checking zvariant_derive v5.8.0 (/opt/rustwide/workdir/zvariant_derive)
[INFO] [stderr]     Checking zvariant v5.8.0 (/opt/rustwide/workdir/zvariant)
[INFO] [stderr]    Compiling codspeed v4.0.4
[INFO] [stdout] error: useless conversion to the same type: `error::Error`
[INFO] [stdout]    --> zvariant/src/from_value.rs:92:21
[INFO] [stdout]     |
[INFO] [stdout]  85 | macro_rules! value_try_from_ref_try_clone {
[INFO] [stdout] ...
[INFO] [stdout]  92 |                     value.try_clone().map_err(Into::into)
[INFO] [stdout]     |                     ^^^^^^^^^^^^^^^^^^^^^^^^^^^^^^^^^^^^^
[INFO] [stdout] ...
[INFO] [stdout] 103 | value_try_from_ref_try_clone!(Structure, Structure<'a>);
[INFO] [stdout]     | ------------------------------------------------------- in this macro invocation
[INFO] [stdout]     |
[INFO] [stdout]     = note: this method call relies on the `impl<T> Into<T> for T` blanket implementation and type inference, which is a semver hazard as a new `impl Into<_>` that affects your type might be added in the future causing type inference errors
[INFO] [stdout]     = note: you can instead use the fully-qualified path `<error::Error as Into<error::Error>::into(val) to avoid triggering this lint
[INFO] [stdout]     = note: `#[deny(self_type_conversion)]` on by default
[INFO] [stdout] 
[INFO] [stdout] 
[INFO] [stdout] error: useless conversion to the same type: `error::Error`
[INFO] [stdout]    --> zvariant/src/from_value.rs:92:21
[INFO] [stdout]     |
[INFO] [stdout]  85 | macro_rules! value_try_from_ref_try_clone {
[INFO] [stdout] ...
[INFO] [stdout]  92 |                     value.try_clone().map_err(Into::into)
[INFO] [stdout]     |                     ^^^^^^^^^^^^^^^^^^^^^^^^^^^^^^^^^^^^^
[INFO] [stdout] ...
[INFO] [stdout] 107 | value_try_from_ref_try_clone!(Dict, Dict<'a, 'a>);
[INFO] [stdout]     | ------------------------------------------------- in this macro invocation
[INFO] [stdout]     |
[INFO] [stdout]     = note: this method call relies on the `impl<T> Into<T> for T` blanket implementation and type inference, which is a semver hazard as a new `impl Into<_>` that affects your type might be added in the future causing type inference errors
[INFO] [stdout]     = note: you can instead use the fully-qualified path `<error::Error as Into<error::Error>::into(val) to avoid triggering this lint
[INFO] [stdout] 
[INFO] [stdout] 
[INFO] [stdout] error: useless conversion to the same type: `error::Error`
[INFO] [stdout]    --> zvariant/src/from_value.rs:92:21
[INFO] [stdout]     |
[INFO] [stdout]  85 | macro_rules! value_try_from_ref_try_clone {
[INFO] [stdout] ...
[INFO] [stdout]  92 |                     value.try_clone().map_err(Into::into)
[INFO] [stdout]     |                     ^^^^^^^^^^^^^^^^^^^^^^^^^^^^^^^^^^^^^
[INFO] [stdout] ...
[INFO] [stdout] 111 | value_try_from_ref_try_clone!(Array, Array<'a>);
[INFO] [stdout]     | ----------------------------------------------- in this macro invocation
[INFO] [stdout]     |
[INFO] [stdout]     = note: this method call relies on the `impl<T> Into<T> for T` blanket implementation and type inference, which is a semver hazard as a new `impl Into<_>` that affects your type might be added in the future causing type inference errors
[INFO] [stdout]     = note: you can instead use the fully-qualified path `<error::Error as Into<error::Error>::into(val) to avoid triggering this lint
[INFO] [stdout] 
[INFO] [stdout] 
[INFO] [stdout] error: useless conversion to the same type: `error::Error`
[INFO] [stdout]    --> zvariant/src/from_value.rs:92:21
[INFO] [stdout]     |
[INFO] [stdout]  85 | macro_rules! value_try_from_ref_try_clone {
[INFO] [stdout] ...
[INFO] [stdout]  92 |                     value.try_clone().map_err(Into::into)
[INFO] [stdout]     |                     ^^^^^^^^^^^^^^^^^^^^^^^^^^^^^^^^^^^^^
[INFO] [stdout] ...
[INFO] [stdout] 125 | value_try_from_ref_try_clone!(Fd, Fd<'a>);
[INFO] [stdout]     | ----------------------------------------- in this macro invocation
[INFO] [stdout]     |
[INFO] [stdout]     = note: this method call relies on the `impl<T> Into<T> for T` blanket implementation and type inference, which is a semver hazard as a new `impl Into<_>` that affects your type might be added in the future causing type inference errors
[INFO] [stdout]     = note: you can instead use the fully-qualified path `<error::Error as Into<error::Error>::into(val) to avoid triggering this lint
[INFO] [stdout] 
[INFO] [stdout] 
[INFO] [stderr] error: could not compile `zvariant` (lib) due to 4 previous errors
[INFO] [stderr] warning: build failed, waiting for other jobs to finish...
[INFO] [stdout] error: useless conversion to the same type: `error::Error`
[INFO] [stdout]    --> zvariant/src/from_value.rs:92:21
[INFO] [stdout]     |
[INFO] [stdout]  85 | macro_rules! value_try_from_ref_try_clone {
[INFO] [stdout] ...
[INFO] [stdout]  92 |                     value.try_clone().map_err(Into::into)
[INFO] [stdout]     |                     ^^^^^^^^^^^^^^^^^^^^^^^^^^^^^^^^^^^^^
[INFO] [stdout] ...
[INFO] [stdout] 103 | value_try_from_ref_try_clone!(Structure, Structure<'a>);
[INFO] [stdout]     | ------------------------------------------------------- in this macro invocation
[INFO] [stdout]     |
[INFO] [stdout]     = note: this method call relies on the `impl<T> Into<T> for T` blanket implementation and type inference, which is a semver hazard as a new `impl Into<_>` that affects your type might be added in the future causing type inference errors
[INFO] [stdout]     = note: you can instead use the fully-qualified path `<error::Error as Into<error::Error>::into(val) to avoid triggering this lint
[INFO] [stdout]     = note: `#[deny(self_type_conversion)]` on by default
[INFO] [stdout] 
[INFO] [stdout] 
[INFO] [stdout] error: useless conversion to the same type: `error::Error`
[INFO] [stdout]    --> zvariant/src/from_value.rs:92:21
[INFO] [stdout]     |
[INFO] [stdout]  85 | macro_rules! value_try_from_ref_try_clone {
[INFO] [stdout] ...
[INFO] [stdout]  92 |                     value.try_clone().map_err(Into::into)
[INFO] [stdout]     |                     ^^^^^^^^^^^^^^^^^^^^^^^^^^^^^^^^^^^^^
[INFO] [stdout] ...
[INFO] [stdout] 107 | value_try_from_ref_try_clone!(Dict, Dict<'a, 'a>);
[INFO] [stdout]     | ------------------------------------------------- in this macro invocation
[INFO] [stdout]     |
[INFO] [stdout]     = note: this method call relies on the `impl<T> Into<T> for T` blanket implementation and type inference, which is a semver hazard as a new `impl Into<_>` that affects your type might be added in the future causing type inference errors
[INFO] [stdout]     = note: you can instead use the fully-qualified path `<error::Error as Into<error::Error>::into(val) to avoid triggering this lint
[INFO] [stdout] 
[INFO] [stdout] 
[INFO] [stdout] error: useless conversion to the same type: `error::Error`
[INFO] [stdout]    --> zvariant/src/from_value.rs:92:21
[INFO] [stdout]     |
[INFO] [stdout]  85 | macro_rules! value_try_from_ref_try_clone {
[INFO] [stdout] ...
[INFO] [stdout]  92 |                     value.try_clone().map_err(Into::into)
[INFO] [stdout]     |                     ^^^^^^^^^^^^^^^^^^^^^^^^^^^^^^^^^^^^^
[INFO] [stdout] ...
[INFO] [stdout] 111 | value_try_from_ref_try_clone!(Array, Array<'a>);
[INFO] [stdout]     | ----------------------------------------------- in this macro invocation
[INFO] [stdout]     |
[INFO] [stdout]     = note: this method call relies on the `impl<T> Into<T> for T` blanket implementation and type inference, which is a semver hazard as a new `impl Into<_>` that affects your type might be added in the future causing type inference errors
[INFO] [stdout]     = note: you can instead use the fully-qualified path `<error::Error as Into<error::Error>::into(val) to avoid triggering this lint
[INFO] [stdout] 
[INFO] [stdout] 
[INFO] [stdout] error: useless conversion to the same type: `error::Error`
[INFO] [stdout]    --> zvariant/src/from_value.rs:92:21
[INFO] [stdout]     |
[INFO] [stdout]  85 | macro_rules! value_try_from_ref_try_clone {
[INFO] [stdout] ...
[INFO] [stdout]  92 |                     value.try_clone().map_err(Into::into)
[INFO] [stdout]     |                     ^^^^^^^^^^^^^^^^^^^^^^^^^^^^^^^^^^^^^
[INFO] [stdout] ...
[INFO] [stdout] 125 | value_try_from_ref_try_clone!(Fd, Fd<'a>);
[INFO] [stdout]     | ----------------------------------------- in this macro invocation
[INFO] [stdout]     |
[INFO] [stdout]     = note: this method call relies on the `impl<T> Into<T> for T` blanket implementation and type inference, which is a semver hazard as a new `impl Into<_>` that affects your type might be added in the future causing type inference errors
[INFO] [stdout]     = note: you can instead use the fully-qualified path `<error::Error as Into<error::Error>::into(val) to avoid triggering this lint
[INFO] [stdout] 
[INFO] [stdout] 
[INFO] [stderr] error: could not compile `zvariant` (lib) due to 4 previous errors
[INFO] [stdout] error: useless conversion to the same type: `error::Error`
[INFO] [stdout]    --> zvariant/src/from_value.rs:92:21
[INFO] [stdout]     |
[INFO] [stdout]  85 | macro_rules! value_try_from_ref_try_clone {
[INFO] [stdout] ...
[INFO] [stdout]  92 |                     value.try_clone().map_err(Into::into)
[INFO] [stdout]     |                     ^^^^^^^^^^^^^^^^^^^^^^^^^^^^^^^^^^^^^
[INFO] [stdout] ...
[INFO] [stdout] 103 | value_try_from_ref_try_clone!(Structure, Structure<'a>);
[INFO] [stdout]     | ------------------------------------------------------- in this macro invocation
[INFO] [stdout]     |
[INFO] [stdout]     = note: this method call relies on the `impl<T> Into<T> for T` blanket implementation and type inference, which is a semver hazard as a new `impl Into<_>` that affects your type might be added in the future causing type inference errors
[INFO] [stdout]     = note: you can instead use the fully-qualified path `<error::Error as Into<error::Error>::into(val) to avoid triggering this lint
[INFO] [stdout]     = note: `#[deny(self_type_conversion)]` on by default
[INFO] [stdout] 
[INFO] [stdout] 
[INFO] [stdout] error: useless conversion to the same type: `error::Error`
[INFO] [stdout]    --> zvariant/src/from_value.rs:92:21
[INFO] [stdout]     |
[INFO] [stdout]  85 | macro_rules! value_try_from_ref_try_clone {
[INFO] [stdout] ...
[INFO] [stdout]  92 |                     value.try_clone().map_err(Into::into)
[INFO] [stdout]     |                     ^^^^^^^^^^^^^^^^^^^^^^^^^^^^^^^^^^^^^
[INFO] [stdout] ...
[INFO] [stdout] 107 | value_try_from_ref_try_clone!(Dict, Dict<'a, 'a>);
[INFO] [stdout]     | ------------------------------------------------- in this macro invocation
[INFO] [stdout]     |
[INFO] [stdout]     = note: this method call relies on the `impl<T> Into<T> for T` blanket implementation and type inference, which is a semver hazard as a new `impl Into<_>` that affects your type might be added in the future causing type inference errors
[INFO] [stdout]     = note: you can instead use the fully-qualified path `<error::Error as Into<error::Error>::into(val) to avoid triggering this lint
[INFO] [stdout] 
[INFO] [stdout] 
[INFO] [stdout] error: useless conversion to the same type: `error::Error`
[INFO] [stdout]    --> zvariant/src/from_value.rs:92:21
[INFO] [stdout]     |
[INFO] [stdout]  85 | macro_rules! value_try_from_ref_try_clone {
[INFO] [stdout] ...
[INFO] [stdout]  92 |                     value.try_clone().map_err(Into::into)
[INFO] [stdout]     |                     ^^^^^^^^^^^^^^^^^^^^^^^^^^^^^^^^^^^^^
[INFO] [stdout] ...
[INFO] [stdout] 111 | value_try_from_ref_try_clone!(Array, Array<'a>);
[INFO] [stdout]     | ----------------------------------------------- in this macro invocation
[INFO] [stdout]     |
[INFO] [stdout]     = note: this method call relies on the `impl<T> Into<T> for T` blanket implementation and type inference, which is a semver hazard as a new `impl Into<_>` that affects your type might be added in the future causing type inference errors
[INFO] [stdout]     = note: you can instead use the fully-qualified path `<error::Error as Into<error::Error>::into(val) to avoid triggering this lint
[INFO] [stdout] 
[INFO] [stdout] 
[INFO] [stdout] error: useless conversion to the same type: `error::Error`
[INFO] [stdout]    --> zvariant/src/from_value.rs:92:21
[INFO] [stdout]     |
[INFO] [stdout]  85 | macro_rules! value_try_from_ref_try_clone {
[INFO] [stdout] ...
[INFO] [stdout]  92 |                     value.try_clone().map_err(Into::into)
[INFO] [stdout]     |                     ^^^^^^^^^^^^^^^^^^^^^^^^^^^^^^^^^^^^^
[INFO] [stdout] ...
[INFO] [stdout] 125 | value_try_from_ref_try_clone!(Fd, Fd<'a>);
[INFO] [stdout]     | ----------------------------------------- in this macro invocation
[INFO] [stdout]     |
[INFO] [stdout]     = note: this method call relies on the `impl<T> Into<T> for T` blanket implementation and type inference, which is a semver hazard as a new `impl Into<_>` that affects your type might be added in the future causing type inference errors
[INFO] [stdout]     = note: you can instead use the fully-qualified path `<error::Error as Into<error::Error>::into(val) to avoid triggering this lint
[INFO] [stdout] 
[INFO] [stdout] 
[INFO] [stderr] error: could not compile `zvariant` (lib) due to 4 previous errors
[INFO] running `Command { std: "docker" "inspect" "b7d79026ca1dc5a45089df992ee0bb5d7965a57c3afae7df5a987bfdf2738ead", kill_on_drop: false }`
[INFO] running `Command { std: "docker" "rm" "-f" "b7d79026ca1dc5a45089df992ee0bb5d7965a57c3afae7df5a987bfdf2738ead", kill_on_drop: false }`
[INFO] [stdout] b7d79026ca1dc5a45089df992ee0bb5d7965a57c3afae7df5a987bfdf2738ead
