[INFO] cloning repository https://github.com/JustSimplyKyle/cbx
[INFO] running `Command { std: "git" "-c" "credential.helper=" "-c" "credential.helper=/workspace/cargo-home/bin/git-credential-null" "clone" "--bare" "https://github.com/JustSimplyKyle/cbx" "/workspace/cache/git-repos/https%3A%2F%2Fgithub.com%2FJustSimplyKyle%2Fcbx", kill_on_drop: false }`
[INFO] [stderr] Cloning into bare repository '/workspace/cache/git-repos/https%3A%2F%2Fgithub.com%2FJustSimplyKyle%2Fcbx'...
[INFO] running `Command { std: "git" "rev-parse" "HEAD", kill_on_drop: false }`
[INFO] [stdout] c0788d8946dc178f36132c822b8709c819b4cb7a
[INFO] checking JustSimplyKyle/cbx against 52995a223f2919dd3e2e427231db90a257350ded for pr-129249-4
[INFO] running `Command { std: "git" "clone" "/workspace/cache/git-repos/https%3A%2F%2Fgithub.com%2FJustSimplyKyle%2Fcbx" "/workspace/builds/worker-6-tc2/source", kill_on_drop: false }`
[INFO] [stderr] Cloning into '/workspace/builds/worker-6-tc2/source'...
[INFO] [stderr] done.
[INFO] started tweaking git repo https://github.com/JustSimplyKyle/cbx
[INFO] finished tweaking git repo https://github.com/JustSimplyKyle/cbx
[INFO] tweaked toml for git repo https://github.com/JustSimplyKyle/cbx written to /workspace/builds/worker-6-tc2/source/Cargo.toml
[INFO] validating manifest of git repo https://github.com/JustSimplyKyle/cbx on toolchain 52995a223f2919dd3e2e427231db90a257350ded
[INFO] running `Command { std: CARGO_HOME="/workspace/cargo-home" RUSTUP_HOME="/workspace/rustup-home" "/workspace/cargo-home/bin/cargo" "+52995a223f2919dd3e2e427231db90a257350ded" "metadata" "--manifest-path" "Cargo.toml" "--no-deps", kill_on_drop: false }`
[INFO] crate git repo https://github.com/JustSimplyKyle/cbx already has a lockfile, it will not be regenerated
[INFO] running `Command { std: CARGO_HOME="/workspace/cargo-home" RUSTUP_HOME="/workspace/rustup-home" "/workspace/cargo-home/bin/cargo" "+52995a223f2919dd3e2e427231db90a257350ded" "fetch" "--manifest-path" "Cargo.toml", kill_on_drop: false }`
[INFO] [stderr] warning: `package.homepage` is redundant with `package.repository`
[INFO] [stderr]   --> Cargo.toml:35:12
[INFO] [stderr]    |
[INFO] [stderr] 35 | homepage = "https://github.com/JustSimplyKyle/catbox-cli"
[INFO] [stderr]    |            ^^^^^^^^^^^^^^^^^^^^^^^^^^^^^^^^^^^^^^^^^^^^^^
[INFO] [stderr] ...
[INFO] [stderr] 39 | repository = "https://github.com/JustSimplyKyle/catbox-cli"
[INFO] [stderr]    |              ----------------------------------------------
[INFO] [stderr]    |
[INFO] [stderr]    = note: `cargo::redundant_homepage` is set to `warn` by default
[INFO] [stderr] help: consider removing `package.homepage`
[INFO] [stderr] warning: `catbox-cli` (manifest) generated 1 warning
[INFO] running `Command { std: "docker" "create" "-v" "/var/lib/crater-agent-workspace/builds/worker-6-tc2/source:/opt/rustwide/workdir:ro,Z" "-v" "/var/lib/crater-agent-workspace/builds/worker-6-tc2/target:/opt/rustwide/target:rw,Z" "-v" "/var/lib/crater-agent-workspace/cargo-home:/opt/rustwide/cargo-home:ro,Z" "-v" "/var/lib/crater-agent-workspace/rustup-home:/opt/rustwide/rustup-home:ro,Z" "-m" "1610612736" "--network" "none" "ghcr.io/rust-lang/crates-build-env/linux@sha256:77db811e55d90add9212f6832c23229e3de5f1c1f9905e8cb07319ea15df73ac" "sleep" "infinity", kill_on_drop: false }`
[INFO] [stdout] 928c0ef5626b145232dc3325bb0123cb4af39680e4ba494c99d33a15e4f39895
[INFO] running `Command { std: "docker" "start" "928c0ef5626b145232dc3325bb0123cb4af39680e4ba494c99d33a15e4f39895", kill_on_drop: false }`
[INFO] running `Command { std: "docker" "inspect" "928c0ef5626b145232dc3325bb0123cb4af39680e4ba494c99d33a15e4f39895", kill_on_drop: false }`
[INFO] running `Command { std: "docker" "exec" "-e" "SOURCE_DIR=/opt/rustwide/workdir" "-e" "CARGO_HOME=/opt/rustwide/cargo-home" "-e" "RUSTUP_HOME=/opt/rustwide/rustup-home" "-e" "CARGO_TARGET_DIR=/opt/rustwide/target" "-w" "/opt/rustwide/workdir" "--user" "0:0" "928c0ef5626b145232dc3325bb0123cb4af39680e4ba494c99d33a15e4f39895" "/opt/rustwide/cargo-home/bin/cargo" "+52995a223f2919dd3e2e427231db90a257350ded" "metadata" "--no-deps" "--format-version=1", kill_on_drop: false }`
[INFO] running `Command { std: "docker" "inspect" "928c0ef5626b145232dc3325bb0123cb4af39680e4ba494c99d33a15e4f39895", kill_on_drop: false }`
[INFO] running `Command { std: "docker" "exec" "-e" "SOURCE_DIR=/opt/rustwide/workdir" "-e" "CARGO_HOME=/opt/rustwide/cargo-home" "-e" "RUSTUP_HOME=/opt/rustwide/rustup-home" "-e" "CARGO_TARGET_DIR=/opt/rustwide/target" "-e" "CARGO_INCREMENTAL=0" "-e" "RUST_BACKTRACE=full" "-e" "RUSTFLAGS=--cap-lints=forbid" "-e" "RUSTDOCFLAGS=--cap-lints=forbid" "-w" "/opt/rustwide/workdir" "--user" "0:0" "928c0ef5626b145232dc3325bb0123cb4af39680e4ba494c99d33a15e4f39895" "/opt/rustwide/cargo-home/bin/cargo" "+52995a223f2919dd3e2e427231db90a257350ded" "check" "--frozen" "--all" "--all-targets" "--message-format=json", kill_on_drop: false }`
[INFO] [stderr] warning: `package.homepage` is redundant with `package.repository`
[INFO] [stderr]   --> Cargo.toml:35:12
[INFO] [stderr]    |
[INFO] [stderr] 35 | homepage = "https://github.com/JustSimplyKyle/catbox-cli"
[INFO] [stderr]    |            ^^^^^^^^^^^^^^^^^^^^^^^^^^^^^^^^^^^^^^^^^^^^^^
[INFO] [stderr] ...
[INFO] [stderr] 39 | repository = "https://github.com/JustSimplyKyle/catbox-cli"
[INFO] [stderr]    |              ----------------------------------------------
[INFO] [stderr]    |
[INFO] [stderr]    = note: `cargo::redundant_homepage` is set to `warn` by default
[INFO] [stderr] help: consider removing `package.homepage`
[INFO] [stderr] warning: `catbox-cli` (manifest) generated 1 warning
[INFO] [stderr]    Compiling proc-macro2 v1.0.92
[INFO] [stderr]    Compiling unicode-ident v1.0.14
[INFO] [stderr]    Compiling libc v0.2.167
[INFO] [stderr]    Compiling pkg-config v0.3.31
[INFO] [stderr]     Checking once_cell v1.20.2
[INFO] [stderr]    Compiling cc v1.2.2
[INFO] [stderr]     Checking pin-project-lite v0.2.15
[INFO] [stderr]     Checking bytes v1.9.0
[INFO] [stderr]    Compiling slab v0.4.9
[INFO] [stderr]    Compiling serde v1.0.215
[INFO] [stderr]    Compiling num-traits v0.2.19
[INFO] [stderr]     Checking tracing-core v0.1.33
[INFO] [stderr]    Compiling httparse v1.9.5
[INFO] [stderr]     Checking rustls-pki-types v1.10.0
[INFO] [stderr]     Checking http v1.2.0
[INFO] [stderr]     Checking indexmap v2.7.0
[INFO] [stderr]    Compiling quote v1.0.37
[INFO] [stderr]     Checking tracing v0.1.41
[INFO] [stderr]     Checking getrandom v0.2.15
[INFO] [stderr]     Checking mio v1.0.3
[INFO] [stderr]    Compiling syn v2.0.90
[INFO] [stderr]     Checking socket2 v0.5.8
[INFO] [stderr]     Checking log v0.4.22
[INFO] [stderr]     Checking byteorder v1.5.0
[INFO] [stderr]     Checking num-integer v0.1.46
[INFO] [stderr]    Compiling openssl v0.10.68
[INFO] [stderr]    Compiling libdbus-sys v0.2.5
[INFO] [stderr]    Compiling num-conv v0.1.0
[INFO] [stderr]    Compiling memchr v2.7.4
[INFO] [stderr]    Compiling native-tls v0.2.12
[INFO] [stderr]    Compiling rustls v0.23.19
[INFO] [stderr]    Compiling time-core v0.1.2
[INFO] [stderr]     Checking http-body v1.0.1
[INFO] [stderr]     Checking deranged v0.3.11
[INFO] [stderr]    Compiling cookie v0.18.1
[INFO] [stderr]     Checking num-bigint v0.4.6
[INFO] [stderr]    Compiling time-macros v0.2.19
[INFO] [stderr]    Compiling openssl-sys v0.9.104
[INFO] [stderr]    Compiling ring v0.17.8
[INFO] [stderr]     Checking rand_core v0.6.4
[INFO] [stderr]    Compiling regex-syntax v0.8.5
[INFO] [stderr]    Compiling aho-corasick v1.1.3
[INFO] [stderr]    Compiling unicase v2.8.0
[INFO] [stderr]    Compiling serde_json v1.0.133
[INFO] [stderr]    Compiling mime_guess v2.0.5
[INFO] [stderr]     Checking num-iter v0.1.45
[INFO] [stderr]     Checking num-rational v0.4.2
[INFO] [stderr]     Checking num-complex v0.4.6
[INFO] [stderr]    Compiling litrs v0.4.1
[INFO] [stderr]     Checking time v0.3.37
[INFO] [stderr]    Compiling portable-atomic v1.10.0
[INFO] [stderr]     Checking psl-types v2.0.11
[INFO] [stderr]     Checking num v0.4.3
[INFO] [stderr]     Checking dbus v0.9.7
[INFO] [stderr]    Compiling document-features v0.2.10
[INFO] [stderr]     Checking rustls-native-certs v0.8.1
[INFO] [stderr]    Compiling regex-automata v0.4.9
[INFO] [stderr]    Compiling indices v0.3.6
[INFO] [stderr]     Checking console v0.15.8
[INFO] [stderr]     Checking rustls-pemfile v2.2.0
[INFO] [stderr]     Checking encoding_rs v0.8.35
[INFO] [stderr]     Checking ipnet v2.10.1
[INFO] [stderr]     Checking number_prefix v0.4.0
[INFO] [stderr]     Checking tl v0.7.8
[INFO] [stderr]     Checking indicatif v0.17.9
[INFO] [stderr]     Checking rustls-webpki v0.102.8
[INFO] [stderr]    Compiling synstructure v0.13.1
[INFO] [stderr]    Compiling zerofrom-derive v0.1.5
[INFO] [stderr]    Compiling yoke-derive v0.7.5
[INFO] [stderr]    Compiling zerovec-derive v0.10.3
[INFO] [stderr]    Compiling displaydoc v0.2.5
[INFO] [stderr]    Compiling serde_derive v1.0.215
[INFO] [stderr]    Compiling tokio-macros v2.4.0
[INFO] [stderr]    Compiling icu_provider_macros v1.5.0
[INFO] [stderr]     Checking tokio v1.42.0
[INFO] [stderr]    Compiling futures-macro v0.3.31
[INFO] [stderr]    Compiling zerocopy-derive v0.7.35
[INFO] [stderr]    Compiling openssl-macros v0.1.1
[INFO] [stderr]     Checking futures-util v0.3.31
[INFO] [stderr]     Checking zerofrom v0.1.5
[INFO] [stderr]     Checking yoke v0.7.5
[INFO] [stderr]    Compiling regex v1.11.1
[INFO] [stderr]     Checking zerocopy v0.7.35
[INFO] [stderr]     Checking zerovec v0.10.4
[INFO] [stderr]    Compiling error_set_impl v0.8.5
[INFO] [stderr]     Checking ppv-lite86 v0.2.20
[INFO] [stderr]     Checking rand_chacha v0.3.1
[INFO] [stderr]     Checking tinystr v0.7.6
[INFO] [stderr]     Checking icu_collections v1.5.0
[INFO] [stderr]     Checking icu_locid v1.5.0
[INFO] [stderr]     Checking rand v0.8.5
[INFO] [stderr]     Checking error_set v0.8.5
[INFO] [stderr]     Checking icu_provider v1.5.0
[INFO] [stderr]     Checking http-body-util v0.1.2
[INFO] [stderr]     Checking dbus-secret-service v4.0.3
[INFO] [stderr]     Checking icu_locid_transform v1.5.0
[INFO] [stderr]     Checking keyring v3.6.1
[INFO] [stderr]     Checking icu_properties v1.5.1
[INFO] [stderr]     Checking tokio-util v0.7.13
[INFO] [stderr]     Checking tokio-rustls v0.26.1
[INFO] [stderr]     Checking tokio-native-tls v0.3.1
[INFO] [stderr]     Checking h2 v0.4.7
[INFO] [stderr]     Checking serde_urlencoded v0.7.1
[INFO] [stderr]     Checking argh_shared v0.1.12
[INFO] [stderr]     Checking icu_normalizer v1.5.0
[INFO] [stderr]    Compiling argh_derive v0.1.12
[INFO] [stderr]     Checking idna_adapter v1.2.0
[INFO] [stderr]     Checking idna v1.0.3
[INFO] [stderr]     Checking url v2.5.4
[INFO] [stderr]     Checking publicsuffix v2.3.0
[INFO] [stderr]     Checking argh v0.1.12
[INFO] [stderr]     Checking cookie_store v0.21.1
[INFO] [stderr]     Checking hyper v1.5.1
[INFO] [stderr]     Checking hyper-util v0.1.10
[INFO] [stderr]     Checking hyper-rustls v0.27.3
[INFO] [stderr]     Checking hyper-tls v0.6.0
[INFO] [stderr]     Checking reqwest v0.12.9
[INFO] [stderr]     Checking catbox-cli v0.2.0 (/opt/rustwide/workdir)
[INFO] [stdout] error: useless conversion to the same type: `errors::UserError`
[INFO] [stdout]    --> src/errors.rs:10:20
[INFO] [stdout]     |
[INFO] [stdout]   7 |   macro_rules! ensure {
[INFO] [stdout] ...
[INFO] [stdout]  10 |               return Err($err).map_err(::core::convert::Into::into);
[INFO] [stdout]     |                      ^^^^^^^^^^^^^^^^^^^^^^^^^^^^^^^^^^^^^^^^^^^^^^
[INFO] [stdout]     |
[INFO] [stdout]    ::: src/user.rs:97:9
[INFO] [stdout]     |
[INFO] [stdout]  97 | /         ensure!(
[INFO] [stdout]  98 | |             self.fetch_uploaded_files()
[INFO] [stdout]  99 | |                 .await?
[INFO] [stdout] 100 | |                 .into_iter()
[INFO] [stdout] ...   |
[INFO] [stdout] 105 | |         );
[INFO] [stdout]     | |_________- in this macro invocation
[INFO] [stdout]     |
[INFO] [stdout]     = note: this method call relies on the `impl<T> Into<T> for T` blanket implementation and type inference, which is a semver hazard as a new `impl Into<_>` that affects your type might be added in the future causing type inference errors
[INFO] [stdout]     = note: you can instead use the fully-qualified path `<errors::UserError as Into<errors::UserError>::into(val) to avoid triggering this lint
[INFO] [stdout]     = note: `#[deny(self_type_conversion)]` on by default
[INFO] [stdout] 
[INFO] [stdout] 
[INFO] [stdout] error: useless conversion to the same type: `errors::UserError`
[INFO] [stdout]    --> src/errors.rs:10:20
[INFO] [stdout]     |
[INFO] [stdout]   7 |   macro_rules! ensure {
[INFO] [stdout] ...
[INFO] [stdout]  10 |               return Err($err).map_err(::core::convert::Into::into);
[INFO] [stdout]     |                      ^^^^^^^^^^^^^^^^^^^^^^^^^^^^^^^^^^^^^^^^^^^^^^
[INFO] [stdout]     |
[INFO] [stdout]    ::: src/user.rs:122:9
[INFO] [stdout]     |
[INFO] [stdout] 122 | /         ensure!(
[INFO] [stdout] 123 | |             code.is_success(),
[INFO] [stdout] 124 | |             UserError::InvalidResponseWithCode {
[INFO] [stdout] 125 | |                 code,
[INFO] [stdout] ...   |
[INFO] [stdout] 128 | |         );
[INFO] [stdout]     | |_________- in this macro invocation
[INFO] [stdout]     |
[INFO] [stdout]     = note: this method call relies on the `impl<T> Into<T> for T` blanket implementation and type inference, which is a semver hazard as a new `impl Into<_>` that affects your type might be added in the future causing type inference errors
[INFO] [stdout]     = note: you can instead use the fully-qualified path `<errors::UserError as Into<errors::UserError>::into(val) to avoid triggering this lint
[INFO] [stdout] 
[INFO] [stdout] 
[INFO] [stderr] error: could not compile `catbox-cli` (bin "cbx" test) due to 2 previous errors
[INFO] [stderr] warning: build failed, waiting for other jobs to finish...
[INFO] [stdout] error: useless conversion to the same type: `errors::UserError`
[INFO] [stdout]    --> src/errors.rs:10:20
[INFO] [stdout]     |
[INFO] [stdout]   7 |   macro_rules! ensure {
[INFO] [stdout] ...
[INFO] [stdout]  10 |               return Err($err).map_err(::core::convert::Into::into);
[INFO] [stdout]     |                      ^^^^^^^^^^^^^^^^^^^^^^^^^^^^^^^^^^^^^^^^^^^^^^
[INFO] [stdout]     |
[INFO] [stdout]    ::: src/user.rs:97:9
[INFO] [stdout]     |
[INFO] [stdout]  97 | /         ensure!(
[INFO] [stdout]  98 | |             self.fetch_uploaded_files()
[INFO] [stdout]  99 | |                 .await?
[INFO] [stdout] 100 | |                 .into_iter()
[INFO] [stdout] ...   |
[INFO] [stdout] 105 | |         );
[INFO] [stdout]     | |_________- in this macro invocation
[INFO] [stdout]     |
[INFO] [stdout]     = note: this method call relies on the `impl<T> Into<T> for T` blanket implementation and type inference, which is a semver hazard as a new `impl Into<_>` that affects your type might be added in the future causing type inference errors
[INFO] [stdout]     = note: you can instead use the fully-qualified path `<errors::UserError as Into<errors::UserError>::into(val) to avoid triggering this lint
[INFO] [stdout]     = note: `#[deny(self_type_conversion)]` on by default
[INFO] [stdout] 
[INFO] [stdout] 
[INFO] [stdout] error: useless conversion to the same type: `errors::UserError`
[INFO] [stdout]    --> src/errors.rs:10:20
[INFO] [stdout]     |
[INFO] [stdout]   7 |   macro_rules! ensure {
[INFO] [stdout] ...
[INFO] [stdout]  10 |               return Err($err).map_err(::core::convert::Into::into);
[INFO] [stdout]     |                      ^^^^^^^^^^^^^^^^^^^^^^^^^^^^^^^^^^^^^^^^^^^^^^
[INFO] [stdout]     |
[INFO] [stdout]    ::: src/user.rs:122:9
[INFO] [stdout]     |
[INFO] [stdout] 122 | /         ensure!(
[INFO] [stdout] 123 | |             code.is_success(),
[INFO] [stdout] 124 | |             UserError::InvalidResponseWithCode {
[INFO] [stdout] 125 | |                 code,
[INFO] [stdout] ...   |
[INFO] [stdout] 128 | |         );
[INFO] [stdout]     | |_________- in this macro invocation
[INFO] [stdout]     |
[INFO] [stdout]     = note: this method call relies on the `impl<T> Into<T> for T` blanket implementation and type inference, which is a semver hazard as a new `impl Into<_>` that affects your type might be added in the future causing type inference errors
[INFO] [stdout]     = note: you can instead use the fully-qualified path `<errors::UserError as Into<errors::UserError>::into(val) to avoid triggering this lint
[INFO] [stdout] 
[INFO] [stdout] 
[INFO] [stderr] error: could not compile `catbox-cli` (bin "cbx") due to 2 previous errors
[INFO] running `Command { std: "docker" "inspect" "928c0ef5626b145232dc3325bb0123cb4af39680e4ba494c99d33a15e4f39895", kill_on_drop: false }`
[INFO] running `Command { std: "docker" "rm" "-f" "928c0ef5626b145232dc3325bb0123cb4af39680e4ba494c99d33a15e4f39895", kill_on_drop: false }`
[INFO] [stdout] 928c0ef5626b145232dc3325bb0123cb4af39680e4ba494c99d33a15e4f39895
