[INFO] cloning repository https://github.com/suleman-mahmood/raabta
[INFO] running `Command { std: "git" "-c" "credential.helper=" "-c" "credential.helper=/workspace/cargo-home/bin/git-credential-null" "clone" "--bare" "https://github.com/suleman-mahmood/raabta" "/workspace/cache/git-repos/https%3A%2F%2Fgithub.com%2Fsuleman-mahmood%2Fraabta", kill_on_drop: false }`
[INFO] [stderr] Cloning into bare repository '/workspace/cache/git-repos/https%3A%2F%2Fgithub.com%2Fsuleman-mahmood%2Fraabta'...
[INFO] running `Command { std: "git" "rev-parse" "HEAD", kill_on_drop: false }`
[INFO] [stdout] 76668ad823daeee7d12e30dc33fef0eea7e48c58
[INFO] checking suleman-mahmood/raabta against 52995a223f2919dd3e2e427231db90a257350ded for pr-129249-4
[INFO] running `Command { std: "git" "clone" "/workspace/cache/git-repos/https%3A%2F%2Fgithub.com%2Fsuleman-mahmood%2Fraabta" "/workspace/builds/worker-6-tc2/source", kill_on_drop: false }`
[INFO] [stderr] Cloning into '/workspace/builds/worker-6-tc2/source'...
[INFO] [stderr] done.
[INFO] started tweaking git repo https://github.com/suleman-mahmood/raabta
[INFO] finished tweaking git repo https://github.com/suleman-mahmood/raabta
[INFO] tweaked toml for git repo https://github.com/suleman-mahmood/raabta written to /workspace/builds/worker-6-tc2/source/Cargo.toml
[INFO] validating manifest of git repo https://github.com/suleman-mahmood/raabta on toolchain 52995a223f2919dd3e2e427231db90a257350ded
[INFO] running `Command { std: CARGO_HOME="/workspace/cargo-home" RUSTUP_HOME="/workspace/rustup-home" "/workspace/cargo-home/bin/cargo" "+52995a223f2919dd3e2e427231db90a257350ded" "metadata" "--manifest-path" "Cargo.toml" "--no-deps", kill_on_drop: false }`
[INFO] crate git repo https://github.com/suleman-mahmood/raabta already has a lockfile, it will not be regenerated
[INFO] running `Command { std: CARGO_HOME="/workspace/cargo-home" RUSTUP_HOME="/workspace/rustup-home" "/workspace/cargo-home/bin/cargo" "+52995a223f2919dd3e2e427231db90a257350ded" "fetch" "--manifest-path" "Cargo.toml", kill_on_drop: false }`
[INFO] [stderr]     Blocking waiting for file lock on package cache
[INFO] [stderr]     Blocking waiting for file lock on package cache
[INFO] [stderr]  Downloading crates ...
[INFO] [stderr]   Downloaded once_cell v1.21.1
[INFO] [stderr]   Downloaded sqlx-sqlite v0.8.3
[INFO] [stderr]   Downloaded serde-aux v3.1.0
[INFO] [stderr]   Downloaded sqlx-macros v0.8.3
[INFO] [stderr]   Downloaded base64ct v1.7.3
[INFO] [stderr]   Downloaded prettyplease v0.2.31
[INFO] [stderr]   Downloaded sqlx-macros-core v0.8.3
[INFO] [stderr]   Downloaded indexmap v2.8.0
[INFO] [stderr]   Downloaded zerocopy-derive v0.8.23
[INFO] [stderr]   Downloaded sqlx-mysql v0.8.3
[INFO] [stderr]   Downloaded sqlx v0.8.3
[INFO] [stderr]   Downloaded sqlx-core v0.8.3
[INFO] [stderr]   Downloaded sqlx-postgres v0.8.3
[INFO] [stderr]   Downloaded aws-lc-rs v1.12.6
[INFO] [stderr]   Downloaded rustls-webpki v0.103.0
[INFO] [stderr]   Downloaded zerocopy v0.8.23
[INFO] [stderr]   Downloaded rustls v0.23.25
[INFO] [stderr]   Downloaded time-macros v0.2.21
[INFO] [stderr]   Downloaded time v0.3.40
[INFO] [stderr]   Downloaded rustix v1.0.3
[INFO] [stderr]   Downloaded libc v0.2.171
[INFO] [stderr]   Downloaded tokio v1.44.1
[INFO] [stderr]   Downloaded env_logger v0.11.7
[INFO] [stderr]   Downloaded jiff v0.2.4
[INFO] [stderr]   Downloaded linux-raw-sys v0.9.3
[INFO] [stderr]   Downloaded jiff-static v0.2.4
[INFO] [stderr]   Downloaded config v0.14.1
[INFO] [stderr]   Downloaded winnow v0.7.4
[INFO] [stderr]   Downloaded pest_generator v2.7.15
[INFO] [stderr]   Downloaded pest_derive v2.7.15
[INFO] [stderr]   Downloaded pest v2.7.15
[INFO] [stderr]   Downloaded aws-lc-sys v0.27.1
[INFO] [stderr]   Downloaded pest_meta v2.7.15
[INFO] [stderr]   Downloaded aws-types v1.3.6
[INFO] [stderr]   Downloaded aws-smithy-types v1.3.0
[INFO] [stderr]   Downloaded aws-smithy-runtime-api v1.7.4
[INFO] [stderr]   Downloaded aws-credential-types v1.2.2
[INFO] [stderr]   Downloaded aws-smithy-observability v0.1.2
[INFO] [stderr]   Downloaded aws-smithy-runtime v1.8.1
[INFO] [stderr]   Downloaded aws-smithy-http v0.62.0
[INFO] [stderr]   Downloaded crc64fast-nvme v1.2.0
[INFO] [stderr]   Downloaded aws-smithy-checksums v0.63.1
[INFO] [stderr]   Downloaded crc32c v0.6.8
[INFO] [stderr]   Downloaded aws-sigv4 v1.3.0
[INFO] [stderr]   Downloaded aws-sdk-s3 v1.81.0
[INFO] [stderr]   Downloaded aws-runtime v1.5.6
[INFO] [stderr]   Downloaded aws-config v1.6.1
[INFO] [stderr]   Downloaded aws-sdk-sts v1.65.0
[INFO] [stderr]   Downloaded aws-sdk-ssooidc v1.65.0
[INFO] [stderr]   Downloaded aws-sdk-sso v1.64.0
[INFO] [stderr]   Downloaded actix-web v4.10.2
[INFO] [stderr]   Downloaded actix-http v3.10.0
[INFO] [stderr]   Downloaded actix-server v2.5.1
[INFO] [stderr]   Downloaded brotli-decompressor v4.0.2
[INFO] [stderr]   Downloaded brotli v7.0.0
[INFO] running `Command { std: "docker" "create" "-v" "/var/lib/crater-agent-workspace/builds/worker-6-tc2/source:/opt/rustwide/workdir:ro,Z" "-v" "/var/lib/crater-agent-workspace/builds/worker-6-tc2/target:/opt/rustwide/target:rw,Z" "-v" "/var/lib/crater-agent-workspace/cargo-home:/opt/rustwide/cargo-home:ro,Z" "-v" "/var/lib/crater-agent-workspace/rustup-home:/opt/rustwide/rustup-home:ro,Z" "-m" "1610612736" "--network" "none" "ghcr.io/rust-lang/crates-build-env/linux@sha256:c0af3998e971868164375a7dfb646c9933ddd1a3bdb00fa2041266763dc1eeab" "sleep" "infinity", kill_on_drop: false }`
[INFO] [stdout] 84ecc67a0e49abbc2ecee71cdbe926cce845bcaddd2308265e336cea77820a46
[INFO] running `Command { std: "docker" "start" "84ecc67a0e49abbc2ecee71cdbe926cce845bcaddd2308265e336cea77820a46", kill_on_drop: false }`
[INFO] running `Command { std: "docker" "inspect" "84ecc67a0e49abbc2ecee71cdbe926cce845bcaddd2308265e336cea77820a46", kill_on_drop: false }`
[INFO] running `Command { std: "docker" "exec" "-e" "SOURCE_DIR=/opt/rustwide/workdir" "-e" "CARGO_HOME=/opt/rustwide/cargo-home" "-e" "RUSTUP_HOME=/opt/rustwide/rustup-home" "-e" "CARGO_TARGET_DIR=/opt/rustwide/target" "-w" "/opt/rustwide/workdir" "--user" "0:0" "84ecc67a0e49abbc2ecee71cdbe926cce845bcaddd2308265e336cea77820a46" "/opt/rustwide/cargo-home/bin/cargo" "+52995a223f2919dd3e2e427231db90a257350ded" "metadata" "--no-deps" "--format-version=1", kill_on_drop: false }`
[INFO] running `Command { std: "docker" "inspect" "84ecc67a0e49abbc2ecee71cdbe926cce845bcaddd2308265e336cea77820a46", kill_on_drop: false }`
[INFO] running `Command { std: "docker" "exec" "-e" "SOURCE_DIR=/opt/rustwide/workdir" "-e" "CARGO_HOME=/opt/rustwide/cargo-home" "-e" "RUSTUP_HOME=/opt/rustwide/rustup-home" "-e" "CARGO_TARGET_DIR=/opt/rustwide/target" "-e" "CARGO_INCREMENTAL=0" "-e" "RUST_BACKTRACE=full" "-e" "RUSTFLAGS=--cap-lints=forbid" "-e" "RUSTDOCFLAGS=--cap-lints=forbid" "-w" "/opt/rustwide/workdir" "--user" "0:0" "84ecc67a0e49abbc2ecee71cdbe926cce845bcaddd2308265e336cea77820a46" "/opt/rustwide/cargo-home/bin/cargo" "+52995a223f2919dd3e2e427231db90a257350ded" "check" "--frozen" "--all" "--all-targets" "--message-format=json", kill_on_drop: false }`
[INFO] [stderr]    Compiling proc-macro2 v1.0.94
[INFO] [stderr]    Compiling libc v0.2.171
[INFO] [stderr]    Compiling serde v1.0.219
[INFO] [stderr]     Checking log v0.4.26
[INFO] [stderr]     Checking once_cell v1.21.1
[INFO] [stderr]     Checking zeroize v1.8.1
[INFO] [stderr]     Checking foldhash v0.1.5
[INFO] [stderr]    Compiling time-core v0.1.4
[INFO] [stderr]     Checking futures-util v0.3.31
[INFO] [stderr]     Checking deranged v0.4.0
[INFO] [stderr]     Checking http v0.2.12
[INFO] [stderr]     Checking digest v0.10.7
[INFO] [stderr]     Checking num-integer v0.1.46
[INFO] [stderr]     Checking vsimd v0.8.0
[INFO] [stderr]    Compiling zerocopy v0.8.23
[INFO] [stderr]    Compiling time-macros v0.2.21
[INFO] [stderr]     Checking outref v0.5.2
[INFO] [stderr]    Compiling getrandom v0.3.2
[INFO] [stderr]     Checking rustls-pki-types v1.11.0
[INFO] [stderr]     Checking hashbrown v0.15.2
[INFO] [stderr]     Checking litemap v0.7.5
[INFO] [stderr]    Compiling thiserror v2.0.12
[INFO] [stderr]    Compiling serde_json v1.0.140
[INFO] [stderr]     Checking tracing-core v0.1.33
[INFO] [stderr]    Compiling aws-lc-rs v1.12.6
[INFO] [stderr]    Compiling memchr v2.7.4
[INFO] [stderr]    Compiling stable_deref_trait v1.2.0
[INFO] [stderr]    Compiling semver v1.0.26
[INFO] [stderr]    Compiling rustls v0.23.25
[INFO] [stderr]     Checking der v0.6.1
[INFO] [stderr]     Checking hmac v0.12.1
[INFO] [stderr]     Checking base64-simd v0.8.0
[INFO] [stderr]    Compiling typenum v1.18.0
[INFO] [stderr]    Compiling writeable v0.5.5
[INFO] [stderr]     Checking base64ct v1.7.3
[INFO] [stderr]     Checking mio v1.0.3
[INFO] [stderr]     Checking signal-hook-registry v1.4.2
[INFO] [stderr]    Compiling quote v1.0.40
[INFO] [stderr]     Checking socket2 v0.5.8
[INFO] [stderr]     Checking getrandom v0.2.15
[INFO] [stderr]    Compiling rustc_version v0.4.1
[INFO] [stderr]     Checking sha2 v0.10.8
[INFO] [stderr]     Checking indexmap v2.8.0
[INFO] [stderr]     Checking rand_core v0.6.4
[INFO] [stderr]    Compiling rustls v0.21.12
[INFO] [stderr]     Checking http-body v0.4.6
[INFO] [stderr]    Compiling syn v2.0.100
[INFO] [stderr]    Compiling icu_locid_transform_data v1.5.0
[INFO] [stderr]     Checking base16ct v0.1.1
[INFO] [stderr]    Compiling jobserver v0.1.32
[INFO] [stderr]    Compiling icu_properties_data v1.5.0
[INFO] [stderr]     Checking rustls-native-certs v0.6.3
[INFO] [stderr]     Checking ff v0.12.1
[INFO] [stderr]    Compiling cc v1.2.16
[INFO] [stderr]     Checking crypto-bigint v0.4.9
[INFO] [stderr]     Checking spki v0.6.0
[INFO] [stderr]     Checking signature v1.6.4
[INFO] [stderr]     Checking group v0.12.1
[INFO] [stderr]     Checking uuid v1.16.0
[INFO] [stderr]     Checking rustls-native-certs v0.8.1
[INFO] [stderr]    Compiling num-traits v0.2.19
[INFO] [stderr]     Checking pkcs8 v0.9.0
[INFO] [stderr]    Compiling icu_normalizer_data v1.5.0
[INFO] [stderr]    Compiling crunchy v0.2.3
[INFO] [stderr]    Compiling utf16_iter v1.0.5
[INFO] [stderr]     Checking regex-lite v0.1.6
[INFO] [stderr]     Checking sec1 v0.3.0
[INFO] [stderr]    Compiling rustix v1.0.3
[INFO] [stderr]    Compiling write16 v1.0.0
[INFO] [stderr]    Compiling aws-types v1.3.6
[INFO] [stderr]     Checking aho-corasick v1.1.3
[INFO] [stderr]    Compiling lock_api v0.4.12
[INFO] [stderr]     Checking crypto-bigint v0.5.5
[INFO] [stderr]    Compiling generic-array v0.14.7
[INFO] [stderr]    Compiling percent-encoding v2.3.1
[INFO] [stderr]     Checking elliptic-curve v0.12.3
[INFO] [stderr]     Checking time v0.3.40
[INFO] [stderr]     Checking rfc6979 v0.3.1
[INFO] [stderr]     Checking local-waker v0.1.4
[INFO] [stderr]    Compiling unicase v2.8.1
[INFO] [stderr]     Checking zerocopy v0.7.35
[INFO] [stderr]     Checking ecdsa v0.14.8
[INFO] [stderr]    Compiling zstd-safe v7.2.4
[INFO] [stderr]    Compiling tokio v1.44.1
[INFO] [stderr]    Compiling mime_guess v2.0.5
[INFO] [stderr]    Compiling cmake v0.1.54
[INFO] [stderr]     Checking regex-automata v0.4.9
[INFO] [stderr]    Compiling tinyvec v1.9.0
[INFO] [stderr]     Checking ahash v0.8.11
[INFO] [stderr]     Checking crc v3.2.1
[INFO] [stderr]     Checking p256 v0.11.1
[INFO] [stderr]    Compiling form_urlencoded v1.2.1
[INFO] [stderr]    Compiling tiny-keccak v2.0.2
[INFO] [stderr]    Compiling crypto-common v0.1.6
[INFO] [stderr]    Compiling block-buffer v0.10.4
[INFO] [stderr]     Checking rand_core v0.9.3
[INFO] [stderr]     Checking sha1 v0.10.6
[INFO] [stderr]    Compiling slab v0.4.9
[INFO] [stderr]     Checking ppv-lite86 v0.2.21
[INFO] [stderr]    Compiling bitflags v2.9.0
[INFO] [stderr]    Compiling openssl v0.10.71
[INFO] [stderr]    Compiling ring v0.17.14
[INFO] [stderr]    Compiling aws-lc-sys v0.27.1
[INFO] [stderr]    Compiling zstd-sys v2.0.15+zstd.1.5.7
[INFO] [stderr]    Compiling openssl-sys v0.9.106
[INFO] [stderr]    Compiling iana-time-zone v0.1.61
[INFO] [stderr]    Compiling event-listener v5.4.0
[INFO] [stderr]     Checking rand_chacha v0.9.0
[INFO] [stderr]    Compiling unicode-normalization v0.1.24
[INFO] [stderr]    Compiling chrono v0.4.40
[INFO] [stderr]     Checking miniz_oxide v0.8.5
[INFO] [stderr]    Compiling const-random-macro v0.1.16
[INFO] [stderr]     Checking hashbrown v0.14.5
[INFO] [stderr]    Compiling hashlink v0.10.0
[INFO] [stderr]     Checking brotli-decompressor v4.0.2
[INFO] [stderr]     Checking actix-utils v3.0.1
[INFO] [stderr]    Compiling rand_chacha v0.3.1
[INFO] [stderr]    Compiling webpki-roots v0.26.8
[INFO] [stderr]    Compiling rustls-pemfile v2.2.0
[INFO] [stderr]    Compiling bytestring v1.4.0
[INFO] [stderr]     Checking actix-service v2.0.3
[INFO] [stderr]    Compiling cookie v0.16.2
[INFO] [stderr]    Compiling linux-raw-sys v0.9.3
[INFO] [stderr]    Compiling unicode-properties v0.1.3
[INFO] [stderr]    Compiling stringprep v0.1.5
[INFO] [stderr]     Checking brotli v7.0.0
[INFO] [stderr]    Compiling native-tls v0.2.14
[INFO] [stderr]    Compiling rand v0.8.5
[INFO] [stderr]     Checking regex v1.11.1
[INFO] [stderr]     Checking const-random v0.1.18
[INFO] [stderr]     Checking flate2 v1.1.0
[INFO] [stderr]     Checking rand v0.9.0
[INFO] [stderr]    Compiling hkdf v0.12.4
[INFO] [stderr]    Compiling md-5 v0.10.6
[INFO] [stderr]    Compiling atoi v2.0.0
[INFO] [stderr]     Checking local-channel v0.1.5
[INFO] [stderr]    Compiling crc32c v0.6.8
[INFO] [stderr]    Compiling cookie v0.18.1
[INFO] [stderr]    Compiling minimal-lexical v0.2.1
[INFO] [stderr]    Compiling whoami v1.5.2
[INFO] [stderr]    Compiling fastrand v2.3.0
[INFO] [stderr]    Compiling libm v0.2.11
[INFO] [stderr]     Checking xmlparser v0.13.6
[INFO] [stderr]     Checking language-tags v0.3.2
[INFO] [stderr]    Compiling home v0.5.11
[INFO] [stderr]    Compiling synstructure v0.13.1
[INFO] [stderr]    Compiling darling_core v0.20.10
[INFO] [stderr]    Compiling nom v7.1.3
[INFO] [stderr]     Checking aws-smithy-xml v0.60.9
[INFO] [stderr]     Checking dlv-list v0.5.2
[INFO] [stderr]    Compiling tempfile v3.19.1
[INFO] [stderr]     Checking psl-types v2.0.11
[INFO] [stderr]    Compiling litrs v0.4.1
[INFO] [stderr]     Checking impl-more v0.1.9
[INFO] [stderr]    Compiling v_htmlescape v0.15.8
[INFO] [stderr]     Checking winnow v0.7.4
[INFO] [stderr]    Compiling mime v0.3.17
[INFO] [stderr]     Checking anstyle-parse v0.2.6
[INFO] [stderr]     Checking ordered-multimap v0.7.3
[INFO] [stderr]    Compiling document-features v0.2.11
[INFO] [stderr]    Compiling tokio-stream v0.1.17
[INFO] [stderr]     Checking hashlink v0.8.4
[INFO] [stderr]     Checking crc64fast-nvme v1.2.0
[INFO] [stderr]     Checking num-bigint v0.4.6
[INFO] [stderr]    Compiling anyhow v1.0.97
[INFO] [stderr]    Compiling parse-size v1.1.0
[INFO] [stderr]     Checking anstyle v1.0.10
[INFO] [stderr]     Checking anstyle-query v1.1.2
[INFO] [stderr]     Checking colorchoice v1.0.3
[INFO] [stderr]     Checking yaml-rust2 v0.8.1
[INFO] [stderr]     Checking anstream v0.6.18
[INFO] [stderr]     Checking rust-ini v0.20.0
[INFO] [stderr]     Checking humansize v2.1.3
[INFO] [stderr]     Checking env_filter v0.1.3
[INFO] [stderr]    Compiling serde_derive v1.0.219
[INFO] [stderr]    Compiling tokio-macros v2.5.0
[INFO] [stderr]    Compiling tracing-attributes v0.1.28
[INFO] [stderr]    Compiling zerofrom-derive v0.1.6
[INFO] [stderr]    Compiling yoke-derive v0.7.5
[INFO] [stderr]    Compiling zerovec-derive v0.10.3
[INFO] [stderr]    Compiling displaydoc v0.2.5
[INFO] [stderr]    Compiling icu_provider_macros v1.5.0
[INFO] [stderr]    Compiling thiserror-impl v2.0.12
[INFO] [stderr]     Checking rustls-webpki v0.101.7
[INFO] [stderr]     Checking sct v0.7.1
[INFO] [stderr]    Compiling derive_more-impl v2.0.1
[INFO] [stderr]    Compiling openssl-macros v0.1.1
[INFO] [stderr]    Compiling actix-macros v0.2.4
[INFO] [stderr]    Compiling rustls-webpki v0.103.0
[INFO] [stderr]    Compiling askama_parser v0.2.1
[INFO] [stderr]     Checking zerofrom v0.1.6
[INFO] [stderr]     Checking yoke v0.7.5
[INFO] [stderr]    Compiling darling_macro v0.20.10
[INFO] [stderr]    Compiling derive_more v0.99.19
[INFO] [stderr]    Compiling async-trait v0.1.88
[INFO] [stderr]     Checking pem v3.0.5
[INFO] [stderr]     Checking tracing v0.1.41
[INFO] [stderr]     Checking zerovec v0.10.4
[INFO] [stderr]    Compiling darling v0.20.10
[INFO] [stderr]     Checking lru v0.12.5
[INFO] [stderr]    Compiling actix-multipart-derive v0.7.0
[INFO] [stderr]     Checking csv-core v0.1.12
[INFO] [stderr]     Checking askama_escape v0.10.3
[INFO] [stderr]     Checking jiff v0.2.4
[INFO] [stderr]    Compiling pest v2.7.15
[INFO] [stderr]     Checking simple_asn1 v0.6.3
[INFO] [stderr]     Checking http-range v0.1.5
[INFO] [stderr]     Checking tinystr v0.7.6
[INFO] [stderr]     Checking icu_collections v1.5.0
[INFO] [stderr]     Checking icu_locid v1.5.0
[INFO] [stderr]    Compiling pest_meta v2.7.15
[INFO] [stderr]     Checking icu_provider v1.5.0
[INFO] [stderr]     Checking icu_locid_transform v1.5.0
[INFO] [stderr]     Checking icu_properties v1.5.1
[INFO] [stderr]     Checking derive_more v2.0.1
[INFO] [stderr]    Compiling pest_generator v2.7.15
[INFO] [stderr]    Compiling pest_derive v2.7.15
[INFO] [stderr]     Checking smallvec v1.14.0
[INFO] [stderr]     Checking either v1.15.0
[INFO] [stderr]     Checking zstd v0.13.3
[INFO] [stderr]     Checking serde_urlencoded v0.7.1
[INFO] [stderr]     Checking actix-router v0.5.3
[INFO] [stderr]     Checking parking_lot_core v0.9.10
[INFO] [stderr]     Checking bytes-utils v0.1.4
[INFO] [stderr]     Checking serde_spanned v0.6.8
[INFO] [stderr]     Checking parking_lot v0.12.3
[INFO] [stderr]     Checking toml_datetime v0.6.8
[INFO] [stderr]     Checking ron v0.8.1
[INFO] [stderr]     Checking futures-intrusive v0.5.0
[INFO] [stderr]     Checking json5 v0.4.1
[INFO] [stderr]     Checking toml_edit v0.22.24
[INFO] [stderr]     Checking serde_plain v1.0.2
[INFO] [stderr]     Checking env_logger v0.11.7
[INFO] [stderr]     Checking csv v1.3.1
[INFO] [stderr]     Checking icu_normalizer v1.5.0
[INFO] [stderr]     Checking jsonwebtoken v9.3.1
[INFO] [stderr]    Compiling basic-toml v0.1.10
[INFO] [stderr]     Checking serde-aux v3.1.0
[INFO] [stderr]     Checking idna_adapter v1.2.0
[INFO] [stderr]     Checking idna v1.0.3
[INFO] [stderr]    Compiling actix-web-codegen v4.3.0
[INFO] [stderr]     Checking toml v0.8.20
[INFO] [stderr]     Checking url v2.5.4
[INFO] [stderr]     Checking publicsuffix v2.3.0
[INFO] [stderr]    Compiling askama_derive v0.12.5
[INFO] [stderr]     Checking config v0.14.1
[INFO] [stderr]     Checking cookie_store v0.21.1
[INFO] [stderr]     Checking askama v0.12.1
[INFO] [stderr]    Compiling sqlx-core v0.8.3
[INFO] [stderr]     Checking tokio-util v0.7.14
[INFO] [stderr]     Checking aws-smithy-async v1.2.5
[INFO] [stderr]     Checking tokio-rustls v0.24.1
[INFO] [stderr]     Checking tower v0.5.2
[INFO] [stderr]     Checking actix-rt v2.10.0
[INFO] [stderr]     Checking tokio-native-tls v0.3.1
[INFO] [stderr]     Checking actix-server v2.5.1
[INFO] [stderr]     Checking aws-smithy-types v1.3.0
[INFO] [stderr]     Checking h2 v0.3.26
[INFO] [stderr]     Checking h2 v0.4.8
[INFO] [stderr]     Checking actix-codec v0.5.2
[INFO] [stderr]     Checking aws-smithy-runtime-api v1.7.4
[INFO] [stderr]     Checking aws-smithy-eventstream v0.60.8
[INFO] [stderr]     Checking aws-smithy-json v0.61.3
[INFO] [stderr]     Checking aws-smithy-query v0.60.7
[INFO] [stderr]     Checking aws-smithy-http v0.62.0
[INFO] [stderr]     Checking aws-credential-types v1.2.2
[INFO] [stderr]     Checking aws-smithy-observability v0.1.2
[INFO] [stderr]     Checking aws-sigv4 v1.3.0
[INFO] [stderr]     Checking aws-smithy-checksums v0.63.1
[INFO] [stderr]    Compiling sqlx-postgres v0.8.3
[INFO] [stderr]     Checking hyper v0.14.32
[INFO] [stderr]     Checking actix-http v3.10.0
[INFO] [stderr]     Checking tokio-rustls v0.26.2
[INFO] [stderr]     Checking hyper v1.6.0
[INFO] [stderr]     Checking hyper-util v0.1.10
[INFO] [stderr]    Compiling sqlx-macros-core v0.8.3
[INFO] [stderr]     Checking actix-web v4.10.2
[INFO] [stderr]     Checking hyper-rustls v0.27.5
[INFO] [stderr]     Checking hyper-tls v0.6.0
[INFO] [stderr]    Compiling sqlx-macros v0.8.3
[INFO] [stderr]     Checking reqwest v0.12.15
[INFO] [stderr]     Checking hyper-rustls v0.24.2
[INFO] [stderr]     Checking aws-smithy-http-client v1.0.1
[INFO] [stderr]     Checking aws-smithy-runtime v1.8.1
[INFO] [stderr]     Checking actix-multipart v0.7.2
[INFO] [stderr]     Checking actix-files v0.6.6
[INFO] [stderr]     Checking sqlx v0.8.3
[INFO] [stderr]     Checking aws-runtime v1.5.6
[INFO] [stderr]     Checking aws-sdk-ssooidc v1.65.0
[INFO] [stderr]     Checking aws-sdk-sts v1.65.0
[INFO] [stderr]     Checking aws-sdk-sso v1.64.0
[INFO] [stderr]     Checking aws-sdk-s3 v1.81.0
[INFO] [stderr]     Checking aws-config v1.6.1
[INFO] [stderr]     Checking forge v0.1.0 (/opt/rustwide/workdir)
[INFO] [stdout] error: set `DATABASE_URL` to use query macros online, or run `cargo sqlx prepare` to update the query cache
[INFO] [stdout]   --> src/dal/announcement_db.rs:29:5
[INFO] [stdout]    |
[INFO] [stdout] 29 | /     sqlx::query!(
[INFO] [stdout] 30 | |         r#"
[INFO] [stdout] 31 | |         insert into announcement
[INFO] [stdout] 32 | |             (public_id, announcer_user_id, class_id, content)
[INFO] [stdout] ...  |
[INFO] [stdout] 39 | |         data.announcement,
[INFO] [stdout] 40 | |     )
[INFO] [stdout]    | |_____^
[INFO] [stdout]    |
[INFO] [stdout]    = note: this error originates in the macro `$crate::sqlx_macros::expand_query` which comes from the expansion of the macro `sqlx::query` (in Nightly builds, run with -Z macro-backtrace for more info)
[INFO] [stdout] 
[INFO] [stdout] 
[INFO] [stdout] error: set `DATABASE_URL` to use query macros online, or run `cargo sqlx prepare` to update the query cache
[INFO] [stdout]   --> src/dal/announcement_db.rs:60:5
[INFO] [stdout]    |
[INFO] [stdout] 60 | /     sqlx::query_as!(
[INFO] [stdout] 61 | |         AnnouncementReadDTO,
[INFO] [stdout] 62 | |         r#"
[INFO] [stdout] 63 | |         select
[INFO] [stdout] ...  |
[INFO] [stdout] 77 | |         user_id,
[INFO] [stdout] 78 | |     )
[INFO] [stdout]    | |_____^
[INFO] [stdout]    |
[INFO] [stdout]    = note: this error originates in the macro `$crate::sqlx_macros::expand_query` which comes from the expansion of the macro `sqlx::query_as` (in Nightly builds, run with -Z macro-backtrace for more info)
[INFO] [stdout] 
[INFO] [stdout] 
[INFO] [stdout] error: set `DATABASE_URL` to use query macros online, or run `cargo sqlx prepare` to update the query cache
[INFO] [stdout]    --> src/dal/announcement_db.rs:85:5
[INFO] [stdout]     |
[INFO] [stdout]  85 | /     sqlx::query_as!(
[INFO] [stdout]  86 | |         AnnouncementReadDTO,
[INFO] [stdout]  87 | |         r#"
[INFO] [stdout]  88 | |         select
[INFO] [stdout] ...   |
[INFO] [stdout] 101 | |         "#,
[INFO] [stdout] 102 | |     )
[INFO] [stdout]     | |_____^
[INFO] [stdout]     |
[INFO] [stdout]     = note: this error originates in the macro `$crate::sqlx_macros::expand_query` which comes from the expansion of the macro `sqlx::query_as` (in Nightly builds, run with -Z macro-backtrace for more info)
[INFO] [stdout] 
[INFO] [stdout] 
[INFO] [stdout] error: set `DATABASE_URL` to use query macros online, or run `cargo sqlx prepare` to update the query cache
[INFO] [stdout]   --> src/dal/attendance_db.rs:30:5
[INFO] [stdout]    |
[INFO] [stdout] 30 | /     sqlx::query!(
[INFO] [stdout] 31 | |         r#"
[INFO] [stdout] 32 | |         insert into attendance
[INFO] [stdout] 33 | |           (public_id, attendance_method, attendance_type, attendance_location, attendee_user_id, marker_user_id)
[INFO] [stdout] ...  |
[INFO] [stdout] 42 | |         marker_user_id,
[INFO] [stdout] 43 | |     )
[INFO] [stdout]    | |_____^
[INFO] [stdout]    |
[INFO] [stdout]    = note: this error originates in the macro `$crate::sqlx_macros::expand_query` which comes from the expansion of the macro `sqlx::query` (in Nightly builds, run with -Z macro-backtrace for more info)
[INFO] [stdout] 
[INFO] [stdout] 
[INFO] [stdout] error: set `DATABASE_URL` to use query macros online, or run `cargo sqlx prepare` to update the query cache
[INFO] [stdout]   --> src/dal/attendance_db.rs:66:5
[INFO] [stdout]    |
[INFO] [stdout] 66 | /     sqlx::query_as!(
[INFO] [stdout] 67 | |         AttendanceReadDTO,
[INFO] [stdout] 68 | |         r#"
[INFO] [stdout] 69 | |         select
[INFO] [stdout] ...  |
[INFO] [stdout] 80 | |         user_id
[INFO] [stdout] 81 | |     )
[INFO] [stdout]    | |_____^
[INFO] [stdout]    |
[INFO] [stdout]    = note: this error originates in the macro `$crate::sqlx_macros::expand_query` which comes from the expansion of the macro `sqlx::query_as` (in Nightly builds, run with -Z macro-backtrace for more info)
[INFO] [stdout] 
[INFO] [stdout] 
[INFO] [stdout] error: set `DATABASE_URL` to use query macros online, or run `cargo sqlx prepare` to update the query cache
[INFO] [stdout]   --> src/dal/chat_db.rs:18:5
[INFO] [stdout]    |
[INFO] [stdout] 18 | /     sqlx::query!(
[INFO] [stdout] 19 | |         r#"
[INFO] [stdout] 20 | |         insert into chat_message
[INFO] [stdout] 21 | |             (content, chat_id, sender_user_id)
[INFO] [stdout] ...  |
[INFO] [stdout] 27 | |         user_id,
[INFO] [stdout] 28 | |     )
[INFO] [stdout]    | |_____^
[INFO] [stdout]    |
[INFO] [stdout]    = note: this error originates in the macro `$crate::sqlx_macros::expand_query` which comes from the expansion of the macro `sqlx::query` (in Nightly builds, run with -Z macro-backtrace for more info)
[INFO] [stdout] 
[INFO] [stdout] 
[INFO] [stdout] error: set `DATABASE_URL` to use query macros online, or run `cargo sqlx prepare` to update the query cache
[INFO] [stdout]   --> src/dal/chat_db.rs:44:15
[INFO] [stdout]    |
[INFO] [stdout] 44 |       let row = sqlx::query!(
[INFO] [stdout]    |  _______________^
[INFO] [stdout] 45 | |         r#"
[INFO] [stdout] 46 | |         insert into chat
[INFO] [stdout] 47 | |             (public_id, display_name)
[INFO] [stdout] ...  |
[INFO] [stdout] 53 | |         display_name,
[INFO] [stdout] 54 | |     )
[INFO] [stdout]    | |_____^
[INFO] [stdout]    |
[INFO] [stdout]    = note: this error originates in the macro `$crate::sqlx_macros::expand_query` which comes from the expansion of the macro `sqlx::query` (in Nightly builds, run with -Z macro-backtrace for more info)
[INFO] [stdout] 
[INFO] [stdout] 
[INFO] [stdout] error: set `DATABASE_URL` to use query macros online, or run `cargo sqlx prepare` to update the query cache
[INFO] [stdout]   --> src/dal/class_db.rs:50:5
[INFO] [stdout]    |
[INFO] [stdout] 50 | /     sqlx::query!(
[INFO] [stdout] 51 | |         r#"
[INFO] [stdout] 52 | |         insert into class
[INFO] [stdout] 53 | |             (public_id, display_name)
[INFO] [stdout] ...  |
[INFO] [stdout] 58 | |         class.display_name.as_ref(),
[INFO] [stdout] 59 | |     )
[INFO] [stdout]    | |_____^
[INFO] [stdout]    |
[INFO] [stdout]    = note: this error originates in the macro `$crate::sqlx_macros::expand_query` which comes from the expansion of the macro `sqlx::query` (in Nightly builds, run with -Z macro-backtrace for more info)
[INFO] [stdout] 
[INFO] [stdout] 
[INFO] [stdout] error: set `DATABASE_URL` to use query macros online, or run `cargo sqlx prepare` to update the query cache
[INFO] [stdout]   --> src/dal/announcement_db.rs:29:5
[INFO] [stdout]    |
[INFO] [stdout] 29 | /     sqlx::query!(
[INFO] [stdout] 30 | |         r#"
[INFO] [stdout] 31 | |         insert into announcement
[INFO] [stdout] 32 | |             (public_id, announcer_user_id, class_id, content)
[INFO] [stdout] ...  |
[INFO] [stdout] 39 | |         data.announcement,
[INFO] [stdout] 40 | |     )
[INFO] [stdout]    | |_____^
[INFO] [stdout]    |
[INFO] [stdout]    = note: this error originates in the macro `$crate::sqlx_macros::expand_query` which comes from the expansion of the macro `sqlx::query` (in Nightly builds, run with -Z macro-backtrace for more info)
[INFO] [stdout] 
[INFO] [stdout] 
[INFO] [stdout] error: set `DATABASE_URL` to use query macros online, or run `cargo sqlx prepare` to update the query cache
[INFO] [stdout]   --> src/dal/announcement_db.rs:60:5
[INFO] [stdout]    |
[INFO] [stdout] 60 | /     sqlx::query_as!(
[INFO] [stdout] 61 | |         AnnouncementReadDTO,
[INFO] [stdout] 62 | |         r#"
[INFO] [stdout] 63 | |         select
[INFO] [stdout] ...  |
[INFO] [stdout] 77 | |         user_id,
[INFO] [stdout] 78 | |     )
[INFO] [stdout]    | |_____^
[INFO] [stdout]    |
[INFO] [stdout]    = note: this error originates in the macro `$crate::sqlx_macros::expand_query` which comes from the expansion of the macro `sqlx::query_as` (in Nightly builds, run with -Z macro-backtrace for more info)
[INFO] [stdout] 
[INFO] [stdout] 
[INFO] [stdout] error: set `DATABASE_URL` to use query macros online, or run `cargo sqlx prepare` to update the query cache
[INFO] [stdout]    --> src/dal/announcement_db.rs:85:5
[INFO] [stdout]     |
[INFO] [stdout]  85 | /     sqlx::query_as!(
[INFO] [stdout]  86 | |         AnnouncementReadDTO,
[INFO] [stdout]  87 | |         r#"
[INFO] [stdout]  88 | |         select
[INFO] [stdout] ...   |
[INFO] [stdout] 101 | |         "#,
[INFO] [stdout] 102 | |     )
[INFO] [stdout]     | |_____^
[INFO] [stdout]     |
[INFO] [stdout]     = note: this error originates in the macro `$crate::sqlx_macros::expand_query` which comes from the expansion of the macro `sqlx::query_as` (in Nightly builds, run with -Z macro-backtrace for more info)
[INFO] [stdout] 
[INFO] [stdout] 
[INFO] [stdout] error: set `DATABASE_URL` to use query macros online, or run `cargo sqlx prepare` to update the query cache
[INFO] [stdout]   --> src/dal/attendance_db.rs:30:5
[INFO] [stdout]    |
[INFO] [stdout] 30 | /     sqlx::query!(
[INFO] [stdout] 31 | |         r#"
[INFO] [stdout] 32 | |         insert into attendance
[INFO] [stdout] 33 | |           (public_id, attendance_method, attendance_type, attendance_location, attendee_user_id, marker_user_id)
[INFO] [stdout] ...  |
[INFO] [stdout] 42 | |         marker_user_id,
[INFO] [stdout] 43 | |     )
[INFO] [stdout]    | |_____^
[INFO] [stdout]    |
[INFO] [stdout]    = note: this error originates in the macro `$crate::sqlx_macros::expand_query` which comes from the expansion of the macro `sqlx::query` (in Nightly builds, run with -Z macro-backtrace for more info)
[INFO] [stdout] 
[INFO] [stdout] 
[INFO] [stdout] error: set `DATABASE_URL` to use query macros online, or run `cargo sqlx prepare` to update the query cache
[INFO] [stdout]   --> src/dal/attendance_db.rs:66:5
[INFO] [stdout]    |
[INFO] [stdout] 66 | /     sqlx::query_as!(
[INFO] [stdout] 67 | |         AttendanceReadDTO,
[INFO] [stdout] 68 | |         r#"
[INFO] [stdout] 69 | |         select
[INFO] [stdout] ...  |
[INFO] [stdout] 80 | |         user_id
[INFO] [stdout] 81 | |     )
[INFO] [stdout]    | |_____^
[INFO] [stdout]    |
[INFO] [stdout]    = note: this error originates in the macro `$crate::sqlx_macros::expand_query` which comes from the expansion of the macro `sqlx::query_as` (in Nightly builds, run with -Z macro-backtrace for more info)
[INFO] [stdout] 
[INFO] [stdout] 
[INFO] [stdout] error: set `DATABASE_URL` to use query macros online, or run `cargo sqlx prepare` to update the query cache
[INFO] [stdout]   --> src/dal/chat_db.rs:18:5
[INFO] [stdout]    |
[INFO] [stdout] 18 | /     sqlx::query!(
[INFO] [stdout] 19 | |         r#"
[INFO] [stdout] 20 | |         insert into chat_message
[INFO] [stdout] 21 | |             (content, chat_id, sender_user_id)
[INFO] [stdout] ...  |
[INFO] [stdout] 27 | |         user_id,
[INFO] [stdout] 28 | |     )
[INFO] [stdout]    | |_____^
[INFO] [stdout]    |
[INFO] [stdout]    = note: this error originates in the macro `$crate::sqlx_macros::expand_query` which comes from the expansion of the macro `sqlx::query` (in Nightly builds, run with -Z macro-backtrace for more info)
[INFO] [stdout] 
[INFO] [stdout] 
[INFO] [stdout] error: set `DATABASE_URL` to use query macros online, or run `cargo sqlx prepare` to update the query cache
[INFO] [stdout]   --> src/dal/chat_db.rs:44:15
[INFO] [stdout]    |
[INFO] [stdout] 44 |       let row = sqlx::query!(
[INFO] [stdout]    |  _______________^
[INFO] [stdout] 45 | |         r#"
[INFO] [stdout] 46 | |         insert into chat
[INFO] [stdout] 47 | |             (public_id, display_name)
[INFO] [stdout] ...  |
[INFO] [stdout] 53 | |         display_name,
[INFO] [stdout] 54 | |     )
[INFO] [stdout]    | |_____^
[INFO] [stdout]    |
[INFO] [stdout]    = note: this error originates in the macro `$crate::sqlx_macros::expand_query` which comes from the expansion of the macro `sqlx::query` (in Nightly builds, run with -Z macro-backtrace for more info)
[INFO] [stdout] 
[INFO] [stdout] 
[INFO] [stdout] error: set `DATABASE_URL` to use query macros online, or run `cargo sqlx prepare` to update the query cache
[INFO] [stdout]   --> src/dal/fee_db.rs:35:19
[INFO] [stdout]    |
[INFO] [stdout] 35 |       let fee_row = sqlx::query!(
[INFO] [stdout]    |  ___________________^
[INFO] [stdout] 36 | |         r#"
[INFO] [stdout] 37 | |         insert into fee
[INFO] [stdout] 38 | |           (public_id, name, description, recurrence, recurring_cycles_count, invoice_date, due_date)
[INFO] [stdout] ...  |
[INFO] [stdout] 49 | |         args.due_date,
[INFO] [stdout] 50 | |     )
[INFO] [stdout]    | |_____^
[INFO] [stdout]    |
[INFO] [stdout]    = note: this error originates in the macro `$crate::sqlx_macros::expand_query` which comes from the expansion of the macro `sqlx::query` (in Nightly builds, run with -Z macro-backtrace for more info)
[INFO] [stdout] 
[INFO] [stdout] 
[INFO] [stdout] error: set `DATABASE_URL` to use query macros online, or run `cargo sqlx prepare` to update the query cache
[INFO] [stdout]   --> src/dal/fee_db.rs:55:9
[INFO] [stdout]    |
[INFO] [stdout] 55 | /         sqlx::query!(
[INFO] [stdout] 56 | |             r#"
[INFO] [stdout] 57 | |             insert into fee_line_item
[INFO] [stdout] 58 | |                 (public_id, fee_id, name, amount, discount_percentage)
[INFO] [stdout] ...  |
[INFO] [stdout] 66 | |             line_item.discount_percentage,
[INFO] [stdout] 67 | |         )
[INFO] [stdout]    | |_________^
[INFO] [stdout]    |
[INFO] [stdout]    = note: this error originates in the macro `$crate::sqlx_macros::expand_query` which comes from the expansion of the macro `sqlx::query` (in Nightly builds, run with -Z macro-backtrace for more info)
[INFO] [stdout] 
[INFO] [stdout] 
[INFO] [stdout] error: set `DATABASE_URL` to use query macros online, or run `cargo sqlx prepare` to update the query cache
[INFO] [stdout]   --> src/dal/fee_db.rs:84:20
[INFO] [stdout]    |
[INFO] [stdout] 84 |           let rows = sqlx::query!(
[INFO] [stdout]    |  ____________________^
[INFO] [stdout] 85 | |             r#"
[INFO] [stdout] 86 | |             select user_id from user_class where class_id = $1
[INFO] [stdout] 87 | |             "#,
[INFO] [stdout] 88 | |             class_id
[INFO] [stdout] 89 | |         )
[INFO] [stdout]    | |_________^
[INFO] [stdout]    |
[INFO] [stdout]    = note: this error originates in the macro `$crate::sqlx_macros::expand_query` which comes from the expansion of the macro `sqlx::query` (in Nightly builds, run with -Z macro-backtrace for more info)
[INFO] [stdout] 
[INFO] [stdout] 
[INFO] [stdout] error: set `DATABASE_URL` to use query macros online, or run `cargo sqlx prepare` to update the query cache
[INFO] [stdout]    --> src/dal/fee_db.rs:94:33
[INFO] [stdout]     |
[INFO] [stdout]  94 |               let fee_payer_row = sqlx::query!(
[INFO] [stdout]     |  _________________________________^
[INFO] [stdout]  95 | |                 r#"
[INFO] [stdout]  96 | |                 insert into fee_payer
[INFO] [stdout]  97 | |                     (fee_id, payer_user_id)
[INFO] [stdout] ...   |
[INFO] [stdout] 103 | |                 r.user_id,
[INFO] [stdout] 104 | |             )
[INFO] [stdout]     | |_____________^
[INFO] [stdout]     |
[INFO] [stdout]     = note: this error originates in the macro `$crate::sqlx_macros::expand_query` which comes from the expansion of the macro `sqlx::query` (in Nightly builds, run with -Z macro-backtrace for more info)
[INFO] [stdout] 
[INFO] [stdout] 
[INFO] [stdout] error: set `DATABASE_URL` to use query macros online, or run `cargo sqlx prepare` to update the query cache
[INFO] [stdout]    --> src/dal/fee_db.rs:108:13
[INFO] [stdout]     |
[INFO] [stdout] 108 | /             sqlx::query!(
[INFO] [stdout] 109 | |                 r#"
[INFO] [stdout] 110 | |                 insert into invoice
[INFO] [stdout] 111 | |                     (public_id, fee_payer_id)
[INFO] [stdout] ...   |
[INFO] [stdout] 116 | |                 fee_payer_row.id,
[INFO] [stdout] 117 | |             )
[INFO] [stdout]     | |_____________^
[INFO] [stdout]     |
[INFO] [stdout]     = note: this error originates in the macro `$crate::sqlx_macros::expand_query` which comes from the expansion of the macro `sqlx::query` (in Nightly builds, run with -Z macro-backtrace for more info)
[INFO] [stdout] 
[INFO] [stdout] 
[INFO] [stdout] error: set `DATABASE_URL` to use query macros online, or run `cargo sqlx prepare` to update the query cache
[INFO] [stdout]   --> src/dal/homework_db.rs:21:24
[INFO] [stdout]    |
[INFO] [stdout] 21 |       let homework_row = sqlx::query!(
[INFO] [stdout]    |  ________________________^
[INFO] [stdout] 22 | |         r#"
[INFO] [stdout] 23 | |         insert into homework
[INFO] [stdout] 24 | |           (public_id, title, prompt, teacher_user_id, deadline)
[INFO] [stdout] ...  |
[INFO] [stdout] 33 | |         args.deadline,
[INFO] [stdout] 34 | |     )
[INFO] [stdout]    | |_____^
[INFO] [stdout]    |
[INFO] [stdout]    = note: this error originates in the macro `$crate::sqlx_macros::expand_query` which comes from the expansion of the macro `sqlx::query` (in Nightly builds, run with -Z macro-backtrace for more info)
[INFO] [stdout] 
[INFO] [stdout] 
[INFO] [stdout] error: set `DATABASE_URL` to use query macros online, or run `cargo sqlx prepare` to update the query cache
[INFO] [stdout]   --> src/dal/homework_db.rs:40:9
[INFO] [stdout]    |
[INFO] [stdout] 40 | /         sqlx::query!(
[INFO] [stdout] 41 | |             r#"
[INFO] [stdout] 42 | |             insert into homework_attachment
[INFO] [stdout] 43 | |                 (attachment_id, homework_id)
[INFO] [stdout] ...  |
[INFO] [stdout] 48 | |             homework_row.id,
[INFO] [stdout] 49 | |         )
[INFO] [stdout]    | |_________^
[INFO] [stdout]    |
[INFO] [stdout]    = note: this error originates in the macro `$crate::sqlx_macros::expand_query` which comes from the expansion of the macro `sqlx::query` (in Nightly builds, run with -Z macro-backtrace for more info)
[INFO] [stdout] 
[INFO] [stdout] 
[INFO] [stdout] error: set `DATABASE_URL` to use query macros online, or run `cargo sqlx prepare` to update the query cache
[INFO] [stdout]    --> src/dal/homework_db.rs:74:5
[INFO] [stdout]     |
[INFO] [stdout]  74 | /     sqlx::query_as!(
[INFO] [stdout]  75 | |         HomeworkReadDTO,
[INFO] [stdout]  76 | |         r#"
[INFO] [stdout]  77 | |         select
[INFO] [stdout] ...   |
[INFO] [stdout] 100 | |         class_id
[INFO] [stdout] 101 | |     )
[INFO] [stdout]     | |_____^
[INFO] [stdout]     |
[INFO] [stdout]     = note: this error originates in the macro `$crate::sqlx_macros::expand_query` which comes from the expansion of the macro `sqlx::query_as` (in Nightly builds, run with -Z macro-backtrace for more info)
[INFO] [stdout] 
[INFO] [stdout] 
[INFO] [stdout] error: set `DATABASE_URL` to use query macros online, or run `cargo sqlx prepare` to update the query cache
[INFO] [stdout]   --> src/dal/class_db.rs:50:5
[INFO] [stdout]    |
[INFO] [stdout] 50 | /     sqlx::query!(
[INFO] [stdout] 51 | |         r#"
[INFO] [stdout] 52 | |         insert into class
[INFO] [stdout] 53 | |             (public_id, display_name)
[INFO] [stdout] ...  |
[INFO] [stdout] 58 | |         class.display_name.as_ref(),
[INFO] [stdout] 59 | |     )
[INFO] [stdout]    | |_____^
[INFO] [stdout]    |
[INFO] [stdout]    = note: this error originates in the macro `$crate::sqlx_macros::expand_query` which comes from the expansion of the macro `sqlx::query` (in Nightly builds, run with -Z macro-backtrace for more info)
[INFO] [stdout] 
[INFO] [stdout] 
[INFO] [stdout] error: set `DATABASE_URL` to use query macros online, or run `cargo sqlx prepare` to update the query cache
[INFO] [stdout]   --> src/dal/id_map_db.rs:46:15
[INFO] [stdout]    |
[INFO] [stdout] 46 |       let row = sqlx::query!(
[INFO] [stdout]    |  _______________^
[INFO] [stdout] 47 | |         r#"
[INFO] [stdout] 48 | |         select id from attachment where public_id = $1
[INFO] [stdout] 49 | |         "#,
[INFO] [stdout] 50 | |         public_id
[INFO] [stdout] 51 | |     )
[INFO] [stdout]    | |_____^
[INFO] [stdout]    |
[INFO] [stdout]    = note: this error originates in the macro `$crate::sqlx_macros::expand_query` which comes from the expansion of the macro `sqlx::query` (in Nightly builds, run with -Z macro-backtrace for more info)
[INFO] [stdout] 
[INFO] [stdout] 
[INFO] [stdout] error: set `DATABASE_URL` to use query macros online, or run `cargo sqlx prepare` to update the query cache
[INFO] [stdout]   --> src/dal/id_map_db.rs:59:15
[INFO] [stdout]    |
[INFO] [stdout] 59 |       let row = sqlx::query!(
[INFO] [stdout]    |  _______________^
[INFO] [stdout] 60 | |         r#"
[INFO] [stdout] 61 | |         select id from fee where public_id = $1
[INFO] [stdout] 62 | |         "#,
[INFO] [stdout] 63 | |         public_id
[INFO] [stdout] 64 | |     )
[INFO] [stdout]    | |_____^
[INFO] [stdout]    |
[INFO] [stdout]    = note: this error originates in the macro `$crate::sqlx_macros::expand_query` which comes from the expansion of the macro `sqlx::query` (in Nightly builds, run with -Z macro-backtrace for more info)
[INFO] [stdout] 
[INFO] [stdout] 
[INFO] [stdout] error: set `DATABASE_URL` to use query macros online, or run `cargo sqlx prepare` to update the query cache
[INFO] [stdout]   --> src/dal/fee_db.rs:35:19
[INFO] [stdout]    |
[INFO] [stdout] 35 |       let fee_row = sqlx::query!(
[INFO] [stdout]    |  ___________________^
[INFO] [stdout] 36 | |         r#"
[INFO] [stdout] 37 | |         insert into fee
[INFO] [stdout] 38 | |           (public_id, name, description, recurrence, recurring_cycles_count, invoice_date, due_date)
[INFO] [stdout] ...  |
[INFO] [stdout] 49 | |         args.due_date,
[INFO] [stdout] 50 | |     )
[INFO] [stdout]    | |_____^
[INFO] [stdout]    |
[INFO] [stdout]    = note: this error originates in the macro `$crate::sqlx_macros::expand_query` which comes from the expansion of the macro `sqlx::query` (in Nightly builds, run with -Z macro-backtrace for more info)
[INFO] [stdout] 
[INFO] [stdout] 
[INFO] [stdout] error: set `DATABASE_URL` to use query macros online, or run `cargo sqlx prepare` to update the query cache
[INFO] [stdout]   --> src/dal/fee_db.rs:55:9
[INFO] [stdout]    |
[INFO] [stdout] 55 | /         sqlx::query!(
[INFO] [stdout] 56 | |             r#"
[INFO] [stdout] 57 | |             insert into fee_line_item
[INFO] [stdout] 58 | |                 (public_id, fee_id, name, amount, discount_percentage)
[INFO] [stdout] ...  |
[INFO] [stdout] 66 | |             line_item.discount_percentage,
[INFO] [stdout] 67 | |         )
[INFO] [stdout]    | |_________^
[INFO] [stdout]    |
[INFO] [stdout]    = note: this error originates in the macro `$crate::sqlx_macros::expand_query` which comes from the expansion of the macro `sqlx::query` (in Nightly builds, run with -Z macro-backtrace for more info)
[INFO] [stdout] 
[INFO] [stdout] 
[INFO] [stdout] error: set `DATABASE_URL` to use query macros online, or run `cargo sqlx prepare` to update the query cache
[INFO] [stdout]   --> src/dal/fee_db.rs:84:20
[INFO] [stdout]    |
[INFO] [stdout] 84 |           let rows = sqlx::query!(
[INFO] [stdout]    |  ____________________^
[INFO] [stdout] 85 | |             r#"
[INFO] [stdout] 86 | |             select user_id from user_class where class_id = $1
[INFO] [stdout] 87 | |             "#,
[INFO] [stdout] 88 | |             class_id
[INFO] [stdout] 89 | |         )
[INFO] [stdout]    | |_________^
[INFO] [stdout]    |
[INFO] [stdout]    = note: this error originates in the macro `$crate::sqlx_macros::expand_query` which comes from the expansion of the macro `sqlx::query` (in Nightly builds, run with -Z macro-backtrace for more info)
[INFO] [stdout] 
[INFO] [stdout] 
[INFO] [stdout] error: set `DATABASE_URL` to use query macros online, or run `cargo sqlx prepare` to update the query cache
[INFO] [stdout]    --> src/dal/fee_db.rs:94:33
[INFO] [stdout]     |
[INFO] [stdout]  94 |               let fee_payer_row = sqlx::query!(
[INFO] [stdout]     |  _________________________________^
[INFO] [stdout]  95 | |                 r#"
[INFO] [stdout]  96 | |                 insert into fee_payer
[INFO] [stdout]  97 | |                     (fee_id, payer_user_id)
[INFO] [stdout] ...   |
[INFO] [stdout] 103 | |                 r.user_id,
[INFO] [stdout] 104 | |             )
[INFO] [stdout]     | |_____________^
[INFO] [stdout]     |
[INFO] [stdout]     = note: this error originates in the macro `$crate::sqlx_macros::expand_query` which comes from the expansion of the macro `sqlx::query` (in Nightly builds, run with -Z macro-backtrace for more info)
[INFO] [stdout] 
[INFO] [stdout] 
[INFO] [stdout] error: set `DATABASE_URL` to use query macros online, or run `cargo sqlx prepare` to update the query cache
[INFO] [stdout]   --> src/dal/user_db.rs:20:5
[INFO] [stdout]    |
[INFO] [stdout] 20 | /     sqlx::query_as!(
[INFO] [stdout] 21 | |         GetUserWithCredDb,
[INFO] [stdout] 22 | |         r#"
[INFO] [stdout] 23 | |         select
[INFO] [stdout] ...  |
[INFO] [stdout] 37 | |         user_id,
[INFO] [stdout] 38 | |     )
[INFO] [stdout]    | |_____^
[INFO] [stdout]    |
[INFO] [stdout]    = note: this error originates in the macro `$crate::sqlx_macros::expand_query` which comes from the expansion of the macro `sqlx::query_as` (in Nightly builds, run with -Z macro-backtrace for more info)
[INFO] [stdout] 
[INFO] [stdout] 
[INFO] [stdout] error: set `DATABASE_URL` to use query macros online, or run `cargo sqlx prepare` to update the query cache
[INFO] [stdout]    --> src/dal/fee_db.rs:108:13
[INFO] [stdout]     |
[INFO] [stdout] 108 | /             sqlx::query!(
[INFO] [stdout] 109 | |                 r#"
[INFO] [stdout] 110 | |                 insert into invoice
[INFO] [stdout] 111 | |                     (public_id, fee_payer_id)
[INFO] [stdout] ...   |
[INFO] [stdout] 116 | |                 fee_payer_row.id,
[INFO] [stdout] 117 | |             )
[INFO] [stdout]     | |_____________^
[INFO] [stdout]     |
[INFO] [stdout]     = note: this error originates in the macro `$crate::sqlx_macros::expand_query` which comes from the expansion of the macro `sqlx::query` (in Nightly builds, run with -Z macro-backtrace for more info)
[INFO] [stdout] 
[INFO] [stdout] 
[INFO] [stdout] error: set `DATABASE_URL` to use query macros online, or run `cargo sqlx prepare` to update the query cache
[INFO] [stdout]   --> src/dal/homework_db.rs:21:24
[INFO] [stdout]    |
[INFO] [stdout] 21 |       let homework_row = sqlx::query!(
[INFO] [stdout]    |  ________________________^
[INFO] [stdout] 22 | |         r#"
[INFO] [stdout] 23 | |         insert into homework
[INFO] [stdout] 24 | |           (public_id, title, prompt, teacher_user_id, deadline)
[INFO] [stdout] ...  |
[INFO] [stdout] 33 | |         args.deadline,
[INFO] [stdout] 34 | |     )
[INFO] [stdout]    | |_____^
[INFO] [stdout]    |
[INFO] [stdout]    = note: this error originates in the macro `$crate::sqlx_macros::expand_query` which comes from the expansion of the macro `sqlx::query` (in Nightly builds, run with -Z macro-backtrace for more info)
[INFO] [stdout] 
[INFO] [stdout] 
[INFO] [stdout] error: set `DATABASE_URL` to use query macros online, or run `cargo sqlx prepare` to update the query cache
[INFO] [stdout]   --> src/dal/homework_db.rs:40:9
[INFO] [stdout]    |
[INFO] [stdout] 40 | /         sqlx::query!(
[INFO] [stdout] 41 | |             r#"
[INFO] [stdout] 42 | |             insert into homework_attachment
[INFO] [stdout] 43 | |                 (attachment_id, homework_id)
[INFO] [stdout] ...  |
[INFO] [stdout] 48 | |             homework_row.id,
[INFO] [stdout] 49 | |         )
[INFO] [stdout]    | |_________^
[INFO] [stdout]    |
[INFO] [stdout]    = note: this error originates in the macro `$crate::sqlx_macros::expand_query` which comes from the expansion of the macro `sqlx::query` (in Nightly builds, run with -Z macro-backtrace for more info)
[INFO] [stdout] 
[INFO] [stdout] 
[INFO] [stdout] error: set `DATABASE_URL` to use query macros online, or run `cargo sqlx prepare` to update the query cache
[INFO] [stdout]   --> src/dal/user_db.rs:55:5
[INFO] [stdout]    |
[INFO] [stdout] 55 | /     sqlx::query_as!(
[INFO] [stdout] 56 | |         GetUserDb,
[INFO] [stdout] 57 | |         r#"
[INFO] [stdout] 58 | |         select
[INFO] [stdout] ...  |
[INFO] [stdout] 72 | |         "#
[INFO] [stdout] 73 | |     )
[INFO] [stdout]    | |_____^
[INFO] [stdout]    |
[INFO] [stdout]    = note: this error originates in the macro `$crate::sqlx_macros::expand_query` which comes from the expansion of the macro `sqlx::query_as` (in Nightly builds, run with -Z macro-backtrace for more info)
[INFO] [stdout] 
[INFO] [stdout] 
[INFO] [stdout] error: set `DATABASE_URL` to use query macros online, or run `cargo sqlx prepare` to update the query cache
[INFO] [stdout]    --> src/dal/user_db.rs:91:5
[INFO] [stdout]     |
[INFO] [stdout]  91 | /     sqlx::query_as!(
[INFO] [stdout]  92 | |         GetUserDb,
[INFO] [stdout]  93 | |         r#"
[INFO] [stdout]  94 | |         select
[INFO] [stdout] ...   |
[INFO] [stdout] 111 | |         parent_user_id
[INFO] [stdout] 112 | |     )
[INFO] [stdout]     | |_____^
[INFO] [stdout]     |
[INFO] [stdout]     = note: this error originates in the macro `$crate::sqlx_macros::expand_query` which comes from the expansion of the macro `sqlx::query_as` (in Nightly builds, run with -Z macro-backtrace for more info)
[INFO] [stdout] 
[INFO] [stdout] 
[INFO] [stdout] error: set `DATABASE_URL` to use query macros online, or run `cargo sqlx prepare` to update the query cache
[INFO] [stdout]    --> src/dal/homework_db.rs:74:5
[INFO] [stdout]     |
[INFO] [stdout]  74 | /     sqlx::query_as!(
[INFO] [stdout]  75 | |         HomeworkReadDTO,
[INFO] [stdout]  76 | |         r#"
[INFO] [stdout]  77 | |         select
[INFO] [stdout] ...   |
[INFO] [stdout] 100 | |         class_id
[INFO] [stdout] 101 | |     )
[INFO] [stdout]     | |_____^
[INFO] [stdout]     |
[INFO] [stdout]     = note: this error originates in the macro `$crate::sqlx_macros::expand_query` which comes from the expansion of the macro `sqlx::query_as` (in Nightly builds, run with -Z macro-backtrace for more info)
[INFO] [stdout] 
[INFO] [stdout] 
[INFO] [stdout] error: set `DATABASE_URL` to use query macros online, or run `cargo sqlx prepare` to update the query cache
[INFO] [stdout]    --> src/dal/user_db.rs:212:15
[INFO] [stdout]     |
[INFO] [stdout] 212 |       let row = sqlx::query!(
[INFO] [stdout]     |  _______________^
[INFO] [stdout] 213 | |         r#"
[INFO] [stdout] 214 | |         insert into raabta_user
[INFO] [stdout] 215 | |             (public_id, display_name, email, phone_number, user_role)
[INFO] [stdout] ...   |
[INFO] [stdout] 224 | |         &new_user.user_role as &RaabtaUserRole,
[INFO] [stdout] 225 | |     )
[INFO] [stdout]     | |_____^
[INFO] [stdout]     |
[INFO] [stdout]     = note: this error originates in the macro `$crate::sqlx_macros::expand_query` which comes from the expansion of the macro `sqlx::query` (in Nightly builds, run with -Z macro-backtrace for more info)
[INFO] [stdout] 
[INFO] [stdout] 
[INFO] [stdout] error: set `DATABASE_URL` to use query macros online, or run `cargo sqlx prepare` to update the query cache
[INFO] [stdout]   --> src/dal/id_map_db.rs:46:15
[INFO] [stdout]    |
[INFO] [stdout] 46 |       let row = sqlx::query!(
[INFO] [stdout]    |  _______________^
[INFO] [stdout] 47 | |         r#"
[INFO] [stdout] 48 | |         select id from attachment where public_id = $1
[INFO] [stdout] 49 | |         "#,
[INFO] [stdout] 50 | |         public_id
[INFO] [stdout] 51 | |     )
[INFO] [stdout]    | |_____^
[INFO] [stdout]    |
[INFO] [stdout]    = note: this error originates in the macro `$crate::sqlx_macros::expand_query` which comes from the expansion of the macro `sqlx::query` (in Nightly builds, run with -Z macro-backtrace for more info)
[INFO] [stdout] 
[INFO] [stdout] 
[INFO] [stdout] error: set `DATABASE_URL` to use query macros online, or run `cargo sqlx prepare` to update the query cache
[INFO] [stdout]   --> src/dal/id_map_db.rs:59:15
[INFO] [stdout]    |
[INFO] [stdout] 59 |       let row = sqlx::query!(
[INFO] [stdout]    |  _______________^
[INFO] [stdout] 60 | |         r#"
[INFO] [stdout] 61 | |         select id from fee where public_id = $1
[INFO] [stdout] 62 | |         "#,
[INFO] [stdout] 63 | |         public_id
[INFO] [stdout] 64 | |     )
[INFO] [stdout]    | |_____^
[INFO] [stdout]    |
[INFO] [stdout]    = note: this error originates in the macro `$crate::sqlx_macros::expand_query` which comes from the expansion of the macro `sqlx::query` (in Nightly builds, run with -Z macro-backtrace for more info)
[INFO] [stdout] 
[INFO] [stdout] 
[INFO] [stdout] error: set `DATABASE_URL` to use query macros online, or run `cargo sqlx prepare` to update the query cache
[INFO] [stdout]   --> src/dal/user_db.rs:20:5
[INFO] [stdout]    |
[INFO] [stdout] 20 | /     sqlx::query_as!(
[INFO] [stdout] 21 | |         GetUserWithCredDb,
[INFO] [stdout] 22 | |         r#"
[INFO] [stdout] 23 | |         select
[INFO] [stdout] ...  |
[INFO] [stdout] 37 | |         user_id,
[INFO] [stdout] 38 | |     )
[INFO] [stdout]    | |_____^
[INFO] [stdout]    |
[INFO] [stdout]    = note: this error originates in the macro `$crate::sqlx_macros::expand_query` which comes from the expansion of the macro `sqlx::query_as` (in Nightly builds, run with -Z macro-backtrace for more info)
[INFO] [stdout] 
[INFO] [stdout] 
[INFO] [stdout] error: set `DATABASE_URL` to use query macros online, or run `cargo sqlx prepare` to update the query cache
[INFO] [stdout]   --> src/dal/user_db.rs:55:5
[INFO] [stdout]    |
[INFO] [stdout] 55 | /     sqlx::query_as!(
[INFO] [stdout] 56 | |         GetUserDb,
[INFO] [stdout] 57 | |         r#"
[INFO] [stdout] 58 | |         select
[INFO] [stdout] ...  |
[INFO] [stdout] 72 | |         "#
[INFO] [stdout] 73 | |     )
[INFO] [stdout]    | |_____^
[INFO] [stdout]    |
[INFO] [stdout]    = note: this error originates in the macro `$crate::sqlx_macros::expand_query` which comes from the expansion of the macro `sqlx::query_as` (in Nightly builds, run with -Z macro-backtrace for more info)
[INFO] [stdout] 
[INFO] [stdout] 
[INFO] [stdout] error: set `DATABASE_URL` to use query macros online, or run `cargo sqlx prepare` to update the query cache
[INFO] [stdout]    --> src/dal/user_db.rs:91:5
[INFO] [stdout]     |
[INFO] [stdout]  91 | /     sqlx::query_as!(
[INFO] [stdout]  92 | |         GetUserDb,
[INFO] [stdout]  93 | |         r#"
[INFO] [stdout]  94 | |         select
[INFO] [stdout] ...   |
[INFO] [stdout] 111 | |         parent_user_id
[INFO] [stdout] 112 | |     )
[INFO] [stdout]     | |_____^
[INFO] [stdout]     |
[INFO] [stdout]     = note: this error originates in the macro `$crate::sqlx_macros::expand_query` which comes from the expansion of the macro `sqlx::query_as` (in Nightly builds, run with -Z macro-backtrace for more info)
[INFO] [stdout] 
[INFO] [stdout] 
[INFO] [stdout] error: set `DATABASE_URL` to use query macros online, or run `cargo sqlx prepare` to update the query cache
[INFO] [stdout]    --> src/dal/user_db.rs:212:15
[INFO] [stdout]     |
[INFO] [stdout] 212 |       let row = sqlx::query!(
[INFO] [stdout]     |  _______________^
[INFO] [stdout] 213 | |         r#"
[INFO] [stdout] 214 | |         insert into raabta_user
[INFO] [stdout] 215 | |             (public_id, display_name, email, phone_number, user_role)
[INFO] [stdout] ...   |
[INFO] [stdout] 224 | |         &new_user.user_role as &RaabtaUserRole,
[INFO] [stdout] 225 | |     )
[INFO] [stdout]     | |_____^
[INFO] [stdout]     |
[INFO] [stdout]     = note: this error originates in the macro `$crate::sqlx_macros::expand_query` which comes from the expansion of the macro `sqlx::query` (in Nightly builds, run with -Z macro-backtrace for more info)
[INFO] [stdout] 
[INFO] [stdout] 
[INFO] [stdout] warning: unused import: `utils`
[INFO] [stdout]  --> src/dal/fee_db.rs:6:36
[INFO] [stdout]   |
[INFO] [stdout] 6 | use crate::{domain::FeeRecurrence, utils};
[INFO] [stdout]   |                                    ^^^^^
[INFO] [stdout]   |
[INFO] [stdout]   = note: `#[warn(unused_imports)]` (part of `#[warn(unused)]`) on by default
[INFO] [stdout] 
[INFO] [stdout] 
[INFO] [stdout] warning: unused import: `utils`
[INFO] [stdout]  --> src/dal/fee_db.rs:6:36
[INFO] [stdout]   |
[INFO] [stdout] 6 | use crate::{domain::FeeRecurrence, utils};
[INFO] [stdout]   |                                    ^^^^^
[INFO] [stdout]   |
[INFO] [stdout]   = note: `#[warn(unused_imports)]` (part of `#[warn(unused)]`) on by default
[INFO] [stdout] 
[INFO] [stdout] 
[INFO] [stdout] error[E0308]: mismatched types
[INFO] [stdout]   --> src/dal/chat_db.rs:66:9
[INFO] [stdout]    |
[INFO] [stdout] 66 |         sender_user_id,
[INFO] [stdout]    |         ^^^^^^^^^^^^^^
[INFO] [stdout]    |         |
[INFO] [stdout]    |         expected `Uuid`, found `i64`
[INFO] [stdout]    |         expected due to the type of this binding
[INFO] [stdout] 
[INFO] [stdout] 
[INFO] [stdout] error[E0308]: mismatched types
[INFO] [stdout]   --> src/dal/chat_db.rs:66:9
[INFO] [stdout]    |
[INFO] [stdout] 66 |         sender_user_id,
[INFO] [stdout]    |         ^^^^^^^^^^^^^^
[INFO] [stdout]    |         |
[INFO] [stdout]    |         expected `Uuid`, found `i64`
[INFO] [stdout]    |         expected due to the type of this binding
[INFO] [stdout] 
[INFO] [stdout] 
[INFO] [stdout] error[E0308]: mismatched types
[INFO] [stdout]   --> src/dal/chat_db.rs:79:9
[INFO] [stdout]    |
[INFO] [stdout] 79 |         recipient_user_id,
[INFO] [stdout]    |         ^^^^^^^^^^^^^^^^^
[INFO] [stdout]    |         |
[INFO] [stdout]    |         expected `Uuid`, found `i64`
[INFO] [stdout]    |         expected due to the type of this binding
[INFO] [stdout] 
[INFO] [stdout] 
[INFO] [stdout] error[E0308]: mismatched types
[INFO] [stdout]   --> src/dal/chat_db.rs:79:9
[INFO] [stdout]    |
[INFO] [stdout] 79 |         recipient_user_id,
[INFO] [stdout]    |         ^^^^^^^^^^^^^^^^^
[INFO] [stdout]    |         |
[INFO] [stdout]    |         expected `Uuid`, found `i64`
[INFO] [stdout]    |         expected due to the type of this binding
[INFO] [stdout] 
[INFO] [stdout] 
[INFO] [stdout] error[E0308]: mismatched types
[INFO] [stdout]    --> src/dal/chat_db.rs:108:9
[INFO] [stdout]     |
[INFO] [stdout] 108 |         sender_user_id,
[INFO] [stdout]     |         ^^^^^^^^^^^^^^
[INFO] [stdout]     |         |
[INFO] [stdout]     |         expected `Uuid`, found `i64`
[INFO] [stdout]     |         expected due to the type of this binding
[INFO] [stdout] 
[INFO] [stdout] 
[INFO] [stdout] error[E0308]: mismatched types
[INFO] [stdout]    --> src/dal/chat_db.rs:108:9
[INFO] [stdout]     |
[INFO] [stdout] 108 |         sender_user_id,
[INFO] [stdout]     |         ^^^^^^^^^^^^^^
[INFO] [stdout]     |         |
[INFO] [stdout]     |         expected `Uuid`, found `i64`
[INFO] [stdout]     |         expected due to the type of this binding
[INFO] [stdout] 
[INFO] [stdout] 
[INFO] [stdout] error[E0308]: mismatched types
[INFO] [stdout]    --> src/dal/chat_db.rs:109:9
[INFO] [stdout]     |
[INFO] [stdout] 109 |         recipient_user_id,
[INFO] [stdout]     |         ^^^^^^^^^^^^^^^^^
[INFO] [stdout]     |         |
[INFO] [stdout]     |         expected `Uuid`, found `i64`
[INFO] [stdout]     |         expected due to the type of this binding
[INFO] [stdout] 
[INFO] [stdout] 
[INFO] [stdout] error[E0308]: mismatched types
[INFO] [stdout]    --> src/dal/chat_db.rs:109:9
[INFO] [stdout]     |
[INFO] [stdout] 109 |         recipient_user_id,
[INFO] [stdout]     |         ^^^^^^^^^^^^^^^^^
[INFO] [stdout]     |         |
[INFO] [stdout]     |         expected `Uuid`, found `i64`
[INFO] [stdout]     |         expected due to the type of this binding
[INFO] [stdout] 
[INFO] [stdout] 
[INFO] [stdout] error[E0308]: mismatched types
[INFO] [stdout]    --> src/dal/chat_db.rs:120:42
[INFO] [stdout]     |
[INFO] [stdout] 120 |                     .all(|id| m.contains(&id));
[INFO] [stdout]     |                                 -------- ^^^ expected `&Uuid`, found `&i64`
[INFO] [stdout]     |                                 |
[INFO] [stdout]     |                                 arguments to this method are incorrect
[INFO] [stdout]     |
[INFO] [stdout]     = note: expected reference `&uuid::Uuid`
[INFO] [stdout]                found reference `&i64`
[INFO] [stdout] note: method defined here
[INFO] [stdout]    --> /rustc/52995a223f2919dd3e2e427231db90a257350ded/library/core/src/slice/mod.rs:2602:11
[INFO] [stdout] 
[INFO] [stdout] 
[INFO] [stdout] error[E0308]: mismatched types
[INFO] [stdout]    --> src/dal/chat_db.rs:120:42
[INFO] [stdout]     |
[INFO] [stdout] 120 |                     .all(|id| m.contains(&id));
[INFO] [stdout]     |                                 -------- ^^^ expected `&Uuid`, found `&i64`
[INFO] [stdout]     |                                 |
[INFO] [stdout]     |                                 arguments to this method are incorrect
[INFO] [stdout]     |
[INFO] [stdout]     = note: expected reference `&uuid::Uuid`
[INFO] [stdout]                found reference `&i64`
[INFO] [stdout] note: method defined here
[INFO] [stdout]    --> /rustc/52995a223f2919dd3e2e427231db90a257350ded/library/core/src/slice/mod.rs:2602:11
[INFO] [stdout] 
[INFO] [stdout] 
[INFO] [stdout] error[E0277]: a value of type `Vec<i64>` cannot be built from an iterator over elements of type `uuid::Uuid`
[INFO] [stdout]    --> src/dal/chat_db.rs:127:10
[INFO] [stdout]     |
[INFO] [stdout] 127 |         .collect();
[INFO] [stdout]     |          ^^^^^^^ value of type `Vec<i64>` cannot be built from `std::iter::Iterator<Item=uuid::Uuid>`
[INFO] [stdout]     |
[INFO] [stdout] help: the trait `FromIterator<uuid::Uuid>` is not implemented for `Vec<i64>`
[INFO] [stdout]       but trait `FromIterator<i64>` is implemented for it
[INFO] [stdout]    --> /rustc/52995a223f2919dd3e2e427231db90a257350ded/library/alloc/src/vec/mod.rs:4106:0
[INFO] [stdout]     = help: for that trait implementation, expected `i64`, found `uuid::Uuid`
[INFO] [stdout] note: required by a bound in `std::iter::Iterator::collect`
[INFO] [stdout]    --> /rustc/52995a223f2919dd3e2e427231db90a257350ded/library/core/src/iter/traits/iterator.rs:2087:4
[INFO] [stdout] 
[INFO] [stdout] 
[INFO] [stdout] error[E0277]: a value of type `Vec<i64>` cannot be built from an iterator over elements of type `uuid::Uuid`
[INFO] [stdout]    --> src/dal/chat_db.rs:127:10
[INFO] [stdout]     |
[INFO] [stdout] 127 |         .collect();
[INFO] [stdout]     |          ^^^^^^^ value of type `Vec<i64>` cannot be built from `std::iter::Iterator<Item=uuid::Uuid>`
[INFO] [stdout]     |
[INFO] [stdout] help: the trait `FromIterator<uuid::Uuid>` is not implemented for `Vec<i64>`
[INFO] [stdout]       but trait `FromIterator<i64>` is implemented for it
[INFO] [stdout]    --> /rustc/52995a223f2919dd3e2e427231db90a257350ded/library/alloc/src/vec/mod.rs:4106:0
[INFO] [stdout]     = help: for that trait implementation, expected `i64`, found `uuid::Uuid`
[INFO] [stdout] note: required by a bound in `std::iter::Iterator::collect`
[INFO] [stdout]    --> /rustc/52995a223f2919dd3e2e427231db90a257350ded/library/core/src/iter/traits/iterator.rs:2087:4
[INFO] [stdout] 
[INFO] [stdout] 
[INFO] [stdout] error[E0308]: mismatched types
[INFO] [stdout]    --> src/dal/chat_db.rs:161:9
[INFO] [stdout]     |
[INFO] [stdout] 161 |         chat_id,
[INFO] [stdout]     |         ^^^^^^^
[INFO] [stdout]     |         |
[INFO] [stdout]     |         expected `Uuid`, found `&i64`
[INFO] [stdout]     |         expected due to the type of this binding
[INFO] [stdout] 
[INFO] [stdout] 
[INFO] [stdout] error[E0308]: mismatched types
[INFO] [stdout]    --> src/dal/chat_db.rs:161:9
[INFO] [stdout]     |
[INFO] [stdout] 161 |         chat_id,
[INFO] [stdout]     |         ^^^^^^^
[INFO] [stdout]     |         |
[INFO] [stdout]     |         expected `Uuid`, found `&i64`
[INFO] [stdout]     |         expected due to the type of this binding
[INFO] [stdout] 
[INFO] [stdout] 
[INFO] [stdout] error[E0308]: mismatched types
[INFO] [stdout]   --> src/dal/id_map_db.rs:13:8
[INFO] [stdout]    |
[INFO] [stdout] 13 |     Ok(row.id)
[INFO] [stdout]    |     -- ^^^^^^ expected `i64`, found `Uuid`
[INFO] [stdout]    |     |
[INFO] [stdout]    |     arguments to this enum variant are incorrect
[INFO] [stdout]    |
[INFO] [stdout] help: the type constructed contains `uuid::Uuid` due to the type of the argument passed
[INFO] [stdout]   --> src/dal/id_map_db.rs:13:5
[INFO] [stdout]    |
[INFO] [stdout] 13 |     Ok(row.id)
[INFO] [stdout]    |     ^^^------^
[INFO] [stdout]    |        |
[INFO] [stdout]    |        this argument influences the type of `Ok`
[INFO] [stdout] note: tuple variant defined here
[INFO] [stdout]   --> /rustc/52995a223f2919dd3e2e427231db90a257350ded/library/core/src/result.rs:562:4
[INFO] [stdout] 
[INFO] [stdout] 
[INFO] [stdout] error[E0308]: mismatched types
[INFO] [stdout]   --> src/dal/id_map_db.rs:13:8
[INFO] [stdout]    |
[INFO] [stdout] 13 |     Ok(row.id)
[INFO] [stdout]    |     -- ^^^^^^ expected `i64`, found `Uuid`
[INFO] [stdout]    |     |
[INFO] [stdout]    |     arguments to this enum variant are incorrect
[INFO] [stdout]    |
[INFO] [stdout] help: the type constructed contains `uuid::Uuid` due to the type of the argument passed
[INFO] [stdout]   --> src/dal/id_map_db.rs:13:5
[INFO] [stdout]    |
[INFO] [stdout] 13 |     Ok(row.id)
[INFO] [stdout]    |     ^^^------^
[INFO] [stdout]    |        |
[INFO] [stdout]    |        this argument influences the type of `Ok`
[INFO] [stdout] note: tuple variant defined here
[INFO] [stdout]   --> /rustc/52995a223f2919dd3e2e427231db90a257350ded/library/core/src/result.rs:562:4
[INFO] [stdout] 
[INFO] [stdout] 
[INFO] [stdout] error[E0308]: mismatched types
[INFO] [stdout]   --> src/dal/id_map_db.rs:26:8
[INFO] [stdout]    |
[INFO] [stdout] 26 |     Ok(row.id)
[INFO] [stdout]    |     -- ^^^^^^ expected `i64`, found `Uuid`
[INFO] [stdout]    |     |
[INFO] [stdout]    |     arguments to this enum variant are incorrect
[INFO] [stdout]    |
[INFO] [stdout] help: the type constructed contains `uuid::Uuid` due to the type of the argument passed
[INFO] [stdout]   --> src/dal/id_map_db.rs:26:5
[INFO] [stdout]    |
[INFO] [stdout] 26 |     Ok(row.id)
[INFO] [stdout]    |     ^^^------^
[INFO] [stdout]    |        |
[INFO] [stdout]    |        this argument influences the type of `Ok`
[INFO] [stdout] note: tuple variant defined here
[INFO] [stdout]   --> /rustc/52995a223f2919dd3e2e427231db90a257350ded/library/core/src/result.rs:562:4
[INFO] [stdout] 
[INFO] [stdout] 
[INFO] [stdout] error[E0308]: mismatched types
[INFO] [stdout]   --> src/dal/id_map_db.rs:26:8
[INFO] [stdout]    |
[INFO] [stdout] 26 |     Ok(row.id)
[INFO] [stdout]    |     -- ^^^^^^ expected `i64`, found `Uuid`
[INFO] [stdout]    |     |
[INFO] [stdout]    |     arguments to this enum variant are incorrect
[INFO] [stdout]    |
[INFO] [stdout] help: the type constructed contains `uuid::Uuid` due to the type of the argument passed
[INFO] [stdout]   --> src/dal/id_map_db.rs:26:5
[INFO] [stdout]    |
[INFO] [stdout] 26 |     Ok(row.id)
[INFO] [stdout]    |     ^^^------^
[INFO] [stdout]    |        |
[INFO] [stdout]    |        this argument influences the type of `Ok`
[INFO] [stdout] note: tuple variant defined here
[INFO] [stdout]   --> /rustc/52995a223f2919dd3e2e427231db90a257350ded/library/core/src/result.rs:562:4
[INFO] [stdout] 
[INFO] [stdout] 
[INFO] [stdout] error[E0308]: mismatched types
[INFO] [stdout]   --> src/dal/id_map_db.rs:39:8
[INFO] [stdout]    |
[INFO] [stdout] 39 |     Ok(row.id)
[INFO] [stdout]    |     -- ^^^^^^ expected `i64`, found `Uuid`
[INFO] [stdout]    |     |
[INFO] [stdout]    |     arguments to this enum variant are incorrect
[INFO] [stdout]    |
[INFO] [stdout] help: the type constructed contains `uuid::Uuid` due to the type of the argument passed
[INFO] [stdout]   --> src/dal/id_map_db.rs:39:5
[INFO] [stdout]    |
[INFO] [stdout] 39 |     Ok(row.id)
[INFO] [stdout]    |     ^^^------^
[INFO] [stdout]    |        |
[INFO] [stdout]    |        this argument influences the type of `Ok`
[INFO] [stdout] note: tuple variant defined here
[INFO] [stdout]   --> /rustc/52995a223f2919dd3e2e427231db90a257350ded/library/core/src/result.rs:562:4
[INFO] [stdout] 
[INFO] [stdout] 
[INFO] [stdout] error[E0308]: mismatched types
[INFO] [stdout]   --> src/dal/id_map_db.rs:39:8
[INFO] [stdout]    |
[INFO] [stdout] 39 |     Ok(row.id)
[INFO] [stdout]    |     -- ^^^^^^ expected `i64`, found `Uuid`
[INFO] [stdout]    |     |
[INFO] [stdout]    |     arguments to this enum variant are incorrect
[INFO] [stdout]    |
[INFO] [stdout] help: the type constructed contains `uuid::Uuid` due to the type of the argument passed
[INFO] [stdout]   --> src/dal/id_map_db.rs:39:5
[INFO] [stdout]    |
[INFO] [stdout] 39 |     Ok(row.id)
[INFO] [stdout]    |     ^^^------^
[INFO] [stdout]    |        |
[INFO] [stdout]    |        this argument influences the type of `Ok`
[INFO] [stdout] note: tuple variant defined here
[INFO] [stdout]   --> /rustc/52995a223f2919dd3e2e427231db90a257350ded/library/core/src/result.rs:562:4
[INFO] [stdout] 
[INFO] [stdout] 
[INFO] [stdout] error[E0308]: mismatched types
[INFO] [stdout]   --> src/dal/membership_db.rs:17:9
[INFO] [stdout]    |
[INFO] [stdout] 17 |         id_map_db::get_user_internal_id(&user_id, &pool).await?,
[INFO] [stdout]    |         ^^^^^^^^^^^^^^^^^^^^^^^^^^^^^^^^^^^^^^^^^^^^^^^^^^^^^^^
[INFO] [stdout]    |         |
[INFO] [stdout]    |         expected `Uuid`, found `i64`
[INFO] [stdout]    |         expected due to the type of this binding
[INFO] [stdout] 
[INFO] [stdout] 
[INFO] [stdout] error[E0308]: mismatched types
[INFO] [stdout]   --> src/dal/membership_db.rs:17:9
[INFO] [stdout]    |
[INFO] [stdout] 17 |         id_map_db::get_user_internal_id(&user_id, &pool).await?,
[INFO] [stdout]    |         ^^^^^^^^^^^^^^^^^^^^^^^^^^^^^^^^^^^^^^^^^^^^^^^^^^^^^^^
[INFO] [stdout]    |         |
[INFO] [stdout]    |         expected `Uuid`, found `i64`
[INFO] [stdout]    |         expected due to the type of this binding
[INFO] [stdout] 
[INFO] [stdout] 
[INFO] [stdout] error[E0308]: mismatched types
[INFO] [stdout]   --> src/dal/membership_db.rs:18:9
[INFO] [stdout]    |
[INFO] [stdout] 18 |         id_map_db::get_class_internal_id(&class_id, &pool).await?,
[INFO] [stdout]    |         ^^^^^^^^^^^^^^^^^^^^^^^^^^^^^^^^^^^^^^^^^^^^^^^^^^^^^^^^^
[INFO] [stdout]    |         |
[INFO] [stdout]    |         expected `Uuid`, found `i64`
[INFO] [stdout]    |         expected due to the type of this binding
[INFO] [stdout] 
[INFO] [stdout] 
[INFO] [stdout] error[E0308]: mismatched types
[INFO] [stdout]   --> src/dal/membership_db.rs:18:9
[INFO] [stdout]    |
[INFO] [stdout] 18 |         id_map_db::get_class_internal_id(&class_id, &pool).await?,
[INFO] [stdout]    |         ^^^^^^^^^^^^^^^^^^^^^^^^^^^^^^^^^^^^^^^^^^^^^^^^^^^^^^^^^
[INFO] [stdout]    |         |
[INFO] [stdout]    |         expected `Uuid`, found `i64`
[INFO] [stdout]    |         expected due to the type of this binding
[INFO] [stdout] 
[INFO] [stdout] 
[INFO] [stdout] error[E0308]: mismatched types
[INFO] [stdout]   --> src/dal/membership_db.rs:36:9
[INFO] [stdout]    |
[INFO] [stdout] 36 |         id_map_db::get_user_internal_id(&user_id, &pool).await?,
[INFO] [stdout]    |         ^^^^^^^^^^^^^^^^^^^^^^^^^^^^^^^^^^^^^^^^^^^^^^^^^^^^^^^
[INFO] [stdout]    |         |
[INFO] [stdout]    |         expected `Uuid`, found `i64`
[INFO] [stdout]    |         expected due to the type of this binding
[INFO] [stdout] 
[INFO] [stdout] 
[INFO] [stdout] error[E0308]: mismatched types
[INFO] [stdout]   --> src/dal/membership_db.rs:36:9
[INFO] [stdout]    |
[INFO] [stdout] 36 |         id_map_db::get_user_internal_id(&user_id, &pool).await?,
[INFO] [stdout]    |         ^^^^^^^^^^^^^^^^^^^^^^^^^^^^^^^^^^^^^^^^^^^^^^^^^^^^^^^
[INFO] [stdout]    |         |
[INFO] [stdout]    |         expected `Uuid`, found `i64`
[INFO] [stdout]    |         expected due to the type of this binding
[INFO] [stdout] 
[INFO] [stdout] 
[INFO] [stdout] error[E0308]: mismatched types
[INFO] [stdout]   --> src/dal/membership_db.rs:37:9
[INFO] [stdout]    |
[INFO] [stdout] 37 |         id_map_db::get_class_internal_id(&class_id, &pool).await?,
[INFO] [stdout]    |         ^^^^^^^^^^^^^^^^^^^^^^^^^^^^^^^^^^^^^^^^^^^^^^^^^^^^^^^^^
[INFO] [stdout]    |         |
[INFO] [stdout]    |         expected `Uuid`, found `i64`
[INFO] [stdout]    |         expected due to the type of this binding
[INFO] [stdout] 
[INFO] [stdout] 
[INFO] [stdout] error[E0308]: mismatched types
[INFO] [stdout]   --> src/dal/membership_db.rs:37:9
[INFO] [stdout]    |
[INFO] [stdout] 37 |         id_map_db::get_class_internal_id(&class_id, &pool).await?,
[INFO] [stdout]    |         ^^^^^^^^^^^^^^^^^^^^^^^^^^^^^^^^^^^^^^^^^^^^^^^^^^^^^^^^^
[INFO] [stdout]    |         |
[INFO] [stdout]    |         expected `Uuid`, found `i64`
[INFO] [stdout]    |         expected due to the type of this binding
[INFO] [stdout] 
[INFO] [stdout] 
[INFO] [stdout] error[E0308]: mismatched types
[INFO] [stdout]    --> src/dal/user_db.rs:146:9
[INFO] [stdout]     |
[INFO] [stdout] 146 |         class_id
[INFO] [stdout]     |         ^^^^^^^^
[INFO] [stdout]     |         |
[INFO] [stdout]     |         expected `Uuid`, found `i64`
[INFO] [stdout]     |         expected due to the type of this binding
[INFO] [stdout] 
[INFO] [stdout] 
[INFO] [stdout] error[E0308]: mismatched types
[INFO] [stdout]    --> src/dal/user_db.rs:146:9
[INFO] [stdout]     |
[INFO] [stdout] 146 |         class_id
[INFO] [stdout]     |         ^^^^^^^^
[INFO] [stdout]     |         |
[INFO] [stdout]     |         expected `Uuid`, found `i64`
[INFO] [stdout]     |         expected due to the type of this binding
[INFO] [stdout] 
[INFO] [stdout] 
[INFO] [stdout] error[E0308]: mismatched types
[INFO] [stdout]    --> src/dal/user_db.rs:192:9
[INFO] [stdout]     |
[INFO] [stdout] 192 |         student_id
[INFO] [stdout]     |         ^^^^^^^^^^
[INFO] [stdout]     |         |
[INFO] [stdout]     |         expected `Uuid`, found `i64`
[INFO] [stdout]     |         expected due to the type of this binding
[INFO] [stdout] 
[INFO] [stdout] 
[INFO] [stdout] error[E0308]: mismatched types
[INFO] [stdout]    --> src/dal/user_db.rs:192:9
[INFO] [stdout]     |
[INFO] [stdout] 192 |         student_id
[INFO] [stdout]     |         ^^^^^^^^^^
[INFO] [stdout]     |         |
[INFO] [stdout]     |         expected `Uuid`, found `i64`
[INFO] [stdout]     |         expected due to the type of this binding
[INFO] [stdout] 
[INFO] [stdout] 
[INFO] [stdout] error[E0308]: mismatched types
[INFO] [stdout]    --> src/dal/user_db.rs:284:9
[INFO] [stdout]     |
[INFO] [stdout] 284 |         student_id,
[INFO] [stdout]     |         ^^^^^^^^^^
[INFO] [stdout]     |         |
[INFO] [stdout]     |         expected `Uuid`, found `i64`
[INFO] [stdout]     |         expected due to the type of this binding
[INFO] [stdout] 
[INFO] [stdout] 
[INFO] [stdout] error[E0308]: mismatched types
[INFO] [stdout]    --> src/dal/user_db.rs:284:9
[INFO] [stdout]     |
[INFO] [stdout] 284 |         student_id,
[INFO] [stdout]     |         ^^^^^^^^^^
[INFO] [stdout]     |         |
[INFO] [stdout]     |         expected `Uuid`, found `i64`
[INFO] [stdout]     |         expected due to the type of this binding
[INFO] [stdout] 
[INFO] [stdout] 
[INFO] [stdout] error[E0308]: mismatched types
[INFO] [stdout]    --> src/dal/user_db.rs:285:9
[INFO] [stdout]     |
[INFO] [stdout] 285 |         parent_id,
[INFO] [stdout]     |         ^^^^^^^^^
[INFO] [stdout]     |         |
[INFO] [stdout]     |         expected `Uuid`, found `i64`
[INFO] [stdout]     |         expected due to the type of this binding
[INFO] [stdout] 
[INFO] [stdout] 
[INFO] [stdout] error[E0308]: mismatched types
[INFO] [stdout]    --> src/dal/user_db.rs:285:9
[INFO] [stdout]     |
[INFO] [stdout] 285 |         parent_id,
[INFO] [stdout]     |         ^^^^^^^^^
[INFO] [stdout]     |         |
[INFO] [stdout]     |         expected `Uuid`, found `i64`
[INFO] [stdout]     |         expected due to the type of this binding
[INFO] [stdout] 
[INFO] [stdout] 
[INFO] [stdout] warning: unused variable: `body`
[INFO] [stdout]   --> src/routes/api/auth_route.rs:30:18
[INFO] [stdout]    |
[INFO] [stdout] 30 | async fn signout(body: web::Json<SignoutBody>) -> HttpResponse {
[INFO] [stdout]    |                  ^^^^ help: if this is intentional, prefix it with an underscore: `_body`
[INFO] [stdout]    |
[INFO] [stdout]    = note: `#[warn(unused_variables)]` (part of `#[warn(unused)]`) on by default
[INFO] [stdout] 
[INFO] [stdout] 
[INFO] [stdout] warning: unused variable: `body`
[INFO] [stdout]   --> src/routes/api/auth_route.rs:39:22
[INFO] [stdout]    |
[INFO] [stdout] 39 | async fn delete_user(body: web::Json<DeleteUserBody>) -> HttpResponse {
[INFO] [stdout]    |                      ^^^^ help: if this is intentional, prefix it with an underscore: `_body`
[INFO] [stdout] 
[INFO] [stdout] 
[INFO] [stdout] warning: unused variable: `body`
[INFO] [stdout]   --> src/routes/api/auth_route.rs:30:18
[INFO] [stdout]    |
[INFO] [stdout] 30 | async fn signout(body: web::Json<SignoutBody>) -> HttpResponse {
[INFO] [stdout]    |                  ^^^^ help: if this is intentional, prefix it with an underscore: `_body`
[INFO] [stdout]    |
[INFO] [stdout]    = note: `#[warn(unused_variables)]` (part of `#[warn(unused)]`) on by default
[INFO] [stdout] 
[INFO] [stdout] 
[INFO] [stdout] warning: unused variable: `body`
[INFO] [stdout]   --> src/routes/api/auth_route.rs:39:22
[INFO] [stdout]    |
[INFO] [stdout] 39 | async fn delete_user(body: web::Json<DeleteUserBody>) -> HttpResponse {
[INFO] [stdout]    |                      ^^^^ help: if this is intentional, prefix it with an underscore: `_body`
[INFO] [stdout] 
[INFO] [stdout] 
[INFO] [stdout] warning: unused variable: `pool`
[INFO] [stdout]   --> src/routes/api/fee_route.rs:34:20
[INFO] [stdout]    |
[INFO] [stdout] 34 | async fn list_fees(pool: web::Data<PgPool>) -> HttpResponse {
[INFO] [stdout]    |                    ^^^^ help: if this is intentional, prefix it with an underscore: `_pool`
[INFO] [stdout] 
[INFO] [stdout] 
[INFO] [stdout] warning: unused variable: `pool`
[INFO] [stdout]   --> src/routes/api/fee_route.rs:34:20
[INFO] [stdout]    |
[INFO] [stdout] 34 | async fn list_fees(pool: web::Data<PgPool>) -> HttpResponse {
[INFO] [stdout]    |                    ^^^^ help: if this is intentional, prefix it with an underscore: `_pool`
[INFO] [stdout] 
[INFO] [stdout] 
[INFO] [stdout] warning: unused variable: `pool`
[INFO] [stdout]   --> src/routes/api/invoice_route.rs:17:5
[INFO] [stdout]    |
[INFO] [stdout] 17 |     pool: web::Data<PgPool>,
[INFO] [stdout]    |     ^^^^ help: if this is intentional, prefix it with an underscore: `_pool`
[INFO] [stdout] 
[INFO] [stdout] 
[INFO] [stdout] warning: unused variable: `invoice`
[INFO] [stdout]   --> src/routes/api/invoice_route.rs:19:9
[INFO] [stdout]    |
[INFO] [stdout] 19 |     let invoice: CreateInvoice = match body.0.try_into() {
[INFO] [stdout]    |         ^^^^^^^ help: if this is intentional, prefix it with an underscore: `_invoice`
[INFO] [stdout] 
[INFO] [stdout] 
[INFO] [stdout] warning: unused variable: `pool`
[INFO] [stdout]   --> src/routes/api/invoice_route.rs:31:24
[INFO] [stdout]    |
[INFO] [stdout] 31 | async fn list_invoices(pool: web::Data<PgPool>) -> HttpResponse {
[INFO] [stdout]    |                        ^^^^ help: if this is intentional, prefix it with an underscore: `_pool`
[INFO] [stdout] 
[INFO] [stdout] 
[INFO] [stdout] warning: unused variable: `pool`
[INFO] [stdout]   --> src/routes/api/invoice_route.rs:37:52
[INFO] [stdout]    |
[INFO] [stdout] 37 | async fn view_invoice_pdf(path: web::Path<String>, pool: web::Data<PgPool>) -> HttpResponse {
[INFO] [stdout]    |                                                    ^^^^ help: if this is intentional, prefix it with an underscore: `_pool`
[INFO] [stdout] 
[INFO] [stdout] 
[INFO] [stdout] warning: unused variable: `invoice_id`
[INFO] [stdout]   --> src/routes/api/invoice_route.rs:38:9
[INFO] [stdout]    |
[INFO] [stdout] 38 |     let invoice_id = path.into_inner();
[INFO] [stdout]    |         ^^^^^^^^^^ help: if this is intentional, prefix it with an underscore: `_invoice_id`
[INFO] [stdout] 
[INFO] [stdout] 
[INFO] [stdout] warning: unused variable: `pool`
[INFO] [stdout]   --> src/routes/api/invoice_route.rs:17:5
[INFO] [stdout]    |
[INFO] [stdout] 17 |     pool: web::Data<PgPool>,
[INFO] [stdout]    |     ^^^^ help: if this is intentional, prefix it with an underscore: `_pool`
[INFO] [stdout] 
[INFO] [stdout] 
[INFO] [stdout] warning: unused variable: `invoice`
[INFO] [stdout]   --> src/routes/api/invoice_route.rs:19:9
[INFO] [stdout]    |
[INFO] [stdout] 19 |     let invoice: CreateInvoice = match body.0.try_into() {
[INFO] [stdout]    |         ^^^^^^^ help: if this is intentional, prefix it with an underscore: `_invoice`
[INFO] [stdout] 
[INFO] [stdout] 
[INFO] [stdout] warning: unused variable: `pool`
[INFO] [stdout]   --> src/routes/api/storage_route.rs:24:5
[INFO] [stdout]    |
[INFO] [stdout] 24 |     pool: web::Data<PgPool>,
[INFO] [stdout]    |     ^^^^ help: if this is intentional, prefix it with an underscore: `_pool`
[INFO] [stdout] 
[INFO] [stdout] 
[INFO] [stdout] warning: unused variable: `pool`
[INFO] [stdout]   --> src/routes/api/invoice_route.rs:31:24
[INFO] [stdout]    |
[INFO] [stdout] 31 | async fn list_invoices(pool: web::Data<PgPool>) -> HttpResponse {
[INFO] [stdout]    |                        ^^^^ help: if this is intentional, prefix it with an underscore: `_pool`
[INFO] [stdout] 
[INFO] [stdout] 
[INFO] [stdout] warning: unused variable: `pool`
[INFO] [stdout]   --> src/routes/api/invoice_route.rs:37:52
[INFO] [stdout]    |
[INFO] [stdout] 37 | async fn view_invoice_pdf(path: web::Path<String>, pool: web::Data<PgPool>) -> HttpResponse {
[INFO] [stdout]    |                                                    ^^^^ help: if this is intentional, prefix it with an underscore: `_pool`
[INFO] [stdout] 
[INFO] [stdout] 
[INFO] [stdout] warning: unused variable: `invoice_id`
[INFO] [stdout]   --> src/routes/api/invoice_route.rs:38:9
[INFO] [stdout]    |
[INFO] [stdout] 38 |     let invoice_id = path.into_inner();
[INFO] [stdout]    |         ^^^^^^^^^^ help: if this is intentional, prefix it with an underscore: `_invoice_id`
[INFO] [stdout] 
[INFO] [stdout] 
[INFO] [stdout] warning: unused variable: `pool`
[INFO] [stdout]   --> src/routes/api/storage_route.rs:24:5
[INFO] [stdout]    |
[INFO] [stdout] 24 |     pool: web::Data<PgPool>,
[INFO] [stdout]    |     ^^^^ help: if this is intentional, prefix it with an underscore: `_pool`
[INFO] [stdout] 
[INFO] [stdout] 
[INFO] [stdout] warning: unused variable: `pool`
[INFO] [stdout]   --> src/routes/api/storage_route.rs:47:5
[INFO] [stdout]    |
[INFO] [stdout] 47 |     pool: web::Data<PgPool>,
[INFO] [stdout]    |     ^^^^ help: if this is intentional, prefix it with an underscore: `_pool`
[INFO] [stdout] 
[INFO] [stdout] 
[INFO] [stdout] warning: unused variable: `pool`
[INFO] [stdout]   --> src/routes/api/storage_route.rs:47:5
[INFO] [stdout]    |
[INFO] [stdout] 47 |     pool: web::Data<PgPool>,
[INFO] [stdout]    |     ^^^^ help: if this is intentional, prefix it with an underscore: `_pool`
[INFO] [stdout] 
[INFO] [stdout] 
[INFO] [stdout] Some errors have detailed explanations: E0277, E0308.
[INFO] [stdout] 
[INFO] [stdout] For more information about an error, try `rustc --explain E0277`.
[INFO] [stdout] 
[INFO] [stdout] Some errors have detailed explanations: E0277, E0308.
[INFO] [stdout] 
[INFO] [stdout] For more information about an error, try `rustc --explain E0277`.
[INFO] [stdout] 
[INFO] [stderr] error: could not compile `forge` (lib test) due to 40 previous errors; 11 warnings emitted
[INFO] [stderr] warning: build failed, waiting for other jobs to finish...
[INFO] [stderr] error: could not compile `forge` (lib) due to 40 previous errors; 11 warnings emitted
[INFO] running `Command { std: "docker" "inspect" "84ecc67a0e49abbc2ecee71cdbe926cce845bcaddd2308265e336cea77820a46", kill_on_drop: false }`
[INFO] running `Command { std: "docker" "rm" "-f" "84ecc67a0e49abbc2ecee71cdbe926cce845bcaddd2308265e336cea77820a46", kill_on_drop: false }`
[INFO] [stdout] 84ecc67a0e49abbc2ecee71cdbe926cce845bcaddd2308265e336cea77820a46
