[INFO] cloning repository https://github.com/sebscholl/custody-authority-program
[INFO] running `Command { std: "git" "-c" "credential.helper=" "-c" "credential.helper=/workspace/cargo-home/bin/git-credential-null" "clone" "--bare" "https://github.com/sebscholl/custody-authority-program" "/workspace/cache/git-repos/https%3A%2F%2Fgithub.com%2Fsebscholl%2Fcustody-authority-program", kill_on_drop: false }`
[INFO] [stderr] Cloning into bare repository '/workspace/cache/git-repos/https%3A%2F%2Fgithub.com%2Fsebscholl%2Fcustody-authority-program'...
[INFO] running `Command { std: "git" "rev-parse" "HEAD", kill_on_drop: false }`
[INFO] [stdout] ec697903af8fcfd5be25a7c0d168a38f79dbd9c5
[INFO] checking sebscholl/custody-authority-program against 52995a223f2919dd3e2e427231db90a257350ded for pr-129249-4
[INFO] running `Command { std: "git" "clone" "/workspace/cache/git-repos/https%3A%2F%2Fgithub.com%2Fsebscholl%2Fcustody-authority-program" "/workspace/builds/worker-2-tc2/source", kill_on_drop: false }`
[INFO] [stderr] Cloning into '/workspace/builds/worker-2-tc2/source'...
[INFO] [stderr] done.
[INFO] removed /workspace/builds/worker-2-tc2/source/rust-toolchain.toml
[INFO] started tweaking git repo https://github.com/sebscholl/custody-authority-program
[INFO] finished tweaking git repo https://github.com/sebscholl/custody-authority-program
[INFO] tweaked toml for git repo https://github.com/sebscholl/custody-authority-program written to /workspace/builds/worker-2-tc2/source/Cargo.toml
[INFO] validating manifest of git repo https://github.com/sebscholl/custody-authority-program on toolchain 52995a223f2919dd3e2e427231db90a257350ded
[INFO] running `Command { std: CARGO_HOME="/workspace/cargo-home" RUSTUP_HOME="/workspace/rustup-home" "/workspace/cargo-home/bin/cargo" "+52995a223f2919dd3e2e427231db90a257350ded" "metadata" "--manifest-path" "Cargo.toml" "--no-deps", kill_on_drop: false }`
[INFO] crate git repo https://github.com/sebscholl/custody-authority-program already has a lockfile, it will not be regenerated
[INFO] running `Command { std: CARGO_HOME="/workspace/cargo-home" RUSTUP_HOME="/workspace/rustup-home" "/workspace/cargo-home/bin/cargo" "+52995a223f2919dd3e2e427231db90a257350ded" "fetch" "--manifest-path" "Cargo.toml", kill_on_drop: false }`
[INFO] [stderr]     Blocking waiting for file lock on package cache
[INFO] [stderr]     Blocking waiting for file lock on package cache
[INFO] [stderr]  Downloading crates ...
[INFO] [stderr]   Downloaded anchor-spl v0.29.0
[INFO] [stderr]   Downloaded spl-type-length-value v0.3.0
[INFO] [stderr]   Downloaded spl-program-error v0.3.0
[INFO] [stderr]   Downloaded spl-program-error-derive v0.3.2
[INFO] [stderr]   Downloaded spl-token-2022 v0.9.0
[INFO] [stderr]   Downloaded semver v1.0.26
[INFO] [stderr]   Downloaded serde_bytes v0.11.17
[INFO] [stderr]   Downloaded spl-pod v0.1.0
[INFO] [stderr]   Downloaded humantime v2.2.0
[INFO] [stderr]   Downloaded spl-discriminator v0.1.0
[INFO] [stderr]   Downloaded spl-discriminator-derive v0.1.2
[INFO] [stderr]   Downloaded spl-discriminator-syn v0.1.2
[INFO] [stderr]   Downloaded spl-transfer-hook-interface v0.3.0
[INFO] [stderr]   Downloaded spl-tlv-account-resolution v0.4.0
[INFO] [stderr]   Downloaded spl-token-metadata-interface v0.2.0
[INFO] [stderr]   Downloaded spl-associated-token-account v2.3.0
[INFO] [stderr]   Downloaded spl-token-2022 v1.0.0
[INFO] [stderr]   Downloaded spl-transfer-hook-interface v0.4.1
[INFO] [stderr]   Downloaded spl-tlv-account-resolution v0.5.1
[INFO] [stderr]   Downloaded solana-security-txt v1.1.1
[INFO] [stderr]   Downloaded anchor-derive-space v0.29.0
[INFO] [stderr]   Downloaded anchor-derive-serde v0.29.0
[INFO] [stderr]   Downloaded anchor-derive-accounts v0.29.0
[INFO] [stderr]   Downloaded anchor-attribute-event v0.29.0
[INFO] [stderr]   Downloaded anchor-attribute-error v0.29.0
[INFO] [stderr]   Downloaded anchor-attribute-constant v0.29.0
[INFO] [stderr]   Downloaded anchor-attribute-account v0.29.0
[INFO] [stderr]   Downloaded spl-token-group-interface v0.1.0
[INFO] [stderr]   Downloaded anchor-lang v0.29.0
[INFO] [stderr]   Downloaded anchor-attribute-access-control v0.29.0
[INFO] [stderr]   Downloaded anchor-syn v0.29.0
[INFO] [stderr]   Downloaded anchor-attribute-program v0.29.0
[INFO] running `Command { std: "docker" "create" "-v" "/var/lib/crater-agent-workspace/builds/worker-2-tc2/source:/opt/rustwide/workdir:ro,Z" "-v" "/var/lib/crater-agent-workspace/builds/worker-2-tc2/target:/opt/rustwide/target:rw,Z" "-v" "/var/lib/crater-agent-workspace/cargo-home:/opt/rustwide/cargo-home:ro,Z" "-v" "/var/lib/crater-agent-workspace/rustup-home:/opt/rustwide/rustup-home:ro,Z" "-m" "1610612736" "--network" "none" "ghcr.io/rust-lang/crates-build-env/linux@sha256:c0af3998e971868164375a7dfb646c9933ddd1a3bdb00fa2041266763dc1eeab" "sleep" "infinity", kill_on_drop: false }`
[INFO] [stdout] 2aa428a3927748fa2a184b9f8616f605a2df2a9e6f4ef221b6a1bfa765799f9b
[INFO] running `Command { std: "docker" "start" "2aa428a3927748fa2a184b9f8616f605a2df2a9e6f4ef221b6a1bfa765799f9b", kill_on_drop: false }`
[INFO] running `Command { std: "docker" "inspect" "2aa428a3927748fa2a184b9f8616f605a2df2a9e6f4ef221b6a1bfa765799f9b", kill_on_drop: false }`
[INFO] running `Command { std: "docker" "exec" "-e" "SOURCE_DIR=/opt/rustwide/workdir" "-e" "CARGO_HOME=/opt/rustwide/cargo-home" "-e" "RUSTUP_HOME=/opt/rustwide/rustup-home" "-e" "CARGO_TARGET_DIR=/opt/rustwide/target" "-w" "/opt/rustwide/workdir" "--user" "0:0" "2aa428a3927748fa2a184b9f8616f605a2df2a9e6f4ef221b6a1bfa765799f9b" "/opt/rustwide/cargo-home/bin/cargo" "+52995a223f2919dd3e2e427231db90a257350ded" "metadata" "--no-deps" "--format-version=1", kill_on_drop: false }`
[INFO] running `Command { std: "docker" "inspect" "2aa428a3927748fa2a184b9f8616f605a2df2a9e6f4ef221b6a1bfa765799f9b", kill_on_drop: false }`
[INFO] running `Command { std: "docker" "exec" "-e" "SOURCE_DIR=/opt/rustwide/workdir" "-e" "CARGO_HOME=/opt/rustwide/cargo-home" "-e" "RUSTUP_HOME=/opt/rustwide/rustup-home" "-e" "CARGO_TARGET_DIR=/opt/rustwide/target" "-e" "CARGO_INCREMENTAL=0" "-e" "RUST_BACKTRACE=full" "-e" "RUSTFLAGS=--cap-lints=forbid" "-e" "RUSTDOCFLAGS=--cap-lints=forbid" "-w" "/opt/rustwide/workdir" "--user" "0:0" "2aa428a3927748fa2a184b9f8616f605a2df2a9e6f4ef221b6a1bfa765799f9b" "/opt/rustwide/cargo-home/bin/cargo" "+52995a223f2919dd3e2e427231db90a257350ded" "check" "--frozen" "--all" "--all-targets" "--message-format=json", kill_on_drop: false }`
[INFO] [stderr]    Compiling proc-macro2 v1.0.95
[INFO] [stderr]    Compiling serde v1.0.219
[INFO] [stderr]    Compiling libc v0.2.172
[INFO] [stderr]    Compiling syn v1.0.109
[INFO] [stderr]    Compiling zerocopy v0.8.25
[INFO] [stderr]    Compiling semver v1.0.26
[INFO] [stderr]    Compiling serde_json v1.0.140
[INFO] [stderr]    Compiling generic-array v0.14.7
[INFO] [stderr]    Compiling num-traits v0.2.19
[INFO] [stderr]    Compiling typenum v1.18.0
[INFO] [stderr]    Compiling crunchy v0.2.3
[INFO] [stderr]    Compiling getrandom v0.1.16
[INFO] [stderr]     Checking opaque-debug v0.3.1
[INFO] [stderr]    Compiling ahash v0.8.12
[INFO] [stderr]    Compiling cpufeatures v0.2.17
[INFO] [stderr]    Compiling hashbrown v0.15.3
[INFO] [stderr]     Checking block-padding v0.2.1
[INFO] [stderr]    Compiling toml_datetime v0.6.9
[INFO] [stderr]     Checking memchr v2.7.4
[INFO] [stderr]    Compiling winnow v0.7.10
[INFO] [stderr]    Compiling wasm-bindgen-shared v0.2.100
[INFO] [stderr]    Compiling subtle v2.4.1
[INFO] [stderr]     Checking itertools v0.10.5
[INFO] [stderr]    Compiling rustc_version v0.4.1
[INFO] [stderr]    Compiling rayon-core v1.12.1
[INFO] [stderr]    Compiling ahash v0.7.8
[INFO] [stderr]    Compiling feature-probe v0.1.1
[INFO] [stderr]     Checking byteorder v1.5.0
[INFO] [stderr]    Compiling log v0.4.27
[INFO] [stderr]    Compiling rustversion v1.0.21
[INFO] [stderr]    Compiling bumpalo v3.17.0
[INFO] [stderr]    Compiling solana-frozen-abi-macro v1.18.26
[INFO] [stderr]    Compiling bv v0.11.1
[INFO] [stderr]     Checking bitmaps v2.1.0
[INFO] [stderr]    Compiling im v15.1.0
[INFO] [stderr]     Checking keccak v0.1.5
[INFO] [stderr]    Compiling cfg_aliases v0.2.1
[INFO] [stderr]    Compiling quote v1.0.40
[INFO] [stderr]    Compiling borsh v1.5.7
[INFO] [stderr]    Compiling syn v2.0.101
[INFO] [stderr]    Compiling indexmap v2.9.0
[INFO] [stderr]     Checking tinyvec v1.9.0
[INFO] [stderr]    Compiling solana-frozen-abi v1.18.26
[INFO] [stderr]     Checking num-integer v0.1.46
[INFO] [stderr]    Compiling jobserver v0.1.33
[INFO] [stderr]    Compiling memoffset v0.9.1
[INFO] [stderr]     Checking arrayref v0.3.9
[INFO] [stderr]     Checking num-bigint v0.4.6
[INFO] [stderr]    Compiling wasm-bindgen v0.2.100
[INFO] [stderr]    Compiling block-buffer v0.10.4
[INFO] [stderr]    Compiling crypto-common v0.1.6
[INFO] [stderr]    Compiling digest v0.9.0
[INFO] [stderr]     Checking rayon v1.10.0
[INFO] [stderr]    Compiling libsecp256k1-core v0.2.2
[INFO] [stderr]    Compiling digest v0.10.7
[INFO] [stderr]    Compiling cc v1.2.24
[INFO] [stderr]     Checking base64 v0.12.3
[INFO] [stderr]     Checking rustc-hash v1.1.0
[INFO] [stderr]    Compiling sha2 v0.10.9
[INFO] [stderr]     Checking sized-chunks v0.6.5
[INFO] [stderr]     Checking unicode-normalization v0.1.24
[INFO] [stderr]    Compiling bs58 v0.4.0
[INFO] [stderr]     Checking constant_time_eq v0.3.1
[INFO] [stderr]     Checking getrandom v0.2.16
[INFO] [stderr]    Compiling toml_edit v0.22.26
[INFO] [stderr]     Checking rand_core v0.6.4
[INFO] [stderr]     Checking ppv-lite86 v0.2.21
[INFO] [stderr]     Checking rand_core v0.5.1
[INFO] [stderr]     Checking hashbrown v0.11.2
[INFO] [stderr]     Checking rand_xoshiro v0.6.0
[INFO] [stderr]     Checking memmap2 v0.5.10
[INFO] [stderr]     Checking arrayvec v0.7.6
[INFO] [stderr]     Checking aho-corasick v1.1.3
[INFO] [stderr]     Checking regex-syntax v0.8.5
[INFO] [stderr]     Checking signature v1.6.4
[INFO] [stderr]     Checking hashbrown v0.13.2
[INFO] [stderr]     Checking atty v0.2.14
[INFO] [stderr]     Checking humantime v2.2.0
[INFO] [stderr]    Compiling solana-sdk v1.18.26
[INFO] [stderr]    Compiling libsecp256k1-gen-ecmult v0.2.1
[INFO] [stderr]     Checking rand_chacha v0.3.1
[INFO] [stderr]     Checking rand_chacha v0.2.2
[INFO] [stderr]     Checking rand v0.8.5
[INFO] [stderr]    Compiling libsecp256k1-gen-genmult v0.2.1
[INFO] [stderr]     Checking rand v0.7.3
[INFO] [stderr]     Checking ed25519 v1.5.3
[INFO] [stderr]     Checking derivation-path v0.2.0
[INFO] [stderr]     Checking qstring v0.7.2
[INFO] [stderr]     Checking uriparse v0.6.4
[INFO] [stderr]     Checking chrono v0.4.41
[INFO] [stderr]     Checking assert_matches v1.5.0
[INFO] [stderr]     Checking siphasher v0.3.11
[INFO] [stderr]    Compiling unicode-segmentation v1.12.0
[INFO] [stderr]    Compiling libsecp256k1 v0.6.0
[INFO] [stderr]    Compiling itoa v1.0.15
[INFO] [stderr]    Compiling ryu v1.0.20
[INFO] [stderr]    Compiling blake3 v1.8.2
[INFO] [stderr]    Compiling solana-program v1.18.26
[INFO] [stderr]    Compiling anyhow v1.0.98
[INFO] [stderr]     Checking ark-std v0.4.0
[INFO] [stderr]    Compiling bs58 v0.5.1
[INFO] [stderr]    Compiling heck v0.3.3
[INFO] [stderr]     Checking solana-security-txt v1.1.1
[INFO] [stderr]     Checking regex-automata v0.4.9
[INFO] [stderr]    Compiling proc-macro-crate v3.3.0
[INFO] [stderr]    Compiling wasm-bindgen-backend v0.2.100
[INFO] [stderr]    Compiling darling_core v0.20.11
[INFO] [stderr]    Compiling serde_derive v1.0.219
[INFO] [stderr]    Compiling thiserror-impl v1.0.69
[INFO] [stderr]    Compiling zeroize_derive v1.4.2
[INFO] [stderr]    Compiling borsh-derive v1.5.7
[INFO] [stderr]    Compiling bytemuck_derive v1.9.3
[INFO] [stderr]    Compiling solana-sdk-macro v1.18.26
[INFO] [stderr]    Compiling num-derive v0.4.2
[INFO] [stderr]    Compiling num_enum_derive v0.7.3
[INFO] [stderr]    Compiling qualifier_attr v0.2.2
[INFO] [stderr]    Compiling spl-program-error-derive v0.3.2
[INFO] [stderr]    Compiling borsh-derive-internal v0.10.4
[INFO] [stderr]    Compiling borsh-schema-derive-internal v0.10.4
[INFO] [stderr]    Compiling borsh-schema-derive-internal v0.9.3
[INFO] [stderr]    Compiling borsh-derive-internal v0.9.3
[INFO] [stderr]     Checking regex v1.11.1
[INFO] [stderr]    Compiling wasm-bindgen-macro-support v0.2.100
[INFO] [stderr]     Checking zeroize v1.3.0
[INFO] [stderr]     Checking merlin v3.0.0
[INFO] [stderr]     Checking env_logger v0.9.3
[INFO] [stderr]     Checking solana-logger v1.18.26
[INFO] [stderr]     Checking num_enum v0.7.3
[INFO] [stderr]    Compiling thiserror v1.0.69
[INFO] [stderr]    Compiling spl-discriminator-syn v0.1.2
[INFO] [stderr]     Checking bytemuck v1.23.0
[INFO] [stderr]    Compiling ark-serialize-derive v0.4.2
[INFO] [stderr]    Compiling ark-ff-macros v0.4.2
[INFO] [stderr]    Compiling ark-ff-asm v0.4.2
[INFO] [stderr]    Compiling derivative v2.2.0
[INFO] [stderr]    Compiling anchor-derive-space v0.29.0
[INFO] [stderr]    Compiling spl-discriminator-derive v0.1.2
[INFO] [stderr]    Compiling wasm-bindgen-macro v0.2.100
[INFO] [stderr]    Compiling darling_macro v0.20.11
[INFO] [stderr]    Compiling darling v0.20.11
[INFO] [stderr]    Compiling serde_with_macros v2.3.3
[INFO] [stderr]     Checking serde_bytes v0.11.17
[INFO] [stderr]     Checking bincode v1.3.3
[INFO] [stderr]     Checking bitflags v2.9.1
[INFO] [stderr]     Checking serde_with v2.3.3
[INFO] [stderr]    Compiling toml v0.5.11
[INFO] [stderr]     Checking block-buffer v0.9.0
[INFO] [stderr]     Checking crypto-mac v0.8.0
[INFO] [stderr]     Checking cipher v0.3.0
[INFO] [stderr]     Checking universal-hash v0.4.1
[INFO] [stderr]     Checking aead v0.4.3
[INFO] [stderr]     Checking sha2 v0.9.9
[INFO] [stderr]     Checking hmac v0.8.1
[INFO] [stderr]     Checking curve25519-dalek v3.2.1
[INFO] [stderr]     Checking pbkdf2 v0.4.0
[INFO] [stderr]     Checking sha3 v0.9.1
[INFO] [stderr]     Checking polyval v0.5.3
[INFO] [stderr]     Checking aes v0.7.5
[INFO] [stderr]     Checking ctr v0.8.0
[INFO] [stderr]     Checking hmac-drbg v0.3.0
[INFO] [stderr]     Checking ark-serialize v0.4.2
[INFO] [stderr]     Checking sha3 v0.10.8
[INFO] [stderr]     Checking hmac v0.12.1
[INFO] [stderr]     Checking pbkdf2 v0.11.0
[INFO] [stderr]     Checking tiny-bip39 v0.8.2
[INFO] [stderr]     Checking aes-gcm-siv v0.10.3
[INFO] [stderr]     Checking ark-ff v0.4.2
[INFO] [stderr]     Checking ed25519-dalek v1.0.1
[INFO] [stderr]     Checking ed25519-dalek-bip32 v0.2.0
[INFO] [stderr]    Compiling anchor-syn v0.29.0
[INFO] [stderr]    Compiling proc-macro-crate v0.1.5
[INFO] [stderr]    Compiling borsh-derive v0.9.3
[INFO] [stderr]    Compiling borsh-derive v0.10.4
[INFO] [stderr]     Checking borsh v0.10.4
[INFO] [stderr]     Checking borsh v0.9.3
[INFO] [stderr]    Compiling anchor-attribute-access-control v0.29.0
[INFO] [stderr]    Compiling anchor-attribute-event v0.29.0
[INFO] [stderr]    Compiling anchor-attribute-program v0.29.0
[INFO] [stderr]    Compiling anchor-derive-accounts v0.29.0
[INFO] [stderr]    Compiling anchor-attribute-account v0.29.0
[INFO] [stderr]    Compiling anchor-attribute-constant v0.29.0
[INFO] [stderr]    Compiling anchor-attribute-error v0.29.0
[INFO] [stderr]    Compiling anchor-derive-serde v0.29.0
[INFO] [stderr]     Checking ark-poly v0.4.2
[INFO] [stderr]     Checking ark-ec v0.4.2
[INFO] [stderr]     Checking ark-bn254 v0.4.0
[INFO] [stderr]     Checking light-poseidon v0.2.0
[INFO] [stderr]     Checking spl-program-error v0.3.0
[INFO] [stderr]     Checking spl-discriminator v0.1.0
[INFO] [stderr]     Checking spl-memo v4.0.4
[INFO] [stderr]     Checking spl-token v4.0.3
[INFO] [stderr]     Checking anchor-lang v0.29.0
[INFO] [stderr]     Checking solana-zk-token-sdk v1.18.26
[INFO] [stderr]     Checking spl-pod v0.1.0
[INFO] [stderr]     Checking spl-type-length-value v0.3.0
[INFO] [stderr]     Checking spl-token-group-interface v0.1.0
[INFO] [stderr]     Checking spl-tlv-account-resolution v0.5.1
[INFO] [stderr]     Checking spl-token-metadata-interface v0.2.0
[INFO] [stderr]     Checking spl-tlv-account-resolution v0.4.0
[INFO] [stderr]     Checking spl-transfer-hook-interface v0.3.0
[INFO] [stderr]     Checking spl-transfer-hook-interface v0.4.1
[INFO] [stderr]     Checking spl-token-2022 v0.9.0
[INFO] [stderr]     Checking spl-token-2022 v1.0.0
[INFO] [stderr]     Checking spl-associated-token-account v2.3.0
[INFO] [stderr]     Checking anchor-spl v0.29.0
[INFO] [stderr]     Checking custody_authority v0.1.0 (/opt/rustwide/workdir/programs/custody_authority)
[INFO] [stdout] error: init_if_needed requires that anchor-lang be imported with the init-if-needed cargo feature enabled. Carefully read the init_if_needed docs before using this feature to make sure you know how to protect yourself against re-initialization attacks.
[INFO] [stdout]   --> programs/custody_authority/src/instructions/create_vault_token_account.rs:25:9
[INFO] [stdout]    |
[INFO] [stdout] 25 |         init_if_needed,
[INFO] [stdout]    |         ^^^^^^^^^^^^^^
[INFO] [stdout] 
[INFO] [stdout] 
[INFO] [stdout] error: init_if_needed requires that anchor-lang be imported with the init-if-needed cargo feature enabled. Carefully read the init_if_needed docs before using this feature to make sure you know how to protect yourself against re-initialization attacks.
[INFO] [stdout]   --> programs/custody_authority/src/instructions/create_vault_token_account.rs:25:9
[INFO] [stdout]    |
[INFO] [stdout] 25 |         init_if_needed,
[INFO] [stdout]    |         ^^^^^^^^^^^^^^
[INFO] [stdout] 
[INFO] [stdout] 
[INFO] [stdout] error[E0432]: unresolved import `crate`
[INFO] [stdout]   --> programs/custody_authority/src/lib.rs:13:1
[INFO] [stdout]    |
[INFO] [stdout] 13 | #[program]
[INFO] [stdout]    | ^^^^^^^^^^ could not find `__client_accounts_create_vault_token_account` in the crate root
[INFO] [stdout]    |
[INFO] [stdout]    = note: this error originates in the attribute macro `program` (in Nightly builds, run with -Z macro-backtrace for more info)
[INFO] [stdout] help: a module with a similar name exists
[INFO] [stdout]    |
[INFO] [stdout] 13 - #[program]
[INFO] [stdout] 13 + __client_accounts_create_vault
[INFO] [stdout]    |
[INFO] [stdout] 
[INFO] [stdout] 
[INFO] [stdout] error[E0432]: unresolved import `crate`
[INFO] [stdout]   --> programs/custody_authority/src/lib.rs:13:1
[INFO] [stdout]    |
[INFO] [stdout] 13 | #[program]
[INFO] [stdout]    | ^^^^^^^^^^ could not find `__client_accounts_create_vault_token_account` in the crate root
[INFO] [stdout]    |
[INFO] [stdout]    = note: this error originates in the attribute macro `program` (in Nightly builds, run with -Z macro-backtrace for more info)
[INFO] [stdout] help: a module with a similar name exists
[INFO] [stdout]    |
[INFO] [stdout] 13 - #[program]
[INFO] [stdout] 13 + __client_accounts_create_vault
[INFO] [stdout]    |
[INFO] [stdout] 
[INFO] [stdout] 
[INFO] [stdout] warning: unexpected `cfg` condition value: `custom-heap`
[INFO] [stdout]   --> programs/custody_authority/src/lib.rs:13:1
[INFO] [stdout]    |
[INFO] [stdout] 13 | #[program]
[INFO] [stdout]    | ^^^^^^^^^^
[INFO] [stdout]    |
[INFO] [stdout]    = note: expected values for `feature` are: `cpi`, `default`, `no-entrypoint`, `no-idl`, and `no-log-ix-name`
[INFO] [stdout]    = note: using a cfg inside a macro will use the cfgs from the destination crate and not the ones from the defining crate
[INFO] [stdout]    = help: try referring to `$crate::custom_heap_default` crate for guidance on how handle this unexpected cfg
[INFO] [stdout]    = note: see <https://doc.rust-lang.org/nightly/rustc/check-cfg/cargo-specifics.html> for more information about checking conditional configuration
[INFO] [stdout]    = note: `#[warn(unexpected_cfgs)]` on by default
[INFO] [stdout]    = note: this warning originates in the macro `$crate::custom_heap_default` which comes from the expansion of the attribute macro `program` (in Nightly builds, run with -Z macro-backtrace for more info)
[INFO] [stdout] 
[INFO] [stdout] 
[INFO] [stdout] warning: unexpected `cfg` condition value: `solana`
[INFO] [stdout]   --> programs/custody_authority/src/lib.rs:13:1
[INFO] [stdout]    |
[INFO] [stdout] 13 | #[program]
[INFO] [stdout]    | ^^^^^^^^^^
[INFO] [stdout]    |
[INFO] [stdout]    = note: expected values for `target_os` are: `aix`, `amdhsa`, `android`, `cuda`, `cygwin`, `dragonfly`, `emscripten`, `espidf`, `freebsd`, `fuchsia`, `haiku`, `helenos`, `hermit`, `horizon`, `hurd`, `hyperlight`, `illumos`, `ios`, `l4re`, `linux`, `lynxos178`, `macos`, `managarm`, `motor`, `netbsd`, `none`, `nto`, `nuttx`, `openbsd`, `ps3`, `psp`, `psx`, `qnx`, `qtee`, and `qurt` and 18 more
[INFO] [stdout]    = note: using a cfg inside a macro will use the cfgs from the destination crate and not the ones from the defining crate
[INFO] [stdout]    = help: try referring to `$crate::custom_heap_default` crate for guidance on how handle this unexpected cfg
[INFO] [stdout]    = note: see <https://doc.rust-lang.org/nightly/rustc/check-cfg/cargo-specifics.html> for more information about checking conditional configuration
[INFO] [stdout]    = note: this warning originates in the macro `$crate::custom_heap_default` which comes from the expansion of the attribute macro `program` (in Nightly builds, run with -Z macro-backtrace for more info)
[INFO] [stdout] 
[INFO] [stdout] 
[INFO] [stdout] warning: unexpected `cfg` condition value: `custom-panic`
[INFO] [stdout]   --> programs/custody_authority/src/lib.rs:13:1
[INFO] [stdout]    |
[INFO] [stdout] 13 | #[program]
[INFO] [stdout]    | ^^^^^^^^^^
[INFO] [stdout]    |
[INFO] [stdout]    = note: expected values for `feature` are: `cpi`, `default`, `no-entrypoint`, `no-idl`, and `no-log-ix-name`
[INFO] [stdout]    = note: using a cfg inside a macro will use the cfgs from the destination crate and not the ones from the defining crate
[INFO] [stdout]    = help: try referring to `$crate::custom_panic_default` crate for guidance on how handle this unexpected cfg
[INFO] [stdout]    = note: see <https://doc.rust-lang.org/nightly/rustc/check-cfg/cargo-specifics.html> for more information about checking conditional configuration
[INFO] [stdout]    = note: this warning originates in the macro `$crate::custom_panic_default` which comes from the expansion of the attribute macro `program` (in Nightly builds, run with -Z macro-backtrace for more info)
[INFO] [stdout] 
[INFO] [stdout] 
[INFO] [stdout] warning: unexpected `cfg` condition value: `solana`
[INFO] [stdout]   --> programs/custody_authority/src/lib.rs:13:1
[INFO] [stdout]    |
[INFO] [stdout] 13 | #[program]
[INFO] [stdout]    | ^^^^^^^^^^
[INFO] [stdout]    |
[INFO] [stdout]    = note: expected values for `target_os` are: `aix`, `amdhsa`, `android`, `cuda`, `cygwin`, `dragonfly`, `emscripten`, `espidf`, `freebsd`, `fuchsia`, `haiku`, `helenos`, `hermit`, `horizon`, `hurd`, `hyperlight`, `illumos`, `ios`, `l4re`, `linux`, `lynxos178`, `macos`, `managarm`, `motor`, `netbsd`, `none`, `nto`, `nuttx`, `openbsd`, `ps3`, `psp`, `psx`, `qnx`, `qtee`, and `qurt` and 18 more
[INFO] [stdout]    = note: using a cfg inside a macro will use the cfgs from the destination crate and not the ones from the defining crate
[INFO] [stdout]    = help: try referring to `$crate::custom_panic_default` crate for guidance on how handle this unexpected cfg
[INFO] [stdout]    = note: see <https://doc.rust-lang.org/nightly/rustc/check-cfg/cargo-specifics.html> for more information about checking conditional configuration
[INFO] [stdout]    = note: this warning originates in the macro `$crate::custom_panic_default` which comes from the expansion of the attribute macro `program` (in Nightly builds, run with -Z macro-backtrace for more info)
[INFO] [stdout] 
[INFO] [stdout] 
[INFO] [stdout] warning: unexpected `cfg` condition value: `custom-heap`
[INFO] [stdout]   --> programs/custody_authority/src/lib.rs:13:1
[INFO] [stdout]    |
[INFO] [stdout] 13 | #[program]
[INFO] [stdout]    | ^^^^^^^^^^
[INFO] [stdout]    |
[INFO] [stdout]    = note: expected values for `feature` are: `cpi`, `default`, `no-entrypoint`, `no-idl`, and `no-log-ix-name`
[INFO] [stdout]    = note: using a cfg inside a macro will use the cfgs from the destination crate and not the ones from the defining crate
[INFO] [stdout]    = help: try referring to `$crate::custom_heap_default` crate for guidance on how handle this unexpected cfg
[INFO] [stdout]    = note: see <https://doc.rust-lang.org/nightly/rustc/check-cfg/cargo-specifics.html> for more information about checking conditional configuration
[INFO] [stdout]    = note: `#[warn(unexpected_cfgs)]` on by default
[INFO] [stdout]    = note: this warning originates in the macro `$crate::custom_heap_default` which comes from the expansion of the attribute macro `program` (in Nightly builds, run with -Z macro-backtrace for more info)
[INFO] [stdout] 
[INFO] [stdout] 
[INFO] [stdout] warning: unexpected `cfg` condition value: `anchor-debug`
[INFO] [stdout]   --> programs/custody_authority/src/instructions/create_vault.rs:19:10
[INFO] [stdout]    |
[INFO] [stdout] 19 | #[derive(Accounts)]
[INFO] [stdout]    |          ^^^^^^^^
[INFO] [stdout]    |
[INFO] [stdout]    = note: expected values for `feature` are: `cpi`, `default`, `no-entrypoint`, `no-idl`, and `no-log-ix-name`
[INFO] [stdout]    = note: using a cfg inside a derive macro will use the cfgs from the destination crate and not the ones from the defining crate
[INFO] [stdout]    = help: try referring to `Accounts` crate for guidance on how handle this unexpected cfg
[INFO] [stdout]    = note: see <https://doc.rust-lang.org/nightly/rustc/check-cfg/cargo-specifics.html> for more information about checking conditional configuration
[INFO] [stdout]    = note: this warning originates in the derive macro `Accounts` (in Nightly builds, run with -Z macro-backtrace for more info)
[INFO] [stdout] 
[INFO] [stdout] 
[INFO] [stdout] warning: unused import: `crate::errors::CustodyAuthorityError`
[INFO] [stdout]  --> programs/custody_authority/src/instructions/create_vault_token_account.rs:5:5
[INFO] [stdout]   |
[INFO] [stdout] 5 | use crate::errors::CustodyAuthorityError;
[INFO] [stdout]   |     ^^^^^^^^^^^^^^^^^^^^^^^^^^^^^^^^^^^^
[INFO] [stdout]   |
[INFO] [stdout]   = note: `#[warn(unused_imports)]` (part of `#[warn(unused)]`) on by default
[INFO] [stdout] 
[INFO] [stdout] 
[INFO] [stdout] warning: unexpected `cfg` condition value: `solana`
[INFO] [stdout]   --> programs/custody_authority/src/lib.rs:13:1
[INFO] [stdout]    |
[INFO] [stdout] 13 | #[program]
[INFO] [stdout]    | ^^^^^^^^^^
[INFO] [stdout]    |
[INFO] [stdout]    = note: expected values for `target_os` are: `aix`, `amdhsa`, `android`, `cuda`, `cygwin`, `dragonfly`, `emscripten`, `espidf`, `freebsd`, `fuchsia`, `haiku`, `helenos`, `hermit`, `horizon`, `hurd`, `hyperlight`, `illumos`, `ios`, `l4re`, `linux`, `lynxos178`, `macos`, `managarm`, `motor`, `netbsd`, `none`, `nto`, `nuttx`, `openbsd`, `ps3`, `psp`, `psx`, `qnx`, `qtee`, and `qurt` and 18 more
[INFO] [stdout]    = note: using a cfg inside a macro will use the cfgs from the destination crate and not the ones from the defining crate
[INFO] [stdout]    = help: try referring to `$crate::custom_heap_default` crate for guidance on how handle this unexpected cfg
[INFO] [stdout]    = note: see <https://doc.rust-lang.org/nightly/rustc/check-cfg/cargo-specifics.html> for more information about checking conditional configuration
[INFO] [stdout]    = note: this warning originates in the macro `$crate::custom_heap_default` which comes from the expansion of the attribute macro `program` (in Nightly builds, run with -Z macro-backtrace for more info)
[INFO] [stdout] 
[INFO] [stdout] 
[INFO] [stdout] warning: unexpected `cfg` condition value: `anchor-debug`
[INFO] [stdout]   --> programs/custody_authority/src/instructions/recover_owner.rs:13:10
[INFO] [stdout]    |
[INFO] [stdout] 13 | #[derive(Accounts)]
[INFO] [stdout]    |          ^^^^^^^^
[INFO] [stdout]    |
[INFO] [stdout]    = note: expected values for `feature` are: `cpi`, `default`, `no-entrypoint`, `no-idl`, and `no-log-ix-name`
[INFO] [stdout]    = note: using a cfg inside a derive macro will use the cfgs from the destination crate and not the ones from the defining crate
[INFO] [stdout]    = help: try referring to `Accounts` crate for guidance on how handle this unexpected cfg
[INFO] [stdout]    = note: see <https://doc.rust-lang.org/nightly/rustc/check-cfg/cargo-specifics.html> for more information about checking conditional configuration
[INFO] [stdout]    = note: this warning originates in the derive macro `Accounts` (in Nightly builds, run with -Z macro-backtrace for more info)
[INFO] [stdout] 
[INFO] [stdout] 
[INFO] [stdout] warning: unexpected `cfg` condition value: `custom-panic`
[INFO] [stdout]   --> programs/custody_authority/src/lib.rs:13:1
[INFO] [stdout]    |
[INFO] [stdout] 13 | #[program]
[INFO] [stdout]    | ^^^^^^^^^^
[INFO] [stdout]    |
[INFO] [stdout]    = note: expected values for `feature` are: `cpi`, `default`, `no-entrypoint`, `no-idl`, and `no-log-ix-name`
[INFO] [stdout]    = note: using a cfg inside a macro will use the cfgs from the destination crate and not the ones from the defining crate
[INFO] [stdout]    = help: try referring to `$crate::custom_panic_default` crate for guidance on how handle this unexpected cfg
[INFO] [stdout]    = note: see <https://doc.rust-lang.org/nightly/rustc/check-cfg/cargo-specifics.html> for more information about checking conditional configuration
[INFO] [stdout]    = note: this warning originates in the macro `$crate::custom_panic_default` which comes from the expansion of the attribute macro `program` (in Nightly builds, run with -Z macro-backtrace for more info)
[INFO] [stdout] 
[INFO] [stdout] 
[INFO] [stdout] warning: unexpected `cfg` condition value: `anchor-debug`
[INFO] [stdout]   --> programs/custody_authority/src/instructions/change_owner.rs:13:10
[INFO] [stdout]    |
[INFO] [stdout] 13 | #[derive(Accounts)]
[INFO] [stdout]    |          ^^^^^^^^
[INFO] [stdout]    |
[INFO] [stdout]    = note: expected values for `feature` are: `cpi`, `default`, `no-entrypoint`, `no-idl`, and `no-log-ix-name`
[INFO] [stdout]    = note: using a cfg inside a derive macro will use the cfgs from the destination crate and not the ones from the defining crate
[INFO] [stdout]    = help: try referring to `Accounts` crate for guidance on how handle this unexpected cfg
[INFO] [stdout]    = note: see <https://doc.rust-lang.org/nightly/rustc/check-cfg/cargo-specifics.html> for more information about checking conditional configuration
[INFO] [stdout]    = note: this warning originates in the derive macro `Accounts` (in Nightly builds, run with -Z macro-backtrace for more info)
[INFO] [stdout] 
[INFO] [stdout] 
[INFO] [stdout] warning: unexpected `cfg` condition value: `solana`
[INFO] [stdout]   --> programs/custody_authority/src/lib.rs:13:1
[INFO] [stdout]    |
[INFO] [stdout] 13 | #[program]
[INFO] [stdout]    | ^^^^^^^^^^
[INFO] [stdout]    |
[INFO] [stdout]    = note: expected values for `target_os` are: `aix`, `amdhsa`, `android`, `cuda`, `cygwin`, `dragonfly`, `emscripten`, `espidf`, `freebsd`, `fuchsia`, `haiku`, `helenos`, `hermit`, `horizon`, `hurd`, `hyperlight`, `illumos`, `ios`, `l4re`, `linux`, `lynxos178`, `macos`, `managarm`, `motor`, `netbsd`, `none`, `nto`, `nuttx`, `openbsd`, `ps3`, `psp`, `psx`, `qnx`, `qtee`, and `qurt` and 18 more
[INFO] [stdout]    = note: using a cfg inside a macro will use the cfgs from the destination crate and not the ones from the defining crate
[INFO] [stdout]    = help: try referring to `$crate::custom_panic_default` crate for guidance on how handle this unexpected cfg
[INFO] [stdout]    = note: see <https://doc.rust-lang.org/nightly/rustc/check-cfg/cargo-specifics.html> for more information about checking conditional configuration
[INFO] [stdout]    = note: this warning originates in the macro `$crate::custom_panic_default` which comes from the expansion of the attribute macro `program` (in Nightly builds, run with -Z macro-backtrace for more info)
[INFO] [stdout] 
[INFO] [stdout] 
[INFO] [stdout] warning: unexpected `cfg` condition value: `anchor-debug`
[INFO] [stdout]   --> programs/custody_authority/src/instructions/update_recovery_signers.rs:13:10
[INFO] [stdout]    |
[INFO] [stdout] 13 | #[derive(Accounts)]
[INFO] [stdout]    |          ^^^^^^^^
[INFO] [stdout]    |
[INFO] [stdout]    = note: expected values for `feature` are: `cpi`, `default`, `no-entrypoint`, `no-idl`, and `no-log-ix-name`
[INFO] [stdout]    = note: using a cfg inside a derive macro will use the cfgs from the destination crate and not the ones from the defining crate
[INFO] [stdout]    = help: try referring to `Accounts` crate for guidance on how handle this unexpected cfg
[INFO] [stdout]    = note: see <https://doc.rust-lang.org/nightly/rustc/check-cfg/cargo-specifics.html> for more information about checking conditional configuration
[INFO] [stdout]    = note: this warning originates in the derive macro `Accounts` (in Nightly builds, run with -Z macro-backtrace for more info)
[INFO] [stdout] 
[INFO] [stdout] 
[INFO] [stdout] warning: unexpected `cfg` condition value: `anchor-debug`
[INFO] [stdout]   --> programs/custody_authority/src/instructions/create_vault.rs:19:10
[INFO] [stdout]    |
[INFO] [stdout] 19 | #[derive(Accounts)]
[INFO] [stdout]    |          ^^^^^^^^
[INFO] [stdout]    |
[INFO] [stdout]    = note: expected values for `feature` are: `cpi`, `default`, `no-entrypoint`, `no-idl`, and `no-log-ix-name`
[INFO] [stdout]    = note: using a cfg inside a derive macro will use the cfgs from the destination crate and not the ones from the defining crate
[INFO] [stdout]    = help: try referring to `Accounts` crate for guidance on how handle this unexpected cfg
[INFO] [stdout]    = note: see <https://doc.rust-lang.org/nightly/rustc/check-cfg/cargo-specifics.html> for more information about checking conditional configuration
[INFO] [stdout]    = note: this warning originates in the derive macro `Accounts` (in Nightly builds, run with -Z macro-backtrace for more info)
[INFO] [stdout] 
[INFO] [stdout] 
[INFO] [stdout] warning: unexpected `cfg` condition value: `anchor-debug`
[INFO] [stdout]   --> programs/custody_authority/src/instructions/transfer_sol_from_vault.rs:15:10
[INFO] [stdout]    |
[INFO] [stdout] 15 | #[derive(Accounts)]
[INFO] [stdout]    |          ^^^^^^^^
[INFO] [stdout]    |
[INFO] [stdout]    = note: expected values for `feature` are: `cpi`, `default`, `no-entrypoint`, `no-idl`, and `no-log-ix-name`
[INFO] [stdout]    = note: using a cfg inside a derive macro will use the cfgs from the destination crate and not the ones from the defining crate
[INFO] [stdout]    = help: try referring to `Accounts` crate for guidance on how handle this unexpected cfg
[INFO] [stdout]    = note: see <https://doc.rust-lang.org/nightly/rustc/check-cfg/cargo-specifics.html> for more information about checking conditional configuration
[INFO] [stdout]    = note: this warning originates in the derive macro `Accounts` (in Nightly builds, run with -Z macro-backtrace for more info)
[INFO] [stdout] 
[INFO] [stdout] 
[INFO] [stdout] warning: unused import: `crate::errors::CustodyAuthorityError`
[INFO] [stdout]  --> programs/custody_authority/src/instructions/create_vault_token_account.rs:5:5
[INFO] [stdout]   |
[INFO] [stdout] 5 | use crate::errors::CustodyAuthorityError;
[INFO] [stdout]   |     ^^^^^^^^^^^^^^^^^^^^^^^^^^^^^^^^^^^^
[INFO] [stdout]   |
[INFO] [stdout]   = note: `#[warn(unused_imports)]` (part of `#[warn(unused)]`) on by default
[INFO] [stdout] 
[INFO] [stdout] 
[INFO] [stdout] warning: unexpected `cfg` condition value: `anchor-debug`
[INFO] [stdout]   --> programs/custody_authority/src/instructions/transfer_token_from_vault.rs:15:10
[INFO] [stdout]    |
[INFO] [stdout] 15 | #[derive(Accounts)]
[INFO] [stdout]    |          ^^^^^^^^
[INFO] [stdout]    |
[INFO] [stdout]    = note: expected values for `feature` are: `cpi`, `default`, `no-entrypoint`, `no-idl`, and `no-log-ix-name`
[INFO] [stdout]    = note: using a cfg inside a derive macro will use the cfgs from the destination crate and not the ones from the defining crate
[INFO] [stdout]    = help: try referring to `Accounts` crate for guidance on how handle this unexpected cfg
[INFO] [stdout]    = note: see <https://doc.rust-lang.org/nightly/rustc/check-cfg/cargo-specifics.html> for more information about checking conditional configuration
[INFO] [stdout]    = note: this warning originates in the derive macro `Accounts` (in Nightly builds, run with -Z macro-backtrace for more info)
[INFO] [stdout] 
[INFO] [stdout] 
[INFO] [stdout] warning: unexpected `cfg` condition value: `anchor-debug`
[INFO] [stdout]   --> programs/custody_authority/src/instructions/recover_owner.rs:13:10
[INFO] [stdout]    |
[INFO] [stdout] 13 | #[derive(Accounts)]
[INFO] [stdout]    |          ^^^^^^^^
[INFO] [stdout]    |
[INFO] [stdout]    = note: expected values for `feature` are: `cpi`, `default`, `no-entrypoint`, `no-idl`, and `no-log-ix-name`
[INFO] [stdout]    = note: using a cfg inside a derive macro will use the cfgs from the destination crate and not the ones from the defining crate
[INFO] [stdout]    = help: try referring to `Accounts` crate for guidance on how handle this unexpected cfg
[INFO] [stdout]    = note: see <https://doc.rust-lang.org/nightly/rustc/check-cfg/cargo-specifics.html> for more information about checking conditional configuration
[INFO] [stdout]    = note: this warning originates in the derive macro `Accounts` (in Nightly builds, run with -Z macro-backtrace for more info)
[INFO] [stdout] 
[INFO] [stdout] 
[INFO] [stdout] warning: unexpected `cfg` condition value: `anchor-debug`
[INFO] [stdout]   --> programs/custody_authority/src/instructions/change_owner.rs:13:10
[INFO] [stdout]    |
[INFO] [stdout] 13 | #[derive(Accounts)]
[INFO] [stdout]    |          ^^^^^^^^
[INFO] [stdout]    |
[INFO] [stdout]    = note: expected values for `feature` are: `cpi`, `default`, `no-entrypoint`, `no-idl`, and `no-log-ix-name`
[INFO] [stdout]    = note: using a cfg inside a derive macro will use the cfgs from the destination crate and not the ones from the defining crate
[INFO] [stdout]    = help: try referring to `Accounts` crate for guidance on how handle this unexpected cfg
[INFO] [stdout]    = note: see <https://doc.rust-lang.org/nightly/rustc/check-cfg/cargo-specifics.html> for more information about checking conditional configuration
[INFO] [stdout]    = note: this warning originates in the derive macro `Accounts` (in Nightly builds, run with -Z macro-backtrace for more info)
[INFO] [stdout] 
[INFO] [stdout] 
[INFO] [stdout] warning: unexpected `cfg` condition value: `anchor-debug`
[INFO] [stdout]   --> programs/custody_authority/src/lib.rs:13:1
[INFO] [stdout]    |
[INFO] [stdout] 13 | #[program]
[INFO] [stdout]    | ^^^^^^^^^^
[INFO] [stdout]    |
[INFO] [stdout]    = note: expected values for `feature` are: `cpi`, `default`, `no-entrypoint`, `no-idl`, and `no-log-ix-name`
[INFO] [stdout]    = note: using a cfg inside a attribute macro will use the cfgs from the destination crate and not the ones from the defining crate
[INFO] [stdout]    = help: try referring to `program` crate for guidance on how handle this unexpected cfg
[INFO] [stdout]    = note: see <https://doc.rust-lang.org/nightly/rustc/check-cfg/cargo-specifics.html> for more information about checking conditional configuration
[INFO] [stdout]    = note: this warning originates in the attribute macro `program` (in Nightly builds, run with -Z macro-backtrace for more info)
[INFO] [stdout] 
[INFO] [stdout] 
[INFO] [stdout] warning: unexpected `cfg` condition value: `anchor-debug`
[INFO] [stdout]   --> programs/custody_authority/src/lib.rs:13:1
[INFO] [stdout]    |
[INFO] [stdout] 13 | #[program]
[INFO] [stdout]    | ^^^^^^^^^^
[INFO] [stdout]    |
[INFO] [stdout]    = note: expected values for `feature` are: `cpi`, `default`, `no-entrypoint`, `no-idl`, and `no-log-ix-name`
[INFO] [stdout]    = note: using a cfg inside a derive macro will use the cfgs from the destination crate and not the ones from the defining crate
[INFO] [stdout]    = help: try referring to `Accounts` crate for guidance on how handle this unexpected cfg
[INFO] [stdout]    = note: see <https://doc.rust-lang.org/nightly/rustc/check-cfg/cargo-specifics.html> for more information about checking conditional configuration
[INFO] [stdout]    = note: this warning originates in the derive macro `Accounts` (in Nightly builds, run with -Z macro-backtrace for more info)
[INFO] [stdout] 
[INFO] [stdout] 
[INFO] [stdout] warning: unexpected `cfg` condition value: `anchor-debug`
[INFO] [stdout]   --> programs/custody_authority/src/instructions/update_recovery_signers.rs:13:10
[INFO] [stdout]    |
[INFO] [stdout] 13 | #[derive(Accounts)]
[INFO] [stdout]    |          ^^^^^^^^
[INFO] [stdout]    |
[INFO] [stdout]    = note: expected values for `feature` are: `cpi`, `default`, `no-entrypoint`, `no-idl`, and `no-log-ix-name`
[INFO] [stdout]    = note: using a cfg inside a derive macro will use the cfgs from the destination crate and not the ones from the defining crate
[INFO] [stdout]    = help: try referring to `Accounts` crate for guidance on how handle this unexpected cfg
[INFO] [stdout]    = note: see <https://doc.rust-lang.org/nightly/rustc/check-cfg/cargo-specifics.html> for more information about checking conditional configuration
[INFO] [stdout]    = note: this warning originates in the derive macro `Accounts` (in Nightly builds, run with -Z macro-backtrace for more info)
[INFO] [stdout] 
[INFO] [stdout] 
[INFO] [stdout] warning: unexpected `cfg` condition value: `anchor-debug`
[INFO] [stdout]   --> programs/custody_authority/src/lib.rs:13:1
[INFO] [stdout]    |
[INFO] [stdout] 13 | #[program]
[INFO] [stdout]    | ^^^^^^^^^^
[INFO] [stdout]    |
[INFO] [stdout]    = note: expected values for `feature` are: `cpi`, `default`, `no-entrypoint`, `no-idl`, and `no-log-ix-name`
[INFO] [stdout]    = note: using a cfg inside a derive macro will use the cfgs from the destination crate and not the ones from the defining crate
[INFO] [stdout]    = help: try referring to `Accounts` crate for guidance on how handle this unexpected cfg
[INFO] [stdout]    = note: see <https://doc.rust-lang.org/nightly/rustc/check-cfg/cargo-specifics.html> for more information about checking conditional configuration
[INFO] [stdout]    = note: this warning originates in the derive macro `Accounts` (in Nightly builds, run with -Z macro-backtrace for more info)
[INFO] [stdout] 
[INFO] [stdout] 
[INFO] [stdout] warning: unexpected `cfg` condition value: `anchor-debug`
[INFO] [stdout]   --> programs/custody_authority/src/instructions/transfer_sol_from_vault.rs:15:10
[INFO] [stdout]    |
[INFO] [stdout] 15 | #[derive(Accounts)]
[INFO] [stdout]    |          ^^^^^^^^
[INFO] [stdout]    |
[INFO] [stdout]    = note: expected values for `feature` are: `cpi`, `default`, `no-entrypoint`, `no-idl`, and `no-log-ix-name`
[INFO] [stdout]    = note: using a cfg inside a derive macro will use the cfgs from the destination crate and not the ones from the defining crate
[INFO] [stdout]    = help: try referring to `Accounts` crate for guidance on how handle this unexpected cfg
[INFO] [stdout]    = note: see <https://doc.rust-lang.org/nightly/rustc/check-cfg/cargo-specifics.html> for more information about checking conditional configuration
[INFO] [stdout]    = note: this warning originates in the derive macro `Accounts` (in Nightly builds, run with -Z macro-backtrace for more info)
[INFO] [stdout] 
[INFO] [stdout] 
[INFO] [stdout] warning: unexpected `cfg` condition value: `anchor-debug`
[INFO] [stdout]   --> programs/custody_authority/src/lib.rs:13:1
[INFO] [stdout]    |
[INFO] [stdout] 13 | #[program]
[INFO] [stdout]    | ^^^^^^^^^^
[INFO] [stdout]    |
[INFO] [stdout]    = note: expected values for `feature` are: `cpi`, `default`, `no-entrypoint`, `no-idl`, and `no-log-ix-name`
[INFO] [stdout]    = note: using a cfg inside a derive macro will use the cfgs from the destination crate and not the ones from the defining crate
[INFO] [stdout]    = help: try referring to `Accounts` crate for guidance on how handle this unexpected cfg
[INFO] [stdout]    = note: see <https://doc.rust-lang.org/nightly/rustc/check-cfg/cargo-specifics.html> for more information about checking conditional configuration
[INFO] [stdout]    = note: this warning originates in the derive macro `Accounts` (in Nightly builds, run with -Z macro-backtrace for more info)
[INFO] [stdout] 
[INFO] [stdout] 
[INFO] [stdout] warning: unexpected `cfg` condition value: `anchor-debug`
[INFO] [stdout]   --> programs/custody_authority/src/lib.rs:13:1
[INFO] [stdout]    |
[INFO] [stdout] 13 | #[program]
[INFO] [stdout]    | ^^^^^^^^^^
[INFO] [stdout]    |
[INFO] [stdout]    = note: expected values for `feature` are: `cpi`, `default`, `no-entrypoint`, `no-idl`, and `no-log-ix-name`
[INFO] [stdout]    = note: using a cfg inside a derive macro will use the cfgs from the destination crate and not the ones from the defining crate
[INFO] [stdout]    = help: try referring to `Accounts` crate for guidance on how handle this unexpected cfg
[INFO] [stdout]    = note: see <https://doc.rust-lang.org/nightly/rustc/check-cfg/cargo-specifics.html> for more information about checking conditional configuration
[INFO] [stdout]    = note: this warning originates in the derive macro `Accounts` (in Nightly builds, run with -Z macro-backtrace for more info)
[INFO] [stdout] 
[INFO] [stdout] 
[INFO] [stdout] warning: unexpected `cfg` condition value: `anchor-debug`
[INFO] [stdout]   --> programs/custody_authority/src/instructions/transfer_token_from_vault.rs:15:10
[INFO] [stdout]    |
[INFO] [stdout] 15 | #[derive(Accounts)]
[INFO] [stdout]    |          ^^^^^^^^
[INFO] [stdout]    |
[INFO] [stdout]    = note: expected values for `feature` are: `cpi`, `default`, `no-entrypoint`, `no-idl`, and `no-log-ix-name`
[INFO] [stdout]    = note: using a cfg inside a derive macro will use the cfgs from the destination crate and not the ones from the defining crate
[INFO] [stdout]    = help: try referring to `Accounts` crate for guidance on how handle this unexpected cfg
[INFO] [stdout]    = note: see <https://doc.rust-lang.org/nightly/rustc/check-cfg/cargo-specifics.html> for more information about checking conditional configuration
[INFO] [stdout]    = note: this warning originates in the derive macro `Accounts` (in Nightly builds, run with -Z macro-backtrace for more info)
[INFO] [stdout] 
[INFO] [stdout] 
[INFO] [stdout] warning: unexpected `cfg` condition value: `anchor-debug`
[INFO] [stdout]   --> programs/custody_authority/src/lib.rs:13:1
[INFO] [stdout]    |
[INFO] [stdout] 13 | #[program]
[INFO] [stdout]    | ^^^^^^^^^^
[INFO] [stdout]    |
[INFO] [stdout]    = note: expected values for `feature` are: `cpi`, `default`, `no-entrypoint`, `no-idl`, and `no-log-ix-name`
[INFO] [stdout]    = note: using a cfg inside a derive macro will use the cfgs from the destination crate and not the ones from the defining crate
[INFO] [stdout]    = help: try referring to `Accounts` crate for guidance on how handle this unexpected cfg
[INFO] [stdout]    = note: see <https://doc.rust-lang.org/nightly/rustc/check-cfg/cargo-specifics.html> for more information about checking conditional configuration
[INFO] [stdout]    = note: this warning originates in the derive macro `Accounts` (in Nightly builds, run with -Z macro-backtrace for more info)
[INFO] [stdout] 
[INFO] [stdout] 
[INFO] [stdout] warning: unexpected `cfg` condition value: `anchor-debug`
[INFO] [stdout]   --> programs/custody_authority/src/lib.rs:13:1
[INFO] [stdout]    |
[INFO] [stdout] 13 | #[program]
[INFO] [stdout]    | ^^^^^^^^^^
[INFO] [stdout]    |
[INFO] [stdout]    = note: expected values for `feature` are: `cpi`, `default`, `no-entrypoint`, `no-idl`, and `no-log-ix-name`
[INFO] [stdout]    = note: using a cfg inside a derive macro will use the cfgs from the destination crate and not the ones from the defining crate
[INFO] [stdout]    = help: try referring to `Accounts` crate for guidance on how handle this unexpected cfg
[INFO] [stdout]    = note: see <https://doc.rust-lang.org/nightly/rustc/check-cfg/cargo-specifics.html> for more information about checking conditional configuration
[INFO] [stdout]    = note: this warning originates in the derive macro `Accounts` (in Nightly builds, run with -Z macro-backtrace for more info)
[INFO] [stdout] 
[INFO] [stdout] 
[INFO] [stdout] warning: unexpected `cfg` condition value: `anchor-debug`
[INFO] [stdout]   --> programs/custody_authority/src/lib.rs:13:1
[INFO] [stdout]    |
[INFO] [stdout] 13 | #[program]
[INFO] [stdout]    | ^^^^^^^^^^
[INFO] [stdout]    |
[INFO] [stdout]    = note: expected values for `feature` are: `cpi`, `default`, `no-entrypoint`, `no-idl`, and `no-log-ix-name`
[INFO] [stdout]    = note: using a cfg inside a attribute macro will use the cfgs from the destination crate and not the ones from the defining crate
[INFO] [stdout]    = help: try referring to `program` crate for guidance on how handle this unexpected cfg
[INFO] [stdout]    = note: see <https://doc.rust-lang.org/nightly/rustc/check-cfg/cargo-specifics.html> for more information about checking conditional configuration
[INFO] [stdout]    = note: this warning originates in the attribute macro `program` (in Nightly builds, run with -Z macro-backtrace for more info)
[INFO] [stdout] 
[INFO] [stdout] 
[INFO] [stdout] warning: unexpected `cfg` condition value: `anchor-debug`
[INFO] [stdout]   --> programs/custody_authority/src/lib.rs:13:1
[INFO] [stdout]    |
[INFO] [stdout] 13 | #[program]
[INFO] [stdout]    | ^^^^^^^^^^
[INFO] [stdout]    |
[INFO] [stdout]    = note: expected values for `feature` are: `cpi`, `default`, `no-entrypoint`, `no-idl`, and `no-log-ix-name`
[INFO] [stdout]    = note: using a cfg inside a derive macro will use the cfgs from the destination crate and not the ones from the defining crate
[INFO] [stdout]    = help: try referring to `Accounts` crate for guidance on how handle this unexpected cfg
[INFO] [stdout]    = note: see <https://doc.rust-lang.org/nightly/rustc/check-cfg/cargo-specifics.html> for more information about checking conditional configuration
[INFO] [stdout]    = note: this warning originates in the derive macro `Accounts` (in Nightly builds, run with -Z macro-backtrace for more info)
[INFO] [stdout] 
[INFO] [stdout] 
[INFO] [stdout] warning: unexpected `cfg` condition value: `anchor-debug`
[INFO] [stdout]   --> programs/custody_authority/src/lib.rs:13:1
[INFO] [stdout]    |
[INFO] [stdout] 13 | #[program]
[INFO] [stdout]    | ^^^^^^^^^^
[INFO] [stdout]    |
[INFO] [stdout]    = note: expected values for `feature` are: `cpi`, `default`, `no-entrypoint`, `no-idl`, and `no-log-ix-name`
[INFO] [stdout]    = note: using a cfg inside a derive macro will use the cfgs from the destination crate and not the ones from the defining crate
[INFO] [stdout]    = help: try referring to `Accounts` crate for guidance on how handle this unexpected cfg
[INFO] [stdout]    = note: see <https://doc.rust-lang.org/nightly/rustc/check-cfg/cargo-specifics.html> for more information about checking conditional configuration
[INFO] [stdout]    = note: this warning originates in the derive macro `Accounts` (in Nightly builds, run with -Z macro-backtrace for more info)
[INFO] [stdout] 
[INFO] [stdout] 
[INFO] [stdout] warning: unexpected `cfg` condition value: `anchor-debug`
[INFO] [stdout]   --> programs/custody_authority/src/lib.rs:13:1
[INFO] [stdout]    |
[INFO] [stdout] 13 | #[program]
[INFO] [stdout]    | ^^^^^^^^^^
[INFO] [stdout]    |
[INFO] [stdout]    = note: expected values for `feature` are: `cpi`, `default`, `no-entrypoint`, `no-idl`, and `no-log-ix-name`
[INFO] [stdout]    = note: using a cfg inside a derive macro will use the cfgs from the destination crate and not the ones from the defining crate
[INFO] [stdout]    = help: try referring to `Accounts` crate for guidance on how handle this unexpected cfg
[INFO] [stdout]    = note: see <https://doc.rust-lang.org/nightly/rustc/check-cfg/cargo-specifics.html> for more information about checking conditional configuration
[INFO] [stdout]    = note: this warning originates in the derive macro `Accounts` (in Nightly builds, run with -Z macro-backtrace for more info)
[INFO] [stdout] 
[INFO] [stdout] 
[INFO] [stdout] warning: unexpected `cfg` condition value: `anchor-debug`
[INFO] [stdout]   --> programs/custody_authority/src/lib.rs:13:1
[INFO] [stdout]    |
[INFO] [stdout] 13 | #[program]
[INFO] [stdout]    | ^^^^^^^^^^
[INFO] [stdout]    |
[INFO] [stdout]    = note: expected values for `feature` are: `cpi`, `default`, `no-entrypoint`, `no-idl`, and `no-log-ix-name`
[INFO] [stdout]    = note: using a cfg inside a derive macro will use the cfgs from the destination crate and not the ones from the defining crate
[INFO] [stdout]    = help: try referring to `Accounts` crate for guidance on how handle this unexpected cfg
[INFO] [stdout]    = note: see <https://doc.rust-lang.org/nightly/rustc/check-cfg/cargo-specifics.html> for more information about checking conditional configuration
[INFO] [stdout]    = note: this warning originates in the derive macro `Accounts` (in Nightly builds, run with -Z macro-backtrace for more info)
[INFO] [stdout] 
[INFO] [stdout] 
[INFO] [stdout] warning: unexpected `cfg` condition value: `anchor-debug`
[INFO] [stdout]   --> programs/custody_authority/src/lib.rs:13:1
[INFO] [stdout]    |
[INFO] [stdout] 13 | #[program]
[INFO] [stdout]    | ^^^^^^^^^^
[INFO] [stdout]    |
[INFO] [stdout]    = note: expected values for `feature` are: `cpi`, `default`, `no-entrypoint`, `no-idl`, and `no-log-ix-name`
[INFO] [stdout]    = note: using a cfg inside a derive macro will use the cfgs from the destination crate and not the ones from the defining crate
[INFO] [stdout]    = help: try referring to `Accounts` crate for guidance on how handle this unexpected cfg
[INFO] [stdout]    = note: see <https://doc.rust-lang.org/nightly/rustc/check-cfg/cargo-specifics.html> for more information about checking conditional configuration
[INFO] [stdout]    = note: this warning originates in the derive macro `Accounts` (in Nightly builds, run with -Z macro-backtrace for more info)
[INFO] [stdout] 
[INFO] [stdout] 
[INFO] [stdout] warning: unexpected `cfg` condition value: `anchor-debug`
[INFO] [stdout]   --> programs/custody_authority/src/lib.rs:13:1
[INFO] [stdout]    |
[INFO] [stdout] 13 | #[program]
[INFO] [stdout]    | ^^^^^^^^^^
[INFO] [stdout]    |
[INFO] [stdout]    = note: expected values for `feature` are: `cpi`, `default`, `no-entrypoint`, `no-idl`, and `no-log-ix-name`
[INFO] [stdout]    = note: using a cfg inside a derive macro will use the cfgs from the destination crate and not the ones from the defining crate
[INFO] [stdout]    = help: try referring to `Accounts` crate for guidance on how handle this unexpected cfg
[INFO] [stdout]    = note: see <https://doc.rust-lang.org/nightly/rustc/check-cfg/cargo-specifics.html> for more information about checking conditional configuration
[INFO] [stdout]    = note: this warning originates in the derive macro `Accounts` (in Nightly builds, run with -Z macro-backtrace for more info)
[INFO] [stdout] 
[INFO] [stdout] 
[INFO] [stdout] error[E0277]: the trait bound `create_vault_token_account::CreateVaultTokenAccount<'_>: Bumps` is not satisfied
[INFO] [stdout]   --> programs/custody_authority/src/lib.rs:25:15
[INFO] [stdout]    |
[INFO] [stdout] 25 |         _ctx: Context<CreateVaultTokenAccount>,
[INFO] [stdout]    |               ^^^^^^^^^^^^^^^^^^^^^^^^^^^^^^^^ unsatisfied trait bound
[INFO] [stdout]    |
[INFO] [stdout] help: the trait `Bumps` is not implemented for `create_vault_token_account::CreateVaultTokenAccount<'_>`
[INFO] [stdout]   --> programs/custody_authority/src/instructions/create_vault_token_account.rs:15:1
[INFO] [stdout]    |
[INFO] [stdout] 15 | pub struct CreateVaultTokenAccount<'info> {
[INFO] [stdout]    | ^^^^^^^^^^^^^^^^^^^^^^^^^^^^^^^^^^^^^^^^^
[INFO] [stdout]    = help: the following other types implement trait `Bumps`:
[INFO] [stdout]              Create<'info>
[INFO] [stdout]              CreateNonceAccount<'info>
[INFO] [stdout]              CreateNonceAccountWithSeed<'info>
[INFO] [stdout]              __idl::IdlAccounts<'info>
[INFO] [stdout]              __idl::IdlCloseAccount<'info>
[INFO] [stdout]              __idl::IdlCreateAccounts<'info>
[INFO] [stdout]              __idl::IdlCreateBuffer<'info>
[INFO] [stdout]              __idl::IdlResizeAccount<'info>
[INFO] [stdout]            and 54 others
[INFO] [stdout] note: required by a bound in `anchor_lang::context::Context`
[INFO] [stdout]   --> /opt/rustwide/cargo-home/registry/src/index.crates.io-1949cf8c6b5b557f/anchor-lang-0.29.0/src/context.rs:24:42
[INFO] [stdout]    |
[INFO] [stdout] 24 | pub struct Context<'a, 'b, 'c, 'info, T: Bumps> {
[INFO] [stdout]    |                                          ^^^^^ required by this bound in `Context`
[INFO] [stdout] 
[INFO] [stdout] 
[INFO] [stdout] error[E0277]: the trait bound `create_vault_token_account::CreateVaultTokenAccount<'_>: Bumps` is not satisfied
[INFO] [stdout]   --> programs/custody_authority/src/lib.rs:25:15
[INFO] [stdout]    |
[INFO] [stdout] 25 |         _ctx: Context<CreateVaultTokenAccount>,
[INFO] [stdout]    |               ^^^^^^^^^^^^^^^^^^^^^^^^^^^^^^^^ unsatisfied trait bound
[INFO] [stdout]    |
[INFO] [stdout] help: the trait `Bumps` is not implemented for `create_vault_token_account::CreateVaultTokenAccount<'_>`
[INFO] [stdout]   --> programs/custody_authority/src/instructions/create_vault_token_account.rs:15:1
[INFO] [stdout]    |
[INFO] [stdout] 15 | pub struct CreateVaultTokenAccount<'info> {
[INFO] [stdout]    | ^^^^^^^^^^^^^^^^^^^^^^^^^^^^^^^^^^^^^^^^^
[INFO] [stdout]    = help: the following other types implement trait `Bumps`:
[INFO] [stdout]              Create<'info>
[INFO] [stdout]              CreateNonceAccount<'info>
[INFO] [stdout]              CreateNonceAccountWithSeed<'info>
[INFO] [stdout]              __idl::IdlAccounts<'info>
[INFO] [stdout]              __idl::IdlCloseAccount<'info>
[INFO] [stdout]              __idl::IdlCreateAccounts<'info>
[INFO] [stdout]              __idl::IdlCreateBuffer<'info>
[INFO] [stdout]              __idl::IdlResizeAccount<'info>
[INFO] [stdout]            and 54 others
[INFO] [stdout] note: required by a bound in `anchor_lang::context::Context`
[INFO] [stdout]   --> /opt/rustwide/cargo-home/registry/src/index.crates.io-1949cf8c6b5b557f/anchor-lang-0.29.0/src/context.rs:24:42
[INFO] [stdout]    |
[INFO] [stdout] 24 | pub struct Context<'a, 'b, 'c, 'info, T: Bumps> {
[INFO] [stdout]    |                                          ^^^^^ required by this bound in `Context`
[INFO] [stdout] 
[INFO] [stdout] 
[INFO] [stdout] error[E0277]: the trait bound `create_vault_token_account::CreateVaultTokenAccount<'_>: Bumps` is not satisfied
[INFO] [stdout]   --> programs/custody_authority/src/lib.rs:25:23
[INFO] [stdout]    |
[INFO] [stdout] 25 |         _ctx: Context<CreateVaultTokenAccount>,
[INFO] [stdout]    |                       ^^^^^^^^^^^^^^^^^^^^^^^ unsatisfied trait bound
[INFO] [stdout]    |
[INFO] [stdout] help: the trait `Bumps` is not implemented for `create_vault_token_account::CreateVaultTokenAccount<'_>`
[INFO] [stdout]   --> programs/custody_authority/src/instructions/create_vault_token_account.rs:15:1
[INFO] [stdout]    |
[INFO] [stdout] 15 | pub struct CreateVaultTokenAccount<'info> {
[INFO] [stdout]    | ^^^^^^^^^^^^^^^^^^^^^^^^^^^^^^^^^^^^^^^^^
[INFO] [stdout]    = help: the following other types implement trait `Bumps`:
[INFO] [stdout]              Create<'info>
[INFO] [stdout]              CreateNonceAccount<'info>
[INFO] [stdout]              CreateNonceAccountWithSeed<'info>
[INFO] [stdout]              __idl::IdlAccounts<'info>
[INFO] [stdout]              __idl::IdlCloseAccount<'info>
[INFO] [stdout]              __idl::IdlCreateAccounts<'info>
[INFO] [stdout]              __idl::IdlCreateBuffer<'info>
[INFO] [stdout]              __idl::IdlResizeAccount<'info>
[INFO] [stdout]            and 54 others
[INFO] [stdout] 
[INFO] [stdout] 
[INFO] [stdout] error[E0277]: the trait bound `create_vault_token_account::CreateVaultTokenAccount<'_>: Bumps` is not satisfied
[INFO] [stdout]   --> programs/custody_authority/src/lib.rs:25:23
[INFO] [stdout]    |
[INFO] [stdout] 25 |         _ctx: Context<CreateVaultTokenAccount>,
[INFO] [stdout]    |                       ^^^^^^^^^^^^^^^^^^^^^^^ unsatisfied trait bound
[INFO] [stdout]    |
[INFO] [stdout] help: the trait `Bumps` is not implemented for `create_vault_token_account::CreateVaultTokenAccount<'_>`
[INFO] [stdout]   --> programs/custody_authority/src/instructions/create_vault_token_account.rs:15:1
[INFO] [stdout]    |
[INFO] [stdout] 15 | pub struct CreateVaultTokenAccount<'info> {
[INFO] [stdout]    | ^^^^^^^^^^^^^^^^^^^^^^^^^^^^^^^^^^^^^^^^^
[INFO] [stdout]    = help: the following other types implement trait `Bumps`:
[INFO] [stdout]              Create<'info>
[INFO] [stdout]              CreateNonceAccount<'info>
[INFO] [stdout]              CreateNonceAccountWithSeed<'info>
[INFO] [stdout]              __idl::IdlAccounts<'info>
[INFO] [stdout]              __idl::IdlCloseAccount<'info>
[INFO] [stdout]              __idl::IdlCreateAccounts<'info>
[INFO] [stdout]              __idl::IdlCreateBuffer<'info>
[INFO] [stdout]              __idl::IdlResizeAccount<'info>
[INFO] [stdout]            and 54 others
[INFO] [stdout] 
[INFO] [stdout] 
[INFO] [stdout] error[E0277]: the trait bound `create_vault_token_account::CreateVaultTokenAccount<'_>: Bumps` is not satisfied
[INFO] [stdout]   --> programs/custody_authority/src/lib.rs:13:1
[INFO] [stdout]    |
[INFO] [stdout] 13 | #[program]
[INFO] [stdout]    | ^^^^^^^^^^ unsatisfied trait bound
[INFO] [stdout]    |
[INFO] [stdout] help: the trait `Bumps` is not implemented for `create_vault_token_account::CreateVaultTokenAccount<'_>`
[INFO] [stdout]   --> programs/custody_authority/src/instructions/create_vault_token_account.rs:15:1
[INFO] [stdout]    |
[INFO] [stdout] 15 | pub struct CreateVaultTokenAccount<'info> {
[INFO] [stdout]    | ^^^^^^^^^^^^^^^^^^^^^^^^^^^^^^^^^^^^^^^^^
[INFO] [stdout]    = help: the following other types implement trait `Bumps`:
[INFO] [stdout]              Create<'info>
[INFO] [stdout]              CreateNonceAccount<'info>
[INFO] [stdout]              CreateNonceAccountWithSeed<'info>
[INFO] [stdout]              __idl::IdlAccounts<'info>
[INFO] [stdout]              __idl::IdlCloseAccount<'info>
[INFO] [stdout]              __idl::IdlCreateAccounts<'info>
[INFO] [stdout]              __idl::IdlCreateBuffer<'info>
[INFO] [stdout]              __idl::IdlResizeAccount<'info>
[INFO] [stdout]            and 54 others
[INFO] [stdout]    = note: this error originates in the attribute macro `program` (in Nightly builds, run with -Z macro-backtrace for more info)
[INFO] [stdout] 
[INFO] [stdout] 
[INFO] [stdout] error[E0277]: the trait bound `create_vault_token_account::CreateVaultTokenAccount<'_>: Bumps` is not satisfied
[INFO] [stdout]   --> programs/custody_authority/src/lib.rs:13:1
[INFO] [stdout]    |
[INFO] [stdout] 13 | #[program]
[INFO] [stdout]    | ^^^^^^^^^^ unsatisfied trait bound
[INFO] [stdout]    |
[INFO] [stdout] help: the trait `Bumps` is not implemented for `create_vault_token_account::CreateVaultTokenAccount<'_>`
[INFO] [stdout]   --> programs/custody_authority/src/instructions/create_vault_token_account.rs:15:1
[INFO] [stdout]    |
[INFO] [stdout] 15 | pub struct CreateVaultTokenAccount<'info> {
[INFO] [stdout]    | ^^^^^^^^^^^^^^^^^^^^^^^^^^^^^^^^^^^^^^^^^
[INFO] [stdout]    = help: the following other types implement trait `Bumps`:
[INFO] [stdout]              Create<'info>
[INFO] [stdout]              CreateNonceAccount<'info>
[INFO] [stdout]              CreateNonceAccountWithSeed<'info>
[INFO] [stdout]              __idl::IdlAccounts<'info>
[INFO] [stdout]              __idl::IdlCloseAccount<'info>
[INFO] [stdout]              __idl::IdlCreateAccounts<'info>
[INFO] [stdout]              __idl::IdlCreateBuffer<'info>
[INFO] [stdout]              __idl::IdlResizeAccount<'info>
[INFO] [stdout]            and 54 others
[INFO] [stdout]    = note: this error originates in the attribute macro `program` (in Nightly builds, run with -Z macro-backtrace for more info)
[INFO] [stdout] 
[INFO] [stdout] 
[INFO] [stdout] error[E0599]: no associated function or constant named `try_accounts` found for struct `create_vault_token_account::CreateVaultTokenAccount<'info>` in the current scope
[INFO] [stdout]   --> programs/custody_authority/src/lib.rs:13:1
[INFO] [stdout]    |
[INFO] [stdout] 13 | #[program]
[INFO] [stdout]    | ^^^^^^^^^^ associated function or constant not found in `create_vault_token_account::CreateVaultTokenAccount<'_>`
[INFO] [stdout]    |
[INFO] [stdout]   ::: programs/custody_authority/src/instructions/create_vault_token_account.rs:15:1
[INFO] [stdout]    |
[INFO] [stdout] 15 | pub struct CreateVaultTokenAccount<'info> {
[INFO] [stdout]    | ----------------------------------------- associated function or constant `try_accounts` not found for this struct
[INFO] [stdout]    |
[INFO] [stdout]    = help: items from traits can only be used if the trait is implemented and in scope
[INFO] [stdout]    = note: the following trait defines an item `try_accounts`, perhaps you need to implement it:
[INFO] [stdout]            candidate #1: `anchor_lang::Accounts`
[INFO] [stdout]    = note: this error originates in the attribute macro `program` (in Nightly builds, run with -Z macro-backtrace for more info)
[INFO] [stdout] 
[INFO] [stdout] 
[INFO] [stdout] error[E0599]: no associated function or constant named `try_accounts` found for struct `create_vault_token_account::CreateVaultTokenAccount<'info>` in the current scope
[INFO] [stdout]   --> programs/custody_authority/src/lib.rs:13:1
[INFO] [stdout]    |
[INFO] [stdout] 13 | #[program]
[INFO] [stdout]    | ^^^^^^^^^^ associated function or constant not found in `create_vault_token_account::CreateVaultTokenAccount<'_>`
[INFO] [stdout]    |
[INFO] [stdout]   ::: programs/custody_authority/src/instructions/create_vault_token_account.rs:15:1
[INFO] [stdout]    |
[INFO] [stdout] 15 | pub struct CreateVaultTokenAccount<'info> {
[INFO] [stdout]    | ----------------------------------------- associated function or constant `try_accounts` not found for this struct
[INFO] [stdout]    |
[INFO] [stdout]    = help: items from traits can only be used if the trait is implemented and in scope
[INFO] [stdout]    = note: the following trait defines an item `try_accounts`, perhaps you need to implement it:
[INFO] [stdout]            candidate #1: `anchor_lang::Accounts`
[INFO] [stdout]    = note: this error originates in the attribute macro `program` (in Nightly builds, run with -Z macro-backtrace for more info)
[INFO] [stdout] 
[INFO] [stdout] 
[INFO] [stdout] error[E0277]: the trait bound `create_vault_token_account::CreateVaultTokenAccount<'_>: anchor_lang::Accounts<'_, _>` is not satisfied
[INFO] [stdout]   --> programs/custody_authority/src/lib.rs:13:1
[INFO] [stdout]    |
[INFO] [stdout] 13 | #[program]
[INFO] [stdout]    | ^^^^^^^^^^ unsatisfied trait bound
[INFO] [stdout]    |
[INFO] [stdout] help: the trait `anchor_lang::Accounts<'_, _>` is not implemented for `create_vault_token_account::CreateVaultTokenAccount<'_>`
[INFO] [stdout]   --> programs/custody_authority/src/instructions/create_vault_token_account.rs:15:1
[INFO] [stdout]    |
[INFO] [stdout] 15 | pub struct CreateVaultTokenAccount<'info> {
[INFO] [stdout]    | ^^^^^^^^^^^^^^^^^^^^^^^^^^^^^^^^^^^^^^^^^
[INFO] [stdout]    = help: the following other types implement trait `anchor_lang::Accounts<'info, B>`:
[INFO] [stdout]              `AccountLoader<'info, T>` implements `anchor_lang::Accounts<'info, B>`
[INFO] [stdout]              `Box<T>` implements `anchor_lang::Accounts<'info, B>`
[INFO] [stdout]              `Create<'info>` implements `anchor_lang::Accounts<'info, CreateBumps>`
[INFO] [stdout]              `CreateNonceAccount<'info>` implements `anchor_lang::Accounts<'info, CreateNonceAccountBumps>`
[INFO] [stdout]              `CreateNonceAccountWithSeed<'info>` implements `anchor_lang::Accounts<'info, CreateNonceAccountWithSeedBumps>`
[INFO] [stdout]              `Interface<'info, T>` implements `anchor_lang::Accounts<'info, B>`
[INFO] [stdout]              `InterfaceAccount<'info, T>` implements `anchor_lang::Accounts<'info, B>`
[INFO] [stdout]              `Option<T>` implements `anchor_lang::Accounts<'info, B>`
[INFO] [stdout]            and 67 others
[INFO] [stdout] note: required by a bound in `anchor_lang::context::Context::<'a, 'b, 'c, 'info, T>::new`
[INFO] [stdout]   --> /opt/rustwide/cargo-home/registry/src/index.crates.io-1949cf8c6b5b557f/anchor-lang-0.29.0/src/context.rs:55:16
[INFO] [stdout]    |
[INFO] [stdout] 53 | impl<'a, 'b, 'c, 'info, T> Context<'a, 'b, 'c, 'info, T>
[INFO] [stdout] 54 | where
[INFO] [stdout] 55 |     T: Bumps + Accounts<'info, T::Bumps>,
[INFO] [stdout]    |                ^^^^^^^^^^^^^^^^^^^^^^^^^ required by this bound in `Context::<'a, 'b, 'c, 'info, T>::new`
[INFO] [stdout] 56 | {
[INFO] [stdout] 57 |     pub fn new(
[INFO] [stdout]    = note: this error originates in the attribute macro `program` (in Nightly builds, run with -Z macro-backtrace for more info)
[INFO] [stdout] 
[INFO] [stdout] 
[INFO] [stdout] error[E0277]: the trait bound `create_vault_token_account::CreateVaultTokenAccount<'_>: anchor_lang::Accounts<'_, _>` is not satisfied
[INFO] [stdout]   --> programs/custody_authority/src/lib.rs:13:1
[INFO] [stdout]    |
[INFO] [stdout] 13 | #[program]
[INFO] [stdout]    | ^^^^^^^^^^ unsatisfied trait bound
[INFO] [stdout]    |
[INFO] [stdout] help: the trait `anchor_lang::Accounts<'_, _>` is not implemented for `create_vault_token_account::CreateVaultTokenAccount<'_>`
[INFO] [stdout]   --> programs/custody_authority/src/instructions/create_vault_token_account.rs:15:1
[INFO] [stdout]    |
[INFO] [stdout] 15 | pub struct CreateVaultTokenAccount<'info> {
[INFO] [stdout]    | ^^^^^^^^^^^^^^^^^^^^^^^^^^^^^^^^^^^^^^^^^
[INFO] [stdout]    = help: the following other types implement trait `anchor_lang::Accounts<'info, B>`:
[INFO] [stdout]              `AccountLoader<'info, T>` implements `anchor_lang::Accounts<'info, B>`
[INFO] [stdout]              `Box<T>` implements `anchor_lang::Accounts<'info, B>`
[INFO] [stdout]              `Create<'info>` implements `anchor_lang::Accounts<'info, CreateBumps>`
[INFO] [stdout]              `CreateNonceAccount<'info>` implements `anchor_lang::Accounts<'info, CreateNonceAccountBumps>`
[INFO] [stdout]              `CreateNonceAccountWithSeed<'info>` implements `anchor_lang::Accounts<'info, CreateNonceAccountWithSeedBumps>`
[INFO] [stdout]              `Interface<'info, T>` implements `anchor_lang::Accounts<'info, B>`
[INFO] [stdout]              `InterfaceAccount<'info, T>` implements `anchor_lang::Accounts<'info, B>`
[INFO] [stdout]              `Option<T>` implements `anchor_lang::Accounts<'info, B>`
[INFO] [stdout]            and 67 others
[INFO] [stdout] note: required by a bound in `anchor_lang::context::Context::<'a, 'b, 'c, 'info, T>::new`
[INFO] [stdout]   --> /opt/rustwide/cargo-home/registry/src/index.crates.io-1949cf8c6b5b557f/anchor-lang-0.29.0/src/context.rs:55:16
[INFO] [stdout]    |
[INFO] [stdout] 53 | impl<'a, 'b, 'c, 'info, T> Context<'a, 'b, 'c, 'info, T>
[INFO] [stdout] 54 | where
[INFO] [stdout] 55 |     T: Bumps + Accounts<'info, T::Bumps>,
[INFO] [stdout]    |                ^^^^^^^^^^^^^^^^^^^^^^^^^ required by this bound in `Context::<'a, 'b, 'c, 'info, T>::new`
[INFO] [stdout] 56 | {
[INFO] [stdout] 57 |     pub fn new(
[INFO] [stdout]    = note: this error originates in the attribute macro `program` (in Nightly builds, run with -Z macro-backtrace for more info)
[INFO] [stdout] 
[INFO] [stdout] 
[INFO] [stdout] error[E0277]: the size for values of type `Context<'_, '_, '_, '_, CreateVaultTokenAccount<'_>>` cannot be known at compilation time
[INFO] [stdout]   --> programs/custody_authority/src/lib.rs:13:1
[INFO] [stdout]    |
[INFO] [stdout] 13 | #[program]
[INFO] [stdout]    | ^^^^^^^^^^ doesn't have a size known at compile-time
[INFO] [stdout]    |
[INFO] [stdout]    = help: the trait `Sized` is not implemented for `Context<'_, '_, '_, '_, CreateVaultTokenAccount<'_>>`
[INFO] [stdout]    = note: all function arguments must have a statically known size
[INFO] [stdout]    = help: unsized fn params are gated as an unstable feature
[INFO] [stdout]    = note: the full name for the type has been written to '/opt/rustwide/target/debug/build/custody_authority/b38ce18589d77805/out/custody_authority-b38ce18589d77805.long-type-15688976136936234245.txt'
[INFO] [stdout]    = note: consider using `--verbose` to print the full type name to the console
[INFO] [stdout]    = note: this error originates in the attribute macro `program` (in Nightly builds, run with -Z macro-backtrace for more info)
[INFO] [stdout] 
[INFO] [stdout] 
[INFO] [stdout] error[E0277]: the size for values of type `Context<'_, '_, '_, '_, CreateVaultTokenAccount<'_>>` cannot be known at compilation time
[INFO] [stdout]   --> programs/custody_authority/src/lib.rs:13:1
[INFO] [stdout]    |
[INFO] [stdout] 13 | #[program]
[INFO] [stdout]    | ^^^^^^^^^^ doesn't have a size known at compile-time
[INFO] [stdout]    |
[INFO] [stdout]    = help: the trait `Sized` is not implemented for `Context<'_, '_, '_, '_, CreateVaultTokenAccount<'_>>`
[INFO] [stdout]    = note: all function arguments must have a statically known size
[INFO] [stdout]    = help: unsized fn params are gated as an unstable feature
[INFO] [stdout]    = note: the full name for the type has been written to '/opt/rustwide/target/debug/build/custody_authority/a664c13c85463f40/out/custody_authority-a664c13c85463f40.long-type-5321303144182712436.txt'
[INFO] [stdout]    = note: consider using `--verbose` to print the full type name to the console
[INFO] [stdout]    = note: this error originates in the attribute macro `program` (in Nightly builds, run with -Z macro-backtrace for more info)
[INFO] [stdout] 
[INFO] [stdout] 
[INFO] [stdout] error[E0277]: the size for values of type `Context<'_, '_, '_, '_, CreateVaultTokenAccount<'_>>` cannot be known at compilation time
[INFO] [stdout]   --> programs/custody_authority/src/lib.rs:25:15
[INFO] [stdout]    |
[INFO] [stdout] 25 |         _ctx: Context<CreateVaultTokenAccount>,
[INFO] [stdout]    |               ^^^^^^^^^^^^^^^^^^^^^^^^^^^^^^^^ doesn't have a size known at compile-time
[INFO] [stdout]    |
[INFO] [stdout]    = help: the trait `Sized` is not implemented for `Context<'_, '_, '_, '_, CreateVaultTokenAccount<'_>>`
[INFO] [stdout]    = help: unsized fn params are gated as an unstable feature
[INFO] [stdout]    = note: the full name for the type has been written to '/opt/rustwide/target/debug/build/custody_authority/b38ce18589d77805/out/custody_authority-b38ce18589d77805.long-type-15772146939149009653.txt'
[INFO] [stdout]    = note: consider using `--verbose` to print the full type name to the console
[INFO] [stdout] help: function arguments must have a statically known size, borrowed types always have a known size
[INFO] [stdout]    |
[INFO] [stdout] 25 |         _ctx: &Context<CreateVaultTokenAccount>,
[INFO] [stdout]    |               +
[INFO] [stdout] 
[INFO] [stdout] 
[INFO] [stdout] error[E0277]: the size for values of type `Context<'_, '_, '_, '_, CreateVaultTokenAccount<'_>>` cannot be known at compilation time
[INFO] [stdout]   --> programs/custody_authority/src/lib.rs:25:15
[INFO] [stdout]    |
[INFO] [stdout] 25 |         _ctx: Context<CreateVaultTokenAccount>,
[INFO] [stdout]    |               ^^^^^^^^^^^^^^^^^^^^^^^^^^^^^^^^ doesn't have a size known at compile-time
[INFO] [stdout]    |
[INFO] [stdout]    = help: the trait `Sized` is not implemented for `Context<'_, '_, '_, '_, CreateVaultTokenAccount<'_>>`
[INFO] [stdout]    = help: unsized fn params are gated as an unstable feature
[INFO] [stdout]    = note: the full name for the type has been written to '/opt/rustwide/target/debug/build/custody_authority/a664c13c85463f40/out/custody_authority-a664c13c85463f40.long-type-8585380914647304633.txt'
[INFO] [stdout]    = note: consider using `--verbose` to print the full type name to the console
[INFO] [stdout] help: function arguments must have a statically known size, borrowed types always have a known size
[INFO] [stdout]    |
[INFO] [stdout] 25 |         _ctx: &Context<CreateVaultTokenAccount>,
[INFO] [stdout]    |               +
[INFO] [stdout] 
[INFO] [stdout] 
[INFO] [stdout] Some errors have detailed explanations: E0277, E0432, E0599.
[INFO] [stdout] 
[INFO] [stdout] For more information about an error, try `rustc --explain E0277`.
[INFO] [stdout] 
[INFO] [stdout] Some errors have detailed explanations: E0277, E0432, E0599.
[INFO] [stdout] 
[INFO] [stdout] For more information about an error, try `rustc --explain E0277`.
[INFO] [stdout] 
[INFO] [stderr] error: could not compile `custody_authority` (lib test) due to 9 previous errors; 18 warnings emitted
[INFO] [stderr] warning: build failed, waiting for other jobs to finish...
[INFO] [stderr] error: could not compile `custody_authority` (lib) due to 9 previous errors; 18 warnings emitted
[INFO] running `Command { std: "docker" "inspect" "2aa428a3927748fa2a184b9f8616f605a2df2a9e6f4ef221b6a1bfa765799f9b", kill_on_drop: false }`
[INFO] running `Command { std: "docker" "rm" "-f" "2aa428a3927748fa2a184b9f8616f605a2df2a9e6f4ef221b6a1bfa765799f9b", kill_on_drop: false }`
[INFO] [stdout] 2aa428a3927748fa2a184b9f8616f605a2df2a9e6f4ef221b6a1bfa765799f9b
