[INFO] cloning repository https://github.com/sammyne/wasm-component-broken-compose
[INFO] running `Command { std: "git" "-c" "credential.helper=" "-c" "credential.helper=/workspace/cargo-home/bin/git-credential-null" "clone" "--bare" "https://github.com/sammyne/wasm-component-broken-compose" "/workspace/cache/git-repos/https%3A%2F%2Fgithub.com%2Fsammyne%2Fwasm-component-broken-compose", kill_on_drop: false }`
[INFO] [stderr] Cloning into bare repository '/workspace/cache/git-repos/https%3A%2F%2Fgithub.com%2Fsammyne%2Fwasm-component-broken-compose'...
[INFO] running `Command { std: "git" "rev-parse" "HEAD", kill_on_drop: false }`
[INFO] [stdout] d979126af3b6bcf304b1beb9606a2280e48545b9
[INFO] checking sammyne/wasm-component-broken-compose/d979126af3b6bcf304b1beb9606a2280e48545b9 against a7c37f9f0ee5e93396106e9de20f4a86b4154e63 for pr-129249-4
[INFO] running `Command { std: "git" "clone" "/workspace/cache/git-repos/https%3A%2F%2Fgithub.com%2Fsammyne%2Fwasm-component-broken-compose" "/workspace/builds/worker-2-tc1/source", kill_on_drop: false }`
[INFO] [stderr] Cloning into '/workspace/builds/worker-2-tc1/source'...
[INFO] [stderr] done.
[INFO] removed /workspace/builds/worker-2-tc1/source/.cargo/config.toml
[INFO] started tweaking git repo https://github.com/sammyne/wasm-component-broken-compose
[INFO] finished tweaking git repo https://github.com/sammyne/wasm-component-broken-compose
[INFO] tweaked toml for git repo https://github.com/sammyne/wasm-component-broken-compose written to /workspace/builds/worker-2-tc1/source/Cargo.toml
[INFO] validating manifest of git repo https://github.com/sammyne/wasm-component-broken-compose on toolchain a7c37f9f0ee5e93396106e9de20f4a86b4154e63
[INFO] running `Command { std: CARGO_HOME="/workspace/cargo-home" RUSTUP_HOME="/workspace/rustup-home" "/workspace/cargo-home/bin/cargo" "+a7c37f9f0ee5e93396106e9de20f4a86b4154e63" "metadata" "--manifest-path" "Cargo.toml" "--no-deps", kill_on_drop: false }`
[INFO] crate git repo https://github.com/sammyne/wasm-component-broken-compose already has a lockfile, it will not be regenerated
[INFO] running `Command { std: CARGO_HOME="/workspace/cargo-home" RUSTUP_HOME="/workspace/rustup-home" "/workspace/cargo-home/bin/cargo" "+a7c37f9f0ee5e93396106e9de20f4a86b4154e63" "fetch" "--manifest-path" "Cargo.toml", kill_on_drop: false }`
[INFO] [stderr] warning: unused workspace dependency `anyhow`
[INFO] [stderr]  --> Cargo.toml:6:1
[INFO] [stderr]   |
[INFO] [stderr] 6 | anyhow = "1.0.82"
[INFO] [stderr]   | ^^^^^^
[INFO] [stderr]   |
[INFO] [stderr]   = note: `cargo::unused_workspace_dependencies` is set to `warn` by default
[INFO] [stderr] help: consider removing the workspace dependency `anyhow`
[INFO] [stderr] warning: unused workspace dependency `wasm-bindgen`
[INFO] [stderr]  --> Cargo.toml:7:1
[INFO] [stderr]   |
[INFO] [stderr] 7 | wasm-bindgen = "0.2.92"
[INFO] [stderr]   | ^^^^^^^^^^^^
[INFO] [stderr]   |
[INFO] [stderr] help: consider removing the workspace dependency `wasm-bindgen`
[INFO] [stderr] warning: unused workspace dependency `wasmtime`
[INFO] [stderr]  --> Cargo.toml:8:1
[INFO] [stderr]   |
[INFO] [stderr] 8 | wasmtime = "20.0.0"
[INFO] [stderr]   | ^^^^^^^^
[INFO] [stderr]   |
[INFO] [stderr] help: consider removing the workspace dependency `wasmtime`
[INFO] [stderr] warning: unused workspace dependency `wasmtime-wasi`
[INFO] [stderr]  --> Cargo.toml:9:1
[INFO] [stderr]   |
[INFO] [stderr] 9 | wasmtime-wasi = "20.0.0"
[INFO] [stderr]   | ^^^^^^^^^^^^^
[INFO] [stderr]   |
[INFO] [stderr] help: consider removing the workspace dependency `wasmtime-wasi`
[INFO] [stderr] warning: workspace (manifest) generated 4 warnings
[INFO] [stderr]     Updating crates.io index
[INFO] [stderr]     Blocking waiting for file lock on package cache
[INFO] [stderr]  Downloading crates ...
[INFO] [stderr]   Downloaded wit-bindgen-rust v0.25.0
[INFO] [stderr]   Downloaded wit-bindgen v0.25.0
[INFO] [stderr]   Downloaded wit-bindgen-rust-macro v0.25.0
[INFO] [stderr]   Downloaded equivalent v1.0.1
[INFO] [stderr]   Downloaded wit-bindgen-rt v0.25.0
[INFO] [stderr]   Downloaded unicode-xid v0.2.5
[INFO] [stderr]   Downloaded id-arena v2.2.1
[INFO] [stderr]   Downloaded wasm-metadata v0.208.1
[INFO] [stderr]   Downloaded itoa v1.0.11
[INFO] [stderr]   Downloaded leb128 v0.2.5
[INFO] [stderr]   Downloaded wit-bindgen-core v0.25.0
[INFO] [stderr]   Downloaded quote v1.0.37
[INFO] [stderr]   Downloaded semver v1.0.23
[INFO] [stderr]   Downloaded wit-parser v0.208.1
[INFO] [stderr]   Downloaded once_cell v1.19.0
[INFO] [stderr]   Downloaded bitflags v2.6.0
[INFO] [stderr]   Downloaded smallvec v1.13.2
[INFO] [stderr]   Downloaded unicode-ident v1.0.13
[INFO] [stderr]   Downloaded ahash v0.8.11
[INFO] [stderr]   Downloaded zerocopy-derive v0.7.35
[INFO] [stderr]   Downloaded ryu v1.0.18
[INFO] [stderr]   Downloaded anyhow v1.0.89
[INFO] [stderr]   Downloaded serde_derive v1.0.210
[INFO] [stderr]   Downloaded log v0.4.22
[INFO] [stderr]   Downloaded proc-macro2 v1.0.86
[INFO] [stderr]   Downloaded serde v1.0.210
[INFO] [stderr]   Downloaded wasm-encoder v0.208.1
[INFO] [stderr]   Downloaded wit-component v0.208.1
[INFO] [stderr]   Downloaded indexmap v2.5.0
[INFO] [stderr]   Downloaded wasmparser v0.208.1
[INFO] [stderr]   Downloaded serde_json v1.0.128
[INFO] [stderr]   Downloaded zerocopy v0.7.35
[INFO] [stderr]   Downloaded syn v2.0.77
[INFO] [stderr]   Downloaded spdx v0.10.6
[INFO] running `Command { std: "docker" "create" "-v" "/var/lib/crater-agent-workspace/builds/worker-2-tc1/source:/opt/rustwide/workdir:ro,Z" "-v" "/var/lib/crater-agent-workspace/builds/worker-2-tc1/target:/opt/rustwide/target:rw,Z" "-v" "/var/lib/crater-agent-workspace/cargo-home:/opt/rustwide/cargo-home:ro,Z" "-v" "/var/lib/crater-agent-workspace/rustup-home:/opt/rustwide/rustup-home:ro,Z" "-m" "1610612736" "--network" "none" "ghcr.io/rust-lang/crates-build-env/linux@sha256:c0af3998e971868164375a7dfb646c9933ddd1a3bdb00fa2041266763dc1eeab" "sleep" "infinity", kill_on_drop: false }`
[INFO] [stdout] 4bdbbe8a674ac6a76279caa562841d60761a1e762e8396f4e000d0561c2e2ff4
[INFO] running `Command { std: "docker" "start" "4bdbbe8a674ac6a76279caa562841d60761a1e762e8396f4e000d0561c2e2ff4", kill_on_drop: false }`
[INFO] running `Command { std: "docker" "inspect" "4bdbbe8a674ac6a76279caa562841d60761a1e762e8396f4e000d0561c2e2ff4", kill_on_drop: false }`
[INFO] running `Command { std: "docker" "exec" "-e" "SOURCE_DIR=/opt/rustwide/workdir" "-e" "CARGO_HOME=/opt/rustwide/cargo-home" "-e" "RUSTUP_HOME=/opt/rustwide/rustup-home" "-e" "CARGO_TARGET_DIR=/opt/rustwide/target" "-w" "/opt/rustwide/workdir" "--user" "0:0" "4bdbbe8a674ac6a76279caa562841d60761a1e762e8396f4e000d0561c2e2ff4" "/opt/rustwide/cargo-home/bin/cargo" "+a7c37f9f0ee5e93396106e9de20f4a86b4154e63" "metadata" "--no-deps" "--format-version=1", kill_on_drop: false }`
[INFO] running `Command { std: "docker" "inspect" "4bdbbe8a674ac6a76279caa562841d60761a1e762e8396f4e000d0561c2e2ff4", kill_on_drop: false }`
[INFO] running `Command { std: "docker" "exec" "-e" "SOURCE_DIR=/opt/rustwide/workdir" "-e" "CARGO_HOME=/opt/rustwide/cargo-home" "-e" "RUSTUP_HOME=/opt/rustwide/rustup-home" "-e" "CARGO_TARGET_DIR=/opt/rustwide/target" "-e" "CARGO_INCREMENTAL=0" "-e" "RUST_BACKTRACE=full" "-e" "RUSTFLAGS=--cap-lints=forbid" "-e" "RUSTDOCFLAGS=--cap-lints=forbid" "-w" "/opt/rustwide/workdir" "--user" "0:0" "4bdbbe8a674ac6a76279caa562841d60761a1e762e8396f4e000d0561c2e2ff4" "/opt/rustwide/cargo-home/bin/cargo" "+a7c37f9f0ee5e93396106e9de20f4a86b4154e63" "check" "--frozen" "--all" "--all-targets" "--message-format=json", kill_on_drop: false }`
[INFO] [stderr] warning: unused workspace dependency `anyhow`
[INFO] [stderr]  --> Cargo.toml:6:1
[INFO] [stderr]   |
[INFO] [stderr] 6 | anyhow = "1.0.82"
[INFO] [stderr]   | ^^^^^^
[INFO] [stderr]   |
[INFO] [stderr]   = note: `cargo::unused_workspace_dependencies` is set to `warn` by default
[INFO] [stderr] help: consider removing the workspace dependency `anyhow`
[INFO] [stderr] warning: unused workspace dependency `wasm-bindgen`
[INFO] [stderr]  --> Cargo.toml:7:1
[INFO] [stderr]   |
[INFO] [stderr] 7 | wasm-bindgen = "0.2.92"
[INFO] [stderr]   | ^^^^^^^^^^^^
[INFO] [stderr]   |
[INFO] [stderr] help: consider removing the workspace dependency `wasm-bindgen`
[INFO] [stderr] warning: unused workspace dependency `wasmtime`
[INFO] [stderr]  --> Cargo.toml:8:1
[INFO] [stderr]   |
[INFO] [stderr] 8 | wasmtime = "20.0.0"
[INFO] [stderr]   | ^^^^^^^^
[INFO] [stderr]   |
[INFO] [stderr] help: consider removing the workspace dependency `wasmtime`
[INFO] [stderr] warning: unused workspace dependency `wasmtime-wasi`
[INFO] [stderr]  --> Cargo.toml:9:1
[INFO] [stderr]   |
[INFO] [stderr] 9 | wasmtime-wasi = "20.0.0"
[INFO] [stderr]   | ^^^^^^^^^^^^^
[INFO] [stderr]   |
[INFO] [stderr] help: consider removing the workspace dependency `wasmtime-wasi`
[INFO] [stderr] warning: workspace (manifest) generated 4 warnings
[INFO] [stderr]    Compiling ahash v0.8.11
[INFO] [stderr]    Compiling serde v1.0.210
[INFO] [stderr]    Compiling proc-macro2 v1.0.86
[INFO] [stderr]    Compiling zerocopy v0.7.35
[INFO] [stderr]    Compiling once_cell v1.19.0
[INFO] [stderr]    Compiling cfg-if v1.0.0
[INFO] [stderr]    Compiling unicode-ident v1.0.13
[INFO] [stderr]    Compiling semver v1.0.23
[INFO] [stderr]    Compiling anyhow v1.0.89
[INFO] [stderr]    Compiling equivalent v1.0.1
[INFO] [stderr]    Compiling serde_json v1.0.128
[INFO] [stderr]    Compiling ryu v1.0.18
[INFO] [stderr]    Compiling memchr v2.7.4
[INFO] [stderr]    Compiling bitflags v2.6.0
[INFO] [stderr]    Compiling itoa v1.0.11
[INFO] [stderr]    Compiling unicode-xid v0.2.5
[INFO] [stderr]    Compiling log v0.4.22
[INFO] [stderr]    Compiling id-arena v2.2.1
[INFO] [stderr]    Compiling leb128 v0.2.5
[INFO] [stderr]    Compiling smallvec v1.13.2
[INFO] [stderr]    Compiling wit-bindgen-rust v0.25.0
[INFO] [stderr]    Compiling wit-bindgen-rust-macro v0.25.0
[INFO] [stderr]    Compiling wit-bindgen-rt v0.25.0
[INFO] [stderr]    Compiling wasm-encoder v0.208.1
[INFO] [stderr]    Compiling spdx v0.10.6
[INFO] [stderr]    Compiling hashbrown v0.14.5
[INFO] [stderr]    Compiling quote v1.0.37
[INFO] [stderr]    Compiling syn v2.0.77
[INFO] [stderr]    Compiling serde_derive v1.0.210
[INFO] [stderr]    Compiling indexmap v2.5.0
[INFO] [stderr]    Compiling wasmparser v0.208.1
[INFO] [stderr]    Compiling wit-parser v0.208.1
[INFO] [stderr]    Compiling wasm-metadata v0.208.1
[INFO] [stderr]    Compiling wit-component v0.208.1
[INFO] [stderr]    Compiling wit-bindgen-core v0.25.0
[INFO] [stderr]     Checking wit-bindgen v0.25.0
[INFO] [stderr]     Checking calculator v0.1.0 (/opt/rustwide/workdir/calculator)
[INFO] [stderr]     Checking adder v0.1.0 (/opt/rustwide/workdir/adder)
[INFO] [stdout] error: failed to resolve directory while parsing WIT for path [/opt/rustwide/workdir/calculator/wit]
[INFO] [stdout]        
[INFO] [stdout]        Caused by:
[INFO] [stdout]          package not found
[INFO] [stdout]             --> /opt/rustwide/workdir/calculator/wit/world.wit:4:7
[INFO] [stdout]              |
[INFO] [stdout]            4 |   use docs:adder/api@0.1.0.{wallet};
[INFO] [stdout]              |       ^---------
[INFO] [stdout]  --> calculator/src/lib.rs:2:5
[INFO] [stdout]   |
[INFO] [stdout] 2 |     wit_bindgen::generate!({});
[INFO] [stdout]   |     ^^^^^^^^^^^^^^^^^^^^^^^^^^
[INFO] [stdout]   |
[INFO] [stdout]   = note: this error originates in the macro `wit_bindgen::generate` (in Nightly builds, run with -Z macro-backtrace for more info)
[INFO] [stdout] 
[INFO] [stdout] 
[INFO] [stdout] error[E0433]: cannot find `docs` in `bindings`
[INFO] [stdout]  --> calculator/src/lib.rs:9:15
[INFO] [stdout]   |
[INFO] [stdout] 9 | use bindings::docs::adder::api::{self, Wallet};
[INFO] [stdout]   |               ^^^^ could not find `docs` in `bindings`
[INFO] [stdout] 
[INFO] [stdout] 
[INFO] [stdout] error[E0433]: cannot find `exports` in `bindings`
[INFO] [stdout]   --> calculator/src/lib.rs:10:15
[INFO] [stdout]    |
[INFO] [stdout] 10 | use bindings::exports::docs::calculator::hi::Guest;
[INFO] [stdout]    |               ^^^^^^^ could not find `exports` in `bindings`
[INFO] [stdout] 
[INFO] [stdout] 
[INFO] [stdout] error: failed to resolve directory while parsing WIT for path [/opt/rustwide/workdir/calculator/wit]
[INFO] [stdout]        
[INFO] [stdout]        Caused by:
[INFO] [stdout]          package not found
[INFO] [stdout]             --> /opt/rustwide/workdir/calculator/wit/world.wit:4:7
[INFO] [stdout]              |
[INFO] [stdout]            4 |   use docs:adder/api@0.1.0.{wallet};
[INFO] [stdout]              |       ^---------
[INFO] [stdout]  --> calculator/src/lib.rs:2:5
[INFO] [stdout]   |
[INFO] [stdout] 2 |     wit_bindgen::generate!({});
[INFO] [stdout]   |     ^^^^^^^^^^^^^^^^^^^^^^^^^^
[INFO] [stdout]   |
[INFO] [stdout]   = note: this error originates in the macro `wit_bindgen::generate` (in Nightly builds, run with -Z macro-backtrace for more info)
[INFO] [stdout] 
[INFO] [stdout] 
[INFO] [stdout] error[E0433]: cannot find `docs` in `bindings`
[INFO] [stdout]  --> calculator/src/lib.rs:9:15
[INFO] [stdout]   |
[INFO] [stdout] 9 | use bindings::docs::adder::api::{self, Wallet};
[INFO] [stdout]   |               ^^^^ could not find `docs` in `bindings`
[INFO] [stdout] 
[INFO] [stdout] 
[INFO] [stdout] error[E0433]: cannot find `exports` in `bindings`
[INFO] [stdout]   --> calculator/src/lib.rs:10:15
[INFO] [stdout]    |
[INFO] [stdout] 10 | use bindings::exports::docs::calculator::hi::Guest;
[INFO] [stdout]    |               ^^^^^^^ could not find `exports` in `bindings`
[INFO] [stdout] 
[INFO] [stdout] 
[INFO] [stdout] warning: variable `balance` is assigned to, but never used
[INFO] [stdout]   --> adder/src/lib.rs:17:25
[INFO] [stdout]    |
[INFO] [stdout] 17 |             Wallet::Btc(mut balance) => {
[INFO] [stdout]    |                         ^^^^^^^^^^^
[INFO] [stdout]    |
[INFO] [stdout]    = note: consider using `_balance` instead
[INFO] [stdout]    = note: `#[warn(unused_variables)]` (part of `#[warn(unused)]`) on by default
[INFO] [stdout] 
[INFO] [stdout] 
[INFO] [stdout] warning: value assigned to `balance` is never read
[INFO] [stdout]   --> adder/src/lib.rs:18:17
[INFO] [stdout]    |
[INFO] [stdout] 18 |                 balance.value += value;
[INFO] [stdout]    |                 ^^^^^^^^^^^^^^^^^^^^^^
[INFO] [stdout]    |
[INFO] [stdout]    = help: maybe it is overwritten before being read?
[INFO] [stdout]    = note: `#[warn(unused_assignments)]` (part of `#[warn(unused)]`) on by default
[INFO] [stdout] 
[INFO] [stdout] 
[INFO] [stdout] error: cannot find macro `export` in this scope
[INFO] [stdout]  --> calculator/src/lib.rs:6:5
[INFO] [stdout]   |
[INFO] [stdout] 6 |     export!(App);
[INFO] [stdout]   |     ^^^^^^
[INFO] [stdout] 
[INFO] [stdout] 
[INFO] [stdout] warning: unused import: `crate::App`
[INFO] [stdout]  --> calculator/src/lib.rs:4:9
[INFO] [stdout]   |
[INFO] [stdout] 4 |     use crate::App;
[INFO] [stdout]   |         ^^^^^^^^^^
[INFO] [stdout]   |
[INFO] [stdout]   = note: `#[warn(unused_imports)]` (part of `#[warn(unused)]`) on by default
[INFO] [stdout] 
[INFO] [stdout] 
[INFO] [stdout] error: cannot find macro `export` in this scope
[INFO] [stdout]  --> calculator/src/lib.rs:6:5
[INFO] [stdout]   |
[INFO] [stdout] 6 |     export!(App);
[INFO] [stdout]   |     ^^^^^^
[INFO] [stdout] 
[INFO] [stdout] 
[INFO] [stdout] warning: unused import: `crate::App`
[INFO] [stdout]  --> calculator/src/lib.rs:4:9
[INFO] [stdout]   |
[INFO] [stdout] 4 |     use crate::App;
[INFO] [stdout]   |         ^^^^^^^^^^
[INFO] [stdout]   |
[INFO] [stdout]   = note: `#[warn(unused_imports)]` (part of `#[warn(unused)]`) on by default
[INFO] [stdout] 
[INFO] [stdout] 
[INFO] [stdout] For more information about this error, try `rustc --explain E0433`.
[INFO] [stdout] 
[INFO] [stdout] For more information about this error, try `rustc --explain E0433`.
[INFO] [stdout] 
[INFO] [stdout] warning: variable `balance` is assigned to, but never used
[INFO] [stdout]   --> adder/src/lib.rs:17:25
[INFO] [stdout]    |
[INFO] [stdout] 17 |             Wallet::Btc(mut balance) => {
[INFO] [stdout]    |                         ^^^^^^^^^^^
[INFO] [stdout]    |
[INFO] [stdout]    = note: consider using `_balance` instead
[INFO] [stdout]    = note: `#[warn(unused_variables)]` (part of `#[warn(unused)]`) on by default
[INFO] [stdout] 
[INFO] [stdout] 
[INFO] [stdout] warning: value assigned to `balance` is never read
[INFO] [stdout]   --> adder/src/lib.rs:18:17
[INFO] [stdout]    |
[INFO] [stdout] 18 |                 balance.value += value;
[INFO] [stdout]    |                 ^^^^^^^^^^^^^^^^^^^^^^
[INFO] [stdout]    |
[INFO] [stdout]    = help: maybe it is overwritten before being read?
[INFO] [stdout]    = note: `#[warn(unused_assignments)]` (part of `#[warn(unused)]`) on by default
[INFO] [stdout] 
[INFO] [stdout] 
[INFO] [stderr] error: could not compile `calculator` (lib test) due to 4 previous errors; 1 warning emitted
[INFO] [stderr] warning: build failed, waiting for other jobs to finish...
[INFO] [stderr] error: could not compile `calculator` (lib) due to 4 previous errors; 1 warning emitted
[INFO] running `Command { std: "docker" "inspect" "4bdbbe8a674ac6a76279caa562841d60761a1e762e8396f4e000d0561c2e2ff4", kill_on_drop: false }`
[INFO] running `Command { std: "docker" "rm" "-f" "4bdbbe8a674ac6a76279caa562841d60761a1e762e8396f4e000d0561c2e2ff4", kill_on_drop: false }`
[INFO] [stdout] 4bdbbe8a674ac6a76279caa562841d60761a1e762e8396f4e000d0561c2e2ff4
