[INFO] cloning repository https://github.com/rockie/xgent-ai-gateway
[INFO] running `Command { std: "git" "-c" "credential.helper=" "-c" "credential.helper=/workspace/cargo-home/bin/git-credential-null" "clone" "--bare" "https://github.com/rockie/xgent-ai-gateway" "/workspace/cache/git-repos/https%3A%2F%2Fgithub.com%2Frockie%2Fxgent-ai-gateway", kill_on_drop: false }`
[INFO] [stderr] Cloning into bare repository '/workspace/cache/git-repos/https%3A%2F%2Fgithub.com%2Frockie%2Fxgent-ai-gateway'...
[INFO] running `Command { std: "git" "rev-parse" "HEAD", kill_on_drop: false }`
[INFO] [stdout] f66f93b3d4994a8a95bcaabb227e14ab3159047a
[INFO] checking rockie/xgent-ai-gateway/f66f93b3d4994a8a95bcaabb227e14ab3159047a against a7c37f9f0ee5e93396106e9de20f4a86b4154e63 for pr-129249-4
[INFO] running `Command { std: "git" "clone" "/workspace/cache/git-repos/https%3A%2F%2Fgithub.com%2Frockie%2Fxgent-ai-gateway" "/workspace/builds/worker-4-tc1/source", kill_on_drop: false }`
[INFO] [stderr] Cloning into '/workspace/builds/worker-4-tc1/source'...
[INFO] [stderr] done.
[INFO] started tweaking git repo https://github.com/rockie/xgent-ai-gateway
[INFO] finished tweaking git repo https://github.com/rockie/xgent-ai-gateway
[INFO] tweaked toml for git repo https://github.com/rockie/xgent-ai-gateway written to /workspace/builds/worker-4-tc1/source/Cargo.toml
[INFO] validating manifest of git repo https://github.com/rockie/xgent-ai-gateway on toolchain a7c37f9f0ee5e93396106e9de20f4a86b4154e63
[INFO] running `Command { std: CARGO_HOME="/workspace/cargo-home" RUSTUP_HOME="/workspace/rustup-home" "/workspace/cargo-home/bin/cargo" "+a7c37f9f0ee5e93396106e9de20f4a86b4154e63" "metadata" "--manifest-path" "Cargo.toml" "--no-deps", kill_on_drop: false }`
[INFO] crate git repo https://github.com/rockie/xgent-ai-gateway already has a lockfile, it will not be regenerated
[INFO] running `Command { std: CARGO_HOME="/workspace/cargo-home" RUSTUP_HOME="/workspace/rustup-home" "/workspace/cargo-home/bin/cargo" "+a7c37f9f0ee5e93396106e9de20f4a86b4154e63" "fetch" "--manifest-path" "Cargo.toml", kill_on_drop: false }`
[INFO] [stderr]     Blocking waiting for file lock on package cache
[INFO] [stderr]  Downloading crates ...
[INFO] [stderr]   Downloaded pulldown-cmark-to-cmark v22.0.0
[INFO] [stderr]   Downloaded tonic-prost v0.14.5
[INFO] [stderr]   Downloaded tonic-build v0.14.5
[INFO] [stderr]   Downloaded tonic-prost-build v0.14.5
[INFO] [stderr]   Downloaded tonic v0.14.5
[INFO] [stderr]   Downloaded redis v1.0.5
[INFO] [stderr]   Downloaded toml v1.0.7+spec-1.1.0
[INFO] [stderr]   Downloaded prometheus v0.14.0
[INFO] [stderr]   Downloaded axum-extra v0.12.5
[INFO] running `Command { std: "docker" "create" "-v" "/var/lib/crater-agent-workspace/builds/worker-4-tc1/source:/opt/rustwide/workdir:ro,Z" "-v" "/var/lib/crater-agent-workspace/builds/worker-4-tc1/target:/opt/rustwide/target:rw,Z" "-v" "/var/lib/crater-agent-workspace/cargo-home:/opt/rustwide/cargo-home:ro,Z" "-v" "/var/lib/crater-agent-workspace/rustup-home:/opt/rustwide/rustup-home:ro,Z" "-m" "1610612736" "--network" "none" "ghcr.io/rust-lang/crates-build-env/linux@sha256:77db811e55d90add9212f6832c23229e3de5f1c1f9905e8cb07319ea15df73ac" "sleep" "infinity", kill_on_drop: false }`
[INFO] [stdout] 7d6cdb16558d093624ec8bdca688d6107ac9a57ce5a7b584f5a6bef9f224253b
[INFO] running `Command { std: "docker" "start" "7d6cdb16558d093624ec8bdca688d6107ac9a57ce5a7b584f5a6bef9f224253b", kill_on_drop: false }`
[INFO] running `Command { std: "docker" "inspect" "7d6cdb16558d093624ec8bdca688d6107ac9a57ce5a7b584f5a6bef9f224253b", kill_on_drop: false }`
[INFO] running `Command { std: "docker" "exec" "-e" "SOURCE_DIR=/opt/rustwide/workdir" "-e" "CARGO_HOME=/opt/rustwide/cargo-home" "-e" "RUSTUP_HOME=/opt/rustwide/rustup-home" "-e" "CARGO_TARGET_DIR=/opt/rustwide/target" "-w" "/opt/rustwide/workdir" "--user" "0:0" "7d6cdb16558d093624ec8bdca688d6107ac9a57ce5a7b584f5a6bef9f224253b" "/opt/rustwide/cargo-home/bin/cargo" "+a7c37f9f0ee5e93396106e9de20f4a86b4154e63" "metadata" "--no-deps" "--format-version=1", kill_on_drop: false }`
[INFO] running `Command { std: "docker" "inspect" "7d6cdb16558d093624ec8bdca688d6107ac9a57ce5a7b584f5a6bef9f224253b", kill_on_drop: false }`
[INFO] running `Command { std: "docker" "exec" "-e" "SOURCE_DIR=/opt/rustwide/workdir" "-e" "CARGO_HOME=/opt/rustwide/cargo-home" "-e" "RUSTUP_HOME=/opt/rustwide/rustup-home" "-e" "CARGO_TARGET_DIR=/opt/rustwide/target" "-e" "CARGO_INCREMENTAL=0" "-e" "RUST_BACKTRACE=full" "-e" "RUSTFLAGS=--cap-lints=forbid" "-e" "RUSTDOCFLAGS=--cap-lints=forbid" "-w" "/opt/rustwide/workdir" "--user" "0:0" "7d6cdb16558d093624ec8bdca688d6107ac9a57ce5a7b584f5a6bef9f224253b" "/opt/rustwide/cargo-home/bin/cargo" "+a7c37f9f0ee5e93396106e9de20f4a86b4154e63" "check" "--frozen" "--all" "--all-targets" "--message-format=json", kill_on_drop: false }`
[INFO] [stderr]    Compiling libc v0.2.183
[INFO] [stderr]    Compiling serde_core v1.0.228
[INFO] [stderr]    Compiling serde v1.0.228
[INFO] [stderr]     Checking futures-io v0.3.32
[INFO] [stderr]    Compiling tokio-macros v2.6.1
[INFO] [stderr]     Checking tracing v0.1.44
[INFO] [stderr]    Compiling anyhow v1.0.102
[INFO] [stderr]    Compiling once_cell v1.21.4
[INFO] [stderr]    Compiling either v1.15.0
[INFO] [stderr]    Compiling serde_json v1.0.149
[INFO] [stderr]     Checking rustls-pki-types v1.14.0
[INFO] [stderr]    Compiling bitflags v2.11.0
[INFO] [stderr]    Compiling aws-lc-rs v1.16.2
[INFO] [stderr]    Compiling pulldown-cmark v0.13.1
[INFO] [stderr]    Compiling foldhash v0.1.5
[INFO] [stderr]    Compiling bytes v1.11.1
[INFO] [stderr]    Compiling linux-raw-sys v0.12.1
[INFO] [stderr]     Checking futures-util v0.3.32
[INFO] [stderr]    Compiling unicase v2.9.0
[INFO] [stderr]    Compiling regex-syntax v0.8.10
[INFO] [stderr]    Compiling indexmap v2.13.0
[INFO] [stderr]    Compiling hashbrown v0.15.5
[INFO] [stderr]     Checking icu_provider v2.1.1
[INFO] [stderr]     Checking typenum v1.19.0
[INFO] [stderr]    Compiling itertools v0.14.0
[INFO] [stderr]    Compiling prettyplease v0.2.37
[INFO] [stderr]    Compiling time-core v0.1.4
[INFO] [stderr]    Compiling rustls v0.23.37
[INFO] [stderr]    Compiling rustix v1.1.4
[INFO] [stderr]    Compiling fixedbitset v0.5.7
[INFO] [stderr]     Checking deranged v0.4.0
[INFO] [stderr]    Compiling time-macros v0.2.22
[INFO] [stderr]     Checking axum-core v0.5.6
[INFO] [stderr]    Compiling typeid v1.0.3
[INFO] [stderr]    Compiling openssl v0.10.76
[INFO] [stderr]    Compiling pest v2.8.6
[INFO] [stderr]    Compiling petgraph v0.8.3
[INFO] [stderr]    Compiling tonic-build v0.14.5
[INFO] [stderr]     Checking icu_properties v2.1.2
[INFO] [stderr]     Checking parking_lot_core v0.9.12
[INFO] [stderr]     Checking errno v0.3.14
[INFO] [stderr]    Compiling jobserver v0.1.34
[INFO] [stderr]     Checking signal-hook-registry v1.4.8
[INFO] [stderr]     Checking socket2 v0.6.3
[INFO] [stderr]     Checking parking_lot v0.12.5
[INFO] [stderr]     Checking mio v1.1.1
[INFO] [stderr]    Compiling cc v1.2.57
[INFO] [stderr]     Checking getrandom v0.2.17
[INFO] [stderr]    Compiling getrandom v0.4.2
[INFO] [stderr]    Compiling regex-automata v0.4.14
[INFO] [stderr]     Checking tokio v1.50.0
[INFO] [stderr]    Compiling pulldown-cmark-to-cmark v22.0.0
[INFO] [stderr]     Checking generic-array v0.14.7
[INFO] [stderr]     Checking time v0.3.41
[INFO] [stderr]     Checking icu_normalizer v2.1.1
[INFO] [stderr]    Compiling const-random-macro v0.1.16
[INFO] [stderr]     Checking serde_path_to_error v0.1.20
[INFO] [stderr]    Compiling tempfile v3.27.0
[INFO] [stderr]    Compiling pin-project-internal v1.1.11
[INFO] [stderr]    Compiling zerocopy v0.8.47
[INFO] [stderr]    Compiling prost-derive v0.14.3
[INFO] [stderr]    Compiling pest_meta v2.8.6
[INFO] [stderr]     Checking idna_adapter v1.2.1
[INFO] [stderr]     Checking serde_urlencoded v0.7.1
[INFO] [stderr]     Checking block-buffer v0.10.4
[INFO] [stderr]     Checking crypto-common v0.1.7
[INFO] [stderr]     Checking const-random v0.1.18
[INFO] [stderr]    Compiling erased-serde v0.4.10
[INFO] [stderr]     Checking digest v0.10.7
[INFO] [stderr]     Checking idna v1.1.0
[INFO] [stderr]    Compiling cmake v0.1.57
[INFO] [stderr]     Checking dlv-list v0.5.2
[INFO] [stderr]     Checking getrandom v0.3.4
[INFO] [stderr]     Checking winnow v1.0.0
[INFO] [stderr]    Compiling protobuf v3.7.2
[INFO] [stderr]     Checking hashbrown v0.14.5
[INFO] [stderr]     Checking hashlink v0.10.0
[INFO] [stderr]     Checking rand_core v0.9.5
[INFO] [stderr]     Checking pin-project v1.1.11
[INFO] [stderr]     Checking url v2.5.8
[INFO] [stderr]     Checking protobuf-support v3.7.2
[INFO] [stderr]    Compiling aws-lc-sys v0.39.0
[INFO] [stderr]    Compiling ring v0.17.14
[INFO] [stderr]    Compiling openssl-sys v0.9.112
[INFO] [stderr]     Checking tracing-serde v0.2.0
[INFO] [stderr]     Checking toml_datetime v1.0.1+spec-1.1.0
[INFO] [stderr]    Compiling pest_generator v2.8.6
[INFO] [stderr]     Checking serde_spanned v1.0.4
[INFO] [stderr]    Compiling regex v1.12.3
[INFO] [stderr]     Checking base64ct v1.8.3
[INFO] [stderr]     Checking ordered-multimap v0.7.3
[INFO] [stderr]    Compiling native-tls v0.2.18
[INFO] [stderr]     Checking iri-string v0.7.10
[INFO] [stderr]    Compiling prost v0.14.3
[INFO] [stderr]     Checking arraydeque v0.5.1
[INFO] [stderr]    Compiling prost-types v0.14.3
[INFO] [stderr]    Compiling prometheus v0.14.0
[INFO] [stderr]     Checking yaml-rust2 v0.10.4
[INFO] [stderr]     Checking password-hash v0.5.0
[INFO] [stderr]     Checking convert_case v0.6.0
[INFO] [stderr]     Checking rust-ini v0.21.3
[INFO] [stderr]     Checking ron v0.12.0
[INFO] [stderr]     Checking toml_parser v1.0.10+spec-1.1.0
[INFO] [stderr]     Checking cookie v0.18.1
[INFO] [stderr]     Checking serde-untagged v0.1.9
[INFO] [stderr]    Compiling pest_derive v2.8.6
[INFO] [stderr]     Checking json5 v0.4.1
[INFO] [stderr]     Checking futures-executor v0.3.32
[INFO] [stderr]     Checking blake2 v0.10.6
[INFO] [stderr]    Compiling clap_derive v4.6.0
[INFO] [stderr]     Checking sha1_smol v1.0.1
[INFO] [stderr]     Checking arcstr v1.2.0
[INFO] [stderr]     Checking toml v1.0.7+spec-1.1.0
[INFO] [stderr]     Checking chrono v0.4.44
[INFO] [stderr]     Checking argon2 v0.5.3
[INFO] [stderr]     Checking serde_yaml_ng v0.10.0
[INFO] [stderr]     Checking futures v0.3.32
[INFO] [stderr]     Checking sha2 v0.10.9
[INFO] [stderr]     Checking uuid v1.22.0
[INFO] [stderr]     Checking rustls-pemfile v2.2.0
[INFO] [stderr]     Checking toml_datetime v0.6.11
[INFO] [stderr]     Checking matchers v0.2.0
[INFO] [stderr]     Checking config v0.15.22
[INFO] [stderr]     Checking serde_spanned v0.6.9
[INFO] [stderr]     Checking yasna v0.5.2
[INFO] [stderr]     Checking tracing-subscriber v0.3.23
[INFO] [stderr]     Checking toml_edit v0.22.27
[INFO] [stderr]    Compiling prost-build v0.14.3
[INFO] [stderr]    Compiling tonic-prost-build v0.14.5
[INFO] [stderr]     Checking clap v4.6.0
[INFO] [stderr]     Checking tracing-appender v0.2.4
[INFO] [stderr]    Compiling xgent-proto v0.1.0 (/opt/rustwide/workdir/proto)
[INFO] [stderr]     Checking tokio-util v0.7.18
[INFO] [stderr]     Checking tokio-stream v0.1.18
[INFO] [stderr]     Checking toml v0.8.23
[INFO] [stderr]     Checking rcgen v0.13.2
[INFO] [stderr]     Checking h2 v0.4.13
[INFO] [stderr]     Checking tower v0.5.3
[INFO] [stderr]     Checking combine v4.6.7
[INFO] [stderr]     Checking ppv-lite86 v0.2.21
[INFO] [stderr]     Checking tokio-native-tls v0.3.1
[INFO] [stderr]     Checking rand_chacha v0.9.0
[INFO] [stderr]     Checking rand v0.9.2
[INFO] [stderr]     Checking tower-http v0.6.8
[INFO] [stderr]     Checking hyper v1.8.1
[INFO] [stderr]     Checking hyper-util v0.1.20
[INFO] [stderr]     Checking redis v1.0.5
[INFO] [stderr]     Checking axum v0.8.8
[INFO] [stderr]     Checking hyper-timeout v0.5.2
[INFO] [stderr]     Checking hyper-tls v0.6.0
[INFO] [stderr]     Checking reqwest v0.12.28
[INFO] [stderr]     Checking rustls-webpki v0.103.10
[INFO] [stderr]     Checking axum-extra v0.12.5
[INFO] [stderr]     Checking tokio-rustls v0.26.4
[INFO] [stderr]     Checking tonic v0.14.5
[INFO] [stderr]     Checking tonic-prost v0.14.5
[INFO] [stderr]     Checking xgent-gateway v0.1.0 (/opt/rustwide/workdir/gateway)
[INFO] [stdout] error[E0308]: mismatched types
[INFO] [stdout]    --> gateway/tests/grpc_auth_test.rs:193:18
[INFO] [stdout]     |
[INFO] [stdout] 193 |         payload: b"test-payload".to_vec(),
[INFO] [stdout]     |                  ^^^^^^^^^^^^^^^^^^^^^^^^ expected `String`, found `Vec<u8>`
[INFO] [stdout]     |
[INFO] [stdout]     = note: expected struct `std::string::String`
[INFO] [stdout]                found struct `Vec<u8>`
[INFO] [stdout] 
[INFO] [stdout] 
[INFO] [stdout] error[E0308]: mismatched types
[INFO] [stdout]    --> gateway/tests/grpc_auth_test.rs:415:17
[INFO] [stdout]     |
[INFO] [stdout] 415 |         result: b"result".to_vec(),
[INFO] [stdout]     |                 ^^^^^^^^^^^^^^^^^^ expected `String`, found `Vec<u8>`
[INFO] [stdout]     |
[INFO] [stdout]     = note: expected struct `std::string::String`
[INFO] [stdout]                found struct `Vec<u8>`
[INFO] [stdout] 
[INFO] [stdout] 
[INFO] [stdout] error[E0308]: mismatched types
[INFO] [stdout]    --> gateway/tests/grpc_auth_test.rs:447:17
[INFO] [stdout]     |
[INFO] [stdout] 447 |         result: b"test-result".to_vec(),
[INFO] [stdout]     |                 ^^^^^^^^^^^^^^^^^^^^^^^ expected `String`, found `Vec<u8>`
[INFO] [stdout]     |
[INFO] [stdout]     = note: expected struct `std::string::String`
[INFO] [stdout]                found struct `Vec<u8>`
[INFO] [stdout] 
[INFO] [stdout] 
[INFO] [stdout] For more information about this error, try `rustc --explain E0308`.
[INFO] [stdout] 
[INFO] [stderr] error: could not compile `xgent-gateway` (test "grpc_auth_test") due to 3 previous errors
[INFO] [stderr] warning: build failed, waiting for other jobs to finish...
[INFO] [stdout] error[E0308]: mismatched types
[INFO] [stdout]    --> gateway/tests/reaper_callback_integration_test.rs:79:32
[INFO] [stdout]     |
[INFO] [stdout]  79 |         .submit_task(&service, b"payload".to_vec(), HashMap::new())
[INFO] [stdout]     |          -----------           ^^^^^^^^^^^^^^^^^^^ expected `String`, found `Vec<u8>`
[INFO] [stdout]     |          |
[INFO] [stdout]     |          arguments to this method are incorrect
[INFO] [stdout]     |
[INFO] [stdout]     = note: expected struct `std::string::String`
[INFO] [stdout]                found struct `Vec<u8>`
[INFO] [stdout] note: method defined here
[INFO] [stdout]    --> gateway/src/queue/redis.rs:117:18
[INFO] [stdout]     |
[INFO] [stdout] 117 |     pub async fn submit_task(
[INFO] [stdout]     |                  ^^^^^^^^^^^
[INFO] [stdout] 
[INFO] [stdout] 
[INFO] [stdout] error[E0308]: mismatched types
[INFO] [stdout]    --> gateway/tests/reaper_callback_integration_test.rs:169:32
[INFO] [stdout]     |
[INFO] [stdout] 169 |         .submit_task(&service, b"payload".to_vec(), HashMap::new())
[INFO] [stdout]     |          -----------           ^^^^^^^^^^^^^^^^^^^ expected `String`, found `Vec<u8>`
[INFO] [stdout]     |          |
[INFO] [stdout]     |          arguments to this method are incorrect
[INFO] [stdout]     |
[INFO] [stdout]     = note: expected struct `std::string::String`
[INFO] [stdout]                found struct `Vec<u8>`
[INFO] [stdout] note: method defined here
[INFO] [stdout]    --> gateway/src/queue/redis.rs:117:18
[INFO] [stdout]     |
[INFO] [stdout] 117 |     pub async fn submit_task(
[INFO] [stdout]     |                  ^^^^^^^^^^^
[INFO] [stdout] 
[INFO] [stdout] 
[INFO] [stdout] error[E0308]: mismatched types
[INFO] [stdout]    --> gateway/tests/reaper_callback_integration_test.rs:267:32
[INFO] [stdout]     |
[INFO] [stdout] 267 |         .submit_task(&service, b"fullloop-payload".to_vec(), HashMap::new())
[INFO] [stdout]     |          -----------           ^^^^^^^^^^^^^^^^^^^^^^^^^^^^ expected `String`, found `Vec<u8>`
[INFO] [stdout]     |          |
[INFO] [stdout]     |          arguments to this method are incorrect
[INFO] [stdout]     |
[INFO] [stdout]     = note: expected struct `std::string::String`
[INFO] [stdout]                found struct `Vec<u8>`
[INFO] [stdout] note: method defined here
[INFO] [stdout]    --> gateway/src/queue/redis.rs:117:18
[INFO] [stdout]     |
[INFO] [stdout] 117 |     pub async fn submit_task(
[INFO] [stdout]     |                  ^^^^^^^^^^^
[INFO] [stdout] 
[INFO] [stdout] 
[INFO] [stdout] error[E0308]: mismatched types
[INFO] [stdout]    --> gateway/tests/reaper_callback_integration_test.rs:342:32
[INFO] [stdout]     |
[INFO] [stdout] 342 |         .submit_task(&service, b"callback-test".to_vec(), HashMap::new())
[INFO] [stdout]     |          -----------           ^^^^^^^^^^^^^^^^^^^^^^^^^ expected `String`, found `Vec<u8>`
[INFO] [stdout]     |          |
[INFO] [stdout]     |          arguments to this method are incorrect
[INFO] [stdout]     |
[INFO] [stdout]     = note: expected struct `std::string::String`
[INFO] [stdout]                found struct `Vec<u8>`
[INFO] [stdout] note: method defined here
[INFO] [stdout]    --> gateway/src/queue/redis.rs:117:18
[INFO] [stdout]     |
[INFO] [stdout] 117 |     pub async fn submit_task(
[INFO] [stdout]     |                  ^^^^^^^^^^^
[INFO] [stdout] 
[INFO] [stdout] 
[INFO] [stdout] For more information about this error, try `rustc --explain E0308`.
[INFO] [stdout] 
[INFO] [stderr] error: could not compile `xgent-gateway` (test "reaper_callback_integration_test") due to 4 previous errors
[INFO] [stdout] error[E0308]: mismatched types
[INFO] [stdout]    --> gateway/tests/registry_integration_test.rs:374:37
[INFO] [stdout]     |
[INFO] [stdout] 374 |         .submit_task(&service_name, b"test payload".to_vec(), HashMap::new())
[INFO] [stdout]     |          -----------                ^^^^^^^^^^^^^^^^^^^^^^^^ expected `String`, found `Vec<u8>`
[INFO] [stdout]     |          |
[INFO] [stdout]     |          arguments to this method are incorrect
[INFO] [stdout]     |
[INFO] [stdout]     = note: expected struct `std::string::String`
[INFO] [stdout]                found struct `Vec<u8>`
[INFO] [stdout] note: method defined here
[INFO] [stdout]    --> gateway/src/queue/redis.rs:117:18
[INFO] [stdout]     |
[INFO] [stdout] 117 |     pub async fn submit_task(
[INFO] [stdout]     |                  ^^^^^^^^^^^
[INFO] [stdout] 
[INFO] [stdout] 
[INFO] [stdout] For more information about this error, try `rustc --explain E0308`.
[INFO] [stdout] 
[INFO] [stderr] error: could not compile `xgent-gateway` (test "registry_integration_test") due to 1 previous error
[INFO] [stderr] warning: unused dependency `prost-types`
[INFO] [stderr]   --> proto/Cargo.toml:10:1
[INFO] [stderr]    |
[INFO] [stderr] 10 | prost-types = "0.14"
[INFO] [stderr]    | ^^^^^^^^^^^^^^^^^^^^
[INFO] [stderr]    |
[INFO] [stderr]    = note: `cargo::unused_dependencies` is set to `warn` by default
[INFO] [stderr] help: consider removing the dependency on `prost-types`
[INFO] [stderr] warning: `xgent-proto` (manifest) generated 1 warning
[INFO] running `Command { std: "docker" "inspect" "7d6cdb16558d093624ec8bdca688d6107ac9a57ce5a7b584f5a6bef9f224253b", kill_on_drop: false }`
[INFO] running `Command { std: "docker" "rm" "-f" "7d6cdb16558d093624ec8bdca688d6107ac9a57ce5a7b584f5a6bef9f224253b", kill_on_drop: false }`
[INFO] [stdout] 7d6cdb16558d093624ec8bdca688d6107ac9a57ce5a7b584f5a6bef9f224253b
