[INFO] cloning repository https://github.com/piotryordanov/lazydomain
[INFO] running `Command { std: "git" "-c" "credential.helper=" "-c" "credential.helper=/workspace/cargo-home/bin/git-credential-null" "clone" "--bare" "https://github.com/piotryordanov/lazydomain" "/workspace/cache/git-repos/https%3A%2F%2Fgithub.com%2Fpiotryordanov%2Flazydomain", kill_on_drop: false }`
[INFO] [stderr] Cloning into bare repository '/workspace/cache/git-repos/https%3A%2F%2Fgithub.com%2Fpiotryordanov%2Flazydomain'...
[INFO] running `Command { std: "git" "rev-parse" "HEAD", kill_on_drop: false }`
[INFO] [stdout] bf70556a012145591e127d59863839e124a218eb
[INFO] checking piotryordanov/lazydomain/bf70556a012145591e127d59863839e124a218eb against a7c37f9f0ee5e93396106e9de20f4a86b4154e63 for pr-129249-4
[INFO] running `Command { std: "git" "clone" "/workspace/cache/git-repos/https%3A%2F%2Fgithub.com%2Fpiotryordanov%2Flazydomain" "/workspace/builds/worker-6-tc1/source", kill_on_drop: false }`
[INFO] [stderr] Cloning into '/workspace/builds/worker-6-tc1/source'...
[INFO] [stderr] done.
[INFO] started tweaking git repo https://github.com/piotryordanov/lazydomain
[INFO] finished tweaking git repo https://github.com/piotryordanov/lazydomain
[INFO] tweaked toml for git repo https://github.com/piotryordanov/lazydomain written to /workspace/builds/worker-6-tc1/source/Cargo.toml
[INFO] validating manifest of git repo https://github.com/piotryordanov/lazydomain on toolchain a7c37f9f0ee5e93396106e9de20f4a86b4154e63
[INFO] running `Command { std: CARGO_HOME="/workspace/cargo-home" RUSTUP_HOME="/workspace/rustup-home" "/workspace/cargo-home/bin/cargo" "+a7c37f9f0ee5e93396106e9de20f4a86b4154e63" "metadata" "--manifest-path" "Cargo.toml" "--no-deps", kill_on_drop: false }`
[INFO] crate git repo https://github.com/piotryordanov/lazydomain already has a lockfile, it will not be regenerated
[INFO] running `Command { std: CARGO_HOME="/workspace/cargo-home" RUSTUP_HOME="/workspace/rustup-home" "/workspace/cargo-home/bin/cargo" "+a7c37f9f0ee5e93396106e9de20f4a86b4154e63" "fetch" "--manifest-path" "Cargo.toml", kill_on_drop: false }`
[INFO] [stderr]     Blocking waiting for file lock on package cache
[INFO] [stderr]     Updating crates.io index
[INFO] [stderr]     Blocking waiting for file lock on package cache
[INFO] [stderr]  Downloading crates ...
[INFO] [stderr]   Downloaded tokio-test v0.4.4
[INFO] [stderr]   Downloaded proc-macro2 v1.0.104
[INFO] [stderr]   Downloaded zmij v1.0.3
[INFO] [stderr]   Downloaded serde_json v1.0.148
[INFO] [stderr]   Downloaded mockito v1.7.1
[INFO] [stderr]   Downloaded quick-xml v0.36.2
[INFO] [stderr]   Downloaded tui-textarea v0.7.0
[INFO] [stderr]   Downloaded instability v0.3.10
[INFO] [stderr]   Downloaded trust-dns-resolver v0.23.2
[INFO] [stderr]   Downloaded trust-dns-proto v0.23.2
[INFO] [stderr]   Downloaded ipconfig v0.3.2
[INFO] [stderr]   Downloaded proptest v1.9.0
[INFO] [stderr]   Downloaded fragile v2.0.1
[INFO] running `Command { std: "docker" "create" "-v" "/var/lib/crater-agent-workspace/builds/worker-6-tc1/source:/opt/rustwide/workdir:ro,Z" "-v" "/var/lib/crater-agent-workspace/builds/worker-6-tc1/target:/opt/rustwide/target:rw,Z" "-v" "/var/lib/crater-agent-workspace/cargo-home:/opt/rustwide/cargo-home:ro,Z" "-v" "/var/lib/crater-agent-workspace/rustup-home:/opt/rustwide/rustup-home:ro,Z" "-m" "1610612736" "--network" "none" "ghcr.io/rust-lang/crates-build-env/linux@sha256:77db811e55d90add9212f6832c23229e3de5f1c1f9905e8cb07319ea15df73ac" "sleep" "infinity", kill_on_drop: false }`
[INFO] [stdout] 6b9f508ca5b9e75bb1dcbc7ff528af8fab411484d7dff5cd5b3b967fa4dbd77b
[INFO] running `Command { std: "docker" "start" "6b9f508ca5b9e75bb1dcbc7ff528af8fab411484d7dff5cd5b3b967fa4dbd77b", kill_on_drop: false }`
[INFO] running `Command { std: "docker" "inspect" "6b9f508ca5b9e75bb1dcbc7ff528af8fab411484d7dff5cd5b3b967fa4dbd77b", kill_on_drop: false }`
[INFO] running `Command { std: "docker" "exec" "-e" "SOURCE_DIR=/opt/rustwide/workdir" "-e" "CARGO_HOME=/opt/rustwide/cargo-home" "-e" "RUSTUP_HOME=/opt/rustwide/rustup-home" "-e" "CARGO_TARGET_DIR=/opt/rustwide/target" "-w" "/opt/rustwide/workdir" "--user" "0:0" "6b9f508ca5b9e75bb1dcbc7ff528af8fab411484d7dff5cd5b3b967fa4dbd77b" "/opt/rustwide/cargo-home/bin/cargo" "+a7c37f9f0ee5e93396106e9de20f4a86b4154e63" "metadata" "--no-deps" "--format-version=1", kill_on_drop: false }`
[INFO] running `Command { std: "docker" "inspect" "6b9f508ca5b9e75bb1dcbc7ff528af8fab411484d7dff5cd5b3b967fa4dbd77b", kill_on_drop: false }`
[INFO] running `Command { std: "docker" "exec" "-e" "SOURCE_DIR=/opt/rustwide/workdir" "-e" "CARGO_HOME=/opt/rustwide/cargo-home" "-e" "RUSTUP_HOME=/opt/rustwide/rustup-home" "-e" "CARGO_TARGET_DIR=/opt/rustwide/target" "-e" "CARGO_INCREMENTAL=0" "-e" "RUST_BACKTRACE=full" "-e" "RUSTFLAGS=--cap-lints=forbid" "-e" "RUSTDOCFLAGS=--cap-lints=forbid" "-w" "/opt/rustwide/workdir" "--user" "0:0" "6b9f508ca5b9e75bb1dcbc7ff528af8fab411484d7dff5cd5b3b967fa4dbd77b" "/opt/rustwide/cargo-home/bin/cargo" "+a7c37f9f0ee5e93396106e9de20f4a86b4154e63" "check" "--frozen" "--all" "--all-targets" "--message-format=json", kill_on_drop: false }`
[INFO] [stderr]    Compiling proc-macro2 v1.0.104
[INFO] [stderr]    Compiling quote v1.0.42
[INFO] [stderr]    Compiling libc v0.2.178
[INFO] [stderr]    Compiling serde_core v1.0.228
[INFO] [stderr]    Compiling serde v1.0.228
[INFO] [stderr]     Checking slab v0.4.11
[INFO] [stderr]     Checking hashbrown v0.16.1
[INFO] [stderr]     Checking futures-task v0.3.31
[INFO] [stderr]    Compiling zerocopy v0.8.31
[INFO] [stderr]    Compiling pkg-config v0.3.32
[INFO] [stderr]    Compiling getrandom v0.3.4
[INFO] [stderr]     Checking futures-sink v0.3.31
[INFO] [stderr]     Checking zeroize v1.8.2
[INFO] [stderr]    Compiling zmij v1.0.3
[INFO] [stderr]    Compiling openssl v0.10.75
[INFO] [stderr]     Checking foreign-types-shared v0.1.1
[INFO] [stderr]    Compiling native-tls v0.2.14
[INFO] [stderr]     Checking foreign-types v0.3.2
[INFO] [stderr]    Compiling serde_json v1.0.148
[INFO] [stderr]     Checking openssl-probe v0.1.6
[INFO] [stderr]     Checking encoding_rs v0.8.35
[INFO] [stderr]    Compiling fnv v1.0.7
[INFO] [stderr]     Checking regex-syntax v0.8.8
[INFO] [stderr]     Checking tinyvec v1.10.0
[INFO] [stderr]     Checking futures-util v0.3.31
[INFO] [stderr]    Compiling num-traits v0.2.19
[INFO] [stderr]     Checking rustls-pki-types v1.13.2
[INFO] [stderr]    Compiling instability v0.3.10
[INFO] [stderr]     Checking anstyle-parse v0.2.7
[INFO] [stderr]    Compiling rustix v1.1.3
[INFO] [stderr]     Checking unicode-bidi v0.3.18
[INFO] [stderr]     Checking anstream v0.6.21
[INFO] [stderr]     Checking winnow v0.7.14
[INFO] [stderr]     Checking data-encoding v2.9.0
[INFO] [stderr]     Checking toml_write v0.1.2
[INFO] [stderr]    Compiling anyhow v1.0.100
[INFO] [stderr]    Compiling openssl-sys v0.9.111
[INFO] [stderr]     Checking clap_lex v0.7.6
[INFO] [stderr]     Checking futures-io v0.3.31
[INFO] [stderr]     Checking webpki-roots v1.0.4
[INFO] [stderr]    Compiling syn v2.0.111
[INFO] [stderr]     Checking aho-corasick v1.1.4
[INFO] [stderr]     Checking csv-core v0.1.13
[INFO] [stderr]     Checking indexmap v2.12.1
[INFO] [stderr]     Checking unicode-normalization v0.1.25
[INFO] [stderr]     Checking clap_builder v4.5.53
[INFO] [stderr]    Compiling mockall_derive v0.13.1
[INFO] [stderr]     Checking predicates-core v1.0.9
[INFO] [stderr]     Checking termtree v0.5.1
[INFO] [stderr]     Checking quick-error v1.2.3
[INFO] [stderr]    Compiling cfg-if v1.0.4
[INFO] [stderr]     Checking bit-vec v0.8.0
[INFO] [stderr]     Checking predicates-tree v1.0.12
[INFO] [stderr]     Checking predicates v3.1.3
[INFO] [stderr]     Checking colored v3.0.0
[INFO] [stderr]     Checking idna v0.4.0
[INFO] [stderr]     Checking bit-set v0.8.0
[INFO] [stderr]     Checking urlencoding v2.1.3
[INFO] [stderr]     Checking downcast v0.11.0
[INFO] [stderr]     Checking fragile v2.0.1
[INFO] [stderr]     Checking similar v2.7.0
[INFO] [stderr]     Checking unarray v0.1.4
[INFO] [stderr]     Checking errno v0.3.14
[INFO] [stderr]     Checking mio v1.1.1
[INFO] [stderr]     Checking signal-hook-registry v1.4.8
[INFO] [stderr]     Checking parking_lot_core v0.9.12
[INFO] [stderr]     Checking socket2 v0.6.1
[INFO] [stderr]     Checking getrandom v0.2.16
[INFO] [stderr]     Checking rand_core v0.9.3
[INFO] [stderr]     Checking ring v0.17.14
[INFO] [stderr]     Checking parking_lot v0.12.5
[INFO] [stderr]     Checking rand_core v0.6.4
[INFO] [stderr]     Checking signal-hook v0.3.18
[INFO] [stderr]     Checking dirs-sys v0.4.1
[INFO] [stderr]     Checking wait-timeout v0.2.1
[INFO] [stderr]     Checking dirs v5.0.1
[INFO] [stderr]     Checking rand_xorshift v0.4.0
[INFO] [stderr]     Checking uuid v1.19.0
[INFO] [stderr]     Checking regex-automata v0.4.13
[INFO] [stderr]     Checking signal-hook-mio v0.2.5
[INFO] [stderr]     Checking crossterm v0.28.1
[INFO] [stderr]     Checking ppv-lite86 v0.2.21
[INFO] [stderr]     Checking rand_chacha v0.9.0
[INFO] [stderr]     Checking rand_chacha v0.3.1
[INFO] [stderr]     Checking tempfile v3.24.0
[INFO] [stderr]     Checking rand v0.8.5
[INFO] [stderr]     Checking rand v0.9.2
[INFO] [stderr]     Checking rusty-fork v0.3.1
[INFO] [stderr]     Checking csv v1.4.0
[INFO] [stderr]     Checking rustls-webpki v0.103.8
[INFO] [stderr]     Checking proptest v1.9.0
[INFO] [stderr]     Checking rustls v0.23.35
[INFO] [stderr]     Checking regex v1.12.2
[INFO] [stderr]    Compiling synstructure v0.13.2
[INFO] [stderr]    Compiling darling_core v0.20.11
[INFO] [stderr]    Compiling tokio-macros v2.6.0
[INFO] [stderr]    Compiling zerovec-derive v0.11.2
[INFO] [stderr]    Compiling serde_derive v1.0.228
[INFO] [stderr]    Compiling displaydoc v0.2.5
[INFO] [stderr]    Compiling tracing-attributes v0.1.31
[INFO] [stderr]    Compiling openssl-macros v0.1.1
[INFO] [stderr]    Compiling thiserror-impl v1.0.69
[INFO] [stderr]    Compiling strum_macros v0.26.4
[INFO] [stderr]    Compiling async-trait v0.1.89
[INFO] [stderr]    Compiling enum-as-inner v0.6.1
[INFO] [stderr]    Compiling clap_derive v4.5.49
[INFO] [stderr]    Compiling async-stream-impl v0.3.6
[INFO] [stderr]    Compiling zerofrom-derive v0.1.6
[INFO] [stderr]    Compiling yoke-derive v0.8.1
[INFO] [stderr]     Checking async-stream v0.3.6
[INFO] [stderr]     Checking tokio v1.48.0
[INFO] [stderr]     Checking zerofrom v0.1.6
[INFO] [stderr]     Checking yoke v0.8.1
[INFO] [stderr]     Checking zerotrie v0.2.3
[INFO] [stderr]     Checking tracing v0.1.44
[INFO] [stderr]     Checking thiserror v1.0.69
[INFO] [stderr]     Checking zerovec v0.11.5
[INFO] [stderr]     Checking strum v0.26.3
[INFO] [stderr]     Checking tinystr v0.8.2
[INFO] [stderr]     Checking potential_utf v0.1.4
[INFO] [stderr]     Checking icu_collections v2.1.1
[INFO] [stderr]     Checking icu_locale_core v2.1.1
[INFO] [stderr]     Checking clap v4.5.53
[INFO] [stderr]    Compiling darling_macro v0.20.11
[INFO] [stderr]    Compiling darling v0.20.11
[INFO] [stderr]     Checking icu_provider v2.1.1
[INFO] [stderr]     Checking icu_properties v2.1.2
[INFO] [stderr]     Checking icu_normalizer v2.1.1
[INFO] [stderr]     Checking ratatui v0.29.0
[INFO] [stderr]     Checking mockall v0.13.1
[INFO] [stderr]     Checking serde_urlencoded v0.7.1
[INFO] [stderr]     Checking serde_spanned v0.6.9
[INFO] [stderr]     Checking toml_datetime v0.6.11
[INFO] [stderr]     Checking chrono v0.4.42
[INFO] [stderr]     Checking assert-json-diff v2.0.2
[INFO] [stderr]     Checking quick-xml v0.36.2
[INFO] [stderr]     Checking toml_edit v0.22.27
[INFO] [stderr]     Checking idna_adapter v1.2.1
[INFO] [stderr]     Checking idna v1.1.0
[INFO] [stderr]     Checking url v2.5.7
[INFO] [stderr]     Checking tui-textarea v0.7.0
[INFO] [stderr]     Checking toml v0.8.23
[INFO] [stderr]     Checking tokio-util v0.7.17
[INFO] [stderr]     Checking tower v0.5.2
[INFO] [stderr]     Checking tokio-native-tls v0.3.1
[INFO] [stderr]     Checking tokio-rustls v0.26.4
[INFO] [stderr]     Checking trust-dns-proto v0.23.2
[INFO] [stderr]     Checking tokio-stream v0.1.17
[INFO] [stderr]     Checking tower-http v0.6.8
[INFO] [stderr]     Checking tokio-test v0.4.4
[INFO] [stderr]     Checking h2 v0.4.12
[INFO] [stderr]     Checking trust-dns-resolver v0.23.2
[INFO] [stderr]     Checking hyper v1.8.1
[INFO] [stderr]     Checking hyper-util v0.1.19
[INFO] [stderr]     Checking hyper-rustls v0.27.7
[INFO] [stderr]     Checking hyper-tls v0.6.0
[INFO] [stderr]     Checking mockito v1.7.1
[INFO] [stderr]     Checking reqwest v0.12.28
[INFO] [stderr]     Checking lazydomain v0.1.4 (/opt/rustwide/workdir/crates/lazydomain)
[INFO] [stderr]     Checking namecheap-api v0.1.0 (/opt/rustwide/workdir/crates/namecheap-api)
[INFO] [stdout] error[E0425]: cannot find value `cached` in this scope
[INFO] [stdout]    --> crates/lazydomain/src/history.rs:190:20
[INFO] [stdout]     |
[INFO] [stdout] 190 |         assert_eq!(cached.query, "example");
[INFO] [stdout]     |                    ^^^^^^ not found in this scope
[INFO] [stdout] 
[INFO] [stdout] 
[INFO] [stdout] error[E0425]: cannot find value `cached` in this scope
[INFO] [stdout]    --> crates/lazydomain/src/history.rs:191:20
[INFO] [stdout]     |
[INFO] [stdout] 191 |         assert_eq!(cached.result_count(), 2);
[INFO] [stdout]     |                    ^^^^^^ not found in this scope
[INFO] [stdout] 
[INFO] [stdout] 
[INFO] [stdout] error[E0425]: cannot find value `cached` in this scope
[INFO] [stdout]    --> crates/lazydomain/src/history.rs:192:20
[INFO] [stdout]     |
[INFO] [stdout] 192 |         assert_eq!(cached.available_count(), 1);
[INFO] [stdout]     |                    ^^^^^^ not found in this scope
[INFO] [stdout] 
[INFO] [stdout] 
[INFO] [stdout] error[E0425]: cannot find value `cached` in this scope
[INFO] [stdout]    --> crates/lazydomain/src/history.rs:206:20
[INFO] [stdout]     |
[INFO] [stdout] 206 |         assert_eq!(cached.result_count(), 4);
[INFO] [stdout]     |                    ^^^^^^ not found in this scope
[INFO] [stdout] 
[INFO] [stdout] 
[INFO] [stdout] error[E0425]: cannot find value `cached` in this scope
[INFO] [stdout]    --> crates/lazydomain/src/history.rs:207:20
[INFO] [stdout]     |
[INFO] [stdout] 207 |         assert_eq!(cached.available_count(), 2);
[INFO] [stdout]     |                    ^^^^^^ not found in this scope
[INFO] [stdout] 
[INFO] [stdout] 
[INFO] [stdout] For more information about this error, try `rustc --explain E0425`.
[INFO] [stdout] 
[INFO] [stderr] error: could not compile `lazydomain` (lib test) due to 5 previous errors
[INFO] [stderr] warning: build failed, waiting for other jobs to finish...
[INFO] running `Command { std: "docker" "inspect" "6b9f508ca5b9e75bb1dcbc7ff528af8fab411484d7dff5cd5b3b967fa4dbd77b", kill_on_drop: false }`
[INFO] running `Command { std: "docker" "rm" "-f" "6b9f508ca5b9e75bb1dcbc7ff528af8fab411484d7dff5cd5b3b967fa4dbd77b", kill_on_drop: false }`
[INFO] [stdout] 6b9f508ca5b9e75bb1dcbc7ff528af8fab411484d7dff5cd5b3b967fa4dbd77b
