[INFO] cloning repository https://github.com/pedrofracassi/pico-midi-fanout
[INFO] running `Command { std: "git" "-c" "credential.helper=" "-c" "credential.helper=/workspace/cargo-home/bin/git-credential-null" "clone" "--bare" "https://github.com/pedrofracassi/pico-midi-fanout" "/workspace/cache/git-repos/https%3A%2F%2Fgithub.com%2Fpedrofracassi%2Fpico-midi-fanout", kill_on_drop: false }`
[INFO] [stderr] Cloning into bare repository '/workspace/cache/git-repos/https%3A%2F%2Fgithub.com%2Fpedrofracassi%2Fpico-midi-fanout'...
[INFO] running `Command { std: "git" "rev-parse" "HEAD", kill_on_drop: false }`
[INFO] [stdout] dc72fa054147302087ae254a60ee9d72af494665
[INFO] checking pedrofracassi/pico-midi-fanout/dc72fa054147302087ae254a60ee9d72af494665 against a7c37f9f0ee5e93396106e9de20f4a86b4154e63 for pr-129249-4
[INFO] running `Command { std: "git" "clone" "/workspace/cache/git-repos/https%3A%2F%2Fgithub.com%2Fpedrofracassi%2Fpico-midi-fanout" "/workspace/builds/worker-6-tc1/source", kill_on_drop: false }`
[INFO] [stderr] Cloning into '/workspace/builds/worker-6-tc1/source'...
[INFO] [stderr] done.
[INFO] removed /workspace/builds/worker-6-tc1/source/.cargo/config.toml
[INFO] removed /workspace/builds/worker-6-tc1/source/rust-toolchain.toml
[INFO] started tweaking git repo https://github.com/pedrofracassi/pico-midi-fanout
[INFO] finished tweaking git repo https://github.com/pedrofracassi/pico-midi-fanout
[INFO] tweaked toml for git repo https://github.com/pedrofracassi/pico-midi-fanout written to /workspace/builds/worker-6-tc1/source/Cargo.toml
[INFO] validating manifest of git repo https://github.com/pedrofracassi/pico-midi-fanout on toolchain a7c37f9f0ee5e93396106e9de20f4a86b4154e63
[INFO] running `Command { std: CARGO_HOME="/workspace/cargo-home" RUSTUP_HOME="/workspace/rustup-home" "/workspace/cargo-home/bin/cargo" "+a7c37f9f0ee5e93396106e9de20f4a86b4154e63" "metadata" "--manifest-path" "Cargo.toml" "--no-deps", kill_on_drop: false }`
[INFO] crate git repo https://github.com/pedrofracassi/pico-midi-fanout already has a lockfile, it will not be regenerated
[INFO] running `Command { std: CARGO_HOME="/workspace/cargo-home" RUSTUP_HOME="/workspace/rustup-home" "/workspace/cargo-home/bin/cargo" "+a7c37f9f0ee5e93396106e9de20f4a86b4154e63" "fetch" "--manifest-path" "Cargo.toml", kill_on_drop: false }`
[INFO] [stderr]     Updating git repository `https://github.com/embassy-rs/embassy`
[INFO] [stderr]     Updating crates.io index
[INFO] [stderr]     Updating git repository `https://github.com/embassy-rs/unitrait`
[INFO] [stderr]     Updating git repository `https://github.com/embassy-rs/rp-pac`
[INFO] [stderr]     Updating git repository `https://github.com/embassy-rs/xarxa`
[INFO] [stderr]     Blocking waiting for file lock on package cache
[INFO] [stderr]  Downloading crates ...
[INFO] [stderr]   Downloaded panic-reset v0.1.1
[INFO] [stderr]   Downloaded static_cell v2.1.1
[INFO] [stderr]   Downloaded usbd-hid v0.10.2
[INFO] [stderr]   Downloaded cortex-m-macros v0.7.8
[INFO] [stderr]   Downloaded cortex-m v0.7.9
[INFO] [stderr]   Downloaded cortex-m-rt v0.7.7
[INFO] [stderr]   Downloaded usbd-hid-macros v0.10.2
[INFO] [stderr]   Downloaded pio-parser v0.4.0
[INFO] [stderr]   Downloaded embedded-io-async v0.7.0
[INFO] [stderr]   Downloaded pio-proc v0.4.0
[INFO] [stderr]   Downloaded cordyceps v0.3.5
[INFO] [stderr]   Downloaded usbd-hid-descriptors v0.10.2
[INFO] [stderr]   Downloaded debug-helper v0.3.14
[INFO] [stderr]   Downloaded cortex-m-rt-macros v0.7.7
[INFO] [stderr]   Downloaded embedded-storage v0.3.2
[INFO] [stderr]   Downloaded ssmarshal v1.0.0
[INFO] [stderr]   Downloaded smart-leds-trait v0.3.2
[INFO] [stderr]   Downloaded bitfield-macros v0.19.5
[INFO] [stderr]   Downloaded pio-core v0.4.0
[INFO] [stderr]   Downloaded embedded-storage-async v0.4.2
[INFO] [stderr]   Downloaded embedded-io v0.7.1
[INFO] [stderr]   Downloaded pio v0.4.0
[INFO] [stderr]   Downloaded bitfield v0.19.5
[INFO] [stderr]   Downloaded crc-any v2.5.1
[INFO] [stderr]   Downloaded generator v0.8.10
[INFO] [stderr]   Downloaded fixed v1.31.0
[INFO] running `Command { std: "docker" "create" "-v" "/var/lib/crater-agent-workspace/builds/worker-6-tc1/source:/opt/rustwide/workdir:ro,Z" "-v" "/var/lib/crater-agent-workspace/builds/worker-6-tc1/target:/opt/rustwide/target:rw,Z" "-v" "/var/lib/crater-agent-workspace/cargo-home:/opt/rustwide/cargo-home:ro,Z" "-v" "/var/lib/crater-agent-workspace/rustup-home:/opt/rustwide/rustup-home:ro,Z" "-m" "1610612736" "--network" "none" "ghcr.io/rust-lang/crates-build-env/linux@sha256:77db811e55d90add9212f6832c23229e3de5f1c1f9905e8cb07319ea15df73ac" "sleep" "infinity", kill_on_drop: false }`
[INFO] [stdout] 764c88229587d674eefdeb34c27a2f268974c7d322708180e9e38a90d2ce71d6
[INFO] running `Command { std: "docker" "start" "764c88229587d674eefdeb34c27a2f268974c7d322708180e9e38a90d2ce71d6", kill_on_drop: false }`
[INFO] running `Command { std: "docker" "inspect" "764c88229587d674eefdeb34c27a2f268974c7d322708180e9e38a90d2ce71d6", kill_on_drop: false }`
[INFO] running `Command { std: "docker" "exec" "-e" "SOURCE_DIR=/opt/rustwide/workdir" "-e" "CARGO_HOME=/opt/rustwide/cargo-home" "-e" "RUSTUP_HOME=/opt/rustwide/rustup-home" "-e" "CARGO_TARGET_DIR=/opt/rustwide/target" "-w" "/opt/rustwide/workdir" "--user" "0:0" "764c88229587d674eefdeb34c27a2f268974c7d322708180e9e38a90d2ce71d6" "/opt/rustwide/cargo-home/bin/cargo" "+a7c37f9f0ee5e93396106e9de20f4a86b4154e63" "metadata" "--no-deps" "--format-version=1", kill_on_drop: false }`
[INFO] running `Command { std: "docker" "inspect" "764c88229587d674eefdeb34c27a2f268974c7d322708180e9e38a90d2ce71d6", kill_on_drop: false }`
[INFO] running `Command { std: "docker" "exec" "-e" "SOURCE_DIR=/opt/rustwide/workdir" "-e" "CARGO_HOME=/opt/rustwide/cargo-home" "-e" "RUSTUP_HOME=/opt/rustwide/rustup-home" "-e" "CARGO_TARGET_DIR=/opt/rustwide/target" "-e" "CARGO_INCREMENTAL=0" "-e" "RUST_BACKTRACE=full" "-e" "RUSTFLAGS=--cap-lints=forbid" "-e" "RUSTDOCFLAGS=--cap-lints=forbid" "-w" "/opt/rustwide/workdir" "--user" "0:0" "764c88229587d674eefdeb34c27a2f268974c7d322708180e9e38a90d2ce71d6" "/opt/rustwide/cargo-home/bin/cargo" "+a7c37f9f0ee5e93396106e9de20f4a86b4154e63" "check" "--frozen" "--all" "--all-targets" "--message-format=json", kill_on_drop: false }`
[INFO] [stderr]    Compiling proc-macro2 v1.0.107
[INFO] [stderr]    Compiling unicode-ident v1.0.26
[INFO] [stderr]     Checking critical-section v1.2.0
[INFO] [stderr]     Checking stable_deref_trait v1.2.1
[INFO] [stderr]    Compiling typenum v1.20.1
[INFO] [stderr]     Checking byteorder v1.5.0
[INFO] [stderr]    Compiling cortex-m v0.7.9
[INFO] [stderr]     Checking nb v1.1.0
[INFO] [stderr]    Compiling serde_core v1.0.229
[INFO] [stderr]    Compiling libc v0.2.189
[INFO] [stderr]    Compiling parking_lot_core v0.9.12
[INFO] [stderr]    Compiling aho-corasick v1.1.5
[INFO] [stderr]    Compiling smallvec v1.16.2
[INFO] [stderr]     Checking embedded-hal v1.0.0
[INFO] [stderr]    Compiling cfg-if v1.0.5
[INFO] [stderr]     Checking void v1.0.2
[INFO] [stderr]    Compiling siphasher v1.0.4
[INFO] [stderr]     Checking nb v0.1.3
[INFO] [stderr]    Compiling serde v1.0.229
[INFO] [stderr]    Compiling heapless v0.9.3
[INFO] [stderr]    Compiling indexmap v2.14.2
[INFO] [stderr]    Compiling either v1.18.0
[INFO] [stderr]     Checking embedded-io v0.7.1
[INFO] [stderr]     Checking embedded-hal v0.2.7
[INFO] [stderr]     Checking hash32 v0.3.1
[INFO] [stderr]    Compiling cortex-m-rt v0.7.7
[INFO] [stderr]    Compiling keccak v0.1.6
[INFO] [stderr]    Compiling fixedbitset v0.5.7
[INFO] [stderr]    Compiling term v1.2.1
[INFO] [stderr]    Compiling phf_shared v0.11.3
[INFO] [stderr]    Compiling bit-vec v0.8.0
[INFO] [stderr]     Checking embedded-io-async v0.7.0
[INFO] [stderr]    Compiling bare-metal v0.2.5
[INFO] [stderr]    Compiling itertools v0.14.0
[INFO] [stderr]    Compiling ena v0.14.4
[INFO] [stderr]    Compiling unicode-xid v0.2.6
[INFO] [stderr]    Compiling portable-atomic v1.15.0
[INFO] [stderr]    Compiling embassy-sync v0.8.0 (https://github.com/embassy-rs/embassy?rev=b6bf1c8e7050b8fb0f295b92ebbef537e425cce0#b6bf1c8e)
[INFO] [stderr]    Compiling cortex-m-macros v0.7.8
[INFO] [stderr]    Compiling embassy-time-driver v0.2.2 (https://github.com/embassy-rs/embassy?rev=b6bf1c8e7050b8fb0f295b92ebbef537e425cce0#b6bf1c8e)
[INFO] [stderr]     Checking futures-core v0.3.34
[INFO] [stderr]    Compiling embedded-hal-async v1.0.0
[INFO] [stderr]    Compiling bit-set v0.8.0
[INFO] [stderr]    Compiling embedded-io-async v0.6.1
[INFO] [stderr]    Compiling zerocopy v0.8.59
[INFO] [stderr]     Checking vcell v0.1.3
[INFO] [stderr]     Checking futures-sink v0.3.34
[INFO] [stderr]    Compiling heapless v0.8.0
[INFO] [stderr]     Checking volatile-register v0.2.2
[INFO] [stderr]    Compiling ascii-canvas v4.0.0
[INFO] [stderr]    Compiling xarxa-driver v0.1.0 (https://github.com/embassy-rs/xarxa?rev=01f496c2cfc362efb1fb9c94d0d9c1232152f2e2#01f496c2)
[INFO] [stderr]     Checking bitfield v0.13.2
[INFO] [stderr]    Compiling debug-helper v0.3.14
[INFO] [stderr]     Checking embedded-io v0.6.1
[INFO] [stderr]    Compiling petgraph v0.7.1
[INFO] [stderr]     Checking embassy-futures v0.1.2 (https://github.com/embassy-rs/embassy?rev=b6bf1c8e7050b8fb0f295b92ebbef537e425cce0#b6bf1c8e)
[INFO] [stderr]    Compiling arrayvec v0.7.8
[INFO] [stderr]    Compiling num-traits v0.2.19
[INFO] [stderr]    Compiling crc-any v2.5.1
[INFO] [stderr]    Compiling quote v1.0.47
[INFO] [stderr]    Compiling regex-automata v0.4.18
[INFO] [stderr]    Compiling embassy-time-queue-utils v0.3.2 (https://github.com/embassy-rs/embassy?rev=b6bf1c8e7050b8fb0f295b92ebbef537e425cce0#b6bf1c8e)
[INFO] [stderr]    Compiling codespan-reporting v0.11.1
[INFO] [stderr]    Compiling rp2040-boot2 v0.3.0
[INFO] [stderr]    Compiling syn v2.0.119
[INFO] [stderr]    Compiling syn v3.0.6
[INFO] [stderr]     Checking embassy-time v0.5.1 (https://github.com/embassy-rs/embassy?rev=b6bf1c8e7050b8fb0f295b92ebbef537e425cce0#b6bf1c8e)
[INFO] [stderr]     Checking embassy-usb-driver v0.2.2 (https://github.com/embassy-rs/embassy?rev=b6bf1c8e7050b8fb0f295b92ebbef537e425cce0#b6bf1c8e)
[INFO] [stderr]    Compiling fixed v1.31.0
[INFO] [stderr]    Compiling rp-pac v7.0.0 (https://github.com/embassy-rs/rp-pac?rev=c2e27609b021c444f634673155318977d7f0bdf6#c2e27609)
[INFO] [stderr]    Compiling generic-array v0.14.7
[INFO] [stderr]    Compiling embassy-executor v0.10.0 (https://github.com/embassy-rs/embassy?rev=b6bf1c8e7050b8fb0f295b92ebbef537e425cce0#b6bf1c8e)
[INFO] [stderr]     Checking encode_unicode v0.3.6
[INFO] [stderr]    Compiling embassy-hal-internal v0.5.0 (https://github.com/embassy-rs/embassy?rev=b6bf1c8e7050b8fb0f295b92ebbef537e425cce0#b6bf1c8e)
[INFO] [stderr]    Compiling parking_lot v0.12.5
[INFO] [stderr]     Checking usb-device v0.3.2
[INFO] [stderr]    Compiling embassy-usb v0.6.0 (https://github.com/embassy-rs/embassy?rev=b6bf1c8e7050b8fb0f295b92ebbef537e425cce0#b6bf1c8e)
[INFO] [stderr]     Checking embedded-storage v0.3.2
[INFO] [stderr]    Compiling string_cache v0.8.9
[INFO] [stderr]     Checking embedded-storage-async v0.4.2
[INFO] [stderr]     Checking cordyceps v0.3.5
[INFO] [stderr]     Checking rgb v0.8.53
[INFO] [stderr]     Checking az v1.3.0
[INFO] [stderr]     Checking bitflags v2.13.2
[INFO] [stderr]     Checking bytemuck v1.25.2
[INFO] [stderr]    Compiling crypto-common v0.1.7
[INFO] [stderr]    Compiling block-buffer v0.10.4
[INFO] [stderr]    Compiling digest v0.10.7
[INFO] [stderr]    Compiling embassy-rp v0.10.0 (https://github.com/embassy-rs/embassy?rev=b6bf1c8e7050b8fb0f295b92ebbef537e425cce0#b6bf1c8e)
[INFO] [stderr]     Checking embassy-net-driver-channel v0.4.0 (https://github.com/embassy-rs/embassy?rev=b6bf1c8e7050b8fb0f295b92ebbef537e425cce0#b6bf1c8e)
[INFO] [stderr]     Checking embassy-embedded-hal v0.6.0 (https://github.com/embassy-rs/embassy?rev=b6bf1c8e7050b8fb0f295b92ebbef537e425cce0#b6bf1c8e)
[INFO] [stderr]     Checking sha2-const-stable v0.1.0
[INFO] [stderr]     Checking rand_core v0.6.4
[INFO] [stderr]     Checking rand_core v0.9.5
[INFO] [stderr]     Checking rand_core v0.10.1
[INFO] [stderr]    Compiling sha3 v0.10.9
[INFO] [stderr]     Checking static_cell v2.1.1
[INFO] [stderr]    Compiling device v0.1.0 (/opt/rustwide/workdir/device)
[INFO] [stderr]     Checking as-slice v0.2.1
[INFO] [stderr]     Checking midi-link v0.1.0 (/opt/rustwide/workdir/midi-link)
[INFO] [stderr]     Checking aligned v0.4.3
[INFO] [stderr]    Compiling host v0.1.0 (/opt/rustwide/workdir/host)
[INFO] [stderr]     Checking smart-leds-trait v0.3.2
[INFO] [stderr]    Compiling regex v1.13.1
[INFO] [stderr]    Compiling lalrpop-util v0.22.2
[INFO] [stderr]    Compiling lalrpop v0.22.2
[INFO] [stderr]     Checking ssmarshal v1.0.0
[INFO] [stderr]    Compiling darling_core v0.20.11
[INFO] [stderr]    Compiling num_enum_derive v0.7.6
[INFO] [stderr]    Compiling unitrait-macros v2.0.0 (https://github.com/embassy-rs/unitrait?rev=bb96601b3d293fa27d1ca2891f6ea148e534e433#bb96601b)
[INFO] [stderr]    Compiling zerocopy-derive v0.8.59
[INFO] [stderr]     Checking panic-reset v0.1.1
[INFO] [stderr]     Checking unitrait v2.0.0 (https://github.com/embassy-rs/unitrait?rev=bb96601b3d293fa27d1ca2891f6ea148e534e433#bb96601b)
[INFO] [stderr]     Checking embassy-executor-timer-queue v0.1.1 (https://github.com/embassy-rs/embassy?rev=b6bf1c8e7050b8fb0f295b92ebbef537e425cce0#b6bf1c8e)
[INFO] [stderr]    Compiling num_enum v0.7.6
[INFO] [stderr]    Compiling pio-core v0.4.0
[INFO] [stderr]    Compiling darling_macro v0.20.11
[INFO] [stderr]    Compiling darling v0.20.11
[INFO] [stderr]    Compiling embassy-executor-macros v0.8.0 (https://github.com/embassy-rs/embassy?rev=b6bf1c8e7050b8fb0f295b92ebbef537e425cce0#b6bf1c8e)
[INFO] [stderr]    Compiling bitfield-macros v0.19.5
[INFO] [stderr]    Compiling cortex-m-rt-macros v0.7.7
[INFO] [stderr]    Compiling bitfield v0.19.5
[INFO] [stderr]    Compiling usbd-hid-descriptors v0.10.2
[INFO] [stderr]    Compiling usbd-hid-macros v0.10.2
[INFO] [stderr]     Checking usbd-hid v0.10.2
[INFO] [stderr]     Checking half v2.7.1
[INFO] [stderr]     Checking embassy-usb-host v0.1.0 (https://github.com/embassy-rs/embassy?rev=b6bf1c8e7050b8fb0f295b92ebbef537e425cce0#b6bf1c8e)
[INFO] [stderr]    Compiling pio-parser v0.4.0
[INFO] [stderr]    Compiling pio-proc v0.4.0
[INFO] [stderr]     Checking pio v0.4.0
[INFO] [stdout] error: unwinding panics are not supported without std
[INFO] [stdout]   |
[INFO] [stdout]   = help: using nightly cargo, use -Zbuild-std with panic="abort" to avoid unwinding
[INFO] [stdout]   = note: since the core library is usually precompiled with panic="unwind", rebuilding your crate with panic="abort" may not be enough to fix the problem
[INFO] [stdout] 
[INFO] [stdout] 
[INFO] [stdout] error: unwinding panics are not supported without std
[INFO] [stdout]   |
[INFO] [stdout]   = help: using nightly cargo, use -Zbuild-std with panic="abort" to avoid unwinding
[INFO] [stdout]   = note: since the core library is usually precompiled with panic="unwind", rebuilding your crate with panic="abort" may not be enough to fix the problem
[INFO] [stdout] 
[INFO] [stdout] 
[INFO] [stdout] error[E0152]: duplicate lang item in crate `std` (which `test` depends on): `panic_impl`
[INFO] [stdout]   |
[INFO] [stdout]   = note: the lang item is first defined in crate `panic_reset` (which `sine` depends on)
[INFO] [stdout]   = note: first definition in `panic_reset` loaded from /opt/rustwide/target/debug/build/panic-reset/e3545863f94cbe51/out/libpanic_reset-e3545863f94cbe51.rmeta
[INFO] [stdout]   = note: second definition in `std` loaded from /opt/rustwide/rustup-home/toolchains/a7c37f9f0ee5e93396106e9de20f4a86b4154e63/lib/rustlib/x86_64-unknown-linux-gnu/lib/libstd-530112f2fd58de10.rmeta
[INFO] [stdout] 
[INFO] [stdout] 
[INFO] [stdout] error: unwinding panics are not supported without std
[INFO] [stdout]   |
[INFO] [stdout]   = help: using nightly cargo, use -Zbuild-std with panic="abort" to avoid unwinding
[INFO] [stdout]   = note: since the core library is usually precompiled with panic="unwind", rebuilding your crate with panic="abort" may not be enough to fix the problem
[INFO] [stdout] 
[INFO] [stdout] 
[INFO] [stdout] For more information about this error, try `rustc --explain E0152`.
[INFO] [stdout] 
[INFO] [stderr] error: could not compile `device` (bin "sine" test) due to 1 previous error
[INFO] [stderr] warning: build failed, waiting for other jobs to finish...
[INFO] [stdout] error[E0152]: duplicate lang item in crate `std` (which `test` depends on): `panic_impl`
[INFO] [stdout]   |
[INFO] [stdout]   = note: the lang item is first defined in crate `panic_reset` (which `host` depends on)
[INFO] [stdout]   = note: first definition in `panic_reset` loaded from /opt/rustwide/target/debug/build/panic-reset/e3545863f94cbe51/out/libpanic_reset-e3545863f94cbe51.rmeta
[INFO] [stdout]   = note: second definition in `std` loaded from /opt/rustwide/rustup-home/toolchains/a7c37f9f0ee5e93396106e9de20f4a86b4154e63/lib/rustlib/x86_64-unknown-linux-gnu/lib/libstd-530112f2fd58de10.rmeta
[INFO] [stdout] 
[INFO] [stdout] 
[INFO] [stdout] For more information about this error, try `rustc --explain E0152`.
[INFO] [stdout] 
[INFO] [stderr] error: could not compile `host` (bin "host" test) due to 1 previous error
[INFO] [stdout] error[E0152]: duplicate lang item in crate `std` (which `test` depends on): `panic_impl`
[INFO] [stdout]   |
[INFO] [stdout]   = note: the lang item is first defined in crate `panic_reset` (which `device` depends on)
[INFO] [stdout]   = note: first definition in `panic_reset` loaded from /opt/rustwide/target/debug/build/panic-reset/e3545863f94cbe51/out/libpanic_reset-e3545863f94cbe51.rmeta
[INFO] [stdout]   = note: second definition in `std` loaded from /opt/rustwide/rustup-home/toolchains/a7c37f9f0ee5e93396106e9de20f4a86b4154e63/lib/rustlib/x86_64-unknown-linux-gnu/lib/libstd-530112f2fd58de10.rmeta
[INFO] [stdout] 
[INFO] [stdout] 
[INFO] [stdout] For more information about this error, try `rustc --explain E0152`.
[INFO] [stdout] 
[INFO] [stderr] error: could not compile `device` (bin "device" test) due to 1 previous error
[INFO] [stderr] error: could not compile `host` (bin "host") due to 1 previous error
[INFO] [stderr] error: could not compile `device` (bin "sine") due to 1 previous error
[INFO] [stderr] error: could not compile `device` (bin "device") due to 1 previous error
[INFO] running `Command { std: "docker" "inspect" "764c88229587d674eefdeb34c27a2f268974c7d322708180e9e38a90d2ce71d6", kill_on_drop: false }`
[INFO] running `Command { std: "docker" "rm" "-f" "764c88229587d674eefdeb34c27a2f268974c7d322708180e9e38a90d2ce71d6", kill_on_drop: false }`
[INFO] [stdout] 764c88229587d674eefdeb34c27a2f268974c7d322708180e9e38a90d2ce71d6
