[INFO] cloning repository https://github.com/mtizim/rustnn
[INFO] running `Command { std: "git" "-c" "credential.helper=" "-c" "credential.helper=/workspace/cargo-home/bin/git-credential-null" "clone" "--bare" "https://github.com/mtizim/rustnn" "/workspace/cache/git-repos/https%3A%2F%2Fgithub.com%2Fmtizim%2Frustnn", kill_on_drop: false }`
[INFO] [stderr] Cloning into bare repository '/workspace/cache/git-repos/https%3A%2F%2Fgithub.com%2Fmtizim%2Frustnn'...
[INFO] running `Command { std: "git" "rev-parse" "HEAD", kill_on_drop: false }`
[INFO] [stdout] d2f1da7398d8b5e9e9a26454917fd849f4e6520b
[INFO] checking mtizim/rustnn against 52995a223f2919dd3e2e427231db90a257350ded for pr-129249-4
[INFO] running `Command { std: "git" "clone" "/workspace/cache/git-repos/https%3A%2F%2Fgithub.com%2Fmtizim%2Frustnn" "/workspace/builds/worker-5-tc2/source", kill_on_drop: false }`
[INFO] [stderr] Cloning into '/workspace/builds/worker-5-tc2/source'...
[INFO] [stderr] done.
[INFO] started tweaking git repo https://github.com/mtizim/rustnn
[INFO] finished tweaking git repo https://github.com/mtizim/rustnn
[INFO] tweaked toml for git repo https://github.com/mtizim/rustnn written to /workspace/builds/worker-5-tc2/source/Cargo.toml
[INFO] validating manifest of git repo https://github.com/mtizim/rustnn on toolchain 52995a223f2919dd3e2e427231db90a257350ded
[INFO] running `Command { std: CARGO_HOME="/workspace/cargo-home" RUSTUP_HOME="/workspace/rustup-home" "/workspace/cargo-home/bin/cargo" "+52995a223f2919dd3e2e427231db90a257350ded" "metadata" "--manifest-path" "Cargo.toml" "--no-deps", kill_on_drop: false }`
[INFO] crate git repo https://github.com/mtizim/rustnn already has a lockfile, it will not be regenerated
[INFO] running `Command { std: CARGO_HOME="/workspace/cargo-home" RUSTUP_HOME="/workspace/rustup-home" "/workspace/cargo-home/bin/cargo" "+52995a223f2919dd3e2e427231db90a257350ded" "fetch" "--manifest-path" "Cargo.toml", kill_on_drop: false }`
[INFO] [stderr]     Blocking waiting for file lock on package cache
[INFO] [stderr]     Updating crates.io index
[INFO] [stderr]     Blocking waiting for file lock on package cache
[ERROR] error running command: no output for 300 seconds
[INFO] checking mtizim/rustnn against 52995a223f2919dd3e2e427231db90a257350ded for pr-129249-4
[INFO] running `Command { std: "git" "clone" "/workspace/cache/git-repos/https%3A%2F%2Fgithub.com%2Fmtizim%2Frustnn" "/workspace/builds/worker-5-tc2/source", kill_on_drop: false }`
[INFO] [stderr] Cloning into '/workspace/builds/worker-5-tc2/source'...
[INFO] [stderr] done.
[INFO] started tweaking git repo https://github.com/mtizim/rustnn
[INFO] finished tweaking git repo https://github.com/mtizim/rustnn
[INFO] tweaked toml for git repo https://github.com/mtizim/rustnn written to /workspace/builds/worker-5-tc2/source/Cargo.toml
[INFO] validating manifest of git repo https://github.com/mtizim/rustnn on toolchain 52995a223f2919dd3e2e427231db90a257350ded
[INFO] running `Command { std: CARGO_HOME="/workspace/cargo-home" RUSTUP_HOME="/workspace/rustup-home" "/workspace/cargo-home/bin/cargo" "+52995a223f2919dd3e2e427231db90a257350ded" "metadata" "--manifest-path" "Cargo.toml" "--no-deps", kill_on_drop: false }`
[INFO] crate git repo https://github.com/mtizim/rustnn already has a lockfile, it will not be regenerated
[INFO] running `Command { std: CARGO_HOME="/workspace/cargo-home" RUSTUP_HOME="/workspace/rustup-home" "/workspace/cargo-home/bin/cargo" "+52995a223f2919dd3e2e427231db90a257350ded" "fetch" "--manifest-path" "Cargo.toml", kill_on_drop: false }`
[INFO] [stderr]     Blocking waiting for file lock on package cache
[INFO] [stderr]     Blocking waiting for file lock on package cache
[INFO] [stderr]  Downloading crates ...
[INFO] [stderr]   Downloaded ndarray-rand v0.14.0
[INFO] [stderr]   Downloaded libm v0.2.2
[INFO] [stderr]   Downloaded lax v0.2.0
[INFO] [stderr]   Downloaded lapack-sys v0.12.1
[INFO] [stderr]   Downloaded prgrs v0.6.4
[INFO] [stderr]   Downloaded openblas-build v0.1.1
[INFO] [stderr]   Downloaded ndarray-linalg v0.14.1
[INFO] [stderr]   Downloaded lapack v0.18.0
[INFO] [stderr]   Downloaded ndarray v0.15.4
[INFO] [stderr]   Downloaded openblas-src v0.10.4
[INFO] running `Command { std: "docker" "create" "-v" "/var/lib/crater-agent-workspace/builds/worker-5-tc2/source:/opt/rustwide/workdir:ro,Z" "-v" "/var/lib/crater-agent-workspace/builds/worker-5-tc2/target:/opt/rustwide/target:rw,Z" "-v" "/var/lib/crater-agent-workspace/cargo-home:/opt/rustwide/cargo-home:ro,Z" "-v" "/var/lib/crater-agent-workspace/rustup-home:/opt/rustwide/rustup-home:ro,Z" "-m" "1610612736" "--network" "none" "ghcr.io/rust-lang/crates-build-env/linux@sha256:77db811e55d90add9212f6832c23229e3de5f1c1f9905e8cb07319ea15df73ac" "sleep" "infinity", kill_on_drop: false }`
[INFO] [stdout] 70d31d3fd43f307c89ee393b8027155307335150f04e594f13a8ea7529df65ea
[INFO] running `Command { std: "docker" "start" "70d31d3fd43f307c89ee393b8027155307335150f04e594f13a8ea7529df65ea", kill_on_drop: false }`
[INFO] running `Command { std: "docker" "inspect" "70d31d3fd43f307c89ee393b8027155307335150f04e594f13a8ea7529df65ea", kill_on_drop: false }`
[INFO] running `Command { std: "docker" "exec" "-e" "SOURCE_DIR=/opt/rustwide/workdir" "-e" "CARGO_HOME=/opt/rustwide/cargo-home" "-e" "RUSTUP_HOME=/opt/rustwide/rustup-home" "-e" "CARGO_TARGET_DIR=/opt/rustwide/target" "-w" "/opt/rustwide/workdir" "--user" "0:0" "70d31d3fd43f307c89ee393b8027155307335150f04e594f13a8ea7529df65ea" "/opt/rustwide/cargo-home/bin/cargo" "+52995a223f2919dd3e2e427231db90a257350ded" "metadata" "--no-deps" "--format-version=1", kill_on_drop: false }`
[INFO] running `Command { std: "docker" "inspect" "70d31d3fd43f307c89ee393b8027155307335150f04e594f13a8ea7529df65ea", kill_on_drop: false }`
[INFO] running `Command { std: "docker" "exec" "-e" "SOURCE_DIR=/opt/rustwide/workdir" "-e" "CARGO_HOME=/opt/rustwide/cargo-home" "-e" "RUSTUP_HOME=/opt/rustwide/rustup-home" "-e" "CARGO_TARGET_DIR=/opt/rustwide/target" "-e" "CARGO_INCREMENTAL=0" "-e" "RUST_BACKTRACE=full" "-e" "RUSTFLAGS=--cap-lints=forbid" "-e" "RUSTDOCFLAGS=--cap-lints=forbid" "-w" "/opt/rustwide/workdir" "--user" "0:0" "70d31d3fd43f307c89ee393b8027155307335150f04e594f13a8ea7529df65ea" "/opt/rustwide/cargo-home/bin/cargo" "+52995a223f2919dd3e2e427231db90a257350ded" "check" "--frozen" "--all" "--all-targets" "--message-format=json", kill_on_drop: false }`
[INFO] [stderr]    Compiling libc v0.2.119
[INFO] [stderr]    Compiling libm v0.2.2
[INFO] [stderr]    Compiling num-traits v0.2.14
[INFO] [stderr]    Compiling serde v1.0.136
[INFO] [stderr]    Compiling syn v1.0.86
[INFO] [stderr]    Compiling crossbeam-utils v0.8.7
[INFO] [stderr]    Compiling num-integer v0.1.44
[INFO] [stderr]    Compiling memoffset v0.6.5
[INFO] [stderr]    Compiling crossbeam-epoch v0.9.7
[INFO] [stderr]    Compiling rayon-core v1.9.1
[INFO] [stderr]    Compiling walkdir v2.3.2
[INFO] [stderr]    Compiling rayon v1.5.1
[INFO] [stderr]     Checking crossbeam-channel v0.5.2
[INFO] [stderr]     Checking getrandom v0.2.5
[INFO] [stderr]     Checking num_cpus v1.13.1
[INFO] [stderr]     Checking rand_core v0.6.3
[INFO] [stderr]    Compiling memchr v2.4.1
[INFO] [stderr]     Checking crossbeam-deque v0.8.1
[INFO] [stderr]    Compiling dirs-sys v0.3.6
[INFO] [stderr]     Checking rand_chacha v0.3.1
[INFO] [stderr]    Compiling num-bigint v0.4.3
[INFO] [stderr]    Compiling dirs v3.0.2
[INFO] [stderr]     Checking matrixmultiply v0.3.2
[INFO] [stderr]     Checking rand v0.8.5
[INFO] [stderr]     Checking cblas-sys v0.1.4
[INFO] [stderr]     Checking approx v0.4.0
[INFO] [stderr]     Checking lapack-sys v0.12.1
[INFO] [stderr]    Compiling num-rational v0.4.0
[INFO] [stderr]    Compiling num-iter v0.1.42
[INFO] [stderr]     Checking regex-automata v0.1.10
[INFO] [stderr]     Checking terminal_size v0.1.17
[INFO] [stderr]     Checking csv-core v0.1.10
[INFO] [stderr]     Checking prgrs v0.6.4
[INFO] [stderr]     Checking rand_distr v0.4.3
[INFO] [stderr]    Compiling thiserror-impl v1.0.30
[INFO] [stderr]    Compiling thiserror v1.0.30
[INFO] [stderr]    Compiling openblas-build v0.1.1
[INFO] [stderr]    Compiling openblas-src v0.10.4
[INFO] [stderr]     Checking num-complex v0.4.0
[INFO] [stderr]     Checking bstr v0.2.17
[INFO] [stderr]     Checking csv v1.1.6
[INFO] [stderr]     Checking ndarray v0.15.4
[INFO] [stderr]     Checking lapack v0.18.0
[INFO] [stderr]     Checking cauchy v0.4.0
[INFO] [stderr]     Checking num v0.4.0
[INFO] [stderr] error: failed to run custom build command for `openblas-src v0.10.4`
[INFO] [stderr] note: To improve backtraces for build dependencies, set the CARGO_PROFILE_DEV_BUILD_OVERRIDE_DEBUG=true environment variable to enable debug information generation.
[INFO] [stderr] 
[INFO] [stderr] Caused by:
[INFO] [stderr]   process didn't exit successfully: `/opt/rustwide/target/debug/build/openblas-src/9de2b930273015ad/out/build_script_build` (exit status: 101)
[INFO] [stderr]   --- stderr
[INFO] [stderr]   gemm.c: In function 'sgemm_':
[INFO] [stderr]   gemm.c:133:7: warning: unused variable 'mode' [-Wunused-variable]
[INFO] [stderr]     133 |   int mode  =  BLAS_SINGLE  | BLAS_REAL;
[INFO] [stderr]         |       ^~~~
[INFO] [stderr]   trsm.c: In function 'strmm_':
[INFO] [stderr]   trsm.c:396:50: error: passing argument 5 of 'gemm_thread_n' from incompatible pointer type [-Wincompatible-pointer-types]
[INFO] [stderr]     396 |       gemm_thread_n(mode, &args, NULL, NULL, trsm[(side<<4) | (trans<<2) | (uplo<<1) | unit], sa, sb, args.nthreads);
[INFO] [stderr]         |                                              ~~~~^~~~~~~~~~~~~~~~~~~~~~~~~~~~~~~~~~~~~~~~~~~
[INFO] [stderr]         |                                                  |
[INFO] [stderr]         |                                                  int (*)(blas_arg_t *, BLASLONG *, BLASLONG *, float *, float *, BLASLONG) {aka int (*)(blas_arg_t *, long int *, long int *, float *, float *, long int)}
[INFO] [stderr]   In file included from ../common.h:838,
[INFO] [stderr]                    from trsm.c:41:
[INFO] [stderr]   ../common_thread.h:191:74: note: expected 'int (*)(void)' but argument is of type 'int (*)(blas_arg_t *, BLASLONG *, BLASLONG *, float *, float *, BLASLONG)' {aka 'int (*)(blas_arg_t *, long int *, long int *, float *, float *, long int)'}
[INFO] [stderr]     191 | int gemm_thread_n (int mode, blas_arg_t *, BLASLONG *, BLASLONG *, int (*function)(), void *, void *, BLASLONG);
[INFO] [stderr]         |                                                                    ~~~~~~^~~~~~~~~~~
[INFO] [stderr]   trsm.c:398:50: error: passing argument 5 of 'gemm_thread_m' from incompatible pointer type [-Wincompatible-pointer-types]
[INFO] [stderr]     398 |       gemm_thread_m(mode, &args, NULL, NULL, trsm[(side<<4) | (trans<<2) | (uplo<<1) | unit], sa, sb, args.nthreads);
[INFO] [stderr]         |                                              ~~~~^~~~~~~~~~~~~~~~~~~~~~~~~~~~~~~~~~~~~~~~~~~
[INFO] [stderr]         |                                                  |
[INFO] [stderr]         |                                                  int (*)(blas_arg_t *, BLASLONG *, BLASLONG *, float *, float *, BLASLONG) {aka int (*)(blas_arg_t *, long int *, long int *, float *, float *, long int)}
[INFO] [stderr]   ../common_thread.h:189:74: note: expected 'int (*)(void)' but argument is of type 'int (*)(blas_arg_t *, BLASLONG *, BLASLONG *, float *, float *, BLASLONG)' {aka 'int (*)(blas_arg_t *, long int *, long int *, float *, float *, long int)'}
[INFO] [stderr]     189 | int gemm_thread_m (int mode, blas_arg_t *, BLASLONG *, BLASLONG *, int (*function)(), void *, void *, BLASLONG);
[INFO] [stderr]         |                                                                    ~~~~~~^~~~~~~~~~~
[INFO] [stderr]   make[1]: *** [Makefile:1331: strmm.o] Error 1
[INFO] [stderr]   make[1]: *** Waiting for unfinished jobs....
[INFO] [stderr]   trsm.c: In function 'strsm_':
[INFO] [stderr]   trsm.c:396:50: error: passing argument 5 of 'gemm_thread_n' from incompatible pointer type [-Wincompatible-pointer-types]
[INFO] [stderr]     396 |       gemm_thread_n(mode, &args, NULL, NULL, trsm[(side<<4) | (trans<<2) | (uplo<<1) | unit], sa, sb, args.nthreads);
[INFO] [stderr]         |                                              ~~~~^~~~~~~~~~~~~~~~~~~~~~~~~~~~~~~~~~~~~~~~~~~
[INFO] [stderr]         |                                                  |
[INFO] [stderr]         |                                                  int (*)(blas_arg_t *, BLASLONG *, BLASLONG *, float *, float *, BLASLONG) {aka int (*)(blas_arg_t *, long int *, long int *, float *, float *, long int)}
[INFO] [stderr]   In file included from ../common.h:838,
[INFO] [stderr]                    from trsm.c:41:
[INFO] [stderr]   ../common_thread.h:191:74: note: expected 'int (*)(void)' but argument is of type 'int (*)(blas_arg_t *, BLASLONG *, BLASLONG *, float *, float *, BLASLONG)' {aka 'int (*)(blas_arg_t *, long int *, long int *, float *, float *, long int)'}
[INFO] [stderr]     191 | int gemm_thread_n (int mode, blas_arg_t *, BLASLONG *, BLASLONG *, int (*function)(), void *, void *, BLASLONG);
[INFO] [stderr]         |                                                                    ~~~~~~^~~~~~~~~~~
[INFO] [stderr]   trsm.c:398:50: error: passing argument 5 of 'gemm_thread_m' from incompatible pointer type [-Wincompatible-pointer-types]
[INFO] [stderr]     398 |       gemm_thread_m(mode, &args, NULL, NULL, trsm[(side<<4) | (trans<<2) | (uplo<<1) | unit], sa, sb, args.nthreads);
[INFO] [stderr]         |                                              ~~~~^~~~~~~~~~~~~~~~~~~~~~~~~~~~~~~~~~~~~~~~~~~
[INFO] [stderr]         |                                                  |
[INFO] [stderr]         |                                                  int (*)(blas_arg_t *, BLASLONG *, BLASLONG *, float *, float *, BLASLONG) {aka int (*)(blas_arg_t *, long int *, long int *, float *, float *, long int)}
[INFO] [stderr]   ../common_thread.h:189:74: note: expected 'int (*)(void)' but argument is of type 'int (*)(blas_arg_t *, BLASLONG *, BLASLONG *, float *, float *, BLASLONG)' {aka 'int (*)(blas_arg_t *, long int *, long int *, float *, float *, long int)'}
[INFO] [stderr]     189 | int gemm_thread_m (int mode, blas_arg_t *, BLASLONG *, BLASLONG *, int (*function)(), void *, void *, BLASLONG);
[INFO] [stderr]         |                                                                    ~~~~~~^~~~~~~~~~~
[INFO] [stderr]   make[1]: *** [Makefile:1349: strsm.o] Error 1
[INFO] [stderr]   syr2k.c: In function 'ssyr2k_':
[INFO] [stderr]   syr2k.c:382:47: error: passing argument 5 of 'syrk_thread' from incompatible pointer type [-Wincompatible-pointer-types]
[INFO] [stderr]     382 |     syrk_thread(mode, &args, NULL, NULL, syr2k[(uplo << 1) | trans ], sa, sb, args.nthreads);
[INFO] [stderr]         |                                          ~~~~~^~~~~~~~~~~~~~~~~~~~~~
[INFO] [stderr]         |                                               |
[INFO] [stderr]         |                                               int (*)(blas_arg_t *, BLASLONG *, BLASLONG *, float *, float *, BLASLONG) {aka int (*)(blas_arg_t *, long int *, long int *, float *, float *, long int)}
[INFO] [stderr]   In file included from ../common.h:838,
[INFO] [stderr]                    from syr2k.c:41:
[INFO] [stderr]   ../common_thread.h:202:71: note: expected 'int (*)(void)' but argument is of type 'int (*)(blas_arg_t *, BLASLONG *, BLASLONG *, float *, float *, BLASLONG)' {aka 'int (*)(blas_arg_t *, long int *, long int *, float *, float *, long int)'}
[INFO] [stderr]     202 | int syrk_thread(int mode, blas_arg_t *, BLASLONG *, BLASLONG *, int (*function)(), void *, void *, BLASLONG);
[INFO] [stderr]         |                                                                 ~~~~~~^~~~~~~~~~~
[INFO] [stderr]   make[1]: *** [Makefile:1385: ssyr2k.o] Error 1
[INFO] [stderr]   make: *** [Makefile:171: libs] Error 1
[INFO] [stderr] 
[INFO] [stderr] 
[INFO] [stderr]   thread 'main' (664) panicked at /opt/rustwide/cargo-home/registry/src/index.crates.io-1949cf8c6b5b557f/openblas-src-0.10.4/build.rs:150:45:
[INFO] [stderr]   called `Result::unwrap()` on an `Err` value: NonZeroExitStatus { status: 2 }
[INFO] [stderr]   stack backtrace:
[INFO] [stderr]      0:     0x5f7defbfadc1 - std[bca62e6543d808ff]::backtrace_rs::backtrace::libunwind::trace
[INFO] [stderr]                                  at /rustc/52995a223f2919dd3e2e427231db90a257350ded/library/std/src/../../backtrace/src/backtrace/libunwind.rs:117:9
[INFO] [stderr]      1:     0x5f7defbfadc1 - std[bca62e6543d808ff]::backtrace_rs::backtrace::trace_unsynchronized::<std[bca62e6543d808ff]::sys::backtrace::_print_fmt::{closure#1}>
[INFO] [stderr]                                  at /rustc/52995a223f2919dd3e2e427231db90a257350ded/library/std/src/../../backtrace/src/backtrace/mod.rs:66:14
[INFO] [stderr]      2:     0x5f7defbfadc1 - std[bca62e6543d808ff]::sys::backtrace::_print_fmt
[INFO] [stderr]                                  at /rustc/52995a223f2919dd3e2e427231db90a257350ded/library/std/src/sys/backtrace.rs:74:9
[INFO] [stderr]      3:     0x5f7defbfadc1 - <<std[bca62e6543d808ff]::sys::backtrace::BacktraceLock>::print::DisplayBacktrace as core[13e665e57e4fab27]::fmt::Display>::fmt
[INFO] [stderr]                                  at /rustc/52995a223f2919dd3e2e427231db90a257350ded/library/std/src/sys/backtrace.rs:44:26
[INFO] [stderr]      4:     0x5f7defc0ceba - <core[13e665e57e4fab27]::fmt::rt::Argument>::fmt
[INFO] [stderr]                                  at /rustc/52995a223f2919dd3e2e427231db90a257350ded/library/core/src/fmt/rt.rs:152:76
[INFO] [stderr]      5:     0x5f7defc0ceba - core[13e665e57e4fab27]::fmt::write
[INFO] [stderr]      6:     0x5f7defbff17c - core[13e665e57e4fab27]::io::write::default_write_fmt::<std[bca62e6543d808ff]::sys::stdio::unix::Stderr>
[INFO] [stderr]                                  at /rustc/52995a223f2919dd3e2e427231db90a257350ded/library/core/src/io/write.rs:402:11
[INFO] [stderr]      7:     0x5f7defbff17c - <std[bca62e6543d808ff]::sys::stdio::unix::Stderr as core[13e665e57e4fab27]::io::write::Write>::write_fmt
[INFO] [stderr]                                  at /rustc/52995a223f2919dd3e2e427231db90a257350ded/library/core/src/io/write.rs:335:13
[INFO] [stderr]      8:     0x5f7defbd9c26 - <std[bca62e6543d808ff]::sys::backtrace::BacktraceLock>::print
[INFO] [stderr]                                  at /rustc/52995a223f2919dd3e2e427231db90a257350ded/library/std/src/sys/backtrace.rs:47:9
[INFO] [stderr]      9:     0x5f7defbd9c26 - std[bca62e6543d808ff]::panicking::default_hook::{closure#0}
[INFO] [stderr]                                  at /rustc/52995a223f2919dd3e2e427231db90a257350ded/library/std/src/panicking.rs:289:27
[INFO] [stderr]     10:     0x5f7defbf5041 - std[bca62e6543d808ff]::panicking::default_hook
[INFO] [stderr]                                  at /rustc/52995a223f2919dd3e2e427231db90a257350ded/library/std/src/panicking.rs:316:9
[INFO] [stderr]     11:     0x5f7defbf51fb - std[bca62e6543d808ff]::panicking::panic_with_hook
[INFO] [stderr]                                  at /rustc/52995a223f2919dd3e2e427231db90a257350ded/library/std/src/panicking.rs:811:13
[INFO] [stderr]     12:     0x5f7defbd9cd2 - std[bca62e6543d808ff]::panicking::panic_handler::{closure#0}
[INFO] [stderr]                                  at /rustc/52995a223f2919dd3e2e427231db90a257350ded/library/std/src/panicking.rs:685:13
[INFO] [stderr]     13:     0x5f7defbd2779 - std[bca62e6543d808ff]::sys::backtrace::__rust_end_short_backtrace::<std[bca62e6543d808ff]::panicking::panic_handler::{closure#0}, !>
[INFO] [stderr]                                  at /rustc/52995a223f2919dd3e2e427231db90a257350ded/library/std/src/sys/backtrace.rs:182:18
[INFO] [stderr]     14:     0x5f7defbda4bd - __rustc[f3f37eff64d94a79]::rust_begin_unwind
[INFO] [stderr]                                  at /rustc/52995a223f2919dd3e2e427231db90a257350ded/library/std/src/panicking.rs:676:5
[INFO] [stderr]     15:     0x5f7defc0d58c - core[13e665e57e4fab27]::panicking::panic_fmt
[INFO] [stderr]                                  at /rustc/52995a223f2919dd3e2e427231db90a257350ded/library/core/src/panicking.rs:80:14
[INFO] [stderr]     16:     0x5f7defc0e942 - core[13e665e57e4fab27]::result::unwrap_failed::unwrap_failed_inner
[INFO] [stderr]                                  at /rustc/52995a223f2919dd3e2e427231db90a257350ded/library/core/src/result.rs:1876:9
[INFO] [stderr]     17:     0x5f7defb9b1cb - core[13e665e57e4fab27]::result::unwrap_failed::<openblas_build[cb07f1ebbfc992a7]::error::Error>
[INFO] [stderr]     18:     0x5f7defb9c51f - build_script_build[b7a04db8a8bba76c]::build
[INFO] [stderr]     19:     0x5f7defb9bd9f - build_script_build[b7a04db8a8bba76c]::main
[INFO] [stderr]     20:     0x5f7defb9f01b - <fn() as core[13e665e57e4fab27]::ops::function::FnOnce<()>>::call_once
[INFO] [stderr]     21:     0x5f7defba0756 - std[bca62e6543d808ff]::sys::backtrace::__rust_begin_short_backtrace::<fn(), ()>
[INFO] [stderr]     22:     0x5f7defb9bbc9 - std[bca62e6543d808ff]::rt::lang_start::<()>::{closure#0}
[INFO] [stderr]     23:     0x5f7defbf4138 - <&dyn core[13e665e57e4fab27]::ops::function::Fn<(), Output = i32> + core[13e665e57e4fab27]::panic::unwind_safe::RefUnwindSafe + core[13e665e57e4fab27]::marker::Sync as core[13e665e57e4fab27]::ops::function::FnOnce<()>>::call_once
[INFO] [stderr]                                  at /rustc/52995a223f2919dd3e2e427231db90a257350ded/library/core/src/ops/function.rs:287:21
[INFO] [stderr]     24:     0x5f7defbf4138 - std[bca62e6543d808ff]::panicking::catch_unwind::do_call::<&dyn core[13e665e57e4fab27]::ops::function::Fn<(), Output = i32> + core[13e665e57e4fab27]::panic::unwind_safe::RefUnwindSafe + core[13e665e57e4fab27]::marker::Sync, i32>
[INFO] [stderr]                                  at /rustc/52995a223f2919dd3e2e427231db90a257350ded/library/std/src/panicking.rs:573:43
[INFO] [stderr]     25:     0x5f7defbf4138 - std[bca62e6543d808ff]::panicking::catch_unwind::<i32, &dyn core[13e665e57e4fab27]::ops::function::Fn<(), Output = i32> + core[13e665e57e4fab27]::panic::unwind_safe::RefUnwindSafe + core[13e665e57e4fab27]::marker::Sync>
[INFO] [stderr]                                  at /rustc/52995a223f2919dd3e2e427231db90a257350ded/library/std/src/panicking.rs:541:19
[INFO] [stderr]     26:     0x5f7defbf4138 - std[bca62e6543d808ff]::panic::catch_unwind::<&dyn core[13e665e57e4fab27]::ops::function::Fn<(), Output = i32> + core[13e665e57e4fab27]::panic::unwind_safe::RefUnwindSafe + core[13e665e57e4fab27]::marker::Sync, i32>
[INFO] [stderr]                                  at /rustc/52995a223f2919dd3e2e427231db90a257350ded/library/std/src/panic.rs:359:14
[INFO] [stderr]     27:     0x5f7defbf4138 - std[bca62e6543d808ff]::rt::lang_start_internal::{closure#0}
[INFO] [stderr]                                  at /rustc/52995a223f2919dd3e2e427231db90a257350ded/library/std/src/rt.rs:175:24
[INFO] [stderr]     28:     0x5f7defbf4138 - std[bca62e6543d808ff]::panicking::catch_unwind::do_call::<std[bca62e6543d808ff]::rt::lang_start_internal::{closure#0}, isize>
[INFO] [stderr]                                  at /rustc/52995a223f2919dd3e2e427231db90a257350ded/library/std/src/panicking.rs:573:43
[INFO] [stderr]     29:     0x5f7defbf4138 - std[bca62e6543d808ff]::panicking::catch_unwind::<isize, std[bca62e6543d808ff]::rt::lang_start_internal::{closure#0}>
[INFO] [stderr]                                  at /rustc/52995a223f2919dd3e2e427231db90a257350ded/library/std/src/panicking.rs:541:19
[INFO] [stderr]     30:     0x5f7defbf4138 - std[bca62e6543d808ff]::panic::catch_unwind::<std[bca62e6543d808ff]::rt::lang_start_internal::{closure#0}, isize>
[INFO] [stderr]                                  at /rustc/52995a223f2919dd3e2e427231db90a257350ded/library/std/src/panic.rs:359:14
[INFO] [stderr]     31:     0x5f7defbf4138 - std[bca62e6543d808ff]::rt::lang_start_internal
[INFO] [stderr]                                  at /rustc/52995a223f2919dd3e2e427231db90a257350ded/library/std/src/rt.rs:171:5
[INFO] [stderr]     32:     0x5f7defb9b2c1 - std[bca62e6543d808ff]::rt::lang_start::<()>
[INFO] [stderr]     33:     0x5f7defb9f105 - main
[INFO] [stderr]     34:     0x72e50b44f601 - <unknown>
[INFO] [stderr]     35:     0x72e50b44f718 - __libc_start_main
[INFO] [stderr]     36:     0x5f7defb976a5 - _start
[INFO] [stderr]     37:                0x0 - <unknown>
[INFO] [stderr] warning: build failed, waiting for other jobs to finish...
[INFO] running `Command { std: "docker" "inspect" "70d31d3fd43f307c89ee393b8027155307335150f04e594f13a8ea7529df65ea", kill_on_drop: false }`
[INFO] running `Command { std: "docker" "rm" "-f" "70d31d3fd43f307c89ee393b8027155307335150f04e594f13a8ea7529df65ea", kill_on_drop: false }`
[INFO] [stdout] 70d31d3fd43f307c89ee393b8027155307335150f04e594f13a8ea7529df65ea
