[INFO] cloning repository https://github.com/khunzzz/noir-picus-adapter
[INFO] running `Command { std: "git" "-c" "credential.helper=" "-c" "credential.helper=/workspace/cargo-home/bin/git-credential-null" "clone" "--bare" "https://github.com/khunzzz/noir-picus-adapter" "/workspace/cache/git-repos/https%3A%2F%2Fgithub.com%2Fkhunzzz%2Fnoir-picus-adapter", kill_on_drop: false }`
[INFO] [stderr] Cloning into bare repository '/workspace/cache/git-repos/https%3A%2F%2Fgithub.com%2Fkhunzzz%2Fnoir-picus-adapter'...
[INFO] running `Command { std: "git" "rev-parse" "HEAD", kill_on_drop: false }`
[INFO] [stdout] 26c76f3b7953b884f3da4dbd829b35c91cb3b822
[INFO] checking khunzzz/noir-picus-adapter against 52995a223f2919dd3e2e427231db90a257350ded for pr-129249-4
[INFO] running `Command { std: "git" "clone" "/workspace/cache/git-repos/https%3A%2F%2Fgithub.com%2Fkhunzzz%2Fnoir-picus-adapter" "/workspace/builds/worker-4-tc2/source", kill_on_drop: false }`
[INFO] [stderr] Cloning into '/workspace/builds/worker-4-tc2/source'...
[INFO] [stderr] done.
[INFO] started tweaking git repo https://github.com/khunzzz/noir-picus-adapter
[INFO] finished tweaking git repo https://github.com/khunzzz/noir-picus-adapter
[INFO] tweaked toml for git repo https://github.com/khunzzz/noir-picus-adapter written to /workspace/builds/worker-4-tc2/source/Cargo.toml
[INFO] validating manifest of git repo https://github.com/khunzzz/noir-picus-adapter on toolchain 52995a223f2919dd3e2e427231db90a257350ded
[INFO] running `Command { std: CARGO_HOME="/workspace/cargo-home" RUSTUP_HOME="/workspace/rustup-home" "/workspace/cargo-home/bin/cargo" "+52995a223f2919dd3e2e427231db90a257350ded" "metadata" "--manifest-path" "Cargo.toml" "--no-deps", kill_on_drop: false }`
[INFO] crate git repo https://github.com/khunzzz/noir-picus-adapter already has a lockfile, it will not be regenerated
[INFO] running `Command { std: CARGO_HOME="/workspace/cargo-home" RUSTUP_HOME="/workspace/rustup-home" "/workspace/cargo-home/bin/cargo" "+52995a223f2919dd3e2e427231db90a257350ded" "fetch" "--manifest-path" "Cargo.toml", kill_on_drop: false }`
[INFO] [stderr]     Blocking waiting for file lock on package cache
[INFO] [stderr]     Updating git repository `https://github.com/noir-lang/noir.git`
[INFO] [stderr]     Updating git repository `https://github.com/chyanju/picus.git`
[INFO] [stderr]     Updating git submodule `https://github.com/chyanju/picus-benchmarks.git`
[INFO] [stderr]     Updating crates.io index
[INFO] [stderr]     Blocking waiting for file lock on package cache
[INFO] [stderr]  Downloading crates ...
[INFO] [stderr]   Downloaded enum-ordinalize v4.3.2
[INFO] [stderr]   Downloaded enum-ordinalize-derive v4.3.2
[INFO] [stderr]   Downloaded z3-sys v0.11.0
[INFO] [stderr]   Downloaded ark-grumpkin v0.6.0
[INFO] [stderr]   Downloaded z3 v0.20.0
[INFO] [stderr]   Downloaded z3-src v416.0.2
[INFO] running `Command { std: "docker" "create" "-v" "/var/lib/crater-agent-workspace/builds/worker-4-tc2/source:/opt/rustwide/workdir:ro,Z" "-v" "/var/lib/crater-agent-workspace/builds/worker-4-tc2/target:/opt/rustwide/target:rw,Z" "-v" "/var/lib/crater-agent-workspace/cargo-home:/opt/rustwide/cargo-home:ro,Z" "-v" "/var/lib/crater-agent-workspace/rustup-home:/opt/rustwide/rustup-home:ro,Z" "-m" "1610612736" "--network" "none" "ghcr.io/rust-lang/crates-build-env/linux@sha256:77db811e55d90add9212f6832c23229e3de5f1c1f9905e8cb07319ea15df73ac" "sleep" "infinity", kill_on_drop: false }`
[INFO] [stdout] ca7598d4608dfb9d6bbd496715dfc6a55effb570b9667272e7b115b5399d1323
[INFO] running `Command { std: "docker" "start" "ca7598d4608dfb9d6bbd496715dfc6a55effb570b9667272e7b115b5399d1323", kill_on_drop: false }`
[INFO] running `Command { std: "docker" "inspect" "ca7598d4608dfb9d6bbd496715dfc6a55effb570b9667272e7b115b5399d1323", kill_on_drop: false }`
[INFO] running `Command { std: "docker" "exec" "-e" "SOURCE_DIR=/opt/rustwide/workdir" "-e" "CARGO_HOME=/opt/rustwide/cargo-home" "-e" "RUSTUP_HOME=/opt/rustwide/rustup-home" "-e" "CARGO_TARGET_DIR=/opt/rustwide/target" "-w" "/opt/rustwide/workdir" "--user" "0:0" "ca7598d4608dfb9d6bbd496715dfc6a55effb570b9667272e7b115b5399d1323" "/opt/rustwide/cargo-home/bin/cargo" "+52995a223f2919dd3e2e427231db90a257350ded" "metadata" "--no-deps" "--format-version=1", kill_on_drop: false }`
[INFO] running `Command { std: "docker" "inspect" "ca7598d4608dfb9d6bbd496715dfc6a55effb570b9667272e7b115b5399d1323", kill_on_drop: false }`
[INFO] running `Command { std: "docker" "exec" "-e" "SOURCE_DIR=/opt/rustwide/workdir" "-e" "CARGO_HOME=/opt/rustwide/cargo-home" "-e" "RUSTUP_HOME=/opt/rustwide/rustup-home" "-e" "CARGO_TARGET_DIR=/opt/rustwide/target" "-e" "CARGO_INCREMENTAL=0" "-e" "RUST_BACKTRACE=full" "-e" "RUSTFLAGS=--cap-lints=forbid" "-e" "RUSTDOCFLAGS=--cap-lints=forbid" "-w" "/opt/rustwide/workdir" "--user" "0:0" "ca7598d4608dfb9d6bbd496715dfc6a55effb570b9667272e7b115b5399d1323" "/opt/rustwide/cargo-home/bin/cargo" "+52995a223f2919dd3e2e427231db90a257350ded" "check" "--frozen" "--all" "--all-targets" "--message-format=json", kill_on_drop: false }`
[INFO] [stderr]     Checking zeroize v1.8.2
[INFO] [stderr]    Compiling libc v0.2.186
[INFO] [stderr]     Checking subtle v2.6.1
[INFO] [stderr]    Compiling getrandom v0.4.3
[INFO] [stderr]    Compiling cc v1.2.62
[INFO] [stderr]    Compiling num-traits v0.2.19
[INFO] [stderr]    Compiling serde_core v1.0.228
[INFO] [stderr]    Compiling syn v2.0.117
[INFO] [stderr]     Checking ppv-lite86 v0.2.21
[INFO] [stderr]     Checking generic-array v0.14.7
[INFO] [stderr]     Checking hashbrown v0.17.1
[INFO] [stderr]    Compiling serde v1.0.228
[INFO] [stderr]     Checking ahash v0.8.12
[INFO] [stderr]     Checking itertools v0.14.0
[INFO] [stderr]    Compiling winnow v1.0.3
[INFO] [stderr]     Checking base16ct v1.0.0
[INFO] [stderr]     Checking ctutils v0.4.3
[INFO] [stderr]     Checking ff v0.14.0
[INFO] [stderr]     Checking hybrid-array v0.4.15
[INFO] [stderr]     Checking der v0.8.2
[INFO] [stderr]     Checking group v0.14.0
[INFO] [stderr]     Checking rmp v0.8.15
[INFO] [stderr]    Compiling syn v3.0.3
[INFO] [stderr]    Compiling toml_datetime v1.1.1+spec-1.1.0
[INFO] [stderr]    Compiling regex-syntax v0.8.10
[INFO] [stderr]     Checking rand_chacha v0.3.1
[INFO] [stderr]     Checking rand v0.8.6
[INFO] [stderr]    Compiling nom v7.1.3
[INFO] [stderr]     Checking crypto-common v0.1.7
[INFO] [stderr]     Checking digest v0.10.7
[INFO] [stderr]     Checking block-buffer v0.12.1
[INFO] [stderr]     Checking block-padding v0.4.2
[INFO] [stderr]    Compiling toml_datetime v0.6.11
[INFO] [stderr]     Checking inout v0.2.2
[INFO] [stderr]     Checking ark-std v0.6.0
[INFO] [stderr]    Compiling serde_spanned v0.6.9
[INFO] [stderr]    Compiling num-integer v0.1.46
[INFO] [stderr]     Checking num-bigint v0.5.1
[INFO] [stderr]    Compiling toml_write v0.1.2
[INFO] [stderr]     Checking itertools v0.15.0
[INFO] [stderr]    Compiling bitflags v2.11.1
[INFO] [stderr]    Compiling rustc-hash v2.1.2
[INFO] [stderr]    Compiling unicode-segmentation v1.13.2
[INFO] [stderr]    Compiling toml_edit v0.22.27
[INFO] [stderr]    Compiling num-bigint v0.4.6
[INFO] [stderr]    Compiling cmake v0.1.58
[INFO] [stderr]     Checking crypto-common v0.2.2
[INFO] [stderr]     Checking crypto-bigint v0.7.5
[INFO] [stderr]     Checking spki v0.8.1
[INFO] [stderr]     Checking sec1 v0.8.1
[INFO] [stderr]     Checking pkcs8 v0.11.0
[INFO] [stderr]    Compiling blake3 v1.8.7
[INFO] [stderr]    Compiling toml_parser v1.1.2+spec-1.1.0
[INFO] [stderr]    Compiling z3-src v416.0.2
[INFO] [stderr]    Compiling convert_case v0.11.0
[INFO] [stderr]    Compiling clang-sys v1.8.1
[INFO] [stderr]    Compiling regex-automata v0.4.14
[INFO] [stderr]     Checking arrayvec v0.7.8
[INFO] [stderr]     Checking constant_time_eq v0.4.2
[INFO] [stderr]     Checking digest v0.11.3
[INFO] [stderr]     Checking cipher v0.5.2
[INFO] [stderr]     Checking strum v0.28.0
[INFO] [stderr]    Compiling toml_edit v0.25.11+spec-1.1.0
[INFO] [stderr]     Checking hmac v0.13.0
[INFO] [stderr]     Checking signature v3.0.0
[INFO] [stderr]     Checking sha2 v0.11.0
[INFO] [stderr]     Checking base64 v0.23.1
[INFO] [stderr]     Checking aes v0.9.3
[INFO] [stderr]     Checking cbc v0.2.1
[INFO] [stderr]    Compiling cexpr v0.6.0
[INFO] [stderr]     Checking blake2 v0.11.0
[INFO] [stderr]    Compiling z3-sys v0.11.0
[INFO] [stderr]     Checking keccak v0.2.2
[INFO] [stderr]    Compiling object v0.37.3
[INFO] [stderr]    Compiling owo-colors v4.3.0
[INFO] [stderr]     Checking tracing-subscriber v0.3.23
[INFO] [stderr]    Compiling color-spantrace v0.3.0
[INFO] [stderr]    Compiling eyre v0.6.12
[INFO] [stderr]     Checking gimli v0.32.3
[INFO] [stderr]    Compiling proc-macro-crate v3.5.0
[INFO] [stderr]    Compiling msgpack_tagged_derive v1.0.0-rc.4 (https://github.com/noir-lang/noir.git?rev=9cdc6086c58086e35cd2ff3ff3f18d42112277f3#9cdc6086)
[INFO] [stderr]     Checking serde_bytes v0.11.19
[INFO] [stderr]     Checking indenter v0.3.4
[INFO] [stderr]     Checking rustc-demangle v0.1.27
[INFO] [stderr]    Compiling toml v0.8.23
[INFO] [stderr]     Checking clap_builder v4.6.0
[INFO] [stderr]     Checking indexmap v2.14.0
[INFO] [stderr]    Compiling noir-picus-adapter v0.1.0 (/opt/rustwide/workdir)
[INFO] [stderr]     Checking serde_json v1.0.149
[INFO] [stderr]    Compiling regex v1.12.3
[INFO] [stderr]     Checking primefield v0.14.0
[INFO] [stderr]     Checking elliptic-curve v0.14.1
[INFO] [stderr]     Checking rfc6979 v0.6.0
[INFO] [stderr]     Checking wnaf v0.14.1
[INFO] [stderr]    Compiling bindgen v0.72.1
[INFO] [stderr]     Checking primeorder v0.14.0
[INFO] [stderr]     Checking ecdsa v0.17.0
[INFO] [stderr]    Compiling enum-ordinalize-derive v4.3.2
[INFO] [stderr]    Compiling ark-serialize-derive v0.6.0
[INFO] [stderr]    Compiling ark-ff-macros v0.6.0
[INFO] [stderr]    Compiling ark-ff-asm v0.6.0
[INFO] [stderr]    Compiling serde_derive v1.0.228
[INFO] [stderr]    Compiling thiserror-impl v2.0.18
[INFO] [stderr]    Compiling num_enum_derive v0.7.6
[INFO] [stderr]    Compiling tracing-attributes v0.1.31
[INFO] [stderr]    Compiling strum_macros v0.28.0
[INFO] [stderr]     Checking addr2line v0.25.1
[INFO] [stderr]     Checking k256 v0.14.0
[INFO] [stderr]     Checking ark-serialize v0.6.0
[INFO] [stderr]     Checking p256 v0.14.0
[INFO] [stderr]    Compiling clap_derive v4.6.1
[INFO] [stderr]    Compiling enum-ordinalize v4.3.2
[INFO] [stderr]    Compiling educe v0.6.0
[INFO] [stderr]     Checking num_enum v0.7.6
[INFO] [stderr]     Checking thiserror v2.0.18
[INFO] [stderr]     Checking picus-r1cs v1.7.0 (https://github.com/chyanju/picus.git?rev=7cb6d450a455bde7f447b831d79da343fa4ef084#7cb6d450)
[INFO] [stderr]     Checking tracing v0.1.44
[INFO] [stderr]     Checking tracing-error v0.2.1
[INFO] [stderr]     Checking clap v4.6.1
[INFO] [stderr]     Checking backtrace v0.3.76
[INFO] [stderr]     Checking color-eyre v0.6.5
[INFO] [stderr] error: could not compile `bindgen` (lib)
[INFO] [stderr] 
[INFO] [stderr] Caused by:
[INFO] [stderr]   process didn't exit successfully: `/opt/rustwide/rustup-home/toolchains/52995a223f2919dd3e2e427231db90a257350ded/bin/rustc --crate-name bindgen --edition=2021 /opt/rustwide/cargo-home/registry/src/index.crates.io-1949cf8c6b5b557f/bindgen-0.72.1/lib.rs --error-format=json --json=diagnostic-rendered-ansi,artifacts,future-incompat,unused-externs-silent --crate-type lib --emit=dep-info,metadata,link -Z embed-metadata=no -C embed-bitcode=no --cfg 'feature="runtime"' --check-cfg 'cfg(docsrs,test)' --check-cfg 'cfg(feature, values("__cli", "__testing_only_extra_assertions", "__testing_only_libclang_16", "__testing_only_libclang_9", "default", "experimental", "logging", "prettyplease", "runtime", "static"))' -C metadata=63ad8631679057b3 -C extra-filename=-c9d9de6d40dea8f7 --out-dir /opt/rustwide/target/debug/build/bindgen/c9d9de6d40dea8f7/out -L dependency=/opt/rustwide/target/debug/build/cfg-if/9c7f9eb9639deea5/out -L dependency=/opt/rustwide/target/debug/build/either/4b472ed810768845/out -L dependency=/opt/rustwide/target/debug/build/glob/2a70d14a7a68e908/out -L dependency=/opt/rustwide/target/debug/build/libc/4993ff10a9e2d840/out -L dependency=/opt/rustwide/target/debug/build/libloading/de43f9bf4e778113/out -L dependency=/opt/rustwide/target/debug/build/memchr/ab0a0affe7ea740d/out -L dependency=/opt/rustwide/target/debug/build/minimal-lexical/26e6c335d7c2433d/out -L dependency=/opt/rustwide/target/debug/build/nom/e8d80ba11dce51ac/out -L dependency=/opt/rustwide/target/debug/build/proc-macro2/d4cb564e807a9cd7/out -L dependency=/opt/rustwide/target/debug/build/quote/aa2c5b8519914b46/out -L dependency=/opt/rustwide/target/debug/build/regex-automata/fbd06f89a7cd4fea/out -L dependency=/opt/rustwide/target/debug/build/regex-syntax/bad947d2717ebccc/out -L dependency=/opt/rustwide/target/debug/build/unicode-ident/8c98a1a0e58216a9/out --extern bitflags=/opt/rustwide/target/debug/build/bitflags/77a38ef0a5ab383c/out/libbitflags-77a38ef0a5ab383c.rmeta --extern cexpr=/opt/rustwide/target/debug/build/cexpr/f14cdd6d88b05c78/out/libcexpr-f14cdd6d88b05c78.rmeta --extern clang_sys=/opt/rustwide/target/debug/build/clang-sys/c44503339626e94f/out/libclang_sys-c44503339626e94f.rmeta --extern itertools=/opt/rustwide/target/debug/build/itertools/2e5ca021b9ea9664/out/libitertools-2e5ca021b9ea9664.rmeta --extern proc_macro2=/opt/rustwide/target/debug/build/proc-macro2/d4cb564e807a9cd7/out/libproc_macro2-d4cb564e807a9cd7.rmeta --extern quote=/opt/rustwide/target/debug/build/quote/aa2c5b8519914b46/out/libquote-aa2c5b8519914b46.rmeta --extern regex=/opt/rustwide/target/debug/build/regex/7b89e4b2b4be5bd1/out/libregex-7b89e4b2b4be5bd1.rmeta --extern rustc_hash=/opt/rustwide/target/debug/build/rustc-hash/417d1844ec2127b9/out/librustc_hash-417d1844ec2127b9.rmeta --extern shlex=/opt/rustwide/target/debug/build/shlex/258c8bec04b9d869/out/libshlex-258c8bec04b9d869.rmeta --extern syn=/opt/rustwide/target/debug/build/syn/c107d8699e5d08dc/out/libsyn-c107d8699e5d08dc.rmeta --cap-lints allow --cap-lints=forbid --force-warn=unused_crate_dependencies` (signal: 9, SIGKILL: kill)
[INFO] [stderr] warning: build failed, waiting for other jobs to finish...
[INFO] [stderr] error: could not compile `serde_derive` (lib)
[INFO] [stderr] 
[INFO] [stderr] Caused by:
[INFO] [stderr]   process didn't exit successfully: `/opt/rustwide/rustup-home/toolchains/52995a223f2919dd3e2e427231db90a257350ded/bin/rustc --crate-name serde_derive --edition=2021 /opt/rustwide/cargo-home/registry/src/index.crates.io-1949cf8c6b5b557f/serde_derive-1.0.228/src/lib.rs --error-format=json --json=diagnostic-rendered-ansi,artifacts,future-incompat,unused-externs-silent --crate-type proc-macro --emit=dep-info,link -C prefer-dynamic -C embed-bitcode=no --cfg 'feature="default"' --check-cfg 'cfg(docsrs,test)' --check-cfg 'cfg(feature, values("default", "deserialize_in_place"))' -C metadata=ae4205495854ffc4 -C extra-filename=-53d8af639c96e9bd --out-dir /opt/rustwide/target/debug/build/serde_derive/53d8af639c96e9bd/out -L dependency=/opt/rustwide/target/debug/build/proc-macro2/d4cb564e807a9cd7/out -L dependency=/opt/rustwide/target/debug/build/quote/aa2c5b8519914b46/out -L dependency=/opt/rustwide/target/debug/build/unicode-ident/8c98a1a0e58216a9/out --extern proc_macro2=/opt/rustwide/target/debug/build/proc-macro2/d4cb564e807a9cd7/out/libproc_macro2-d4cb564e807a9cd7.rlib --extern proc_macro2=/opt/rustwide/target/debug/build/proc-macro2/d4cb564e807a9cd7/out/libproc_macro2-d4cb564e807a9cd7.rmeta --extern quote=/opt/rustwide/target/debug/build/quote/aa2c5b8519914b46/out/libquote-aa2c5b8519914b46.rlib --extern quote=/opt/rustwide/target/debug/build/quote/aa2c5b8519914b46/out/libquote-aa2c5b8519914b46.rmeta --extern syn=/opt/rustwide/target/debug/build/syn/c107d8699e5d08dc/out/libsyn-c107d8699e5d08dc.rlib --extern syn=/opt/rustwide/target/debug/build/syn/c107d8699e5d08dc/out/libsyn-c107d8699e5d08dc.rmeta --extern proc_macro --cap-lints allow --cap-lints=forbid --force-warn=unused_crate_dependencies` (signal: 9, SIGKILL: kill)
[INFO] [stderr] error: failed to run custom build command for `z3-sys v0.11.0`
[INFO] [stderr] note: To improve backtraces for build dependencies, set the CARGO_PROFILE_DEV_BUILD_OVERRIDE_DEBUG=true environment variable to enable debug information generation.
[INFO] [stderr] 
[INFO] [stderr] Caused by:
[INFO] [stderr]   process didn't exit successfully: `/opt/rustwide/target/debug/build/z3-sys/60f85e85ec377111/out/build_script_build` (exit status: 101)
[INFO] [stderr]   --- stdout
[INFO] [stderr]   cargo:rerun-if-changed=build.rs
[INFO] [stderr]   cargo:rerun-if-env-changed=Z3_SRC_SOURCE_DIR
[INFO] [stderr]   CMAKE_TOOLCHAIN_FILE_x86_64-unknown-linux-gnu = None
[INFO] [stderr]   CMAKE_TOOLCHAIN_FILE_x86_64_unknown_linux_gnu = None
[INFO] [stderr]   HOST_CMAKE_TOOLCHAIN_FILE = None
[INFO] [stderr]   CMAKE_TOOLCHAIN_FILE = None
[INFO] [stderr]   CMAKE_GENERATOR_x86_64-unknown-linux-gnu = None
[INFO] [stderr]   CMAKE_GENERATOR_x86_64_unknown_linux_gnu = None
[INFO] [stderr]   HOST_CMAKE_GENERATOR = None
[INFO] [stderr]   CMAKE_GENERATOR = None
[INFO] [stderr]   CMAKE_PREFIX_PATH_x86_64-unknown-linux-gnu = None
[INFO] [stderr]   CMAKE_PREFIX_PATH_x86_64_unknown_linux_gnu = None
[INFO] [stderr]   HOST_CMAKE_PREFIX_PATH = None
[INFO] [stderr]   CMAKE_PREFIX_PATH = None
[INFO] [stderr]   CMAKE_x86_64-unknown-linux-gnu = None
[INFO] [stderr]   CMAKE_x86_64_unknown_linux_gnu = None
[INFO] [stderr]   HOST_CMAKE = None
[INFO] [stderr]   CMAKE = None
[INFO] [stderr]   -- The CXX compiler identification is GNU 15.2.0
[INFO] [stderr]   -- Detecting CXX compiler ABI info
[INFO] [stderr]   -- Detecting CXX compiler ABI info - done
[INFO] [stderr]   -- Check for working CXX compiler: /usr/bin/c++ - skipped
[INFO] [stderr]   -- Detecting CXX compile features
[INFO] [stderr]   -- Detecting CXX compile features - done
[INFO] [stderr]   -- Z3 version 4.16.0.0
[INFO] [stderr]   -- Failed to find git directory.
[INFO] [stderr]   -- CMake generator: Unix Makefiles
[INFO] [stderr]   -- Build type: Debug
[INFO] [stderr]   -- Found Python3: /usr/bin/python3 (found version "3.14.4") found components: Interpreter
[INFO] [stderr]   -- Python3_EXECUTABLE: /usr/bin/python3
[INFO] [stderr]   -- Detected target architecture: x86_64
[INFO] [stderr]   -- Not using libgmp
[INFO] [stderr]   -- Not using Z3_API_LOG_SYNC
[INFO] [stderr]   -- Thread-safe build
[INFO] [stderr]   -- Performing Test HAS_SSE2
[INFO] [stderr]   -- Performing Test HAS_SSE2 - Success
[INFO] [stderr]   -- Performing Test CMAKE_HAVE_LIBC_PTHREAD
[INFO] [stderr]   -- Performing Test CMAKE_HAVE_LIBC_PTHREAD - Success
[INFO] [stderr]   -- Found Threads: TRUE
[INFO] [stderr]   -- Performing Test HAS__Wall
[INFO] [stderr]   -- Performing Test HAS__Wall - Success
[INFO] [stderr]   -- C++ compiler supports -Wall
[INFO] [stderr]   -- Treating only serious compiler warnings as errors
[INFO] [stderr]   -- Performing Test HAS__Werror_odr
[INFO] [stderr]   -- Performing Test HAS__Werror_odr - Success
[INFO] [stderr]   -- C++ compiler supports -Werror=odr
[INFO] [stderr]   -- Performing Test HAS__Werror_return_type
[INFO] [stderr]   -- Performing Test HAS__Werror_return_type - Success
[INFO] [stderr]   -- C++ compiler supports -Werror=return-type
[INFO] [stderr]   -- LTO disabled
[INFO] [stderr]   -- Performing Test BUILTIN_ATOMIC
[INFO] [stderr]   -- Performing Test BUILTIN_ATOMIC - Success
[INFO] [stderr]   -- CMAKE_CXX_FLAGS: " -ffunction-sections -fdata-sections -fPIC -m64 -w -Werror=odr  -Werror=return-type "
[INFO] [stderr]   -- CMAKE_EXE_LINKER_FLAGS: ""
[INFO] [stderr]   -- CMAKE_STATIC_LINKER_FLAGS: ""
[INFO] [stderr]   -- CMAKE_SHARED_LINKER_FLAGS: ""
[INFO] [stderr]   -- CMAKE_CXX_FLAGS_DEBUG: "-g -O0"
[INFO] [stderr]   -- CMAKE_EXE_LINKER_FLAGS_DEBUG: ""
[INFO] [stderr]   -- CMAKE_SHARED_LINKER_FLAGS_DEBUG: ""
[INFO] [stderr]   -- CMAKE_STATIC_LINKER_FLAGS_DEBUG: ""
[INFO] [stderr]   -- Z3_COMPONENT_CXX_DEFINES: $<$<CONFIG:Debug>:Z3DEBUG>;$<$<CONFIG:Release>:_EXTERNAL_RELEASE>;$<$<CONFIG:RelWithDebInfo>:_EXTERNAL_RELEASE>;-D_MP_INTERNAL;$<$<CONFIG:Debug>:_TRACE>
[INFO] [stderr]   -- Z3_COMPONENT_CXX_FLAGS: -mfpmath=sse;-msse;-msse2;-Wall
[INFO] [stderr]   -- Z3_DEPENDENT_LIBS: Threads::Threads
[INFO] [stderr]   -- Z3_COMPONENT_EXTRA_INCLUDE_DIRS: /opt/rustwide/target/debug/build/z3-sys/b347b8ca4b46a211/out/build/src;/opt/rustwide/cargo-home/registry/src/index.crates.io-1949cf8c6b5b557f/z3-src-416.0.2/z3/src
[INFO] [stderr]   -- Z3_DEPENDENT_EXTRA_CXX_LINK_FLAGS: 
[INFO] [stderr]   -- CMAKE_INSTALL_LIBDIR: "lib"
[INFO] [stderr]   -- CMAKE_INSTALL_BINDIR: "bin"
[INFO] [stderr]   -- CMAKE_INSTALL_INCLUDEDIR: "include"
[INFO] [stderr]   -- CMAKE_INSTALL_PKGCONFIGDIR: "lib/pkgconfig"
[INFO] [stderr]   -- CMAKE_INSTALL_Z3_CMAKE_PACKAGE_DIR: "lib/cmake/z3"
[INFO] [stderr]   -- Adding component util
[INFO] [stderr]   -- Adding component polynomial
[INFO] [stderr]   -- Adding rule to generate "algebraic_params.hpp"
[INFO] [stderr]   -- Adding component dd
[INFO] [stderr]   -- Adding component hilbert
[INFO] [stderr]   -- Adding component simplex
[INFO] [stderr]   -- Adding component interval
[INFO] [stderr]   -- Adding component realclosure
[INFO] [stderr]   -- Adding rule to generate "rcf_params.hpp"
[INFO] [stderr]   -- Adding component subpaving
[INFO] [stderr]   -- Adding component ast
[INFO] [stderr]   -- Adding rule to generate "pp_params.hpp"
[INFO] [stderr]   -- Adding component params
[INFO] [stderr]   -- Adding rule to generate "arith_rewriter_params.hpp"
[INFO] [stderr]   -- Adding rule to generate "array_rewriter_params.hpp"
[INFO] [stderr]   -- Adding rule to generate "bool_rewriter_params.hpp"
[INFO] [stderr]   -- Adding rule to generate "bv_rewriter_params.hpp"
[INFO] [stderr]   -- Adding rule to generate "fpa_rewriter_params.hpp"
[INFO] [stderr]   -- Adding rule to generate "fpa2bv_rewriter_params.hpp"
[INFO] [stderr]   -- Adding rule to generate "pattern_inference_params_helper.hpp"
[INFO] [stderr]   -- Adding rule to generate "poly_rewriter_params.hpp"
[INFO] [stderr]   -- Adding rule to generate "rewriter_params.hpp"
[INFO] [stderr]   -- Adding rule to generate "sat_params.hpp"
[INFO] [stderr]   -- Adding rule to generate "seq_rewriter_params.hpp"
[INFO] [stderr]   -- Adding rule to generate "sls_params.hpp"
[INFO] [stderr]   -- Adding rule to generate "smt_params_helper.hpp"
[INFO] [stderr]   -- Adding rule to generate "smt_parallel_params.hpp"
[INFO] [stderr]   -- Adding rule to generate "solver_params.hpp"
[INFO] [stderr]   -- Adding rule to generate "tactic_params.hpp"
[INFO] [stderr]   -- Adding component rewriter
[INFO] [stderr]   -- Adding component bit_blaster
[INFO] [stderr]   -- Adding component normal_forms
[INFO] [stderr]   -- Adding rule to generate "nnf_params.hpp"
[INFO] [stderr]   -- Adding component macros
[INFO] [stderr]   -- Adding component model
[INFO] [stderr]   -- Adding rule to generate "model_evaluator_params.hpp"
[INFO] [stderr]   -- Adding rule to generate "model_params.hpp"
[INFO] [stderr]   -- Adding component euf
[INFO] [stderr]   -- Adding component converters
[INFO] [stderr]   -- Adding component substitution
[INFO] [stderr]   -- Adding component simplifiers
[INFO] [stderr]   -- Adding component tactic
[INFO] [stderr]   -- Adding component mbp
[INFO] [stderr]   -- Adding component qe_lite
[INFO] [stderr]   -- Adding component parser_util
[INFO] [stderr]   -- Adding rule to generate "parser_params.hpp"
[INFO] [stderr]   -- Adding component grobner
[INFO] [stderr]   -- Adding component sat
[INFO] [stderr]   -- Adding rule to generate "sat_asymm_branch_params.hpp"
[INFO] [stderr]   -- Adding rule to generate "sat_scc_params.hpp"
[INFO] [stderr]   -- Adding rule to generate "sat_simplifier_params.hpp"
[INFO] [stderr]   -- Adding component nlsat
[INFO] [stderr]   -- Adding rule to generate "nlsat_params.hpp"
[INFO] [stderr]   -- Adding component core_tactics
[INFO] [stderr]   -- Adding component subpaving_tactic
[INFO] [stderr]   -- Adding component aig_tactic
[INFO] [stderr]   -- Adding component arith_tactics
[INFO] [stderr]   -- Adding component solver
[INFO] [stderr]   -- Adding rule to generate "combined_solver_params.hpp"
[INFO] [stderr]   -- Adding rule to generate "parallel_params.hpp"
[INFO] [stderr]   -- Adding component cmd_context
[INFO] [stderr]   -- Adding component extra_cmds
[INFO] [stderr]   -- Adding component smt2parser
[INFO] [stderr]   -- Adding component solver_assertions
[INFO] [stderr]   -- Adding component pattern
[INFO] [stderr]   -- Adding component lp
[INFO] [stderr]   -- Adding rule to generate "lp_params_helper.hpp"
[INFO] [stderr]   -- Adding component ast_sls
[INFO] [stderr]   -- Adding component sat_smt
[INFO] [stderr]   -- Adding component sat_tactic
[INFO] [stderr]   -- Adding component nlsat_tactic
[INFO] [stderr]   -- Adding component ackermannization
[INFO] [stderr]   -- Adding rule to generate "ackermannization_params.hpp"
[INFO] [stderr]   -- Adding rule to generate "ackermannize_bv_tactic_params.hpp"
[INFO] [stderr]   -- Adding component proofs
[INFO] [stderr]   -- Adding component fpa
[INFO] [stderr]   -- Adding component proto_model
[INFO] [stderr]   -- Adding component smt
[INFO] [stderr]   -- Adding component bv_tactics
[INFO] [stderr]   -- Adding component smt_tactic
[INFO] [stderr]   -- Adding component sls_tactic
[INFO] [stderr]   -- Adding component qe
[INFO] [stderr]   -- Adding component muz
[INFO] [stderr]   -- Adding rule to generate "fp_params.hpp"
[INFO] [stderr]   -- Adding component dataflow
[INFO] [stderr]   -- Adding component transforms
[INFO] [stderr]   -- Adding component rel
[INFO] [stderr]   -- Adding component clp
[INFO] [stderr]   -- Adding component tab
[INFO] [stderr]   -- Adding component bmc
[INFO] [stderr]   -- Adding component ddnf
[INFO] [stderr]   -- Adding component spacer
[INFO] [stderr]   -- Adding component fp
[INFO] [stderr]   -- Adding component ufbv_tactic
[INFO] [stderr]   -- Adding component sat_solver
[INFO] [stderr]   -- Adding component smtlogic_tactics
[INFO] [stderr]   -- Adding rule to generate "qfufbv_tactic_params.hpp"
[INFO] [stderr]   -- Adding component fpa_tactics
[INFO] [stderr]   -- Adding component fd_solver
[INFO] [stderr]   -- Adding component portfolio
[INFO] [stderr]   -- Adding component opt
[INFO] [stderr]   -- Adding rule to generate "opt_params.hpp"
[INFO] [stderr]   -- Adding component api
[INFO] [stderr]   -- Adding component api_dll
[INFO] [stderr]   -- Building documentation disabled
[INFO] [stderr]   -- Configuring done (12.4s)
[INFO] [stderr]   -- Generating done (4.2s)
[INFO] [stderr]   -- Build files have been written to: /opt/rustwide/target/debug/build/z3-sys/b347b8ca4b46a211/out/build
[INFO] [stderr]   [  1%] Building CXX object src/util/CMakeFiles/util.dir/approx_nat.cpp.o
[INFO] [stderr]   [  1%] Building CXX object src/util/CMakeFiles/util.dir/approx_set.cpp.o
[INFO] [stderr]   [  1%] Building CXX object src/util/CMakeFiles/util.dir/bit_util.cpp.o
[INFO] [stderr]   [  1%] Building CXX object src/util/CMakeFiles/util.dir/bit_vector.cpp.o
[INFO] [stderr]   [  1%] Building CXX object src/util/CMakeFiles/util.dir/cmd_context_types.cpp.o
[INFO] [stderr]   [  1%] Building CXX object src/util/CMakeFiles/util.dir/common_msgs.cpp.o
[INFO] [stderr]   [  1%] Building CXX object src/util/CMakeFiles/util.dir/debug.cpp.o
[INFO] [stderr]   [  1%] Building CXX object src/util/CMakeFiles/util.dir/env_params.cpp.o
[INFO] [stderr]   [  2%] Building CXX object src/util/CMakeFiles/util.dir/fixed_bit_vector.cpp.o
[INFO] [stderr]   [  2%] Building CXX object src/util/CMakeFiles/util.dir/gparams.cpp.o
[INFO] [stderr]   [  2%] Building CXX object src/util/CMakeFiles/util.dir/hash.cpp.o
[INFO] [stderr]   [  2%] Building CXX object src/util/CMakeFiles/util.dir/inf_int_rational.cpp.o
[INFO] [stderr]   [  2%] Building CXX object src/util/CMakeFiles/util.dir/hwf.cpp.o
[INFO] [stderr]   [  2%] Building CXX object src/util/CMakeFiles/util.dir/inf_rational.cpp.o
[INFO] [stderr]   [  2%] Building CXX object src/util/CMakeFiles/util.dir/inf_s_integer.cpp.o
[INFO] [stderr]   [  2%] Building CXX object src/util/CMakeFiles/util.dir/lbool.cpp.o
[INFO] [stderr]   [  2%] Building CXX object src/util/CMakeFiles/util.dir/luby.cpp.o
[INFO] [stderr]   [  3%] Building CXX object src/util/CMakeFiles/util.dir/memory_manager.cpp.o
[INFO] [stderr]   [  3%] Building CXX object src/util/CMakeFiles/util.dir/min_cut.cpp.o
[INFO] [stderr]   [  3%] Building CXX object src/util/CMakeFiles/util.dir/mpbq.cpp.o
[INFO] [stderr]   [  3%] Building CXX object src/util/CMakeFiles/util.dir/mpf.cpp.o
[INFO] [stderr]   [  3%] Building CXX object src/util/CMakeFiles/util.dir/mpff.cpp.o
[INFO] [stderr]   [  3%] Building CXX object src/util/CMakeFiles/util.dir/mpfx.cpp.o
[INFO] [stderr]   [  3%] Building CXX object src/util/CMakeFiles/util.dir/mpn.cpp.o
[INFO] [stderr]   [  3%] Building CXX object src/util/CMakeFiles/util.dir/mpq.cpp.o
[INFO] [stderr]   [  3%] Building CXX object src/util/CMakeFiles/util.dir/mpq_inf.cpp.o
[INFO] [stderr]   [  4%] Building CXX object src/util/CMakeFiles/util.dir/mpz.cpp.o
[INFO] [stderr]   [  4%] Building CXX object src/util/CMakeFiles/util.dir/page.cpp.o
[INFO] [stderr] 
[INFO] [stderr]   --- stderr
[INFO] [stderr]   running: cd "/opt/rustwide/target/debug/build/z3-sys/b347b8ca4b46a211/out/build" && CMAKE_PREFIX_PATH="" LC_ALL="C" "cmake" "/opt/rustwide/cargo-home/registry/src/index.crates.io-1949cf8c6b5b557f/z3-src-416.0.2/z3" "-B" "/opt/rustwide/target/debug/build/z3-sys/b347b8ca4b46a211/out/build" "-DZ3_BUILD_LIBZ3_SHARED=false" "-DZ3_BUILD_EXECUTABLE=false" "-DZ3_BUILD_TEST_EXECUTABLES=false" "-DZ3_ENABLE_EXAMPLE_TARGETS=false" "-DCMAKE_INSTALL_PREFIX=/opt/rustwide/target/debug/build/z3-sys/b347b8ca4b46a211/out" "-DCMAKE_C_FLAGS= -ffunction-sections -fdata-sections -fPIC -m64 -w" "-DCMAKE_C_COMPILER=/usr/bin/cc" "-DCMAKE_CXX_FLAGS= -ffunction-sections -fdata-sections -fPIC -m64 -w" "-DCMAKE_CXX_COMPILER=/usr/bin/c++" "-DCMAKE_ASM_FLAGS= -ffunction-sections -fdata-sections -fPIC -m64 -w" "-DCMAKE_ASM_COMPILER=/usr/bin/cc" "-DCMAKE_BUILD_TYPE=Debug"
[INFO] [stderr]   CMake Warning at CMakeLists.txt:50 (message):
[INFO] [stderr]     Disabling Z3_INCLUDE_GIT_DESCRIBE
[INFO] [stderr]   Call Stack (most recent call first):
[INFO] [stderr]     CMakeLists.txt:101 (disable_git_describe)
[INFO] [stderr] 
[INFO] [stderr] 
[INFO] [stderr]   CMake Warning at CMakeLists.txt:56 (message):
[INFO] [stderr]     Disabling Z3_INCLUDE_GIT_HASH
[INFO] [stderr]   Call Stack (most recent call first):
[INFO] [stderr]     CMakeLists.txt:102 (disable_git_hash)
[INFO] [stderr] 
[INFO] [stderr] 
[INFO] [stderr]   CMake Warning:
[INFO] [stderr]     Manually-specified variables were not used by the project:
[INFO] [stderr] 
[INFO] [stderr]       CMAKE_ASM_COMPILER
[INFO] [stderr]       CMAKE_ASM_FLAGS
[INFO] [stderr]       CMAKE_C_COMPILER
[INFO] [stderr]       CMAKE_C_FLAGS
[INFO] [stderr] 
[INFO] [stderr] 
[INFO] [stderr]   running: cd "/opt/rustwide/target/debug/build/z3-sys/b347b8ca4b46a211/out/build" && LC_ALL="C" MAKEFLAGS="-j --jobserver-fds=4,5 --jobserver-auth=4,5" "cmake" "--build" "/opt/rustwide/target/debug/build/z3-sys/b347b8ca4b46a211/out/build" "--target" "install" "--config" "Debug"
[INFO] [stderr]   c++: fatal error: Killed signal terminated program cc1plus
[INFO] [stderr]   compilation terminated.
[INFO] [stderr]   gmake[2]: *** [src/util/CMakeFiles/util.dir/build.make:247: src/util/CMakeFiles/util.dir/inf_int_rational.cpp.o] Error 1
[INFO] [stderr]   gmake[2]: *** Waiting for unfinished jobs....
[INFO] [stderr]   gmake[1]: *** [CMakeFiles/Makefile2:1825: src/util/CMakeFiles/util.dir/all] Error 2
[INFO] [stderr]   gmake: *** [Makefile:136: all] Error 2
[INFO] [stderr] 
[INFO] [stderr]   thread 'main' (729) panicked at /opt/rustwide/cargo-home/registry/src/index.crates.io-1949cf8c6b5b557f/cmake-0.1.58/src/lib.rs:1132:5:
[INFO] [stderr] 
[INFO] [stderr]   command did not execute successfully, got: exit status: 2
[INFO] [stderr] 
[INFO] [stderr]   build script failed, must exit now
[INFO] [stderr]   stack backtrace:
[INFO] [stderr]      0:     0x61f8114bd321 - std[bca62e6543d808ff]::backtrace_rs::backtrace::libunwind::trace
[INFO] [stderr]                                  at /rustc/52995a223f2919dd3e2e427231db90a257350ded/library/std/src/../../backtrace/src/backtrace/libunwind.rs:117:9
[INFO] [stderr]      1:     0x61f8114bd321 - std[bca62e6543d808ff]::backtrace_rs::backtrace::trace_unsynchronized::<std[bca62e6543d808ff]::sys::backtrace::_print_fmt::{closure#1}>
[INFO] [stderr]                                  at /rustc/52995a223f2919dd3e2e427231db90a257350ded/library/std/src/../../backtrace/src/backtrace/mod.rs:66:14
[INFO] [stderr]      2:     0x61f8114bd321 - std[bca62e6543d808ff]::sys::backtrace::_print_fmt
[INFO] [stderr]                                  at /rustc/52995a223f2919dd3e2e427231db90a257350ded/library/std/src/sys/backtrace.rs:74:9
[INFO] [stderr]      3:     0x61f8114bd321 - <<std[bca62e6543d808ff]::sys::backtrace::BacktraceLock>::print::DisplayBacktrace as core[13e665e57e4fab27]::fmt::Display>::fmt
[INFO] [stderr]                                  at /rustc/52995a223f2919dd3e2e427231db90a257350ded/library/std/src/sys/backtrace.rs:44:26
[INFO] [stderr]      4:     0x61f8114d103a - <core[13e665e57e4fab27]::fmt::rt::Argument>::fmt
[INFO] [stderr]                                  at /rustc/52995a223f2919dd3e2e427231db90a257350ded/library/core/src/fmt/rt.rs:152:76
[INFO] [stderr]      5:     0x61f8114d103a - core[13e665e57e4fab27]::fmt::write
[INFO] [stderr]      6:     0x61f8114c2dec - core[13e665e57e4fab27]::io::write::default_write_fmt::<std[bca62e6543d808ff]::sys::stdio::unix::Stderr>
[INFO] [stderr]                                  at /rustc/52995a223f2919dd3e2e427231db90a257350ded/library/core/src/io/write.rs:402:11
[INFO] [stderr]      7:     0x61f8114c2dec - <std[bca62e6543d808ff]::sys::stdio::unix::Stderr as core[13e665e57e4fab27]::io::write::Write>::write_fmt
[INFO] [stderr]                                  at /rustc/52995a223f2919dd3e2e427231db90a257350ded/library/core/src/io/write.rs:335:13
[INFO] [stderr]      8:     0x61f81149c8e6 - <std[bca62e6543d808ff]::sys::backtrace::BacktraceLock>::print
[INFO] [stderr]                                  at /rustc/52995a223f2919dd3e2e427231db90a257350ded/library/std/src/sys/backtrace.rs:47:9
[INFO] [stderr]      9:     0x61f81149c8e6 - std[bca62e6543d808ff]::panicking::default_hook::{closure#0}
[INFO] [stderr]                                  at /rustc/52995a223f2919dd3e2e427231db90a257350ded/library/std/src/panicking.rs:289:27
[INFO] [stderr]     10:     0x61f8114b8081 - std[bca62e6543d808ff]::panicking::default_hook
[INFO] [stderr]                                  at /rustc/52995a223f2919dd3e2e427231db90a257350ded/library/std/src/panicking.rs:316:9
[INFO] [stderr]     11:     0x61f8114b823b - std[bca62e6543d808ff]::panicking::panic_with_hook
[INFO] [stderr]                                  at /rustc/52995a223f2919dd3e2e427231db90a257350ded/library/std/src/panicking.rs:811:13
[INFO] [stderr]     12:     0x61f81149c992 - std[bca62e6543d808ff]::panicking::panic_handler::{closure#0}
[INFO] [stderr]                                  at /rustc/52995a223f2919dd3e2e427231db90a257350ded/library/std/src/panicking.rs:685:13
[INFO] [stderr]     13:     0x61f811495639 - std[bca62e6543d808ff]::sys::backtrace::__rust_end_short_backtrace::<std[bca62e6543d808ff]::panicking::panic_handler::{closure#0}, !>
[INFO] [stderr]                                  at /rustc/52995a223f2919dd3e2e427231db90a257350ded/library/std/src/sys/backtrace.rs:182:18
[INFO] [stderr]     14:     0x61f81149d17d - __rustc[f3f37eff64d94a79]::rust_begin_unwind
[INFO] [stderr]                                  at /rustc/52995a223f2919dd3e2e427231db90a257350ded/library/std/src/panicking.rs:676:5
[INFO] [stderr]     15:     0x61f8114d17cc - core[13e665e57e4fab27]::panicking::panic_fmt
[INFO] [stderr]                                  at /rustc/52995a223f2919dd3e2e427231db90a257350ded/library/core/src/panicking.rs:80:14
[INFO] [stderr]     16:     0x61f81140b4d7 - cmake[bbe908b38193a579]::fail
[INFO] [stderr]     17:     0x61f81140b163 - cmake[bbe908b38193a579]::run
[INFO] [stderr]     18:     0x61f8114110c6 - <cmake[bbe908b38193a579]::Config>::build
[INFO] [stderr]     19:     0x61f8113fc9af - z3_src[9964ba70742cd753]::build_cmake
[INFO] [stderr]     20:     0x61f8113fd2e9 - z3_src[9964ba70742cd753]::build
[INFO] [stderr]     21:     0x61f8113fa7b6 - build_script_build[24ed97cddf71a450]::build_from_source
[INFO] [stderr]     22:     0x61f8113fb071 - build_script_build[24ed97cddf71a450]::main
[INFO] [stderr]     23:     0x61f8113fb3e3 - <fn() as core[13e665e57e4fab27]::ops::function::FnOnce<()>>::call_once
[INFO] [stderr]     24:     0x61f8113fa76e - std[bca62e6543d808ff]::sys::backtrace::__rust_begin_short_backtrace::<fn(), ()>
[INFO] [stderr]     25:     0x61f8113fa779 - std[bca62e6543d808ff]::rt::lang_start::<()>::{closure#0}
[INFO] [stderr]     26:     0x61f8114b7388 - <&dyn core[13e665e57e4fab27]::ops::function::Fn<(), Output = i32> + core[13e665e57e4fab27]::panic::unwind_safe::RefUnwindSafe + core[13e665e57e4fab27]::marker::Sync as core[13e665e57e4fab27]::ops::function::FnOnce<()>>::call_once
[INFO] [stderr]                                  at /rustc/52995a223f2919dd3e2e427231db90a257350ded/library/core/src/ops/function.rs:287:21
[INFO] [stderr]     27:     0x61f8114b7388 - std[bca62e6543d808ff]::panicking::catch_unwind::do_call::<&dyn core[13e665e57e4fab27]::ops::function::Fn<(), Output = i32> + core[13e665e57e4fab27]::panic::unwind_safe::RefUnwindSafe + core[13e665e57e4fab27]::marker::Sync, i32>
[INFO] [stderr]                                  at /rustc/52995a223f2919dd3e2e427231db90a257350ded/library/std/src/panicking.rs:573:43
[INFO] [stderr]     28:     0x61f8114b7388 - std[bca62e6543d808ff]::panicking::catch_unwind::<i32, &dyn core[13e665e57e4fab27]::ops::function::Fn<(), Output = i32> + core[13e665e57e4fab27]::panic::unwind_safe::RefUnwindSafe + core[13e665e57e4fab27]::marker::Sync>
[INFO] [stderr]                                  at /rustc/52995a223f2919dd3e2e427231db90a257350ded/library/std/src/panicking.rs:541:19
[INFO] [stderr]     29:     0x61f8114b7388 - std[bca62e6543d808ff]::panic::catch_unwind::<&dyn core[13e665e57e4fab27]::ops::function::Fn<(), Output = i32> + core[13e665e57e4fab27]::panic::unwind_safe::RefUnwindSafe + core[13e665e57e4fab27]::marker::Sync, i32>
[INFO] [stderr]                                  at /rustc/52995a223f2919dd3e2e427231db90a257350ded/library/std/src/panic.rs:359:14
[INFO] [stderr]     30:     0x61f8114b7388 - std[bca62e6543d808ff]::rt::lang_start_internal::{closure#0}
[INFO] [stderr]                                  at /rustc/52995a223f2919dd3e2e427231db90a257350ded/library/std/src/rt.rs:175:24
[INFO] [stderr]     31:     0x61f8114b7388 - std[bca62e6543d808ff]::panicking::catch_unwind::do_call::<std[bca62e6543d808ff]::rt::lang_start_internal::{closure#0}, isize>
[INFO] [stderr]                                  at /rustc/52995a223f2919dd3e2e427231db90a257350ded/library/std/src/panicking.rs:573:43
[INFO] [stderr]     32:     0x61f8114b7388 - std[bca62e6543d808ff]::panicking::catch_unwind::<isize, std[bca62e6543d808ff]::rt::lang_start_internal::{closure#0}>
[INFO] [stderr]                                  at /rustc/52995a223f2919dd3e2e427231db90a257350ded/library/std/src/panicking.rs:541:19
[INFO] [stderr]     33:     0x61f8114b7388 - std[bca62e6543d808ff]::panic::catch_unwind::<std[bca62e6543d808ff]::rt::lang_start_internal::{closure#0}, isize>
[INFO] [stderr]                                  at /rustc/52995a223f2919dd3e2e427231db90a257350ded/library/std/src/panic.rs:359:14
[INFO] [stderr]     34:     0x61f8114b7388 - std[bca62e6543d808ff]::rt::lang_start_internal
[INFO] [stderr]                                  at /rustc/52995a223f2919dd3e2e427231db90a257350ded/library/std/src/rt.rs:171:5
[INFO] [stderr]     35:     0x61f8113fa761 - std[bca62e6543d808ff]::rt::lang_start::<()>
[INFO] [stderr]     36:     0x61f8113fb425 - main
[INFO] [stderr]     37:     0x783ed1c9e601 - <unknown>
[INFO] [stderr]     38:     0x783ed1c9e718 - __libc_start_main
[INFO] [stderr]     39:     0x61f8113fa5a5 - _start
[INFO] [stderr]     40:                0x0 - <unknown>
[INFO] running `Command { std: "docker" "inspect" "ca7598d4608dfb9d6bbd496715dfc6a55effb570b9667272e7b115b5399d1323", kill_on_drop: false }`
[INFO] running `Command { std: "docker" "rm" "-f" "ca7598d4608dfb9d6bbd496715dfc6a55effb570b9667272e7b115b5399d1323", kill_on_drop: false }`
[INFO] [stdout] ca7598d4608dfb9d6bbd496715dfc6a55effb570b9667272e7b115b5399d1323
