[INFO] cloning repository https://github.com/juno-cash/jebra
[INFO] running `Command { std: "git" "-c" "credential.helper=" "-c" "credential.helper=/workspace/cargo-home/bin/git-credential-null" "clone" "--bare" "https://github.com/juno-cash/jebra" "/workspace/cache/git-repos/https%3A%2F%2Fgithub.com%2Fjuno-cash%2Fjebra", kill_on_drop: false }`
[INFO] [stderr] Cloning into bare repository '/workspace/cache/git-repos/https%3A%2F%2Fgithub.com%2Fjuno-cash%2Fjebra'...
[INFO] running `Command { std: "git" "rev-parse" "HEAD", kill_on_drop: false }`
[INFO] [stdout] 6cb197a14a3c5a30be92e6f313e15ffc35a90335
[INFO] checking juno-cash/jebra/6cb197a14a3c5a30be92e6f313e15ffc35a90335 against a7c37f9f0ee5e93396106e9de20f4a86b4154e63 for pr-129249-4
[INFO] running `Command { std: "git" "clone" "/workspace/cache/git-repos/https%3A%2F%2Fgithub.com%2Fjuno-cash%2Fjebra" "/workspace/builds/worker-0-tc1/source", kill_on_drop: false }`
[INFO] [stderr] Cloning into '/workspace/builds/worker-0-tc1/source'...
[INFO] [stderr] done.
[INFO] removed /workspace/builds/worker-0-tc1/source/.cargo/config.toml
[INFO] removed /workspace/builds/worker-0-tc1/source/rust-toolchain.toml
[INFO] started tweaking git repo https://github.com/juno-cash/jebra
[INFO] finished tweaking git repo https://github.com/juno-cash/jebra
[INFO] tweaked toml for git repo https://github.com/juno-cash/jebra written to /workspace/builds/worker-0-tc1/source/Cargo.toml
[INFO] validating manifest of git repo https://github.com/juno-cash/jebra on toolchain a7c37f9f0ee5e93396106e9de20f4a86b4154e63
[INFO] running `Command { std: CARGO_HOME="/workspace/cargo-home" RUSTUP_HOME="/workspace/rustup-home" "/workspace/cargo-home/bin/cargo" "+a7c37f9f0ee5e93396106e9de20f4a86b4154e63" "metadata" "--manifest-path" "Cargo.toml" "--no-deps", kill_on_drop: false }`
[INFO] crate git repo https://github.com/juno-cash/jebra already has a lockfile, it will not be regenerated
[INFO] running `Command { std: CARGO_HOME="/workspace/cargo-home" RUSTUP_HOME="/workspace/rustup-home" "/workspace/cargo-home/bin/cargo" "+a7c37f9f0ee5e93396106e9de20f4a86b4154e63" "fetch" "--manifest-path" "Cargo.toml", kill_on_drop: false }`
[INFO] [stderr]     Updating crates.io index
[INFO] [stderr]  Downloading crates ...
[INFO] [stderr]   Downloaded wasm-bindgen v0.2.101
[INFO] [stderr]   Downloaded nu-ansi-term v0.50.1
[INFO] [stderr]   Downloaded tracing-error v0.2.1
[INFO] [stderr]   Downloaded spandoc v0.2.2
[INFO] [stderr]   Downloaded color-spantrace v0.3.0
[INFO] [stderr]   Downloaded crypto-common v0.2.0-rc.1
[INFO] [stderr]   Downloaded zcash_note_encryption v0.4.1
[INFO] [stderr]   Downloaded halo2_legacy_pdqsort v0.1.0
[INFO] [stderr]   Downloaded wasm-bindgen-macro v0.2.101
[INFO] [stderr]   Downloaded spandoc-attribute v0.1.1
[INFO] [stderr]   Downloaded zcash_spec v0.2.1
[INFO] [stderr]   Downloaded memuse v0.2.2
[INFO] [stderr]   Downloaded bounded-vec v0.9.0
[INFO] [stderr]   Downloaded zcash_encoding v0.3.0
[INFO] [stderr]   Downloaded wasm-bindgen-shared v0.2.101
[INFO] [stderr]   Downloaded block-buffer v0.11.0-rc.3
[INFO] [stderr]   Downloaded document-features v0.2.11
[INFO] [stderr]   Downloaded nonempty v0.11.0
[INFO] [stderr]   Downloaded windows-link v0.2.0
[INFO] [stderr]   Downloaded derive-getters v0.5.0
[INFO] [stderr]   Downloaded wasm-bindgen-macro-support v0.2.101
[INFO] [stderr]   Downloaded wasm-bindgen-backend v0.2.101
[INFO] [stderr]   Downloaded zip32 v0.2.1
[INFO] [stderr]   Downloaded find-msvc-tools v0.1.1
[INFO] [stderr]   Downloaded sha2 v0.11.0-pre.4
[INFO] [stderr]   Downloaded digest v0.11.0-pre.9
[INFO] [stderr]   Downloaded hybrid-array v0.2.3
[INFO] [stderr]   Downloaded ripemd v0.2.0-pre.4
[INFO] [stderr]   Downloaded zcash_history v0.4.0
[INFO] [stderr]   Downloaded uint v0.10.0
[INFO] [stderr]   Downloaded cmake v0.1.54
[INFO] [stderr]   Downloaded bitflags-serde-legacy v0.1.1
[INFO] [stderr]   Downloaded wasm-bindgen-futures v0.4.51
[INFO] [stderr]   Downloaded jsonrpsee-types v0.24.9
[INFO] [stderr]   Downloaded js-sys v0.3.78
[INFO] [stderr]   Downloaded wasi v0.14.5+wasi-0.2.4
[INFO] [stderr]   Downloaded wit-bindgen v0.45.1
[INFO] [stderr]   Downloaded owo-colors v4.2.3
[INFO] [stderr]   Downloaded blake2b_simd v1.0.3
[INFO] [stderr]   Downloaded bip32 v0.6.0-pre.1
[INFO] [stderr]   Downloaded hmac v0.13.0-pre.4
[INFO] [stderr]   Downloaded litrs v0.4.2
[INFO] [stderr]   Downloaded core2 v0.3.3
[INFO] [stderr]   Downloaded redjubjub v0.8.0
[INFO] [stderr]   Downloaded pasta_curves v0.5.1
[INFO] [stderr]   Downloaded jubjub v0.10.0
[INFO] [stderr]   Downloaded incrementalmerkletree v0.8.2
[INFO] [stderr]   Downloaded fpe v0.6.1
[INFO] [stderr]   Downloaded blake2s_simd v1.0.3
[INFO] [stderr]   Downloaded halo2_poseidon v0.1.0
[INFO] [stderr]   Downloaded equihash v0.2.2
[INFO] [stderr]   Downloaded deranged v0.5.3
[INFO] [stderr]   Downloaded proptest-derive v0.5.1
[INFO] [stderr]   Downloaded ed25519-zebra v4.1.0
[INFO] [stderr]   Downloaded base64ct v1.8.0
[INFO] [stderr]   Downloaded clap v4.5.48
[INFO] [stderr]   Downloaded clap_derive v4.5.47
[INFO] [stderr]   Downloaded compression-codecs v0.4.30
[INFO] [stderr]   Downloaded rlimit v0.10.2
[INFO] [stderr]   Downloaded mset v0.1.1
[INFO] [stderr]   Downloaded derive-new v0.5.9
[INFO] [stderr]   Downloaded ordered-map v0.4.2
[INFO] [stderr]   Downloaded quickcheck_macros v0.9.1
[INFO] [stderr]   Downloaded xdg v2.5.2
[INFO] [stderr]   Downloaded wagyu-zcash-parameters v0.2.0
[INFO] [stderr]   Downloaded tracing-flame v0.2.0
[INFO] [stderr]   Downloaded bech32 v0.11.0
[INFO] [stderr]   Downloaded zcash_script v0.4.4
[INFO] [stderr]   Downloaded cc v1.2.36
[INFO] [stderr]   Downloaded zcash_address v0.10.0
[INFO] [stderr]   Downloaded reddsa v0.5.1
[INFO] [stderr]   Downloaded bellman v0.14.0
[INFO] [stderr]   Downloaded metrics v0.24.2
[INFO] [stderr]   Downloaded human_bytes v0.4.3
[INFO] [stderr]   Downloaded howudoin v0.1.2
[INFO] [stderr]   Downloaded toml_writer v1.0.3
[INFO] [stderr]   Downloaded toml_datetime v0.7.2
[INFO] [stderr]   Downloaded serde_spanned v1.0.2
[INFO] [stderr]   Downloaded quickcheck v0.9.2
[INFO] [stderr]   Downloaded zcash_proofs v0.26.0
[INFO] [stderr]   Downloaded tower-test v0.4.0
[INFO] [stderr]   Downloaded tracing-appender v0.2.3
[INFO] [stderr]   Downloaded wasip2 v1.0.0+wasi-0.2.4
[INFO] [stderr]   Downloaded zcash_transparent v0.6.4
[INFO] [stderr]   Downloaded secp256k1 v0.29.1
[INFO] [stderr]   Downloaded f4jumble v0.1.1
[INFO] [stderr]   Downloaded sapling-crypto v0.5.0
[INFO] [stderr]   Downloaded sinsemilla v0.1.0
[INFO] [stderr]   Downloaded halo2_gadgets v0.3.1
[INFO] [stderr]   Downloaded async-compression v0.4.30
[INFO] [stderr]   Downloaded toml v0.9.7
[INFO] [stderr]   Downloaded toml_parser v1.0.3
[INFO] [stderr]   Downloaded known-folders v1.3.1
[INFO] [stderr]   Downloaded zcash_keys v0.12.0
[INFO] [stderr]   Downloaded time v0.3.43
[INFO] [stderr]   Downloaded halo2_proofs v0.3.1
[INFO] [stderr]   Downloaded rocksdb v0.22.0
[INFO] [stderr]   Downloaded thread-priority v1.2.0
[INFO] [stderr]   Downloaded tracing-journald v0.3.1
[INFO] [stderr]   Downloaded regex v1.11.3
[INFO] [stderr]   Downloaded proptest v1.8.0
[INFO] [stderr]   Downloaded clap_builder v4.5.48
[INFO] [stderr]   Downloaded hostname v0.4.1
[INFO] [stderr]   Downloaded regex-syntax v0.8.6
[INFO] [stderr]   Downloaded bindgen v0.69.5
[INFO] [stderr]   Downloaded sentry v0.40.0
[INFO] [stderr]   Downloaded sentry-core v0.40.0
[INFO] [stderr]   Downloaded sentry-contexts v0.40.0
[INFO] [stderr]   Downloaded sketches-ddsketch v0.3.0
[INFO] [stderr]   Downloaded unicode-width v0.2.1
[INFO] [stderr]   Downloaded zcash_primitives v0.26.0
[INFO] [stderr]   Downloaded elasticsearch v8.17.0-alpha.1
[INFO] [stderr]   Downloaded erased-serde v0.4.6
[INFO] [stderr]   Downloaded rust-ini v0.21.3
[INFO] [stderr]   Downloaded canonical-path v2.0.2
[INFO] [stderr]   Downloaded abscissa_derive v0.7.0
[INFO] [stderr]   Downloaded which v8.0.0
[INFO] [stderr]   Downloaded sentry-tracing v0.40.0
[INFO] [stderr]   Downloaded os_info v3.12.0
[INFO] [stderr]   Downloaded orchard v0.11.0
[INFO] [stderr]   Downloaded pulldown-cmark-to-cmark v21.0.0
[INFO] [stderr]   Downloaded sentry-backtrace v0.40.0
[INFO] [stderr]   Downloaded axum-core v0.4.5
[INFO] [stderr]   Downloaded abscissa_core v0.7.0
[INFO] [stderr]   Downloaded route-recognizer v0.3.1
[INFO] [stderr]   Downloaded jsonrpsee v0.24.9
[INFO] [stderr]   Downloaded vergen-lib v0.1.6
[INFO] [stderr]   Downloaded console-api v0.8.1
[INFO] [stderr]   Downloaded jsonrpsee-proc-macros v0.24.9
[INFO] [stderr]   Downloaded soketto v0.8.1
[INFO] [stderr]   Downloaded structopt v0.3.26
[INFO] [stderr]   Downloaded vergen-git2 v1.0.7
[INFO] [stderr]   Downloaded vergen v9.0.6
[INFO] [stderr]   Downloaded camino v1.1.12
[INFO] [stderr]   Downloaded uuid v1.18.1
[INFO] [stderr]   Downloaded prost-types v0.13.5
[INFO] [stderr]   Downloaded jsonrpsee-server v0.24.9
[INFO] [stderr]   Downloaded jsonrpsee-core v0.24.9
[INFO] [stderr]   Downloaded regex-automata v0.4.11
[INFO] [stderr]   Downloaded libyml v0.0.5
[INFO] [stderr]   Downloaded config v0.15.18
[INFO] [stderr]   Downloaded bls12_381 v0.8.0
[INFO] [stderr]   Downloaded ureq-proto v0.5.2
[INFO] [stderr]   Downloaded sentry-types v0.40.0
[INFO] [stderr]   Downloaded yaml-rust2 v0.10.4
[INFO] [stderr]   Downloaded serde_yml v0.0.12
[INFO] [stderr]   Downloaded pulldown-cmark v0.13.0
[INFO] [stderr]   Downloaded plist v1.7.4
[INFO] [stderr]   Downloaded tonic v0.12.3
[INFO] [stderr]   Downloaded color-eyre v0.6.5
[INFO] [stderr]   Downloaded console-subscriber v0.4.1
[INFO] [stderr]   Downloaded web-sys v0.3.78
[INFO] [stderr]   Downloaded ureq v3.1.2
[INFO] [stderr]   Downloaded quick-xml v0.38.3
[INFO] [stderr]   Downloaded axum v0.7.9
[INFO] [stderr]   Downloaded git2 v0.20.2
[INFO] [stderr]   Downloaded randomx-rs v1.4.1
[INFO] [stderr]   Downloaded libgit2-sys v0.18.2+1.9.1
[INFO] [stderr]   Downloaded libzcash_script v0.1.0
[INFO] [stderr]   Downloaded wagyu-zcash-parameters-6 v0.2.0
[INFO] [stderr]   Downloaded librocksdb-sys v0.16.0+8.10.0
[INFO] [stderr]   Downloaded wagyu-zcash-parameters-2 v0.2.0
[INFO] [stderr]   Downloaded wagyu-zcash-parameters-1 v0.2.0
[INFO] [stderr]   Downloaded wagyu-zcash-parameters-5 v0.2.0
[INFO] [stderr]   Downloaded wagyu-zcash-parameters-3 v0.2.0
[INFO] [stderr]   Downloaded wagyu-zcash-parameters-4 v0.2.0
[INFO] running `Command { std: "docker" "create" "-v" "/var/lib/crater-agent-workspace/builds/worker-0-tc1/source:/opt/rustwide/workdir:ro,Z" "-v" "/var/lib/crater-agent-workspace/builds/worker-0-tc1/target:/opt/rustwide/target:rw,Z" "-v" "/var/lib/crater-agent-workspace/cargo-home:/opt/rustwide/cargo-home:ro,Z" "-v" "/var/lib/crater-agent-workspace/rustup-home:/opt/rustwide/rustup-home:ro,Z" "-m" "1610612736" "--network" "none" "ghcr.io/rust-lang/crates-build-env/linux@sha256:c0af3998e971868164375a7dfb646c9933ddd1a3bdb00fa2041266763dc1eeab" "sleep" "infinity", kill_on_drop: false }`
[INFO] [stdout] 7b244783f35cd2265d0f065da8caff59d533825f8c6252469a228b66a2879427
[INFO] running `Command { std: "docker" "start" "7b244783f35cd2265d0f065da8caff59d533825f8c6252469a228b66a2879427", kill_on_drop: false }`
[INFO] running `Command { std: "docker" "inspect" "7b244783f35cd2265d0f065da8caff59d533825f8c6252469a228b66a2879427", kill_on_drop: false }`
[INFO] running `Command { std: "docker" "exec" "-e" "SOURCE_DIR=/opt/rustwide/workdir" "-e" "CARGO_HOME=/opt/rustwide/cargo-home" "-e" "RUSTUP_HOME=/opt/rustwide/rustup-home" "-e" "CARGO_TARGET_DIR=/opt/rustwide/target" "-w" "/opt/rustwide/workdir" "--user" "0:0" "7b244783f35cd2265d0f065da8caff59d533825f8c6252469a228b66a2879427" "/opt/rustwide/cargo-home/bin/cargo" "+a7c37f9f0ee5e93396106e9de20f4a86b4154e63" "metadata" "--no-deps" "--format-version=1", kill_on_drop: false }`
[INFO] running `Command { std: "docker" "inspect" "7b244783f35cd2265d0f065da8caff59d533825f8c6252469a228b66a2879427", kill_on_drop: false }`
[INFO] running `Command { std: "docker" "exec" "-e" "SOURCE_DIR=/opt/rustwide/workdir" "-e" "CARGO_HOME=/opt/rustwide/cargo-home" "-e" "RUSTUP_HOME=/opt/rustwide/rustup-home" "-e" "CARGO_TARGET_DIR=/opt/rustwide/target" "-e" "CARGO_INCREMENTAL=0" "-e" "RUST_BACKTRACE=full" "-e" "RUSTFLAGS=--cap-lints=forbid" "-e" "RUSTDOCFLAGS=--cap-lints=forbid" "-w" "/opt/rustwide/workdir" "--user" "0:0" "7b244783f35cd2265d0f065da8caff59d533825f8c6252469a228b66a2879427" "/opt/rustwide/cargo-home/bin/cargo" "+a7c37f9f0ee5e93396106e9de20f4a86b4154e63" "check" "--frozen" "--all" "--all-targets" "--message-format=json", kill_on_drop: false }`
[INFO] [stderr]    Compiling proc-macro2 v1.0.101
[INFO] [stderr]    Compiling quote v1.0.41
[INFO] [stderr]    Compiling unicode-ident v1.0.19
[INFO] [stderr]    Compiling libc v0.2.175
[INFO] [stderr]    Compiling serde_core v1.0.228
[INFO] [stderr]    Compiling serde v1.0.228
[INFO] [stderr]     Checking cfg-if v1.0.3
[INFO] [stderr]    Compiling typenum v1.18.0
[INFO] [stderr]    Compiling zerocopy v0.8.27
[INFO] [stderr]    Compiling parking_lot_core v0.9.11
[INFO] [stderr]    Compiling find-msvc-tools v0.1.1
[INFO] [stderr]    Compiling lock_api v0.4.13
[INFO] [stderr]     Checking memchr v2.7.5
[INFO] [stderr]    Compiling generic-array v0.14.7
[INFO] [stderr]    Compiling thiserror v2.0.17
[INFO] [stderr]    Compiling icu_normalizer_data v2.0.0
[INFO] [stderr]    Compiling icu_properties_data v2.0.1
[INFO] [stderr]     Checking pin-project-lite v0.2.16
[INFO] [stderr]    Compiling getrandom v0.3.3
[INFO] [stderr]    Compiling num-traits v0.2.19
[INFO] [stderr]    Compiling crossbeam-utils v0.8.21
[INFO] [stderr]     Checking log v0.4.28
[INFO] [stderr]     Checking smallvec v1.15.1
[INFO] [stderr]    Compiling radium v0.7.0
[INFO] [stderr]     Checking tracing-core v0.1.34
[INFO] [stderr]     Checking futures-core v0.3.31
[INFO] [stderr]     Checking bytes v1.10.1
[INFO] [stderr]     Checking foldhash v0.1.5
[INFO] [stderr]     Checking subtle v2.6.1
[INFO] [stderr]     Checking hashbrown v0.15.5
[INFO] [stderr]    Compiling serde_json v1.0.145
[INFO] [stderr]     Checking futures-sink v0.3.31
[INFO] [stderr]    Compiling syn v1.0.109
[INFO] [stderr]     Checking once_cell v1.21.3
[INFO] [stderr]    Compiling rayon-core v1.13.0
[INFO] [stderr]     Checking futures-io v0.3.31
[INFO] [stderr]    Compiling rustix v1.1.2
[INFO] [stderr]    Compiling object v0.36.7
[INFO] [stderr]     Checking spin v0.9.8
[INFO] [stderr]     Checking scopeguard v1.2.0
[INFO] [stderr]    Compiling jobserver v0.1.34
[INFO] [stderr]     Checking slab v0.4.11
[INFO] [stderr]    Compiling syn v2.0.106
[INFO] [stderr]     Checking futures-channel v0.3.31
[INFO] [stderr]     Checking fnv v1.0.7
[INFO] [stderr]     Checking pin-utils v0.1.0
[INFO] [stderr]     Checking futures-task v0.3.31
[INFO] [stderr]     Checking itoa v1.0.15
[INFO] [stderr]     Checking lazy_static v1.5.0
[INFO] [stderr]    Compiling cc v1.2.36
[INFO] [stderr]     Checking stable_deref_trait v1.2.0
[INFO] [stderr]    Compiling ucd-trie v0.1.7
[INFO] [stderr]    Compiling crunchy v0.2.4
[INFO] [stderr]     Checking cpufeatures v0.2.17
[INFO] [stderr]     Checking byteorder v1.5.0
[INFO] [stderr]    Compiling owo-colors v4.2.3
[INFO] [stderr]    Compiling eyre v0.6.12
[INFO] [stderr]    Compiling litrs v0.4.2
[INFO] [stderr]    Compiling proc-macro-error-attr2 v2.0.0
[INFO] [stderr]    Compiling bitflags v2.9.4
[INFO] [stderr]     Checking writeable v0.6.1
[INFO] [stderr]     Checking litemap v0.8.0
[INFO] [stderr]     Checking regex-syntax v0.8.6
[INFO] [stderr]     Checking aho-corasick v1.1.3
[INFO] [stderr]    Compiling indexmap v1.9.3
[INFO] [stderr]    Compiling document-features v0.2.11
[INFO] [stderr]    Compiling libm v0.2.15
[INFO] [stderr]     Checking getrandom v0.2.16
[INFO] [stderr]     Checking rand_core v0.6.4
[INFO] [stderr]     Checking signal-hook-registry v1.4.6
[INFO] [stderr]     Checking parking_lot v0.12.4
[INFO] [stderr]     Checking socket2 v0.6.0
[INFO] [stderr]     Checking mio v1.0.4
[INFO] [stderr]     Checking crypto-common v0.1.6
[INFO] [stderr]     Checking either v1.15.0
[INFO] [stderr]     Checking block-buffer v0.10.4
[INFO] [stderr]     Checking rand_core v0.9.3
[INFO] [stderr]     Checking ppv-lite86 v0.2.21
[INFO] [stderr]    Compiling secp256k1-sys v0.10.1
[INFO] [stderr]     Checking arrayref v0.3.9
[INFO] [stderr]     Checking arrayvec v0.7.6
[INFO] [stderr]     Checking constant_time_eq v0.3.1
[INFO] [stderr]     Checking digest v0.10.7
[INFO] [stderr]     Checking memuse v0.2.2
[INFO] [stderr]     Checking form_urlencoded v1.2.2
[INFO] [stderr]     Checking tap v1.0.1
[INFO] [stderr]     Checking funty v2.0.0
[INFO] [stderr]     Checking crossbeam-epoch v0.9.18
[INFO] [stderr]     Checking blake2b_simd v1.0.3
[INFO] [stderr]     Checking wyz v0.5.1
[INFO] [stderr]     Checking rand_chacha v0.3.1
[INFO] [stderr]     Checking indexmap v2.11.4
[INFO] [stderr]     Checking rand_chacha v0.9.0
[INFO] [stderr]    Compiling equihash v0.2.2
[INFO] [stderr]    Compiling glob v0.3.3
[INFO] [stderr]     Checking rand v0.8.5
[INFO] [stderr]     Checking rand v0.9.2
[INFO] [stderr]    Compiling ring v0.17.14
[INFO] [stderr]     Checking sharded-slab v0.1.7
[INFO] [stderr]    Compiling semver v1.0.27
[INFO] [stderr]     Checking bitvec v1.0.1
[INFO] [stderr]    Compiling clang-sys v1.8.1
[INFO] [stderr]     Checking regex-automata v0.4.11
[INFO] [stderr]     Checking tracing-log v0.2.0
[INFO] [stderr]    Compiling rustc_version v0.4.1
[INFO] [stderr]     Checking thread_local v1.1.9
[INFO] [stderr]     Checking adler2 v2.0.1
[INFO] [stderr]     Checking ryu v1.0.20
[INFO] [stderr]     Checking gimli v0.31.1
[INFO] [stderr]    Compiling curve25519-dalek v4.1.3
[INFO] [stderr]     Checking nu-ansi-term v0.50.1
[INFO] [stderr]     Checking miniz_oxide v0.8.9
[INFO] [stderr]     Checking crossbeam-deque v0.8.6
[INFO] [stderr]    Compiling cmake v0.1.54
[INFO] [stderr]     Checking equivalent v1.0.2
[INFO] [stderr]     Checking rustc-demangle v0.1.26
[INFO] [stderr]     Checking allocator-api2 v0.2.21
[INFO] [stderr]    Compiling randomx-rs v1.4.1
[INFO] [stderr]     Checking hdrhistogram v7.5.4
[INFO] [stderr]    Compiling minimal-lexical v0.2.1
[INFO] [stderr]     Checking bitflags v1.3.2
[INFO] [stderr]     Checking rayon v1.11.0
[INFO] [stderr]     Checking sha2 v0.10.9
[INFO] [stderr]    Compiling nom v7.1.3
[INFO] [stderr]     Checking hybrid-array v0.2.3
[INFO] [stderr] error: could not compile `syn` (lib)
[INFO] [stderr] 
[INFO] [stderr] Caused by:
[INFO] [stderr]   process didn't exit successfully: `/opt/rustwide/rustup-home/toolchains/a7c37f9f0ee5e93396106e9de20f4a86b4154e63/bin/rustc --crate-name syn --edition=2021 /opt/rustwide/cargo-home/registry/src/index.crates.io-1949cf8c6b5b557f/syn-2.0.106/src/lib.rs --error-format=json --json=diagnostic-rendered-ansi,artifacts,future-incompat,unused-externs-silent --crate-type lib --emit=dep-info,metadata,link -Z embed-metadata=no -C embed-bitcode=no --cfg 'feature="clone-impls"' --cfg 'feature="default"' --cfg 'feature="derive"' --cfg 'feature="extra-traits"' --cfg 'feature="fold"' --cfg 'feature="full"' --cfg 'feature="parsing"' --cfg 'feature="printing"' --cfg 'feature="proc-macro"' --cfg 'feature="visit"' --cfg 'feature="visit-mut"' --check-cfg 'cfg(docsrs,test)' --check-cfg 'cfg(feature, values("clone-impls", "default", "derive", "extra-traits", "fold", "full", "parsing", "printing", "proc-macro", "test", "visit", "visit-mut"))' -C metadata=5d8fac9bf48ec23e -C extra-filename=-ddcaf7f905264df4 --out-dir /opt/rustwide/target/debug/build/syn/ddcaf7f905264df4/out -L dependency=/opt/rustwide/target/debug/build/proc-macro2/369d8852c9a54258/out -L dependency=/opt/rustwide/target/debug/build/unicode-ident/b4c15d9166d0a657/out --extern proc_macro2=/opt/rustwide/target/debug/build/proc-macro2/369d8852c9a54258/out/libproc_macro2-369d8852c9a54258.rmeta --extern quote=/opt/rustwide/target/debug/build/quote/c6819fc659b84ed7/out/libquote-c6819fc659b84ed7.rmeta --extern unicode_ident=/opt/rustwide/target/debug/build/unicode-ident/b4c15d9166d0a657/out/libunicode_ident-b4c15d9166d0a657.rmeta --cap-lints allow --cap-lints=forbid --force-warn=unused_crate_dependencies` (signal: 9, SIGKILL: kill)
[INFO] [stderr] warning: build failed, waiting for other jobs to finish...
[INFO] [stderr] error: could not compile `regex-syntax` (lib)
[INFO] [stderr] 
[INFO] [stderr] Caused by:
[INFO] [stderr]   process didn't exit successfully: `/opt/rustwide/rustup-home/toolchains/a7c37f9f0ee5e93396106e9de20f4a86b4154e63/bin/rustc --crate-name regex_syntax --edition=2021 /opt/rustwide/cargo-home/registry/src/index.crates.io-1949cf8c6b5b557f/regex-syntax-0.8.6/src/lib.rs --error-format=json --json=diagnostic-rendered-ansi,artifacts,future-incompat,unused-externs-silent --crate-type lib --emit=dep-info,metadata,link -Z embed-metadata=no -C embed-bitcode=no --cfg 'feature="default"' --cfg 'feature="std"' --cfg 'feature="unicode"' --cfg 'feature="unicode-age"' --cfg 'feature="unicode-bool"' --cfg 'feature="unicode-case"' --cfg 'feature="unicode-gencat"' --cfg 'feature="unicode-perl"' --cfg 'feature="unicode-script"' --cfg 'feature="unicode-segment"' --check-cfg 'cfg(docsrs,test)' --check-cfg 'cfg(feature, values("arbitrary", "default", "std", "unicode", "unicode-age", "unicode-bool", "unicode-case", "unicode-gencat", "unicode-perl", "unicode-script", "unicode-segment"))' -C metadata=7cff8d058d2c0feb -C extra-filename=-c65950e42a980085 --out-dir /opt/rustwide/target/debug/build/regex-syntax/c65950e42a980085/out --cap-lints allow --cap-lints=forbid --force-warn=unused_crate_dependencies` (signal: 9, SIGKILL: kill)
[INFO] [stderr] error: could not compile `object` (lib)
[INFO] [stderr] 
[INFO] [stderr] Caused by:
[INFO] [stderr]   process didn't exit successfully: `/opt/rustwide/rustup-home/toolchains/a7c37f9f0ee5e93396106e9de20f4a86b4154e63/bin/rustc --crate-name object --edition=2018 /opt/rustwide/cargo-home/registry/src/index.crates.io-1949cf8c6b5b557f/object-0.36.7/src/lib.rs --error-format=json --json=diagnostic-rendered-ansi,artifacts,future-incompat,unused-externs-silent --crate-type lib --emit=dep-info,metadata -C embed-bitcode=no -C debuginfo=2 --cfg 'feature="archive"' --cfg 'feature="coff"' --cfg 'feature="elf"' --cfg 'feature="macho"' --cfg 'feature="pe"' --cfg 'feature="read_core"' --cfg 'feature="unaligned"' --cfg 'feature="xcoff"' --check-cfg 'cfg(docsrs,test)' --check-cfg 'cfg(feature, values("all", "alloc", "archive", "build", "build_core", "cargo-all", "coff", "compiler_builtins", "compression", "core", "default", "doc", "elf", "macho", "pe", "read", "read_core", "rustc-dep-of-std", "std", "unaligned", "unstable", "unstable-all", "wasm", "write", "write_core", "write_std", "xcoff"))' -C metadata=0fb61bf817d5f24a -C extra-filename=-c0ce0a192e4f7dd1 --out-dir /opt/rustwide/target/debug/build/object/c0ce0a192e4f7dd1/out --extern memchr=/opt/rustwide/target/debug/build/memchr/2998dc56ed90fbb0/out/libmemchr-2998dc56ed90fbb0.rmeta --cap-lints allow --cap-lints=forbid --force-warn=unused_crate_dependencies --cfg core_error --check-cfg 'cfg(core_error)'` (signal: 9, SIGKILL: kill)
[INFO] [stderr] error: failed to run custom build command for `randomx-rs v1.4.1`
[INFO] [stderr] note: To improve backtraces for build dependencies, set the CARGO_PROFILE_DEV_BUILD_OVERRIDE_DEBUG=true environment variable to enable debug information generation.
[INFO] [stderr] 
[INFO] [stderr] Caused by:
[INFO] [stderr]   process didn't exit successfully: `/opt/rustwide/target/debug/build/randomx-rs/ec792f1f797dd583/out/build_script_build` (exit status: 101)
[INFO] [stderr]   --- stdout
[INFO] [stderr]   CMAKE_TOOLCHAIN_FILE_x86_64-unknown-linux-gnu = None
[INFO] [stderr]   CMAKE_TOOLCHAIN_FILE_x86_64_unknown_linux_gnu = None
[INFO] [stderr]   HOST_CMAKE_TOOLCHAIN_FILE = None
[INFO] [stderr]   CMAKE_TOOLCHAIN_FILE = None
[INFO] [stderr]   CMAKE_GENERATOR_x86_64-unknown-linux-gnu = None
[INFO] [stderr]   CMAKE_GENERATOR_x86_64_unknown_linux_gnu = None
[INFO] [stderr]   HOST_CMAKE_GENERATOR = None
[INFO] [stderr]   CMAKE_GENERATOR = None
[INFO] [stderr]   CMAKE_PREFIX_PATH_x86_64-unknown-linux-gnu = None
[INFO] [stderr]   CMAKE_PREFIX_PATH_x86_64_unknown_linux_gnu = None
[INFO] [stderr]   HOST_CMAKE_PREFIX_PATH = None
[INFO] [stderr]   CMAKE_PREFIX_PATH = None
[INFO] [stderr]   CMAKE_x86_64-unknown-linux-gnu = None
[INFO] [stderr]   CMAKE_x86_64_unknown_linux_gnu = None
[INFO] [stderr]   HOST_CMAKE = None
[INFO] [stderr]   CMAKE = None
[INFO] [stderr]   running: cd "/opt/rustwide/target/debug/build/randomx-rs/dbf089b2c273cc7a/out/build" && CMAKE_PREFIX_PATH="" LC_ALL="C" "cmake" "/opt/rustwide/cargo-home/registry/src/index.crates.io-1949cf8c6b5b557f/randomx-rs-1.4.1/RandomX" "-DDARCH=native" "-DCMAKE_INSTALL_PREFIX=/opt/rustwide/target/debug/build/randomx-rs/dbf089b2c273cc7a/out" "-DCMAKE_C_FLAGS= -ffunction-sections -fdata-sections -fPIC -m64" "-DCMAKE_C_COMPILER=/usr/bin/cc" "-DCMAKE_CXX_FLAGS= -ffunction-sections -fdata-sections -fPIC -m64" "-DCMAKE_CXX_COMPILER=/usr/bin/c++" "-DCMAKE_ASM_FLAGS= -ffunction-sections -fdata-sections -fPIC -m64" "-DCMAKE_ASM_COMPILER=/usr/bin/cc" "-DCMAKE_BUILD_TYPE=Debug"
[INFO] [stderr]   -- The C compiler identification is GNU 15.2.0
[INFO] [stderr]   -- The CXX compiler identification is GNU 15.2.0
[INFO] [stderr]   -- Detecting C compiler ABI info
[INFO] [stderr]   -- Detecting C compiler ABI info - done
[INFO] [stderr]   -- Check for working C compiler: /usr/bin/cc - skipped
[INFO] [stderr]   -- Detecting C compile features
[INFO] [stderr]   -- Detecting C compile features - done
[INFO] [stderr]   -- Detecting CXX compiler ABI info
[INFO] [stderr]   -- Detecting CXX compiler ABI info - done
[INFO] [stderr]   -- Check for working CXX compiler: /usr/bin/c++ - skipped
[INFO] [stderr]   -- Detecting CXX compile features
[INFO] [stderr]   -- Detecting CXX compile features - done
[INFO] [stderr]   -- Performing Test _maes_cxx
[INFO] [stderr]   -- Performing Test _maes_cxx - Success
[INFO] [stderr]   -- Setting CXX flag -maes
[INFO] [stderr]   -- Performing Test _maes_c
[INFO] [stderr]   -- Performing Test _maes_c - Success
[INFO] [stderr]   -- Setting C flag -maes
[INFO] [stderr]   -- Performing Test HAVE_SSSE3
[INFO] [stderr]   -- Performing Test HAVE_SSSE3 - Success
[INFO] [stderr]   -- Performing Test HAVE_AVX2
[INFO] [stderr]   -- Performing Test HAVE_AVX2 - Success
[INFO] [stderr]   -- Performing Test CMAKE_HAVE_LIBC_PTHREAD
[INFO] [stderr]   -- Performing Test CMAKE_HAVE_LIBC_PTHREAD - Success
[INFO] [stderr]   -- Found Threads: TRUE
[INFO] [stderr]   -- Performing Test HAVE_CXX_ATOMICS
[INFO] [stderr]   -- Performing Test HAVE_CXX_ATOMICS - Success
[INFO] [stderr]   -- Configuring done (11.6s)
[INFO] [stderr]   -- Generating done (0.2s)
[INFO] [stderr]   -- Build files have been written to: /opt/rustwide/target/debug/build/randomx-rs/dbf089b2c273cc7a/out/build
[INFO] [stderr]   running: cd "/opt/rustwide/target/debug/build/randomx-rs/dbf089b2c273cc7a/out/build" && LC_ALL="C" MAKEFLAGS="-j --jobserver-fds=4,5 --jobserver-auth=4,5" "cmake" "--build" "/opt/rustwide/target/debug/build/randomx-rs/dbf089b2c273cc7a/out/build" "--target" "install" "--config" "Debug"
[INFO] [stderr]   [  2%] Building CXX object CMakeFiles/randomx.dir/src/aes_hash.cpp.o
[INFO] [stderr]   [  5%] Building C object CMakeFiles/randomx.dir/src/argon2_ref.c.o
[INFO] [stderr]   [  8%] Building CXX object CMakeFiles/randomx.dir/src/bytecode_machine.cpp.o
[INFO] [stderr]   [ 11%] Building CXX object CMakeFiles/randomx.dir/src/cpu.cpp.o
[INFO] [stderr]   [ 14%] Building C object CMakeFiles/randomx.dir/src/argon2_avx2.c.o
[INFO] [stderr]   [ 17%] Building C object CMakeFiles/randomx.dir/src/argon2_ssse3.c.o
[INFO] [stderr]   [ 20%] Building CXX object CMakeFiles/randomx.dir/src/dataset.cpp.o
[INFO] [stderr]   [ 23%] Building CXX object CMakeFiles/randomx.dir/src/soft_aes.cpp.o
[INFO] [stderr]   [ 26%] Building C object CMakeFiles/randomx.dir/src/virtual_memory.c.o
[INFO] [stderr]   [ 29%] Building CXX object CMakeFiles/randomx.dir/src/vm_interpreted.cpp.o
[INFO] [stderr]   [ 32%] Building CXX object CMakeFiles/randomx.dir/src/allocator.cpp.o
[INFO] [stderr]   [ 35%] Building CXX object CMakeFiles/randomx.dir/src/assembly_generator_x86.cpp.o
[INFO] [stderr]   [ 38%] Building CXX object CMakeFiles/randomx.dir/src/instruction.cpp.o
[INFO] [stderr]   [ 41%] Building CXX object CMakeFiles/randomx.dir/src/randomx.cpp.o
[INFO] [stderr]   [ 44%] Building CXX object CMakeFiles/randomx.dir/src/superscalar.cpp.o
[INFO] [stderr]   [ 47%] Building CXX object CMakeFiles/randomx.dir/src/vm_compiled.cpp.o
[INFO] [stderr]   [ 50%] Building CXX object CMakeFiles/randomx.dir/src/vm_interpreted_light.cpp.o
[INFO] [stderr]   [ 52%] Building C object CMakeFiles/randomx.dir/src/argon2_core.c.o
[INFO] [stderr]   [ 55%] Building CXX object CMakeFiles/randomx.dir/src/blake2_generator.cpp.o
[INFO] [stderr]   [ 58%] Building CXX object CMakeFiles/randomx.dir/src/instructions_portable.cpp.o
[INFO] [stderr] 
[INFO] [stderr]   --- stderr
[INFO] [stderr]   CMake Deprecation Warning at CMakeLists.txt:29 (cmake_minimum_required):
[INFO] [stderr]     Compatibility with CMake < 3.10 will be removed from a future version of
[INFO] [stderr]     CMake.
[INFO] [stderr] 
[INFO] [stderr]     Update the VERSION argument <min> value.  Or, use the <min>...<max> syntax
[INFO] [stderr]     to tell CMake that the project requires at least <min> but has been updated
[INFO] [stderr]     to work with policies introduced by <max> or earlier.
[INFO] [stderr] 
[INFO] [stderr] 
[INFO] [stderr]   CMake Warning:
[INFO] [stderr]     Manually-specified variables were not used by the project:
[INFO] [stderr] 
[INFO] [stderr]       CMAKE_ASM_COMPILER
[INFO] [stderr]       CMAKE_ASM_FLAGS
[INFO] [stderr]       DARCH
[INFO] [stderr] 
[INFO] [stderr] 
[INFO] [stderr]   c++: fatal error: Killed signal terminated program cc1plus
[INFO] [stderr]   compilation terminated.
[INFO] [stderr]   gmake[2]: *** [CMakeFiles/randomx.dir/build.make:163: CMakeFiles/randomx.dir/src/dataset.cpp.o] Error 1
[INFO] [stderr]   gmake[2]: *** Waiting for unfinished jobs....
[INFO] [stderr]   gmake[1]: *** [CMakeFiles/Makefile2:96: CMakeFiles/randomx.dir/all] Error 2
[INFO] [stderr]   gmake: *** [Makefile:136: all] Error 2
[INFO] [stderr] 
[INFO] [stderr]   thread 'main' (1692) panicked at /opt/rustwide/cargo-home/registry/src/index.crates.io-1949cf8c6b5b557f/cmake-0.1.54/src/lib.rs:1119:5:
[INFO] [stderr] 
[INFO] [stderr]   command did not execute successfully, got: exit status: 2
[INFO] [stderr] 
[INFO] [stderr]   build script failed, must exit now
[INFO] [stderr]   stack backtrace:
[INFO] [stderr]      0:     0x5b58480b5f31 - std[fcf2236bba0c9df5]::backtrace_rs::backtrace::libunwind::trace
[INFO] [stderr]                                  at /rustc/a7c37f9f0ee5e93396106e9de20f4a86b4154e63/library/std/src/../../backtrace/src/backtrace/libunwind.rs:117:9
[INFO] [stderr]      1:     0x5b58480b5f31 - std[fcf2236bba0c9df5]::backtrace_rs::backtrace::trace_unsynchronized::<std[fcf2236bba0c9df5]::sys::backtrace::_print_fmt::{closure#1}>
[INFO] [stderr]                                  at /rustc/a7c37f9f0ee5e93396106e9de20f4a86b4154e63/library/std/src/../../backtrace/src/backtrace/mod.rs:66:14
[INFO] [stderr]      2:     0x5b58480b5f31 - std[fcf2236bba0c9df5]::sys::backtrace::_print_fmt
[INFO] [stderr]                                  at /rustc/a7c37f9f0ee5e93396106e9de20f4a86b4154e63/library/std/src/sys/backtrace.rs:74:9
[INFO] [stderr]      3:     0x5b58480b5f31 - <<std[fcf2236bba0c9df5]::sys::backtrace::BacktraceLock>::print::DisplayBacktrace as core[e33c4c92224be1d5]::fmt::Display>::fmt
[INFO] [stderr]                                  at /rustc/a7c37f9f0ee5e93396106e9de20f4a86b4154e63/library/std/src/sys/backtrace.rs:44:26
[INFO] [stderr]      4:     0x5b58480c9cba - <core[e33c4c92224be1d5]::fmt::rt::Argument>::fmt
[INFO] [stderr]                                  at /rustc/a7c37f9f0ee5e93396106e9de20f4a86b4154e63/library/core/src/fmt/rt.rs:152:76
[INFO] [stderr]      5:     0x5b58480c9cba - core[e33c4c92224be1d5]::fmt::write
[INFO] [stderr]      6:     0x5b58480bba6c - core[e33c4c92224be1d5]::io::write::default_write_fmt::<std[fcf2236bba0c9df5]::sys::stdio::unix::Stderr>
[INFO] [stderr]                                  at /rustc/a7c37f9f0ee5e93396106e9de20f4a86b4154e63/library/core/src/io/write.rs:402:11
[INFO] [stderr]      7:     0x5b58480bba6c - <std[fcf2236bba0c9df5]::sys::stdio::unix::Stderr as core[e33c4c92224be1d5]::io::write::Write>::write_fmt
[INFO] [stderr]                                  at /rustc/a7c37f9f0ee5e93396106e9de20f4a86b4154e63/library/core/src/io/write.rs:335:13
[INFO] [stderr]      8:     0x5b5848095a06 - <std[fcf2236bba0c9df5]::sys::backtrace::BacktraceLock>::print
[INFO] [stderr]                                  at /rustc/a7c37f9f0ee5e93396106e9de20f4a86b4154e63/library/std/src/sys/backtrace.rs:47:9
[INFO] [stderr]      9:     0x5b5848095a06 - std[fcf2236bba0c9df5]::panicking::default_hook::{closure#0}
[INFO] [stderr]                                  at /rustc/a7c37f9f0ee5e93396106e9de20f4a86b4154e63/library/std/src/panicking.rs:289:27
[INFO] [stderr]     10:     0x5b58480b0c41 - std[fcf2236bba0c9df5]::panicking::default_hook
[INFO] [stderr]                                  at /rustc/a7c37f9f0ee5e93396106e9de20f4a86b4154e63/library/std/src/panicking.rs:316:9
[INFO] [stderr]     11:     0x5b58480b0dfb - std[fcf2236bba0c9df5]::panicking::panic_with_hook
[INFO] [stderr]                                  at /rustc/a7c37f9f0ee5e93396106e9de20f4a86b4154e63/library/std/src/panicking.rs:811:13
[INFO] [stderr]     12:     0x5b5848095ab2 - std[fcf2236bba0c9df5]::panicking::panic_handler::{closure#0}
[INFO] [stderr]                                  at /rustc/a7c37f9f0ee5e93396106e9de20f4a86b4154e63/library/std/src/panicking.rs:685:13
[INFO] [stderr]     13:     0x5b584808f559 - std[fcf2236bba0c9df5]::sys::backtrace::__rust_end_short_backtrace::<std[fcf2236bba0c9df5]::panicking::panic_handler::{closure#0}, !>
[INFO] [stderr]                                  at /rustc/a7c37f9f0ee5e93396106e9de20f4a86b4154e63/library/std/src/sys/backtrace.rs:182:18
[INFO] [stderr]     14:     0x5b584809629d - __rustc[d9179db25e6d0020]::rust_begin_unwind
[INFO] [stderr]                                  at /rustc/a7c37f9f0ee5e93396106e9de20f4a86b4154e63/library/std/src/panicking.rs:676:5
[INFO] [stderr]     15:     0x5b58480ca44c - core[e33c4c92224be1d5]::panicking::panic_fmt
[INFO] [stderr]                                  at /rustc/a7c37f9f0ee5e93396106e9de20f4a86b4154e63/library/core/src/panicking.rs:80:14
[INFO] [stderr]     16:     0x5b5848021567 - cmake[f426627b8eafb1ca]::fail
[INFO] [stderr]     17:     0x5b58480211f3 - cmake[f426627b8eafb1ca]::run
[INFO] [stderr]     18:     0x5b5848026fb5 - <cmake[f426627b8eafb1ca]::Config>::build
[INFO] [stderr]     19:     0x5b58480136ba - build_script_build[e13562447e3c0450]::main
[INFO] [stderr]     20:     0x5b58480140d3 - <fn() as core[e33c4c92224be1d5]::ops::function::FnOnce<()>>::call_once
[INFO] [stderr]     21:     0x5b584801352e - std[fcf2236bba0c9df5]::sys::backtrace::__rust_begin_short_backtrace::<fn(), ()>
[INFO] [stderr]     22:     0x5b5848013539 - std[fcf2236bba0c9df5]::rt::lang_start::<()>::{closure#0}
[INFO] [stderr]     23:     0x5b58480aff48 - <&dyn core[e33c4c92224be1d5]::ops::function::Fn<(), Output = i32> + core[e33c4c92224be1d5]::panic::unwind_safe::RefUnwindSafe + core[e33c4c92224be1d5]::marker::Sync as core[e33c4c92224be1d5]::ops::function::FnOnce<()>>::call_once
[INFO] [stderr]                                  at /rustc/a7c37f9f0ee5e93396106e9de20f4a86b4154e63/library/core/src/ops/function.rs:287:21
[INFO] [stderr]     24:     0x5b58480aff48 - std[fcf2236bba0c9df5]::panicking::catch_unwind::do_call::<&dyn core[e33c4c92224be1d5]::ops::function::Fn<(), Output = i32> + core[e33c4c92224be1d5]::panic::unwind_safe::RefUnwindSafe + core[e33c4c92224be1d5]::marker::Sync, i32>
[INFO] [stderr]                                  at /rustc/a7c37f9f0ee5e93396106e9de20f4a86b4154e63/library/std/src/panicking.rs:573:43
[INFO] [stderr]     25:     0x5b58480aff48 - std[fcf2236bba0c9df5]::panicking::catch_unwind::<i32, &dyn core[e33c4c92224be1d5]::ops::function::Fn<(), Output = i32> + core[e33c4c92224be1d5]::panic::unwind_safe::RefUnwindSafe + core[e33c4c92224be1d5]::marker::Sync>
[INFO] [stderr]                                  at /rustc/a7c37f9f0ee5e93396106e9de20f4a86b4154e63/library/std/src/panicking.rs:541:19
[INFO] [stderr]     26:     0x5b58480aff48 - std[fcf2236bba0c9df5]::panic::catch_unwind::<&dyn core[e33c4c92224be1d5]::ops::function::Fn<(), Output = i32> + core[e33c4c92224be1d5]::panic::unwind_safe::RefUnwindSafe + core[e33c4c92224be1d5]::marker::Sync, i32>
[INFO] [stderr]                                  at /rustc/a7c37f9f0ee5e93396106e9de20f4a86b4154e63/library/std/src/panic.rs:359:14
[INFO] [stderr]     27:     0x5b58480aff48 - std[fcf2236bba0c9df5]::rt::lang_start_internal::{closure#0}
[INFO] [stderr]                                  at /rustc/a7c37f9f0ee5e93396106e9de20f4a86b4154e63/library/std/src/rt.rs:175:24
[INFO] [stderr]     28:     0x5b58480aff48 - std[fcf2236bba0c9df5]::panicking::catch_unwind::do_call::<std[fcf2236bba0c9df5]::rt::lang_start_internal::{closure#0}, isize>
[INFO] [stderr]                                  at /rustc/a7c37f9f0ee5e93396106e9de20f4a86b4154e63/library/std/src/panicking.rs:573:43
[INFO] [stderr]     29:     0x5b58480aff48 - std[fcf2236bba0c9df5]::panicking::catch_unwind::<isize, std[fcf2236bba0c9df5]::rt::lang_start_internal::{closure#0}>
[INFO] [stderr]                                  at /rustc/a7c37f9f0ee5e93396106e9de20f4a86b4154e63/library/std/src/panicking.rs:541:19
[INFO] [stderr]     30:     0x5b58480aff48 - std[fcf2236bba0c9df5]::panic::catch_unwind::<std[fcf2236bba0c9df5]::rt::lang_start_internal::{closure#0}, isize>
[INFO] [stderr]                                  at /rustc/a7c37f9f0ee5e93396106e9de20f4a86b4154e63/library/std/src/panic.rs:359:14
[INFO] [stderr]     31:     0x5b58480aff48 - std[fcf2236bba0c9df5]::rt::lang_start_internal
[INFO] [stderr]                                  at /rustc/a7c37f9f0ee5e93396106e9de20f4a86b4154e63/library/std/src/rt.rs:171:5
[INFO] [stderr]     32:     0x5b5848013521 - std[fcf2236bba0c9df5]::rt::lang_start::<()>
[INFO] [stderr]     33:     0x5b5848014145 - main
[INFO] [stderr]     34:     0x798990753601 - <unknown>
[INFO] [stderr]     35:     0x798990753718 - __libc_start_main
[INFO] [stderr]     36:     0x5b58480124e5 - _start
[INFO] [stderr]     37:                0x0 - <unknown>
[INFO] running `Command { std: "docker" "inspect" "7b244783f35cd2265d0f065da8caff59d533825f8c6252469a228b66a2879427", kill_on_drop: false }`
[INFO] running `Command { std: "docker" "rm" "-f" "7b244783f35cd2265d0f065da8caff59d533825f8c6252469a228b66a2879427", kill_on_drop: false }`
[INFO] [stdout] 7b244783f35cd2265d0f065da8caff59d533825f8c6252469a228b66a2879427
