[INFO] cloning repository https://github.com/estebank/redpen
[INFO] running `Command { std: "git" "-c" "credential.helper=" "-c" "credential.helper=/workspace/cargo-home/bin/git-credential-null" "clone" "--bare" "https://github.com/estebank/redpen" "/workspace/cache/git-repos/https%3A%2F%2Fgithub.com%2Festebank%2Fredpen", kill_on_drop: false }`
[INFO] [stderr] Cloning into bare repository '/workspace/cache/git-repos/https%3A%2F%2Fgithub.com%2Festebank%2Fredpen'...
[INFO] running `Command { std: "git" "rev-parse" "HEAD", kill_on_drop: false }`
[INFO] [stdout] 320cbfd469e0a646d0ec281807deb6b1bf341821
[INFO] checking estebank/redpen against 52995a223f2919dd3e2e427231db90a257350ded for pr-129249-4
[INFO] running `Command { std: "git" "clone" "/workspace/cache/git-repos/https%3A%2F%2Fgithub.com%2Festebank%2Fredpen" "/workspace/builds/worker-5-tc2/source", kill_on_drop: false }`
[INFO] [stderr] Cloning into '/workspace/builds/worker-5-tc2/source'...
[INFO] [stderr] done.
[INFO] removed /workspace/builds/worker-5-tc2/source/.cargo/config
[INFO] removed /workspace/builds/worker-5-tc2/source/rust-toolchain
[INFO] started tweaking git repo https://github.com/estebank/redpen
[INFO] finished tweaking git repo https://github.com/estebank/redpen
[INFO] tweaked toml for git repo https://github.com/estebank/redpen written to /workspace/builds/worker-5-tc2/source/Cargo.toml
[INFO] validating manifest of git repo https://github.com/estebank/redpen on toolchain 52995a223f2919dd3e2e427231db90a257350ded
[INFO] running `Command { std: CARGO_HOME="/workspace/cargo-home" RUSTUP_HOME="/workspace/rustup-home" "/workspace/cargo-home/bin/cargo" "+52995a223f2919dd3e2e427231db90a257350ded" "metadata" "--manifest-path" "Cargo.toml" "--no-deps", kill_on_drop: false }`
[INFO] crate git repo https://github.com/estebank/redpen already has a lockfile, it will not be regenerated
[INFO] running `Command { std: CARGO_HOME="/workspace/cargo-home" RUSTUP_HOME="/workspace/rustup-home" "/workspace/cargo-home/bin/cargo" "+52995a223f2919dd3e2e427231db90a257350ded" "fetch" "--manifest-path" "Cargo.toml", kill_on_drop: false }`
[INFO] [stderr]     Blocking waiting for file lock on package cache
[INFO] [stderr]     Blocking waiting for file lock on package cache
[INFO] [stderr]  Downloading crates ...
[INFO] [stderr]   Downloaded tester v0.9.1
[INFO] [stderr]   Downloaded rustfix v0.6.1
[INFO] [stderr]   Downloaded memchr v2.6.2
[INFO] [stderr]   Downloaded compiletest_rs v0.10.2
[INFO] [stderr]   Downloaded aho-corasick v1.0.5
[INFO] [stderr]   Downloaded rustix v0.38.11
[INFO] running `Command { std: "docker" "create" "-v" "/var/lib/crater-agent-workspace/builds/worker-5-tc2/source:/opt/rustwide/workdir:ro,Z" "-v" "/var/lib/crater-agent-workspace/builds/worker-5-tc2/target:/opt/rustwide/target:rw,Z" "-v" "/var/lib/crater-agent-workspace/cargo-home:/opt/rustwide/cargo-home:ro,Z" "-v" "/var/lib/crater-agent-workspace/rustup-home:/opt/rustwide/rustup-home:ro,Z" "-m" "1610612736" "--network" "none" "ghcr.io/rust-lang/crates-build-env/linux@sha256:77db811e55d90add9212f6832c23229e3de5f1c1f9905e8cb07319ea15df73ac" "sleep" "infinity", kill_on_drop: false }`
[INFO] [stdout] c0a97e258c4108710ac52d6d7d513b1eeb2855f6d869f141356e307083352802
[INFO] running `Command { std: "docker" "start" "c0a97e258c4108710ac52d6d7d513b1eeb2855f6d869f141356e307083352802", kill_on_drop: false }`
[INFO] running `Command { std: "docker" "inspect" "c0a97e258c4108710ac52d6d7d513b1eeb2855f6d869f141356e307083352802", kill_on_drop: false }`
[INFO] running `Command { std: "docker" "exec" "-e" "SOURCE_DIR=/opt/rustwide/workdir" "-e" "CARGO_HOME=/opt/rustwide/cargo-home" "-e" "RUSTUP_HOME=/opt/rustwide/rustup-home" "-e" "CARGO_TARGET_DIR=/opt/rustwide/target" "-w" "/opt/rustwide/workdir" "--user" "0:0" "c0a97e258c4108710ac52d6d7d513b1eeb2855f6d869f141356e307083352802" "/opt/rustwide/cargo-home/bin/cargo" "+52995a223f2919dd3e2e427231db90a257350ded" "metadata" "--no-deps" "--format-version=1", kill_on_drop: false }`
[INFO] running `Command { std: "docker" "inspect" "c0a97e258c4108710ac52d6d7d513b1eeb2855f6d869f141356e307083352802", kill_on_drop: false }`
[INFO] running `Command { std: "docker" "exec" "-e" "SOURCE_DIR=/opt/rustwide/workdir" "-e" "CARGO_HOME=/opt/rustwide/cargo-home" "-e" "RUSTUP_HOME=/opt/rustwide/rustup-home" "-e" "CARGO_TARGET_DIR=/opt/rustwide/target" "-e" "CARGO_INCREMENTAL=0" "-e" "RUST_BACKTRACE=full" "-e" "RUSTFLAGS=--cap-lints=forbid" "-e" "RUSTDOCFLAGS=--cap-lints=forbid" "-w" "/opt/rustwide/workdir" "--user" "0:0" "c0a97e258c4108710ac52d6d7d513b1eeb2855f6d869f141356e307083352802" "/opt/rustwide/cargo-home/bin/cargo" "+52995a223f2919dd3e2e427231db90a257350ded" "check" "--frozen" "--all" "--all-targets" "--message-format=json", kill_on_drop: false }`
[INFO] [stderr]    Compiling anyhow v1.0.75
[INFO] [stderr]    Compiling rustix v0.38.11
[INFO] [stderr]     Checking memchr v2.6.2
[INFO] [stderr]     Checking home v0.5.5
[INFO] [stderr]     Checking getopts v0.2.21
[INFO] [stderr]    Compiling compiletest_rs v0.10.2
[INFO] [stderr]     Checking fastrand v2.0.0
[INFO] [stderr]     Checking diff v0.1.13
[INFO] [stderr]    Compiling quote v1.0.33
[INFO] [stderr]     Checking dirs-sys-next v0.1.2
[INFO] [stderr]     Checking num_cpus v1.16.0
[INFO] [stderr]     Checking filetime v0.2.22
[INFO] [stderr]     Checking redpen-linter v0.4.0 (/opt/rustwide/workdir)
[INFO] [stdout] error[E0557]: feature has been removed
[INFO] [stdout]  --> src/main.rs:4:12
[INFO] [stdout]   |
[INFO] [stdout] 4 | #![feature(box_patterns)]
[INFO] [stdout]   |            ^^^^^^^^^^^^ feature has been removed
[INFO] [stdout]   |
[INFO] [stdout]   = note: removed in 1.100.0
[INFO] [stdout]   = note: superseded by `deref_patterns`
[INFO] [stdout] 
[INFO] [stdout] 
[INFO] [stdout] error: let chains are only allowed in Rust 2024 or later
[INFO] [stdout]    --> src/blocking_async.rs:335:12
[INFO] [stdout]     |
[INFO] [stdout] 335 |         && let parent = tcx.parent(def_id)
[INFO] [stdout]     |            ^^^^^^^^^^^^^^^^^^^^^^^^^^^^^^^
[INFO] [stdout] 
[INFO] [stdout] 
[INFO] [stdout] error: let chains are only allowed in Rust 2024 or later
[INFO] [stdout]    --> src/blocking_async.rs:336:12
[INFO] [stdout]     |
[INFO] [stdout] 336 |         && let DefKind::Fn = tcx.def_kind(parent)
[INFO] [stdout]     |            ^^^^^^^^^^^^^^^^^^^^^^^^^^^^^^^^^^^^^^
[INFO] [stdout] 
[INFO] [stdout] 
[INFO] [stdout] error: let chains are only allowed in Rust 2024 or later
[INFO] [stdout]    --> src/blocking_async.rs:427:12
[INFO] [stdout]     |
[INFO] [stdout] 427 |         && let Some(call) = visited.next()
[INFO] [stdout]     |            ^^^^^^^^^^^^^^^^^^^^^^^^^^^^^^^
[INFO] [stdout] 
[INFO] [stdout] 
[INFO] [stdout] error: let chains are only allowed in Rust 2024 or later
[INFO] [stdout]    --> src/blocking_async.rs:428:12
[INFO] [stdout]     |
[INFO] [stdout] 428 |         && let None = visited.next()
[INFO] [stdout]     |            ^^^^^^^^^^^^^^^^^^^^^^^^^
[INFO] [stdout] 
[INFO] [stdout] 
[INFO] [stdout] error: let chains are only allowed in Rust 2024 or later
[INFO] [stdout]    --> src/blocking_async.rs:429:12
[INFO] [stdout]     |
[INFO] [stdout] 429 |         && let Some(calls) = forward.get(&call)
[INFO] [stdout]     |            ^^^^^^^^^^^^^^^^^^^^^^^^^^^^^^^^^^^^
[INFO] [stdout] 
[INFO] [stdout] 
[INFO] [stderr]     Checking dirs-next v2.0.0
[INFO] [stdout] error[E0463]: can't find crate for `rustc_ast`
[INFO] [stdout]   --> src/main.rs:11:1
[INFO] [stdout]    |
[INFO] [stdout] 11 | extern crate rustc_ast;
[INFO] [stdout]    | ^^^^^^^^^^^^^^^^^^^^^^^ can't find crate
[INFO] [stdout]    |
[INFO] [stdout]    = help: maybe you need to install the missing components with: `rustup component add rust-src rustc-dev llvm-tools-preview`
[INFO] [stdout] 
[INFO] [stdout] 
[INFO] [stdout] error[E0463]: can't find crate for `rustc_data_structures`
[INFO] [stdout]   --> src/main.rs:12:1
[INFO] [stdout]    |
[INFO] [stdout] 12 | extern crate rustc_data_structures;
[INFO] [stdout]    | ^^^^^^^^^^^^^^^^^^^^^^^^^^^^^^^^^^^ can't find crate
[INFO] [stdout]    |
[INFO] [stdout]    = help: maybe you need to install the missing components with: `rustup component add rust-src rustc-dev llvm-tools-preview`
[INFO] [stdout] 
[INFO] [stdout] 
[INFO] [stdout] error[E0463]: can't find crate for `rustc_driver`
[INFO] [stdout]   --> src/main.rs:13:1
[INFO] [stdout]    |
[INFO] [stdout] 13 | extern crate rustc_driver;
[INFO] [stdout]    | ^^^^^^^^^^^^^^^^^^^^^^^^^^ can't find crate
[INFO] [stdout]    |
[INFO] [stdout]    = help: maybe you need to install the missing components with: `rustup component add rust-src rustc-dev llvm-tools-preview`
[INFO] [stdout] 
[INFO] [stdout] 
[INFO] [stdout] error[E0463]: can't find crate for `rustc_errors`
[INFO] [stdout]   --> src/main.rs:14:1
[INFO] [stdout]    |
[INFO] [stdout] 14 | extern crate rustc_errors;
[INFO] [stdout]    | ^^^^^^^^^^^^^^^^^^^^^^^^^^ can't find crate
[INFO] [stdout]    |
[INFO] [stdout]    = help: maybe you need to install the missing components with: `rustup component add rust-src rustc-dev llvm-tools-preview`
[INFO] [stdout] 
[INFO] [stdout] 
[INFO] [stdout] error[E0463]: can't find crate for `rustc_hir`
[INFO] [stdout]   --> src/main.rs:15:1
[INFO] [stdout]    |
[INFO] [stdout] 15 | extern crate rustc_hir;
[INFO] [stdout]    | ^^^^^^^^^^^^^^^^^^^^^^^ can't find crate
[INFO] [stdout]    |
[INFO] [stdout]    = help: maybe you need to install the missing components with: `rustup component add rust-src rustc-dev llvm-tools-preview`
[INFO] [stdout] 
[INFO] [stdout] 
[INFO] [stdout] error[E0463]: can't find crate for `rustc_hir_typeck`
[INFO] [stdout]   --> src/main.rs:16:1
[INFO] [stdout]    |
[INFO] [stdout] 16 | extern crate rustc_hir_typeck;
[INFO] [stdout]    | ^^^^^^^^^^^^^^^^^^^^^^^^^^^^^^ can't find crate
[INFO] [stdout]    |
[INFO] [stdout]    = help: maybe you need to install the missing components with: `rustup component add rust-src rustc-dev llvm-tools-preview`
[INFO] [stdout] 
[INFO] [stdout] 
[INFO] [stdout] error[E0463]: can't find crate for `rustc_index`
[INFO] [stdout]   --> src/main.rs:17:1
[INFO] [stdout]    |
[INFO] [stdout] 17 | extern crate rustc_index;
[INFO] [stdout]    | ^^^^^^^^^^^^^^^^^^^^^^^^^ can't find crate
[INFO] [stdout]    |
[INFO] [stdout]    = help: maybe you need to install the missing components with: `rustup component add rust-src rustc-dev llvm-tools-preview`
[INFO] [stdout] 
[INFO] [stdout] 
[INFO] [stdout] error[E0463]: can't find crate for `rustc_infer`
[INFO] [stdout]   --> src/main.rs:18:1
[INFO] [stdout]    |
[INFO] [stdout] 18 | extern crate rustc_infer;
[INFO] [stdout]    | ^^^^^^^^^^^^^^^^^^^^^^^^^ can't find crate
[INFO] [stdout]    |
[INFO] [stdout]    = help: maybe you need to install the missing components with: `rustup component add rust-src rustc-dev llvm-tools-preview`
[INFO] [stdout] 
[INFO] [stdout] 
[INFO] [stdout] error[E0463]: can't find crate for `rustc_interface`
[INFO] [stdout]   --> src/main.rs:19:1
[INFO] [stdout]    |
[INFO] [stdout] 19 | extern crate rustc_interface;
[INFO] [stdout]    | ^^^^^^^^^^^^^^^^^^^^^^^^^^^^^ can't find crate
[INFO] [stdout]    |
[INFO] [stdout]    = help: maybe you need to install the missing components with: `rustup component add rust-src rustc-dev llvm-tools-preview`
[INFO] [stdout] 
[INFO] [stdout] 
[INFO] [stdout] error[E0463]: can't find crate for `rustc_lint`
[INFO] [stdout]   --> src/main.rs:20:1
[INFO] [stdout]    |
[INFO] [stdout] 20 | extern crate rustc_lint;
[INFO] [stdout]    | ^^^^^^^^^^^^^^^^^^^^^^^^ can't find crate
[INFO] [stdout]    |
[INFO] [stdout]    = help: maybe you need to install the missing components with: `rustup component add rust-src rustc-dev llvm-tools-preview`
[INFO] [stdout] 
[INFO] [stdout] 
[INFO] [stdout] error[E0463]: can't find crate for `rustc_log`
[INFO] [stdout]   --> src/main.rs:21:1
[INFO] [stdout]    |
[INFO] [stdout] 21 | extern crate rustc_log;
[INFO] [stdout]    | ^^^^^^^^^^^^^^^^^^^^^^^ can't find crate
[INFO] [stdout]    |
[INFO] [stdout]    = help: maybe you need to install the missing components with: `rustup component add rust-src rustc-dev llvm-tools-preview`
[INFO] [stdout] 
[INFO] [stdout] 
[INFO] [stdout] error[E0463]: can't find crate for `rustc_macros`
[INFO] [stdout]   --> src/main.rs:22:1
[INFO] [stdout]    |
[INFO] [stdout] 22 | extern crate rustc_macros;
[INFO] [stdout]    | ^^^^^^^^^^^^^^^^^^^^^^^^^^ can't find crate
[INFO] [stdout]    |
[INFO] [stdout]    = help: maybe you need to install the missing components with: `rustup component add rust-src rustc-dev llvm-tools-preview`
[INFO] [stdout] 
[INFO] [stdout] 
[INFO] [stdout] error[E0463]: can't find crate for `rustc_middle`
[INFO] [stdout]   --> src/main.rs:23:1
[INFO] [stdout]    |
[INFO] [stdout] 23 | extern crate rustc_middle;
[INFO] [stdout]    | ^^^^^^^^^^^^^^^^^^^^^^^^^^ can't find crate
[INFO] [stdout]    |
[INFO] [stdout]    = help: maybe you need to install the missing components with: `rustup component add rust-src rustc-dev llvm-tools-preview`
[INFO] [stdout] 
[INFO] [stdout] 
[INFO] [stdout] error[E0463]: can't find crate for `rustc_mir_dataflow`
[INFO] [stdout]   --> src/main.rs:24:1
[INFO] [stdout]    |
[INFO] [stdout] 24 | extern crate rustc_mir_dataflow;
[INFO] [stdout]    | ^^^^^^^^^^^^^^^^^^^^^^^^^^^^^^^^ can't find crate
[INFO] [stdout]    |
[INFO] [stdout]    = help: maybe you need to install the missing components with: `rustup component add rust-src rustc-dev llvm-tools-preview`
[INFO] [stdout] 
[INFO] [stdout] 
[INFO] [stdout] error[E0463]: can't find crate for `rustc_monomorphize`
[INFO] [stdout]   --> src/main.rs:25:1
[INFO] [stdout]    |
[INFO] [stdout] 25 | extern crate rustc_monomorphize;
[INFO] [stdout]    | ^^^^^^^^^^^^^^^^^^^^^^^^^^^^^^^^ can't find crate
[INFO] [stdout]    |
[INFO] [stdout]    = help: maybe you need to install the missing components with: `rustup component add rust-src rustc-dev llvm-tools-preview`
[INFO] [stdout] 
[INFO] [stdout] 
[INFO] [stdout] error[E0463]: can't find crate for `rustc_serialize`
[INFO] [stdout]   --> src/main.rs:26:1
[INFO] [stdout]    |
[INFO] [stdout] 26 | extern crate rustc_serialize;
[INFO] [stdout]    | ^^^^^^^^^^^^^^^^^^^^^^^^^^^^^ can't find crate
[INFO] [stdout]    |
[INFO] [stdout]    = help: maybe you need to install the missing components with: `rustup component add rust-src rustc-dev llvm-tools-preview`
[INFO] [stdout] 
[INFO] [stdout] 
[INFO] [stdout] error[E0463]: can't find crate for `rustc_session`
[INFO] [stdout]   --> src/main.rs:27:1
[INFO] [stdout]    |
[INFO] [stdout] 27 | extern crate rustc_session;
[INFO] [stdout]    | ^^^^^^^^^^^^^^^^^^^^^^^^^^^ can't find crate
[INFO] [stdout]    |
[INFO] [stdout]    = help: maybe you need to install the missing components with: `rustup component add rust-src rustc-dev llvm-tools-preview`
[INFO] [stdout] 
[INFO] [stdout] 
[INFO] [stdout] error[E0463]: can't find crate for `rustc_span`
[INFO] [stdout]   --> src/main.rs:28:1
[INFO] [stdout]    |
[INFO] [stdout] 28 | extern crate rustc_span;
[INFO] [stdout]    | ^^^^^^^^^^^^^^^^^^^^^^^^ can't find crate
[INFO] [stdout]    |
[INFO] [stdout]    = help: maybe you need to install the missing components with: `rustup component add rust-src rustc-dev llvm-tools-preview`
[INFO] [stdout] 
[INFO] [stdout] 
[INFO] [stdout] error[E0463]: can't find crate for `rustc_symbol_mangling`
[INFO] [stdout]   --> src/main.rs:29:1
[INFO] [stdout]    |
[INFO] [stdout] 29 | extern crate rustc_symbol_mangling;
[INFO] [stdout]    | ^^^^^^^^^^^^^^^^^^^^^^^^^^^^^^^^^^^ can't find crate
[INFO] [stdout]    |
[INFO] [stdout]    = help: maybe you need to install the missing components with: `rustup component add rust-src rustc-dev llvm-tools-preview`
[INFO] [stdout] 
[INFO] [stdout] 
[INFO] [stdout] error[E0463]: can't find crate for `rustc_target`
[INFO] [stdout]   --> src/main.rs:30:1
[INFO] [stdout]    |
[INFO] [stdout] 30 | extern crate rustc_target;
[INFO] [stdout]    | ^^^^^^^^^^^^^^^^^^^^^^^^^^ can't find crate
[INFO] [stdout]    |
[INFO] [stdout]    = help: maybe you need to install the missing components with: `rustup component add rust-src rustc-dev llvm-tools-preview`
[INFO] [stdout] 
[INFO] [stdout] 
[INFO] [stdout] error[E0463]: can't find crate for `rustc_trait_selection`
[INFO] [stdout]   --> src/main.rs:31:1
[INFO] [stdout]    |
[INFO] [stdout] 31 | extern crate rustc_trait_selection;
[INFO] [stdout]    | ^^^^^^^^^^^^^^^^^^^^^^^^^^^^^^^^^^^ can't find crate
[INFO] [stdout]    |
[INFO] [stdout]    = help: maybe you need to install the missing components with: `rustup component add rust-src rustc-dev llvm-tools-preview`
[INFO] [stdout] 
[INFO] [stdout] 
[INFO] [stdout] error[E0463]: can't find crate for `stable_mir`
[INFO] [stdout]   --> src/main.rs:32:1
[INFO] [stdout]    |
[INFO] [stdout] 32 | extern crate stable_mir;
[INFO] [stdout]    | ^^^^^^^^^^^^^^^^^^^^^^^^ can't find crate
[INFO] [stdout] 
[INFO] [stdout] 
[INFO] [stdout] error[E0463]: can't find crate for `tracing`
[INFO] [stdout]   --> src/main.rs:35:1
[INFO] [stdout]    |
[INFO] [stdout] 35 | extern crate tracing;
[INFO] [stdout]    | ^^^^^^^^^^^^^^^^^^^^^ can't find crate
[INFO] [stdout] 
[INFO] [stdout] 
[INFO] [stderr]     Checking term v0.7.0
[INFO] [stdout] error: cannot find macro `info` in this scope
[INFO] [stdout]   --> src/blocking_async.rs:55:9
[INFO] [stdout]    |
[INFO] [stdout] 55 |         info!("blocking async check crate");
[INFO] [stdout]    |         ^^^^
[INFO] [stdout] 
[INFO] [stdout] 
[INFO] [stdout] error: cannot find macro `error` in this scope
[INFO] [stdout]    --> src/blocking_async.rs:180:17
[INFO] [stdout]     |
[INFO] [stdout] 180 |                 error!(?accessee);
[INFO] [stdout]     |                 ^^^^^
[INFO] [stdout] 
[INFO] [stdout] 
[INFO] [stdout] error: cannot find macro `error` in this scope
[INFO] [stdout]    --> src/blocking_async.rs:208:25
[INFO] [stdout]     |
[INFO] [stdout] 208 |                         error!(?x, ?accessee);
[INFO] [stdout]     |                         ^^^^^
[INFO] [stdout] 
[INFO] [stdout] 
[INFO] [stdout] error: cannot find macro `info` in this scope
[INFO] [stdout]    --> src/blocking_async.rs:238:9
[INFO] [stdout]     |
[INFO] [stdout] 238 |         info!("backward accessees {backward:#?}");
[INFO] [stdout]     |         ^^^^
[INFO] [stdout] 
[INFO] [stdout] 
[INFO] [stdout] error: cannot find macro `info` in this scope
[INFO] [stdout]    --> src/blocking_async.rs:260:17
[INFO] [stdout]     |
[INFO] [stdout] 260 |                 info!("already visited {work_item:?}: skipping");
[INFO] [stdout]     |                 ^^^^
[INFO] [stdout] 
[INFO] [stdout] 
[INFO] [stdout] error: cannot find macro `info` in this scope
[INFO] [stdout]    --> src/blocking_async.rs:289:13
[INFO] [stdout]     |
[INFO] [stdout] 289 |             info!(?accessor);
[INFO] [stdout]     |             ^^^^
[INFO] [stdout] 
[INFO] [stdout] 
[INFO] [stdout] error: cannot find macro `info` in this scope
[INFO] [stdout]    --> src/blocking_async.rs:291:17
[INFO] [stdout]     |
[INFO] [stdout] 291 |                 info!("not local accessor");
[INFO] [stdout]     |                 ^^^^
[INFO] [stdout] 
[INFO] [stdout] 
[INFO] [stdout] error: cannot find macro `info` in this scope
[INFO] [stdout]    --> src/blocking_async.rs:297:17
[INFO] [stdout]     |
[INFO] [stdout] 297 |                 info!("not relevant");
[INFO] [stdout]     |                 ^^^^
[INFO] [stdout] 
[INFO] [stdout] 
[INFO] [stdout] error: cannot find macro `debug` in this scope
[INFO] [stdout]    --> src/monomorphize_collector.rs:119:5
[INFO] [stdout]     |
[INFO] [stdout] 119 |     debug!("building mono item graph, beginning at roots");
[INFO] [stdout]     |     ^^^^^
[INFO] [stdout] 
[INFO] [stdout] 
[INFO] [stdout] error: cannot find macro `debug` in this scope
[INFO] [stdout]    --> src/monomorphize_collector.rs:161:5
[INFO] [stdout]     |
[INFO] [stdout] 161 |     debug!("collecting roots");
[INFO] [stdout]     |     ^^^^^
[INFO] [stdout] 
[INFO] [stdout] 
[INFO] [stdout] error: cannot find macro `debug` in this scope
[INFO] [stdout]    --> src/monomorphize_collector.rs:167:9
[INFO] [stdout]     |
[INFO] [stdout] 167 |         debug!("collect_roots: entry_fn = {:?}", entry_fn);
[INFO] [stdout]     |         ^^^^^
[INFO] [stdout] 
[INFO] [stdout] 
[INFO] [stdout] error: cannot find macro `trace` in this scope
[INFO] [stdout]    --> src/monomorphize_collector.rs:301:29
[INFO] [stdout]     |
[INFO] [stdout] 301 | ...                   trace!("collecting static {:?}", def_id);
[INFO] [stdout]     |                       ^^^^^
[INFO] [stdout] 
[INFO] [stdout] 
[INFO] [stdout] error: cannot find macro `debug` in this scope
[INFO] [stdout]    --> src/monomorphize_collector.rs:407:5
[INFO] [stdout]     |
[INFO] [stdout] 407 |     debug!(" => recursion depth={}", recursion_depth);
[INFO] [stdout]     |     ^^^^^
[INFO] [stdout] 
[INFO] [stdout] 
[INFO] [stdout] error: cannot find macro `debug` in this scope
[INFO] [stdout]    --> src/monomorphize_collector.rs:454:5
[INFO] [stdout]     |
[INFO] [stdout] 454 |     debug!(" => type length={}", type_length);
[INFO] [stdout]     |     ^^^^^
[INFO] [stdout] 
[INFO] [stdout] 
[INFO] [stdout] error: cannot find macro `debug` in this scope
[INFO] [stdout]    --> src/monomorphize_collector.rs:497:9
[INFO] [stdout]     |
[INFO] [stdout] 497 |         debug!("monomorphize: self.instance={:?}", self.instance);
[INFO] [stdout]     |         ^^^^^
[INFO] [stdout] 
[INFO] [stdout] 
[INFO] [stdout] error: cannot find macro `info` in this scope
[INFO] [stdout]    --> src/monomorphize_collector.rs:509:9
[INFO] [stdout]     |
[INFO] [stdout] 509 |         info!("visiting rvalue {:?}", *rvalue);
[INFO] [stdout]     |         ^^^^
[INFO] [stdout] 
[INFO] [stdout] 
[INFO] [stdout] error: cannot find macro `trace` in this scope
[INFO] [stdout]    --> src/monomorphize_collector.rs:579:17
[INFO] [stdout]     |
[INFO] [stdout] 579 |                 trace!("collecting thread-local static {:?}", def_id);
[INFO] [stdout]     |                 ^^^^^
[INFO] [stdout] 
[INFO] [stdout] 
[INFO] [stderr]    Compiling syn v2.0.29
[INFO] [stdout] error: cannot find macro `info` in this scope
[INFO] [stdout]    --> src/monomorphize_collector.rs:583:17
[INFO] [stdout]     |
[INFO] [stdout] 583 |                 info!("use {op:#?}");
[INFO] [stdout]     |                 ^^^^
[INFO] [stdout] 
[INFO] [stdout] 
[INFO] [stdout] error: cannot find macro `info` in this scope
[INFO] [stdout]    --> src/monomorphize_collector.rs:586:17
[INFO] [stdout]     |
[INFO] [stdout] 586 |                 info!("repeat {op:#?} {c:?}");
[INFO] [stdout]     |                 ^^^^
[INFO] [stdout] 
[INFO] [stdout] 
[INFO] [stdout] error: cannot find macro `info` in this scope
[INFO] [stdout]    --> src/monomorphize_collector.rs:589:17
[INFO] [stdout]     |
[INFO] [stdout] 589 |                 info!("ref {reg:#?} {kind:?} {place:?}");
[INFO] [stdout]     |                 ^^^^
[INFO] [stdout] 
[INFO] [stdout] 
[INFO] [stdout] error: cannot find macro `info` in this scope
[INFO] [stdout]    --> src/monomorphize_collector.rs:592:17
[INFO] [stdout]     |
[INFO] [stdout] 592 |                 info!("address of {m:#?} {place:?}");
[INFO] [stdout]     |                 ^^^^
[INFO] [stdout] 
[INFO] [stdout] 
[INFO] [stdout] error: cannot find macro `info` in this scope
[INFO] [stdout]    --> src/monomorphize_collector.rs:595:17
[INFO] [stdout]     |
[INFO] [stdout] 595 |                 info!("len {place:#?}");
[INFO] [stdout]     |                 ^^^^
[INFO] [stdout] 
[INFO] [stdout] 
[INFO] [stdout] error: cannot find macro `info` in this scope
[INFO] [stdout]    --> src/monomorphize_collector.rs:598:17
[INFO] [stdout]     |
[INFO] [stdout] 598 |                 info!("cast {kind:?} {op:#?} {ty:?}");
[INFO] [stdout]     |                 ^^^^
[INFO] [stdout] 
[INFO] [stdout] 
[INFO] [stdout] error: cannot find macro `info` in this scope
[INFO] [stdout]    --> src/monomorphize_collector.rs:601:17
[INFO] [stdout]     |
[INFO] [stdout] 601 |                 info!("binary op {op:#?} {x:#?}");
[INFO] [stdout]     |                 ^^^^
[INFO] [stdout] 
[INFO] [stdout] 
[INFO] [stdout] error: cannot find macro `info` in this scope
[INFO] [stdout]    --> src/monomorphize_collector.rs:604:17
[INFO] [stdout]     |
[INFO] [stdout] 604 |                 info!("checked binop {op:#?} {x:#?}");
[INFO] [stdout]     |                 ^^^^
[INFO] [stdout] 
[INFO] [stdout] 
[INFO] [stdout] error: cannot find macro `info` in this scope
[INFO] [stdout]    --> src/monomorphize_collector.rs:607:17
[INFO] [stdout]     |
[INFO] [stdout] 607 |                 info!("nullary {op:#?} {ty:?}");
[INFO] [stdout]     |                 ^^^^
[INFO] [stdout] 
[INFO] [stdout] 
[INFO] [stdout] error: cannot find macro `info` in this scope
[INFO] [stdout]    --> src/monomorphize_collector.rs:610:17
[INFO] [stdout]     |
[INFO] [stdout] 610 |                 info!("unary {op:#?} {x:?}");
[INFO] [stdout]     |                 ^^^^
[INFO] [stdout] 
[INFO] [stdout] 
[INFO] [stdout] error: cannot find macro `info` in this scope
[INFO] [stdout]    --> src/monomorphize_collector.rs:613:17
[INFO] [stdout]     |
[INFO] [stdout] 613 |                 info!("discriminant {place:#?}");
[INFO] [stdout]     |                 ^^^^
[INFO] [stdout] 
[INFO] [stdout] 
[INFO] [stdout] error: cannot find macro `info` in this scope
[INFO] [stdout]    --> src/monomorphize_collector.rs:616:17
[INFO] [stdout]     |
[INFO] [stdout] 616 |                 info!("shallow init box {op:#?} {ty:?}");
[INFO] [stdout]     |                 ^^^^
[INFO] [stdout] 
[INFO] [stdout] 
[INFO] [stdout] error: cannot find macro `info` in this scope
[INFO] [stdout]    --> src/monomorphize_collector.rs:619:17
[INFO] [stdout]     |
[INFO] [stdout] 619 |                 info!("copy for deref {place:#?}");
[INFO] [stdout]     |                 ^^^^
[INFO] [stdout] 
[INFO] [stdout] 
[INFO] [stdout] error: cannot find macro `info` in this scope
[INFO] [stdout]    --> src/monomorphize_collector.rs:622:17
[INFO] [stdout]     |
[INFO] [stdout] 622 |                 info!("aggregate {kind:#?} {indexvec:#?}");
[INFO] [stdout]     |                 ^^^^
[INFO] [stdout] 
[INFO] [stdout] 
[INFO] [stdout] error: cannot find macro `info` in this scope
[INFO] [stdout]    --> src/monomorphize_collector.rs:624:21
[INFO] [stdout]     |
[INFO] [stdout] 624 |                     info!("{kind:#?} {indexvec:#?}");
[INFO] [stdout]     |                     ^^^^
[INFO] [stdout] 
[INFO] [stdout] 
[INFO] [stdout] error: cannot find macro `info` in this scope
[INFO] [stdout]    --> src/monomorphize_collector.rs:673:9
[INFO] [stdout]     |
[INFO] [stdout] 673 |         info!("visiting terminator {:?} @ {:?}", terminator, location);
[INFO] [stdout]     |         ^^^^
[INFO] [stdout] 
[INFO] [stdout] 
[INFO] [stdout] error: cannot find macro `trace` in this scope
[INFO] [stdout]    --> src/monomorphize_collector.rs:701:29
[INFO] [stdout]     |
[INFO] [stdout] 701 | ...                   trace!("collecting asm sym static {:?}", def_id);
[INFO] [stdout]     |                       ^^^^^
[INFO] [stdout] 
[INFO] [stdout] 
[INFO] [stdout] error: cannot find macro `info` in this scope
[INFO] [stdout]    --> src/monomorphize_collector.rs:788:5
[INFO] [stdout]     |
[INFO] [stdout] 788 |     info!(
[INFO] [stdout]     |     ^^^^
[INFO] [stdout] 
[INFO] [stdout] 
[INFO] [stdout] error: cannot find macro `debug` in this scope
[INFO] [stdout]     --> src/monomorphize_collector.rs:1041:21
[INFO] [stdout]      |
[INFO] [stdout] 1041 |                     debug!("RootCollector: ADT drop-glue for {id:?}",);
[INFO] [stdout]      |                     ^^^^^
[INFO] [stdout] 
[INFO] [stdout] 
[INFO] [stdout] error: cannot find macro `debug` in this scope
[INFO] [stdout]     --> src/monomorphize_collector.rs:1050:17
[INFO] [stdout]      |
[INFO] [stdout] 1050 |                 debug!(
[INFO] [stdout]      |                 ^^^^^
[INFO] [stdout] 
[INFO] [stdout] 
[INFO] [stdout] error: cannot find macro `debug` in this scope
[INFO] [stdout]     --> src/monomorphize_collector.rs:1057:17
[INFO] [stdout]      |
[INFO] [stdout] 1057 |                 debug!(
[INFO] [stdout]      |                 ^^^^^
[INFO] [stdout] 
[INFO] [stdout] 
[INFO] [stdout] error: cannot find macro `info` in this scope
[INFO] [stdout]     --> src/monomorphize_collector.rs:1085:17
[INFO] [stdout]      |
[INFO] [stdout] 1085 |                 info!("unprocessed item {other:#?}");
[INFO] [stdout]      |                 ^^^^
[INFO] [stdout] 
[INFO] [stdout] 
[INFO] [stdout] error: cannot find macro `debug` in this scope
[INFO] [stdout]     --> src/monomorphize_collector.rs:1116:13
[INFO] [stdout]      |
[INFO] [stdout] 1116 |             debug!("found root");
[INFO] [stdout]      |             ^^^^^
[INFO] [stdout] 
[INFO] [stdout] 
[INFO] [stdout] error: cannot find macro `trace` in this scope
[INFO] [stdout]     --> src/monomorphize_collector.rs:1234:13
[INFO] [stdout]      |
[INFO] [stdout] 1234 |             trace!("collecting static {:?}", def_id);
[INFO] [stdout]      |             ^^^^^
[INFO] [stdout] 
[INFO] [stdout] 
[INFO] [stdout] error: cannot find macro `trace` in this scope
[INFO] [stdout]     --> src/monomorphize_collector.rs:1238:13
[INFO] [stdout]      |
[INFO] [stdout] 1238 |             trace!("collecting {:?} with {:#?}", alloc_id, alloc);
[INFO] [stdout]      |             ^^^^^
[INFO] [stdout] 
[INFO] [stdout] 
[INFO] [stdout] error: cannot find macro `trace` in this scope
[INFO] [stdout]     --> src/monomorphize_collector.rs:1246:13
[INFO] [stdout]      |
[INFO] [stdout] 1246 |             trace!("collecting {:?} with {:#?}", alloc_id, fn_instance);
[INFO] [stdout]      |             ^^^^^
[INFO] [stdout] 
[INFO] [stdout] 
[INFO] [stdout] error[E0425]: cannot find type `BlockingAsync` in this scope
[INFO] [stdout]   --> src/blocking_async.rs:53:35
[INFO] [stdout]    |
[INFO] [stdout] 53 | impl<'tcx> LateLintPass<'tcx> for BlockingAsync {
[INFO] [stdout]    |                                   ^^^^^^^^^^^^^ not found in this scope
[INFO] [stdout] 
[INFO] [stdout] 
[INFO] [stdout] error[E0425]: cannot find value `BLOCKING_ASYNC` in this scope
[INFO] [stdout]    --> src/blocking_async.rs:314:18
[INFO] [stdout]     |
[INFO] [stdout] 314 |                 &BLOCKING_ASYNC,
[INFO] [stdout]     |                  ^^^^^^^^^^^^^^ not found in this scope
[INFO] [stdout] 
[INFO] [stdout] 
[INFO] [stdout] error[E0425]: cannot find value `INCORRECT_ATTRIBUTE` in this scope
[INFO] [stdout]   --> src/main.rs:91:42
[INFO] [stdout]    |
[INFO] [stdout] 91 |             lint_store.register_lints(&[&INCORRECT_ATTRIBUTE, &blocking_async::BLOCKING_ASYNC]);
[INFO] [stdout]    |                                          ^^^^^^^^^^^^^^^^^^^ not found in this scope
[INFO] [stdout] 
[INFO] [stdout] 
[INFO] [stdout] error[E0425]: cannot find value `BLOCKING_ASYNC` in module `blocking_async`
[INFO] [stdout]   --> src/main.rs:91:80
[INFO] [stdout]    |
[INFO] [stdout] 91 |             lint_store.register_lints(&[&INCORRECT_ATTRIBUTE, &blocking_async::BLOCKING_ASYNC]);
[INFO] [stdout]    |                                                                                ^^^^^^^^^^^^^^ not found in `blocking_async`
[INFO] [stdout] 
[INFO] [stdout] 
[INFO] [stdout] error[E0425]: cannot find value `BlockingAsync` in module `blocking_async`
[INFO] [stdout]   --> src/main.rs:93:75
[INFO] [stdout]    |
[INFO] [stdout] 93 |             lint_store.register_late_pass(|_tcx| Box::new(blocking_async::BlockingAsync));
[INFO] [stdout]    |                                                                           ^^^^^^^^^^^^^ not found in `blocking_async`
[INFO] [stdout] 
[INFO] [stdout] 
[INFO] [stdout] warning: unused import: `crate::monomorphize_collector::MonoItemCollectionMode`
[INFO] [stdout]   --> src/blocking_async.rs:15:5
[INFO] [stdout]    |
[INFO] [stdout] 15 | use crate::monomorphize_collector::MonoItemCollectionMode;
[INFO] [stdout]    |     ^^^^^^^^^^^^^^^^^^^^^^^^^^^^^^^^^^^^^^^^^^^^^^^^^^^^^
[INFO] [stdout]    |
[INFO] [stdout]    = note: `#[warn(unused_imports)]` (part of `#[warn(unused)]`) on by default
[INFO] [stdout] 
[INFO] [stdout] 
[INFO] [stdout] warning: the feature `if_let_guard` has been stable since 1.95.0 and no longer requires an attribute to enable
[INFO] [stdout]  --> src/main.rs:5:12
[INFO] [stdout]   |
[INFO] [stdout] 5 | #![feature(if_let_guard)]
[INFO] [stdout]   |            ^^^^^^^^^^^^
[INFO] [stdout]   |
[INFO] [stdout]   = note: `#[warn(stable_features)]` on by default
[INFO] [stdout] 
[INFO] [stdout] 
[INFO] [stdout] warning: the feature `let_chains` has been stable since 1.88.0 and no longer requires an attribute to enable
[INFO] [stdout]  --> src/main.rs:6:12
[INFO] [stdout]   |
[INFO] [stdout] 6 | #![feature(let_chains)]
[INFO] [stdout]   |            ^^^^^^^^^^
[INFO] [stdout] 
[INFO] [stdout] 
[INFO] [stdout] warning: the feature `never_type` has been stable since 1.100.0 and no longer requires an attribute to enable
[INFO] [stdout]  --> src/main.rs:7:12
[INFO] [stdout]   |
[INFO] [stdout] 7 | #![feature(never_type)]
[INFO] [stdout]   |            ^^^^^^^^^^
[INFO] [stdout] 
[INFO] [stdout] 
[INFO] [stdout] warning: the feature `lazy_cell` has been stable since 1.80.0 and no longer requires an attribute to enable
[INFO] [stdout]  --> src/main.rs:2:12
[INFO] [stdout]   |
[INFO] [stdout] 2 | #![feature(lazy_cell)]
[INFO] [stdout]   |            ^^^^^^^^^
[INFO] [stdout] 
[INFO] [stdout] 
[INFO] [stdout] Some errors have detailed explanations: E0425, E0463, E0557.
[INFO] [stdout] 
[INFO] [stdout] For more information about an error, try `rustc --explain E0425`.
[INFO] [stdout] 
[INFO] [stderr] error: could not compile `redpen-linter` (bin "rustc_redpen") due to 77 previous errors; 5 warnings emitted
[INFO] [stderr] warning: build failed, waiting for other jobs to finish...
[INFO] running `Command { std: "docker" "inspect" "c0a97e258c4108710ac52d6d7d513b1eeb2855f6d869f141356e307083352802", kill_on_drop: false }`
[INFO] running `Command { std: "docker" "rm" "-f" "c0a97e258c4108710ac52d6d7d513b1eeb2855f6d869f141356e307083352802", kill_on_drop: false }`
[INFO] [stdout] c0a97e258c4108710ac52d6d7d513b1eeb2855f6d869f141356e307083352802
