[INFO] cloning repository https://github.com/cyndis/shorts
[INFO] running `Command { std: "git" "-c" "credential.helper=" "-c" "credential.helper=/workspace/cargo-home/bin/git-credential-null" "clone" "--bare" "https://github.com/cyndis/shorts" "/workspace/cache/git-repos/https%3A%2F%2Fgithub.com%2Fcyndis%2Fshorts", kill_on_drop: false }`
[INFO] [stderr] Cloning into bare repository '/workspace/cache/git-repos/https%3A%2F%2Fgithub.com%2Fcyndis%2Fshorts'...
[INFO] running `Command { std: "git" "rev-parse" "HEAD", kill_on_drop: false }`
[INFO] [stdout] 410e9c2235ce9183f03a75dd43360bc5efe535d9
[INFO] checking cyndis/shorts/410e9c2235ce9183f03a75dd43360bc5efe535d9 against a7c37f9f0ee5e93396106e9de20f4a86b4154e63 for pr-129249-4
[INFO] running `Command { std: "git" "clone" "/workspace/cache/git-repos/https%3A%2F%2Fgithub.com%2Fcyndis%2Fshorts" "/workspace/builds/worker-5-tc1/source", kill_on_drop: false }`
[INFO] [stderr] Cloning into '/workspace/builds/worker-5-tc1/source'...
[INFO] [stderr] done.
[INFO] started tweaking git repo https://github.com/cyndis/shorts
[INFO] finished tweaking git repo https://github.com/cyndis/shorts
[INFO] tweaked toml for git repo https://github.com/cyndis/shorts written to /workspace/builds/worker-5-tc1/source/Cargo.toml
[INFO] validating manifest of git repo https://github.com/cyndis/shorts on toolchain a7c37f9f0ee5e93396106e9de20f4a86b4154e63
[INFO] running `Command { std: CARGO_HOME="/workspace/cargo-home" RUSTUP_HOME="/workspace/rustup-home" "/workspace/cargo-home/bin/cargo" "+a7c37f9f0ee5e93396106e9de20f4a86b4154e63" "metadata" "--manifest-path" "Cargo.toml" "--no-deps", kill_on_drop: false }`
[INFO] crate git repo https://github.com/cyndis/shorts already has a lockfile, it will not be regenerated
[INFO] running `Command { std: CARGO_HOME="/workspace/cargo-home" RUSTUP_HOME="/workspace/rustup-home" "/workspace/cargo-home/bin/cargo" "+a7c37f9f0ee5e93396106e9de20f4a86b4154e63" "fetch" "--manifest-path" "Cargo.toml", kill_on_drop: false }`
[INFO] [stderr] warning: Cargo.toml: `package.edition` is unspecified, defaulting to `2015` while the latest is `2024`
[INFO] [stderr] warning: `shorts` (manifest) generated 1 warning
[INFO] [stderr]     Updating crates.io index
[INFO] [stderr]  Downloading crates ...
[INFO] [stderr]   Downloaded peg v0.2.1
[INFO] [stderr]   Downloaded gcc v0.3.2
[INFO] [stderr]   Downloaded time v0.1.21
[INFO] [stderr]   Downloaded libc v0.1.3
[INFO] running `Command { std: "docker" "create" "-v" "/var/lib/crater-agent-workspace/builds/worker-5-tc1/source:/opt/rustwide/workdir:ro,Z" "-v" "/var/lib/crater-agent-workspace/builds/worker-5-tc1/target:/opt/rustwide/target:rw,Z" "-v" "/var/lib/crater-agent-workspace/cargo-home:/opt/rustwide/cargo-home:ro,Z" "-v" "/var/lib/crater-agent-workspace/rustup-home:/opt/rustwide/rustup-home:ro,Z" "-m" "1610612736" "--network" "none" "ghcr.io/rust-lang/crates-build-env/linux@sha256:77db811e55d90add9212f6832c23229e3de5f1c1f9905e8cb07319ea15df73ac" "sleep" "infinity", kill_on_drop: false }`
[INFO] [stdout] 56c9aac169c7443ba6199f7ceca0a122f50cb1fa635475efb901d304c5ee7e29
[INFO] running `Command { std: "docker" "start" "56c9aac169c7443ba6199f7ceca0a122f50cb1fa635475efb901d304c5ee7e29", kill_on_drop: false }`
[INFO] running `Command { std: "docker" "inspect" "56c9aac169c7443ba6199f7ceca0a122f50cb1fa635475efb901d304c5ee7e29", kill_on_drop: false }`
[INFO] running `Command { std: "docker" "exec" "-e" "SOURCE_DIR=/opt/rustwide/workdir" "-e" "CARGO_HOME=/opt/rustwide/cargo-home" "-e" "RUSTUP_HOME=/opt/rustwide/rustup-home" "-e" "CARGO_TARGET_DIR=/opt/rustwide/target" "-w" "/opt/rustwide/workdir" "--user" "0:0" "56c9aac169c7443ba6199f7ceca0a122f50cb1fa635475efb901d304c5ee7e29" "/opt/rustwide/cargo-home/bin/cargo" "+a7c37f9f0ee5e93396106e9de20f4a86b4154e63" "metadata" "--no-deps" "--format-version=1", kill_on_drop: false }`
[INFO] running `Command { std: "docker" "inspect" "56c9aac169c7443ba6199f7ceca0a122f50cb1fa635475efb901d304c5ee7e29", kill_on_drop: false }`
[INFO] running `Command { std: "docker" "exec" "-e" "SOURCE_DIR=/opt/rustwide/workdir" "-e" "CARGO_HOME=/opt/rustwide/cargo-home" "-e" "RUSTUP_HOME=/opt/rustwide/rustup-home" "-e" "CARGO_TARGET_DIR=/opt/rustwide/target" "-e" "CARGO_INCREMENTAL=0" "-e" "RUST_BACKTRACE=full" "-e" "RUSTFLAGS=--cap-lints=forbid" "-e" "RUSTDOCFLAGS=--cap-lints=forbid" "-w" "/opt/rustwide/workdir" "--user" "0:0" "56c9aac169c7443ba6199f7ceca0a122f50cb1fa635475efb901d304c5ee7e29" "/opt/rustwide/cargo-home/bin/cargo" "+a7c37f9f0ee5e93396106e9de20f4a86b4154e63" "check" "--frozen" "--all" "--all-targets" "--message-format=json", kill_on_drop: false }`
[INFO] [stderr] warning: Cargo.toml: `package.edition` is unspecified, defaulting to `2015` while the latest is `2024`
[INFO] [stderr] warning: `shorts` (manifest) generated 1 warning
[INFO] [stderr]    Compiling gcc v0.3.2
[INFO] [stderr]     Checking libc v0.1.3
[INFO] [stderr]     Checking peg v0.2.1
[INFO] [stdout] error: expected identifier, found `"std"`
[INFO] [stdout]   --> /opt/rustwide/cargo-home/registry/src/index.crates.io-1949cf8c6b5b557f/libc-0.1.3/rust/src/liblibc/lib.rs:79:46
[INFO] [stdout]    |
[INFO] [stdout] 79 | #[cfg(feature = "cargo-build")] extern crate "std" as core;
[INFO] [stdout]    |                                              ^^^^^ expected identifier
[INFO] [stdout] 
[INFO] [stdout] 
[INFO] [stderr] error: could not compile `libc` (lib) due to 1 previous error
[INFO] [stderr] warning: build failed, waiting for other jobs to finish...
[INFO] [stdout] error: expected expression, found reserved keyword `box`
[INFO] [stdout]   --> /opt/rustwide/cargo-home/registry/src/index.crates.io-1949cf8c6b5b557f/peg-0.2.1/src/peg_syntax_ext.rs:28:40
[INFO] [stdout]    |
[INFO] [stdout] 28 |             syntax::ext::base::IdentTT(box expand_peg_str, None, false));
[INFO] [stdout]    |                                        ^^^ expected expression
[INFO] [stdout] 
[INFO] [stdout] 
[INFO] [stdout] error: expected expression, found reserved keyword `box`
[INFO] [stdout]   --> /opt/rustwide/cargo-home/registry/src/index.crates.io-1949cf8c6b5b557f/peg-0.2.1/src/peg_syntax_ext.rs:32:40
[INFO] [stdout]    |
[INFO] [stdout] 32 |             syntax::ext::base::IdentTT(box expand_peg_file, None, false));
[INFO] [stdout]    |                                        ^^^ expected expression
[INFO] [stdout] 
[INFO] [stdout] 
[INFO] [stdout] error[E0557]: feature has been removed
[INFO] [stdout]  --> /opt/rustwide/cargo-home/registry/src/index.crates.io-1949cf8c6b5b557f/peg-0.2.1/src/peg_syntax_ext.rs:1:12
[INFO] [stdout]   |
[INFO] [stdout] 1 | #![feature(plugin_registrar, quote, box_syntax, core, collections, rustc_private, box_patterns, str_char)]
[INFO] [stdout]   |            ^^^^^^^^^^^^^^^^ feature has been removed
[INFO] [stdout]   |
[INFO] [stdout]   = note: removed in 1.75.0; see <https://github.com/rust-lang/rust/pull/116412> for more information
[INFO] [stdout]   = note: plugins are no longer supported
[INFO] [stdout] 
[INFO] [stdout] 
[INFO] [stdout] error[E0557]: feature has been removed
[INFO] [stdout]  --> /opt/rustwide/cargo-home/registry/src/index.crates.io-1949cf8c6b5b557f/peg-0.2.1/src/peg_syntax_ext.rs:1:30
[INFO] [stdout]   |
[INFO] [stdout] 1 | #![feature(plugin_registrar, quote, box_syntax, core, collections, rustc_private, box_patterns, str_char)]
[INFO] [stdout]   |                              ^^^^^ feature has been removed
[INFO] [stdout]   |
[INFO] [stdout]   = note: removed in 1.33.0
[INFO] [stdout] 
[INFO] [stdout] 
[INFO] [stdout] error[E0557]: feature has been removed
[INFO] [stdout]  --> /opt/rustwide/cargo-home/registry/src/index.crates.io-1949cf8c6b5b557f/peg-0.2.1/src/peg_syntax_ext.rs:1:37
[INFO] [stdout]   |
[INFO] [stdout] 1 | #![feature(plugin_registrar, quote, box_syntax, core, collections, rustc_private, box_patterns, str_char)]
[INFO] [stdout]   |                                     ^^^^^^^^^^ feature has been removed
[INFO] [stdout]   |
[INFO] [stdout]   = note: removed in 1.70.0; see <https://github.com/rust-lang/rust/pull/108471> for more information
[INFO] [stdout]   = note: replaced with `#[rustc_box]`
[INFO] [stdout] 
[INFO] [stdout] 
[INFO] [stdout] error[E0557]: feature has been removed
[INFO] [stdout]  --> /opt/rustwide/cargo-home/registry/src/index.crates.io-1949cf8c6b5b557f/peg-0.2.1/src/peg_syntax_ext.rs:1:83
[INFO] [stdout]   |
[INFO] [stdout] 1 | #![feature(plugin_registrar, quote, box_syntax, core, collections, rustc_private, box_patterns, str_char)]
[INFO] [stdout]   |                                                                                   ^^^^^^^^^^^^ feature has been removed
[INFO] [stdout]   |
[INFO] [stdout]   = note: removed in 1.100.0
[INFO] [stdout]   = note: superseded by `deref_patterns`
[INFO] [stdout] 
[INFO] [stdout] 
[INFO] [stdout] error: `box` patterns have been removed (feature `box_patterns`)
[INFO] [stdout]    --> /opt/rustwide/cargo-home/registry/src/index.crates.io-1949cf8c6b5b557f/peg-0.2.1/src/translate.rs:403:16
[INFO] [stdout]     |
[INFO] [stdout] 403 |         OptionalExpr(box ref e) => {
[INFO] [stdout]     |                      ^^^
[INFO] [stdout]     |
[INFO] [stdout]     = help: enable feature `deref_patterns` instead and...
[INFO] [stdout] help: ...if possible just remove keyword `box`...
[INFO] [stdout]     |
[INFO] [stdout] 403 -         OptionalExpr(box ref e) => {
[INFO] [stdout] 403 +         OptionalExpr(ref e) => {
[INFO] [stdout]     |
[INFO] [stdout] help: ...otherwise replace it with an invocation of macro `deref`
[INFO] [stdout]     |
[INFO] [stdout] 403 -         OptionalExpr(box ref e) => {
[INFO] [stdout] 403 +         OptionalExpr(deref!(ref e)) => {
[INFO] [stdout]     |
[INFO] [stdout] 
[INFO] [stdout] 
[INFO] [stdout] error: `box` patterns have been removed (feature `box_patterns`)
[INFO] [stdout]    --> /opt/rustwide/cargo-home/registry/src/index.crates.io-1949cf8c6b5b557f/peg-0.2.1/src/translate.rs:411:10
[INFO] [stdout]     |
[INFO] [stdout] 411 |         Repeat(box ref e, min, max, ref sep) => {
[INFO] [stdout]     |                ^^^
[INFO] [stdout]     |
[INFO] [stdout]     = help: enable feature `deref_patterns` instead and...
[INFO] [stdout] help: ...if possible just remove keyword `box`...
[INFO] [stdout]     |
[INFO] [stdout] 411 -         Repeat(box ref e, min, max, ref sep) => {
[INFO] [stdout] 411 +         Repeat(ref e, min, max, ref sep) => {
[INFO] [stdout]     |
[INFO] [stdout] help: ...otherwise replace it with an invocation of macro `deref`
[INFO] [stdout]     |
[INFO] [stdout] 411 -         Repeat(box ref e, min, max, ref sep) => {
[INFO] [stdout] 411 +         Repeat(deref!(ref e), min, max, ref sep) => {
[INFO] [stdout]     |
[INFO] [stdout] 
[INFO] [stdout] 
[INFO] [stdout] error: `box` patterns have been removed (feature `box_patterns`)
[INFO] [stdout]    --> /opt/rustwide/cargo-home/registry/src/index.crates.io-1949cf8c6b5b557f/peg-0.2.1/src/translate.rs:415:10
[INFO] [stdout]     |
[INFO] [stdout] 415 |                 Some(box ref sep) => {
[INFO] [stdout]     |                      ^^^
[INFO] [stdout]     |
[INFO] [stdout]     = help: enable feature `deref_patterns` instead and...
[INFO] [stdout] help: ...if possible just remove keyword `box`...
[INFO] [stdout]     |
[INFO] [stdout] 415 -                 Some(box ref sep) => {
[INFO] [stdout] 415 +                 Some(ref sep) => {
[INFO] [stdout]     |
[INFO] [stdout] help: ...otherwise replace it with an invocation of macro `deref`
[INFO] [stdout]     |
[INFO] [stdout] 415 -                 Some(box ref sep) => {
[INFO] [stdout] 415 +                 Some(deref!(ref sep)) => {
[INFO] [stdout]     |
[INFO] [stdout] 
[INFO] [stdout] 
[INFO] [stdout] error: `box` patterns have been removed (feature `box_patterns`)
[INFO] [stdout]    --> /opt/rustwide/cargo-home/registry/src/index.crates.io-1949cf8c6b5b557f/peg-0.2.1/src/translate.rs:489:17
[INFO] [stdout]     |
[INFO] [stdout] 489 |         PosAssertExpr(box ref e) => {
[INFO] [stdout]     |                       ^^^
[INFO] [stdout]     |
[INFO] [stdout]     = help: enable feature `deref_patterns` instead and...
[INFO] [stdout] help: ...if possible just remove keyword `box`...
[INFO] [stdout]     |
[INFO] [stdout] 489 -         PosAssertExpr(box ref e) => {
[INFO] [stdout] 489 +         PosAssertExpr(ref e) => {
[INFO] [stdout]     |
[INFO] [stdout] help: ...otherwise replace it with an invocation of macro `deref`
[INFO] [stdout]     |
[INFO] [stdout] 489 -         PosAssertExpr(box ref e) => {
[INFO] [stdout] 489 +         PosAssertExpr(deref!(ref e)) => {
[INFO] [stdout]     |
[INFO] [stdout] 
[INFO] [stdout] 
[INFO] [stdout] error: `box` patterns have been removed (feature `box_patterns`)
[INFO] [stdout]    --> /opt/rustwide/cargo-home/registry/src/index.crates.io-1949cf8c6b5b557f/peg-0.2.1/src/translate.rs:500:17
[INFO] [stdout]     |
[INFO] [stdout] 500 |         NegAssertExpr(box ref e) => {
[INFO] [stdout]     |                       ^^^
[INFO] [stdout]     |
[INFO] [stdout]     = help: enable feature `deref_patterns` instead and...
[INFO] [stdout] help: ...if possible just remove keyword `box`...
[INFO] [stdout]     |
[INFO] [stdout] 500 -         NegAssertExpr(box ref e) => {
[INFO] [stdout] 500 +         NegAssertExpr(ref e) => {
[INFO] [stdout]     |
[INFO] [stdout] help: ...otherwise replace it with an invocation of macro `deref`
[INFO] [stdout]     |
[INFO] [stdout] 500 -         NegAssertExpr(box ref e) => {
[INFO] [stdout] 500 +         NegAssertExpr(deref!(ref e)) => {
[INFO] [stdout]     |
[INFO] [stdout] 
[INFO] [stdout] 
[INFO] [stdout] error: expected expression, found reserved keyword `box`
[INFO] [stdout]    --> /opt/rustwide/cargo-home/registry/src/index.crates.io-1949cf8c6b5b557f/peg-0.2.1/src/grammar.rs:248:106
[INFO] [stdout]     |
[INFO] [stdout] 245 | ...                   Rule{name:
[INFO] [stdout]     |                       ---- while parsing this struct
[INFO] [stdout] ...
[INFO] [stdout] 248 | ...                            box() expression,
[INFO] [stdout]     |                                ^^^ expected expression
[INFO] [stdout] 
[INFO] [stdout] 
[INFO] [stdout] error: expected expression, found reserved keyword `box`
[INFO] [stdout]     --> /opt/rustwide/cargo-home/registry/src/index.crates.io-1949cf8c6b5b557f/peg-0.2.1/src/grammar.rs:1632:84
[INFO] [stdout]      |
[INFO] [stdout] 1629 | ...                   TaggedExpr{name:
[INFO] [stdout]      |                       ---------- while parsing this struct
[INFO] [stdout] ...
[INFO] [stdout] 1632 | ...                                  box() expression,}
[INFO] [stdout]      |                                      ^^^ expected expression
[INFO] [stdout] 
[INFO] [stdout] 
[INFO] [stdout] error: expected expression, found reserved keyword `box`
[INFO] [stdout]     --> /opt/rustwide/cargo-home/registry/src/index.crates.io-1949cf8c6b5b557f/peg-0.2.1/src/grammar.rs:1661:62
[INFO] [stdout]      |
[INFO] [stdout] 1660 | ...                   TaggedExpr{name: None,
[INFO] [stdout]      |                       ---------- while parsing this struct
[INFO] [stdout] 1661 | ...                              expr: box() expr,}
[INFO] [stdout]      |                                        ^^^ expected expression
[INFO] [stdout] 
[INFO] [stdout] 
[INFO] [stdout] error: expected expression, found reserved keyword `box`
[INFO] [stdout]     --> /opt/rustwide/cargo-home/registry/src/index.crates.io-1949cf8c6b5b557f/peg-0.2.1/src/grammar.rs:1721:79
[INFO] [stdout]      |
[INFO] [stdout] 1721 | ...                   PosAssertExpr(box() expression)
[INFO] [stdout]      |                                     ^^^ expected expression
[INFO] [stdout] 
[INFO] [stdout] 
[INFO] [stdout] error: expected expression, found reserved keyword `box`
[INFO] [stdout]     --> /opt/rustwide/cargo-home/registry/src/index.crates.io-1949cf8c6b5b557f/peg-0.2.1/src/grammar.rs:1757:87
[INFO] [stdout]      |
[INFO] [stdout] 1757 | ...                   NegAssertExpr(box() expression)
[INFO] [stdout]      |                                     ^^^ expected expression
[INFO] [stdout] 
[INFO] [stdout] 
[INFO] [stdout] error: expected expression, found reserved keyword `box`
[INFO] [stdout]     --> /opt/rustwide/cargo-home/registry/src/index.crates.io-1949cf8c6b5b557f/peg-0.2.1/src/grammar.rs:1799:70
[INFO] [stdout]      |
[INFO] [stdout] 1799 | ...                   OptionalExpr(box() expression)
[INFO] [stdout]      |                                    ^^^ expected expression
[INFO] [stdout] 
[INFO] [stdout] 
[INFO] [stdout] error: expected expression, found reserved keyword `box`
[INFO] [stdout]     --> /opt/rustwide/cargo-home/registry/src/index.crates.io-1949cf8c6b5b557f/peg-0.2.1/src/grammar.rs:1838:84
[INFO] [stdout]      |
[INFO] [stdout] 1838 | ...                   Repeat(box() expression,
[INFO] [stdout]      |                              ^^^ expected expression
[INFO] [stdout] 
[INFO] [stdout] 
[INFO] [stdout] error: expected expression, found reserved keyword `box`
[INFO] [stdout]     --> /opt/rustwide/cargo-home/registry/src/index.crates.io-1949cf8c6b5b557f/peg-0.2.1/src/grammar.rs:1889:92
[INFO] [stdout]      |
[INFO] [stdout] 1889 | ...                   Repeat(box() expression,
[INFO] [stdout]      |                              ^^^ expected expression
[INFO] [stdout] 
[INFO] [stdout] 
[INFO] [stdout] error: expected expression, found reserved keyword `box`
[INFO] [stdout]     --> /opt/rustwide/cargo-home/registry/src/index.crates.io-1949cf8c6b5b557f/peg-0.2.1/src/grammar.rs:1934:88
[INFO] [stdout]      |
[INFO] [stdout] 1934 | ...                   Repeat(box() expression,
[INFO] [stdout]      |                              ^^^ expected expression
[INFO] [stdout] 
[INFO] [stdout] 
[INFO] [stdout] error: expected expression, found reserved keyword `box`
[INFO] [stdout]     --> /opt/rustwide/cargo-home/registry/src/index.crates.io-1949cf8c6b5b557f/peg-0.2.1/src/grammar.rs:1980:96
[INFO] [stdout]      |
[INFO] [stdout] 1980 | ...                   Repeat(box() expression,
[INFO] [stdout]      |                              ^^^ expected expression
[INFO] [stdout] 
[INFO] [stdout] 
[INFO] [stdout] error: expected expression, found reserved keyword `box`
[INFO] [stdout]     --> /opt/rustwide/cargo-home/registry/src/index.crates.io-1949cf8c6b5b557f/peg-0.2.1/src/grammar.rs:2050:128
[INFO] [stdout]      |
[INFO] [stdout] 2050 | ...                   Repeat(box() expression,
[INFO] [stdout]      |                              ^^^ expected expression
[INFO] [stdout] 
[INFO] [stdout] 
[INFO] [stdout] error: expected expression, found reserved keyword `box`
[INFO] [stdout]     --> /opt/rustwide/cargo-home/registry/src/index.crates.io-1949cf8c6b5b557f/peg-0.2.1/src/grammar.rs:2173:160
[INFO] [stdout]      |
[INFO] [stdout] 2173 | ...                   Repeat(box() expression,
[INFO] [stdout]      |                              ^^^ expected expression
[INFO] [stdout] 
[INFO] [stdout] 
[INFO] [stdout] error: expected expression, found reserved keyword `box`
[INFO] [stdout]     --> /opt/rustwide/cargo-home/registry/src/index.crates.io-1949cf8c6b5b557f/peg-0.2.1/src/grammar.rs:2301:156
[INFO] [stdout]      |
[INFO] [stdout] 2301 | ...                   Repeat(box() expression,
[INFO] [stdout]      |                              ^^^ expected expression
[INFO] [stdout] 
[INFO] [stdout] 
[INFO] [stdout] error[E0462]: found staticlib `rustc` instead of rlib or dylib
[INFO] [stdout]  --> /opt/rustwide/cargo-home/registry/src/index.crates.io-1949cf8c6b5b557f/peg-0.2.1/src/peg_syntax_ext.rs:3:1
[INFO] [stdout]   |
[INFO] [stdout] 3 | extern crate rustc;
[INFO] [stdout]   | ^^^^^^^^^^^^^^^^^^^
[INFO] [stdout]   |
[INFO] [stdout]   = note: the following crate versions were found:
[INFO] [stdout]           crate `rustc`: /opt/rustwide/rustup-home/toolchains/a7c37f9f0ee5e93396106e9de20f4a86b4154e63/lib/rustlib/x86_64-unknown-linux-gnu/lib/librustc-nightly_rt.asan.a
[INFO] [stdout]           crate `rustc`: /opt/rustwide/rustup-home/toolchains/a7c37f9f0ee5e93396106e9de20f4a86b4154e63/lib/rustlib/x86_64-unknown-linux-gnu/lib/librustc-nightly_rt.dfsan.a
[INFO] [stdout]           crate `rustc`: /opt/rustwide/rustup-home/toolchains/a7c37f9f0ee5e93396106e9de20f4a86b4154e63/lib/rustlib/x86_64-unknown-linux-gnu/lib/librustc-nightly_rt.lsan.a
[INFO] [stdout]           crate `rustc`: /opt/rustwide/rustup-home/toolchains/a7c37f9f0ee5e93396106e9de20f4a86b4154e63/lib/rustlib/x86_64-unknown-linux-gnu/lib/librustc-nightly_rt.msan.a
[INFO] [stdout]           crate `rustc`: /opt/rustwide/rustup-home/toolchains/a7c37f9f0ee5e93396106e9de20f4a86b4154e63/lib/rustlib/x86_64-unknown-linux-gnu/lib/librustc-nightly_rt.rtsan.a
[INFO] [stdout]           crate `rustc`: /opt/rustwide/rustup-home/toolchains/a7c37f9f0ee5e93396106e9de20f4a86b4154e63/lib/rustlib/x86_64-unknown-linux-gnu/lib/librustc-nightly_rt.safestack.a
[INFO] [stdout]           crate `rustc`: /opt/rustwide/rustup-home/toolchains/a7c37f9f0ee5e93396106e9de20f4a86b4154e63/lib/rustlib/x86_64-unknown-linux-gnu/lib/librustc-nightly_rt.tsan.a
[INFO] [stdout]           crate `rustc`: /opt/rustwide/rustup-home/toolchains/a7c37f9f0ee5e93396106e9de20f4a86b4154e63/lib/rustlib/x86_64-unknown-linux-gnu/lib/librustc-nightly_rt.ubsan.a
[INFO] [stdout]           crate `rustc`: /opt/rustwide/rustup-home/toolchains/a7c37f9f0ee5e93396106e9de20f4a86b4154e63/lib/rustlib/x86_64-unknown-linux-gnu/lib/librustc-nightly_rt.ubsan_minimal.a
[INFO] [stdout]   = help: please recompile that crate using --crate-type lib
[INFO] [stdout] 
[INFO] [stdout] 
[INFO] [stdout] error[E0463]: can't find crate for `syntax`
[INFO] [stdout]  --> /opt/rustwide/cargo-home/registry/src/index.crates.io-1949cf8c6b5b557f/peg-0.2.1/src/peg_syntax_ext.rs:4:1
[INFO] [stdout]   |
[INFO] [stdout] 4 | extern crate syntax;
[INFO] [stdout]   | ^^^^^^^^^^^^^^^^^^^^ can't find crate
[INFO] [stdout] 
[INFO] [stdout] 
[INFO] [stdout] error[E0463]: can't find crate for `syntax`
[INFO] [stdout]  --> /opt/rustwide/cargo-home/registry/src/index.crates.io-1949cf8c6b5b557f/peg-0.2.1/src/rustast.rs:1:1
[INFO] [stdout]   |
[INFO] [stdout] 1 | extern crate syntax;
[INFO] [stdout]   | ^^^^^^^^^^^^^^^^^^^^ can't find crate
[INFO] [stdout] 
[INFO] [stdout] 
[INFO] [stdout] error[E0432]: unresolved import `std::path::AsPath`
[INFO] [stdout]   --> /opt/rustwide/cargo-home/registry/src/index.crates.io-1949cf8c6b5b557f/gcc-0.3.2/src/lib.rs:52:26
[INFO] [stdout]    |
[INFO] [stdout] 52 | use std::path::{PathBuf, AsPath};
[INFO] [stdout]    |                          ^^^^^^ no `AsPath` in `path`
[INFO] [stdout]    |
[INFO] [stdout] help: a similar name exists in the module
[INFO] [stdout]    |
[INFO] [stdout] 52 - use std::path::{PathBuf, AsPath};
[INFO] [stdout] 52 + use std::path::{PathBuf, Path};
[INFO] [stdout]    |
[INFO] [stdout] 
[INFO] [stdout] 
[INFO] [stdout] error[E0635]: unknown feature `std_misc`
[INFO] [stdout]   --> /opt/rustwide/cargo-home/registry/src/index.crates.io-1949cf8c6b5b557f/gcc-0.3.2/src/lib.rs:46:12
[INFO] [stdout]    |
[INFO] [stdout] 46 | #![feature(std_misc)]
[INFO] [stdout]    |            ^^^^^^^^
[INFO] [stdout] 
[INFO] [stdout] 
[INFO] [stdout] error[E0432]: unresolved import `std::num::from_str_radix`
[INFO] [stdout]  --> /opt/rustwide/cargo-home/registry/src/index.crates.io-1949cf8c6b5b557f/peg-0.2.1/src/grammar.rs:4:5
[INFO] [stdout]   |
[INFO] [stdout] 4 | use std::num::from_str_radix;
[INFO] [stdout]   |     ^^^^^^^^^^--------------
[INFO] [stdout]   |               |
[INFO] [stdout]   |               no `from_str_radix` in `num`
[INFO] [stdout] 
[INFO] [stdout] 
[INFO] [stdout] Some errors have detailed explanations: E0432, E0635.
[INFO] [stdout] 
[INFO] [stdout] For more information about an error, try `rustc --explain E0432`.
[INFO] [stdout] 
[INFO] [stdout] error: cannot find macro `quote_item` in this scope
[INFO] [stdout]   --> /opt/rustwide/cargo-home/registry/src/index.crates.io-1949cf8c6b5b557f/peg-0.2.1/src/translate.rs:85:13
[INFO] [stdout]    |
[INFO] [stdout] 85 |     items.push(quote_item!(ctxt,
[INFO] [stdout]    |                ^^^^^^^^^^
[INFO] [stdout] 
[INFO] [stdout] 
[INFO] [stdout] error: cannot find macro `quote_item` in this scope
[INFO] [stdout]   --> /opt/rustwide/cargo-home/registry/src/index.crates.io-1949cf8c6b5b557f/peg-0.2.1/src/translate.rs:92:13
[INFO] [stdout]    |
[INFO] [stdout] 92 |     items.push(quote_item!(ctxt,
[INFO] [stdout]    |                ^^^^^^^^^^
[INFO] [stdout] 
[INFO] [stdout] 
[INFO] [stdout] error: cannot find macro `quote_item` in this scope
[INFO] [stdout]   --> /opt/rustwide/cargo-home/registry/src/index.crates.io-1949cf8c6b5b557f/peg-0.2.1/src/translate.rs:99:13
[INFO] [stdout]    |
[INFO] [stdout] 99 |     items.push(quote_item!(ctxt,
[INFO] [stdout]    |                ^^^^^^^^^^
[INFO] [stdout] 
[INFO] [stdout] 
[INFO] [stdout] error: cannot find macro `quote_item` in this scope
[INFO] [stdout]    --> /opt/rustwide/cargo-home/registry/src/index.crates.io-1949cf8c6b5b557f/peg-0.2.1/src/translate.rs:109:13
[INFO] [stdout]     |
[INFO] [stdout] 109 |     items.push(quote_item!(ctxt,
[INFO] [stdout]     |                ^^^^^^^^^^
[INFO] [stdout] 
[INFO] [stdout] 
[INFO] [stdout] error: cannot find macro `quote_item` in this scope
[INFO] [stdout]    --> /opt/rustwide/cargo-home/registry/src/index.crates.io-1949cf8c6b5b557f/peg-0.2.1/src/translate.rs:113:13
[INFO] [stdout]     |
[INFO] [stdout] 113 |     items.push(quote_item!(ctxt,
[INFO] [stdout]     |                ^^^^^^^^^^
[INFO] [stdout] 
[INFO] [stdout] 
[INFO] [stdout] error: cannot find macro `quote_item` in this scope
[INFO] [stdout]    --> /opt/rustwide/cargo-home/registry/src/index.crates.io-1949cf8c6b5b557f/peg-0.2.1/src/translate.rs:133:13
[INFO] [stdout]     |
[INFO] [stdout] 133 |     items.push(quote_item!(ctxt,
[INFO] [stdout]     |                ^^^^^^^^^^
[INFO] [stdout] 
[INFO] [stdout] 
[INFO] [stdout] error: cannot find macro `quote_item` in this scope
[INFO] [stdout]    --> /opt/rustwide/cargo-home/registry/src/index.crates.io-1949cf8c6b5b557f/peg-0.2.1/src/translate.rs:141:13
[INFO] [stdout]     |
[INFO] [stdout] 141 |     items.push(quote_item!(ctxt,
[INFO] [stdout]     |                ^^^^^^^^^^
[INFO] [stdout] 
[INFO] [stdout] 
[INFO] [stdout] error: cannot find macro `quote_item` in this scope
[INFO] [stdout]    --> /opt/rustwide/cargo-home/registry/src/index.crates.io-1949cf8c6b5b557f/peg-0.2.1/src/translate.rs:161:13
[INFO] [stdout]     |
[INFO] [stdout] 161 |     items.push(quote_item!(ctxt,
[INFO] [stdout]     |                ^^^^^^^^^^
[INFO] [stdout] 
[INFO] [stdout] 
[INFO] [stdout] error: cannot find macro `quote_item` in this scope
[INFO] [stdout]    --> /opt/rustwide/cargo-home/registry/src/index.crates.io-1949cf8c6b5b557f/peg-0.2.1/src/translate.rs:175:13
[INFO] [stdout]     |
[INFO] [stdout] 175 |     items.push(quote_item!(ctxt,
[INFO] [stdout]     |                ^^^^^^^^^^
[INFO] [stdout] 
[INFO] [stdout] 
[INFO] [stdout] error: cannot find macro `quote_item` in this scope
[INFO] [stdout]    --> /opt/rustwide/cargo-home/registry/src/index.crates.io-1949cf8c6b5b557f/peg-0.2.1/src/translate.rs:198:13
[INFO] [stdout]     |
[INFO] [stdout] 198 |     items.push(quote_item!(ctxt,
[INFO] [stdout]     |                ^^^^^^^^^^
[INFO] [stdout] 
[INFO] [stdout] 
[INFO] [stdout] error: cannot find macro `quote_item` in this scope
[INFO] [stdout]    --> /opt/rustwide/cargo-home/registry/src/index.crates.io-1949cf8c6b5b557f/peg-0.2.1/src/translate.rs:212:13
[INFO] [stdout]     |
[INFO] [stdout] 212 |     items.push(quote_item!(ctxt,
[INFO] [stdout]     |                ^^^^^^^^^^
[INFO] [stdout] 
[INFO] [stdout] 
[INFO] [stdout] error: cannot find macro `quote_item` in this scope
[INFO] [stdout]    --> /opt/rustwide/cargo-home/registry/src/index.crates.io-1949cf8c6b5b557f/peg-0.2.1/src/translate.rs:236:3
[INFO] [stdout]     |
[INFO] [stdout] 236 |     (quote_item!(ctxt,
[INFO] [stdout]     |      ^^^^^^^^^^
[INFO] [stdout] 
[INFO] [stdout] 
[INFO] [stdout] error: cannot find macro `quote_item` in this scope
[INFO] [stdout]    --> /opt/rustwide/cargo-home/registry/src/index.crates.io-1949cf8c6b5b557f/peg-0.2.1/src/translate.rs:247:3
[INFO] [stdout]     |
[INFO] [stdout] 247 |     (quote_item!(ctxt,
[INFO] [stdout]     |      ^^^^^^^^^^
[INFO] [stdout] 
[INFO] [stdout] 
[INFO] [stdout] error: cannot find macro `quote_expr` in this scope
[INFO] [stdout]    --> /opt/rustwide/cargo-home/registry/src/index.crates.io-1949cf8c6b5b557f/peg-0.2.1/src/translate.rs:277:2
[INFO] [stdout]     |
[INFO] [stdout] 277 |     quote_expr!(ctxt, {
[INFO] [stdout]     |     ^^^^^^^^^^
[INFO] [stdout] 
[INFO] [stdout] 
[INFO] [stderr] error: could not compile `gcc` (lib) due to 2 previous errors
[INFO] [stdout] error: cannot find macro `quote_expr` in this scope
[INFO] [stdout]    --> /opt/rustwide/cargo-home/registry/src/index.crates.io-1949cf8c6b5b557f/peg-0.2.1/src/translate.rs:313:4
[INFO] [stdout]     |
[INFO] [stdout] 313 |             quote_expr!(ctxt, any_char(input, state, pos))
[INFO] [stdout]     |             ^^^^^^^^^^
[INFO] [stdout] 
[INFO] [stdout] 
[INFO] [stdout] error: cannot find macro `quote_expr` in this scope
[INFO] [stdout]    --> /opt/rustwide/cargo-home/registry/src/index.crates.io-1949cf8c6b5b557f/peg-0.2.1/src/translate.rs:319:5
[INFO] [stdout]     |
[INFO] [stdout] 319 |                 quote_expr!(ctxt, slice_eq_case_insensitive(input, state, pos, $sl))
[INFO] [stdout]     |                 ^^^^^^^^^^
[INFO] [stdout] 
[INFO] [stdout] 
[INFO] [stdout] error: cannot find macro `quote_expr` in this scope
[INFO] [stdout]    --> /opt/rustwide/cargo-home/registry/src/index.crates.io-1949cf8c6b5b557f/peg-0.2.1/src/translate.rs:322:5
[INFO] [stdout]     |
[INFO] [stdout] 322 |                 quote_expr!(ctxt, slice_eq(input, state, pos, $sl))
[INFO] [stdout]     |                 ^^^^^^^^^^
[INFO] [stdout] 
[INFO] [stdout] 
[INFO] [stdout] error: cannot find macro `quote_expr` in this scope
[INFO] [stdout]    --> /opt/rustwide/cargo-home/registry/src/index.crates.io-1949cf8c6b5b557f/peg-0.2.1/src/translate.rs:331:5
[INFO] [stdout]     |
[INFO] [stdout] 331 |                 quote_expr!(ctxt, Matched(next, ())),
[INFO] [stdout]     |                 ^^^^^^^^^^
[INFO] [stdout] 
[INFO] [stdout] 
[INFO] [stdout] error: cannot find macro `quote_expr` in this scope
[INFO] [stdout]    --> /opt/rustwide/cargo-home/registry/src/index.crates.io-1949cf8c6b5b557f/peg-0.2.1/src/translate.rs:332:5
[INFO] [stdout]     |
[INFO] [stdout] 332 |                 quote_expr!(ctxt, state.mark_failure(pos, $expected_str)),
[INFO] [stdout]     |                 ^^^^^^^^^^
[INFO] [stdout] 
[INFO] [stdout] 
[INFO] [stdout] error: cannot find macro `quote_expr` in this scope
[INFO] [stdout]    --> /opt/rustwide/cargo-home/registry/src/index.crates.io-1949cf8c6b5b557f/peg-0.2.1/src/translate.rs:335:38
[INFO] [stdout]     |
[INFO] [stdout] 335 |             let m = ctxt.expr_match(DUMMY_SP, quote_expr!(ctxt, ch), vec!(
[INFO] [stdout]     |                                               ^^^^^^^^^^
[INFO] [stdout] 
[INFO] [stdout] 
[INFO] [stdout] error: cannot find macro `quote_expr` in this scope
[INFO] [stdout]    --> /opt/rustwide/cargo-home/registry/src/index.crates.io-1949cf8c6b5b557f/peg-0.2.1/src/translate.rs:349:4
[INFO] [stdout]     |
[INFO] [stdout] 349 |             quote_expr!(ctxt, if input.len() > pos {
[INFO] [stdout]     |             ^^^^^^^^^^
[INFO] [stdout] 
[INFO] [stdout] 
[INFO] [stdout] error: cannot find macro `quote_expr` in this scope
[INFO] [stdout]    --> /opt/rustwide/cargo-home/registry/src/index.crates.io-1949cf8c6b5b557f/peg-0.2.1/src/translate.rs:359:4
[INFO] [stdout]     |
[INFO] [stdout] 359 |             quote_expr!(ctxt, $func(input, state, pos))
[INFO] [stdout]     |             ^^^^^^^^^^
[INFO] [stdout] 
[INFO] [stdout] 
[INFO] [stdout] error: cannot find macro `quote_expr` in this scope
[INFO] [stdout]    --> /opt/rustwide/cargo-home/registry/src/index.crates.io-1949cf8c6b5b557f/peg-0.2.1/src/translate.rs:374:5
[INFO] [stdout]     |
[INFO] [stdout] 374 |                 quote_expr!(ctxt, Matched(pos, ()))
[INFO] [stdout]     |                 ^^^^^^^^^^
[INFO] [stdout] 
[INFO] [stdout] 
[INFO] [stdout] error: cannot find macro `quote_expr` in this scope
[INFO] [stdout]    --> /opt/rustwide/cargo-home/registry/src/index.crates.io-1949cf8c6b5b557f/peg-0.2.1/src/translate.rs:386:6
[INFO] [stdout]     |
[INFO] [stdout] 386 |                     quote_expr!(ctxt, {
[INFO] [stdout]     |                     ^^^^^^^^^^
[INFO] [stdout] 
[INFO] [stdout] 
[INFO] [stdout] error: cannot find macro `quote_expr` in this scope
[INFO] [stdout]    --> /opt/rustwide/cargo-home/registry/src/index.crates.io-1949cf8c6b5b557f/peg-0.2.1/src/translate.rs:399:5
[INFO] [stdout]     |
[INFO] [stdout] 399 |                 quote_expr!(ctxt, Matched(pos, ()))
[INFO] [stdout]     |                 ^^^^^^^^^^
[INFO] [stdout] 
[INFO] [stdout] 
[INFO] [stdout] error: cannot find macro `quote_expr` in this scope
[INFO] [stdout]    --> /opt/rustwide/cargo-home/registry/src/index.crates.io-1949cf8c6b5b557f/peg-0.2.1/src/translate.rs:405:4
[INFO] [stdout]     |
[INFO] [stdout] 405 |             quote_expr!(ctxt, match $optional_res {
[INFO] [stdout]     |             ^^^^^^^^^^
[INFO] [stdout] 
[INFO] [stdout] 
[INFO] [stdout] error: cannot find macro `quote_tokens` in this scope
[INFO] [stdout]    --> /opt/rustwide/cargo-home/registry/src/index.crates.io-1949cf8c6b5b557f/peg-0.2.1/src/translate.rs:417:6
[INFO] [stdout]     |
[INFO] [stdout] 417 |                     quote_tokens!(ctxt,
[INFO] [stdout]     |                     ^^^^^^^^^^^^
[INFO] [stdout] 
[INFO] [stdout] 
[INFO] [stdout] error: cannot find macro `quote_expr` in this scope
[INFO] [stdout]    --> /opt/rustwide/cargo-home/registry/src/index.crates.io-1949cf8c6b5b557f/peg-0.2.1/src/translate.rs:431:5
[INFO] [stdout]     |
[INFO] [stdout] 431 |                 quote_expr!(ctxt, repeat_value)
[INFO] [stdout]     |                 ^^^^^^^^^^
[INFO] [stdout] 
[INFO] [stdout] 
[INFO] [stdout] error: cannot find macro `quote_expr` in this scope
[INFO] [stdout]    --> /opt/rustwide/cargo-home/registry/src/index.crates.io-1949cf8c6b5b557f/peg-0.2.1/src/translate.rs:433:5
[INFO] [stdout]     |
[INFO] [stdout] 433 |                 quote_expr!(ctxt, ())
[INFO] [stdout]     |                 ^^^^^^^^^^
[INFO] [stdout] 
[INFO] [stdout] 
[INFO] [stdout] error: cannot find macro `quote_tokens` in this scope
[INFO] [stdout]    --> /opt/rustwide/cargo-home/registry/src/index.crates.io-1949cf8c6b5b557f/peg-0.2.1/src/translate.rs:438:6
[INFO] [stdout]     |
[INFO] [stdout] 438 |                 (quote_tokens!(ctxt, let mut repeat_value = vec!();),
[INFO] [stdout]     |                  ^^^^^^^^^^^^
[INFO] [stdout] 
[INFO] [stdout] 
[INFO] [stdout] error: cannot find macro `quote_tokens` in this scope
[INFO] [stdout]    --> /opt/rustwide/cargo-home/registry/src/index.crates.io-1949cf8c6b5b557f/peg-0.2.1/src/translate.rs:439:6
[INFO] [stdout]     |
[INFO] [stdout] 439 |                  quote_tokens!(ctxt, repeat_value.push(value);))
[INFO] [stdout]     |                  ^^^^^^^^^^^^
[INFO] [stdout] 
[INFO] [stdout] 
[INFO] [stdout] error: cannot find macro `quote_tokens` in this scope
[INFO] [stdout]    --> /opt/rustwide/cargo-home/registry/src/index.crates.io-1949cf8c6b5b557f/peg-0.2.1/src/translate.rs:446:18
[INFO] [stdout]     |
[INFO] [stdout] 446 |                 Some(max) => quote_tokens!(ctxt,
[INFO] [stdout]     |                              ^^^^^^^^^^^^
[INFO] [stdout] 
[INFO] [stdout] 
[INFO] [stdout] error: cannot find macro `quote_expr` in this scope
[INFO] [stdout]    --> /opt/rustwide/cargo-home/registry/src/index.crates.io-1949cf8c6b5b557f/peg-0.2.1/src/translate.rs:452:5
[INFO] [stdout]     |
[INFO] [stdout] 452 |                 quote_expr!(ctxt,
[INFO] [stdout]     |                 ^^^^^^^^^^
[INFO] [stdout] 
[INFO] [stdout] 
[INFO] [stdout] error: cannot find macro `quote_expr` in this scope
[INFO] [stdout]    --> /opt/rustwide/cargo-home/registry/src/index.crates.io-1949cf8c6b5b557f/peg-0.2.1/src/translate.rs:460:5
[INFO] [stdout]     |
[INFO] [stdout] 460 |                 quote_expr!(ctxt, Matched(repeat_pos, $result))
[INFO] [stdout]     |                 ^^^^^^^^^^
[INFO] [stdout] 
[INFO] [stdout] 
[INFO] [stdout] error: cannot find macro `quote_expr` in this scope
[INFO] [stdout]    --> /opt/rustwide/cargo-home/registry/src/index.crates.io-1949cf8c6b5b557f/peg-0.2.1/src/translate.rs:463:4
[INFO] [stdout]     |
[INFO] [stdout] 463 |             quote_expr!(ctxt, {
[INFO] [stdout]     |             ^^^^^^^^^^
[INFO] [stdout] 
[INFO] [stdout] 
[INFO] [stdout] error: cannot find macro `quote_expr` in this scope
[INFO] [stdout]    --> /opt/rustwide/cargo-home/registry/src/index.crates.io-1949cf8c6b5b557f/peg-0.2.1/src/translate.rs:491:4
[INFO] [stdout]     |
[INFO] [stdout] 491 |             quote_expr!(ctxt, {
[INFO] [stdout]     |             ^^^^^^^^^^
[INFO] [stdout] 
[INFO] [stdout] 
[INFO] [stdout] error: cannot find macro `quote_expr` in this scope
[INFO] [stdout]    --> /opt/rustwide/cargo-home/registry/src/index.crates.io-1949cf8c6b5b557f/peg-0.2.1/src/translate.rs:502:4
[INFO] [stdout]     |
[INFO] [stdout] 502 |             quote_expr!(ctxt, {
[INFO] [stdout]     |             ^^^^^^^^^^
[INFO] [stdout] 
[INFO] [stdout] 
[INFO] [stdout] error: cannot find macro `quote_expr` in this scope
[INFO] [stdout]    --> /opt/rustwide/cargo-home/registry/src/index.crates.io-1949cf8c6b5b557f/peg-0.2.1/src/translate.rs:522:7
[INFO] [stdout]     |
[INFO] [stdout] 522 |                         quote_expr!(ctxt, {
[INFO] [stdout]     |                         ^^^^^^^^^^
[INFO] [stdout] 
[INFO] [stdout] 
[INFO] [stdout] error: cannot find macro `quote_expr` in this scope
[INFO] [stdout]    --> /opt/rustwide/cargo-home/registry/src/index.crates.io-1949cf8c6b5b557f/peg-0.2.1/src/translate.rs:532:4
[INFO] [stdout]     |
[INFO] [stdout] 532 |             quote_expr!(ctxt, {
[INFO] [stdout]     |             ^^^^^^^^^^
[INFO] [stdout] 
[INFO] [stdout] 
[INFO] [stdout] error: cannot find attribute `plugin_registrar` in this scope
[INFO] [stdout]   --> /opt/rustwide/cargo-home/registry/src/index.crates.io-1949cf8c6b5b557f/peg-0.2.1/src/peg_syntax_ext.rs:24:3
[INFO] [stdout]    |
[INFO] [stdout] 24 | #[plugin_registrar]
[INFO] [stdout]    |   ^^^^^^^^^^^^^^^^
[INFO] [stdout]    |
[INFO] [stdout]    = note: `plugin_registrar` is in scope, but it is a function, not an attribute
[INFO] [stdout] 
[INFO] [stdout] 
[INFO] [stdout] error[E0422]: cannot find struct, variant or union type `CharRange` in module `::std::str`
[INFO] [stdout]     --> /opt/rustwide/cargo-home/registry/src/index.crates.io-1949cf8c6b5b557f/peg-0.2.1/src/grammar.rs:2661:25
[INFO] [stdout]      |
[INFO] [stdout] 2661 |         let ::std::str::CharRange { ch, next } = input.char_range_at(pos);
[INFO] [stdout]      |                         ^^^^^^^^^ not found in `::std::str`
[INFO] [stdout] 
[INFO] [stdout] 
[INFO] [stdout] error[E0422]: cannot find struct, variant or union type `CharRange` in module `::std::str`
[INFO] [stdout]     --> /opt/rustwide/cargo-home/registry/src/index.crates.io-1949cf8c6b5b557f/peg-0.2.1/src/grammar.rs:2875:61
[INFO] [stdout]      |
[INFO] [stdout] 2875 | ...                   let ::std::str::CharRange {
[INFO] [stdout]      |                                       ^^^^^^^^^ not found in `::std::str`
[INFO] [stdout] 
[INFO] [stdout] 
[INFO] [stdout] error[E0422]: cannot find struct, variant or union type `CharRange` in module `::std::str`
[INFO] [stdout]     --> /opt/rustwide/cargo-home/registry/src/index.crates.io-1949cf8c6b5b557f/peg-0.2.1/src/grammar.rs:4367:25
[INFO] [stdout]      |
[INFO] [stdout] 4367 |         let ::std::str::CharRange { ch, next } = input.char_range_at(pos);
[INFO] [stdout]      |                         ^^^^^^^^^ not found in `::std::str`
[INFO] [stdout] 
[INFO] [stdout] 
[INFO] [stdout] error[E0422]: cannot find struct, variant or union type `CharRange` in module `::std::str`
[INFO] [stdout]     --> /opt/rustwide/cargo-home/registry/src/index.crates.io-1949cf8c6b5b557f/peg-0.2.1/src/grammar.rs:4377:25
[INFO] [stdout]      |
[INFO] [stdout] 4377 |         let ::std::str::CharRange { ch, next } = input.char_range_at(pos);
[INFO] [stdout]      |                         ^^^^^^^^^ not found in `::std::str`
[INFO] [stdout] 
[INFO] [stdout] 
[INFO] [stdout] error[E0422]: cannot find struct, variant or union type `CharRange` in module `::std::str`
[INFO] [stdout]     --> /opt/rustwide/cargo-home/registry/src/index.crates.io-1949cf8c6b5b557f/peg-0.2.1/src/grammar.rs:4397:25
[INFO] [stdout]      |
[INFO] [stdout] 4397 |         let ::std::str::CharRange { ch, next } = input.char_range_at(pos);
[INFO] [stdout]      |                         ^^^^^^^^^ not found in `::std::str`
[INFO] [stdout] 
[INFO] [stdout] 
[INFO] [stdout] error[E0422]: cannot find struct, variant or union type `CharRange` in module `::std::str`
[INFO] [stdout]     --> /opt/rustwide/cargo-home/registry/src/index.crates.io-1949cf8c6b5b557f/peg-0.2.1/src/grammar.rs:4407:25
[INFO] [stdout]      |
[INFO] [stdout] 4407 |         let ::std::str::CharRange { ch, next } = input.char_range_at(pos);
[INFO] [stdout]      |                         ^^^^^^^^^ not found in `::std::str`
[INFO] [stdout] 
[INFO] [stdout] 
[INFO] [stdout] error[E0422]: cannot find struct, variant or union type `CharRange` in module `::std::str`
[INFO] [stdout]     --> /opt/rustwide/cargo-home/registry/src/index.crates.io-1949cf8c6b5b557f/peg-0.2.1/src/grammar.rs:4579:25
[INFO] [stdout]      |
[INFO] [stdout] 4579 |         let ::std::str::CharRange { ch, next } = input.char_range_at(pos);
[INFO] [stdout]      |                         ^^^^^^^^^ not found in `::std::str`
[INFO] [stdout] 
[INFO] [stdout] 
[INFO] [stdout] error[E0422]: cannot find struct, variant or union type `CharRange` in module `::std::str`
[INFO] [stdout]     --> /opt/rustwide/cargo-home/registry/src/index.crates.io-1949cf8c6b5b557f/peg-0.2.1/src/grammar.rs:4589:25
[INFO] [stdout]      |
[INFO] [stdout] 4589 |         let ::std::str::CharRange { ch, next } = input.char_range_at(pos);
[INFO] [stdout]      |                         ^^^^^^^^^ not found in `::std::str`
[INFO] [stdout] 
[INFO] [stdout] 
[INFO] [stdout] error[E0635]: unknown feature `str_char`
[INFO] [stdout]  --> /opt/rustwide/cargo-home/registry/src/index.crates.io-1949cf8c6b5b557f/peg-0.2.1/src/peg_syntax_ext.rs:1:97
[INFO] [stdout]   |
[INFO] [stdout] 1 | #![feature(plugin_registrar, quote, box_syntax, core, collections, rustc_private, box_patterns, str_char)]
[INFO] [stdout]   |                                                                                                 ^^^^^^^^
[INFO] [stdout] 
[INFO] [stdout] 
[INFO] [stdout] error[E0635]: unknown feature `collections`
[INFO] [stdout]  --> /opt/rustwide/cargo-home/registry/src/index.crates.io-1949cf8c6b5b557f/peg-0.2.1/src/peg_syntax_ext.rs:1:55
[INFO] [stdout]   |
[INFO] [stdout] 1 | #![feature(plugin_registrar, quote, box_syntax, core, collections, rustc_private, box_patterns, str_char)]
[INFO] [stdout]   |                                                       ^^^^^^^^^^^
[INFO] [stdout] 
[INFO] [stdout] 
[INFO] [stdout] Some errors have detailed explanations: E0422, E0432, E0462, E0463, E0557, E0635.
[INFO] [stdout] 
[INFO] [stdout] For more information about an error, try `rustc --explain E0422`.
[INFO] [stdout] 
[INFO] [stderr] error: could not compile `peg` (lib) due to 78 previous errors
[INFO] running `Command { std: "docker" "inspect" "56c9aac169c7443ba6199f7ceca0a122f50cb1fa635475efb901d304c5ee7e29", kill_on_drop: false }`
[INFO] running `Command { std: "docker" "rm" "-f" "56c9aac169c7443ba6199f7ceca0a122f50cb1fa635475efb901d304c5ee7e29", kill_on_drop: false }`
[INFO] [stdout] 56c9aac169c7443ba6199f7ceca0a122f50cb1fa635475efb901d304c5ee7e29
