[INFO] cloning repository https://github.com/chakrit/rosie
[INFO] running `Command { std: "git" "-c" "credential.helper=" "-c" "credential.helper=/workspace/cargo-home/bin/git-credential-null" "clone" "--bare" "https://github.com/chakrit/rosie" "/workspace/cache/git-repos/https%3A%2F%2Fgithub.com%2Fchakrit%2Frosie", kill_on_drop: false }`
[INFO] [stderr] Cloning into bare repository '/workspace/cache/git-repos/https%3A%2F%2Fgithub.com%2Fchakrit%2Frosie'...
[INFO] running `Command { std: "git" "rev-parse" "HEAD", kill_on_drop: false }`
[INFO] [stdout] 13a29b54db22f5ca2be6e5f2a345d55f569ad174
[INFO] checking chakrit/rosie/13a29b54db22f5ca2be6e5f2a345d55f569ad174 against a7c37f9f0ee5e93396106e9de20f4a86b4154e63 for pr-129249-4
[INFO] running `Command { std: "git" "clone" "/workspace/cache/git-repos/https%3A%2F%2Fgithub.com%2Fchakrit%2Frosie" "/workspace/builds/worker-6-tc1/source", kill_on_drop: false }`
[INFO] [stderr] Cloning into '/workspace/builds/worker-6-tc1/source'...
[INFO] [stderr] done.
[INFO] removed /workspace/builds/worker-6-tc1/source/rust-toolchain.toml
[INFO] started tweaking git repo https://github.com/chakrit/rosie
[INFO] finished tweaking git repo https://github.com/chakrit/rosie
[INFO] tweaked toml for git repo https://github.com/chakrit/rosie written to /workspace/builds/worker-6-tc1/source/Cargo.toml
[INFO] validating manifest of git repo https://github.com/chakrit/rosie on toolchain a7c37f9f0ee5e93396106e9de20f4a86b4154e63
[INFO] running `Command { std: CARGO_HOME="/workspace/cargo-home" RUSTUP_HOME="/workspace/rustup-home" "/workspace/cargo-home/bin/cargo" "+a7c37f9f0ee5e93396106e9de20f4a86b4154e63" "metadata" "--manifest-path" "Cargo.toml" "--no-deps", kill_on_drop: false }`
[INFO] crate git repo https://github.com/chakrit/rosie already has a lockfile, it will not be regenerated
[INFO] running `Command { std: CARGO_HOME="/workspace/cargo-home" RUSTUP_HOME="/workspace/rustup-home" "/workspace/cargo-home/bin/cargo" "+a7c37f9f0ee5e93396106e9de20f4a86b4154e63" "fetch" "--manifest-path" "Cargo.toml", kill_on_drop: false }`
[INFO] [stderr]     Updating crates.io index
[INFO] [stderr]  Downloading crates ...
[INFO] [stderr]   Downloaded der v0.8.2
[INFO] [stderr]   Downloaded ureq-proto v0.6.5
[INFO] [stderr]   Downloaded mlua-sys v0.13.0
[INFO] [stderr]   Downloaded inquire v0.9.4
[INFO] [stderr]   Downloaded mlua v0.12.2
[INFO] [stderr]   Downloaded lua-src v551.0.2
[INFO] [stderr]   Downloaded luajit-src v210.7.4+c6ffc14
[INFO] running `Command { std: "docker" "create" "-v" "/var/lib/crater-agent-workspace/builds/worker-6-tc1/source:/opt/rustwide/workdir:ro,Z" "-v" "/var/lib/crater-agent-workspace/builds/worker-6-tc1/target:/opt/rustwide/target:rw,Z" "-v" "/var/lib/crater-agent-workspace/cargo-home:/opt/rustwide/cargo-home:ro,Z" "-v" "/var/lib/crater-agent-workspace/rustup-home:/opt/rustwide/rustup-home:ro,Z" "-m" "1610612736" "--network" "none" "ghcr.io/rust-lang/crates-build-env/linux@sha256:c0af3998e971868164375a7dfb646c9933ddd1a3bdb00fa2041266763dc1eeab" "sleep" "infinity", kill_on_drop: false }`
[INFO] [stdout] 65756b5aa79fee3791bc344e3443fb67acb532cb5a80a394bcbf468f23d4d042
[INFO] running `Command { std: "docker" "start" "65756b5aa79fee3791bc344e3443fb67acb532cb5a80a394bcbf468f23d4d042", kill_on_drop: false }`
[INFO] running `Command { std: "docker" "inspect" "65756b5aa79fee3791bc344e3443fb67acb532cb5a80a394bcbf468f23d4d042", kill_on_drop: false }`
[INFO] running `Command { std: "docker" "exec" "-e" "SOURCE_DIR=/opt/rustwide/workdir" "-e" "CARGO_HOME=/opt/rustwide/cargo-home" "-e" "RUSTUP_HOME=/opt/rustwide/rustup-home" "-e" "CARGO_TARGET_DIR=/opt/rustwide/target" "-w" "/opt/rustwide/workdir" "--user" "0:0" "65756b5aa79fee3791bc344e3443fb67acb532cb5a80a394bcbf468f23d4d042" "/opt/rustwide/cargo-home/bin/cargo" "+a7c37f9f0ee5e93396106e9de20f4a86b4154e63" "metadata" "--no-deps" "--format-version=1", kill_on_drop: false }`
[INFO] running `Command { std: "docker" "inspect" "65756b5aa79fee3791bc344e3443fb67acb532cb5a80a394bcbf468f23d4d042", kill_on_drop: false }`
[INFO] running `Command { std: "docker" "exec" "-e" "SOURCE_DIR=/opt/rustwide/workdir" "-e" "CARGO_HOME=/opt/rustwide/cargo-home" "-e" "RUSTUP_HOME=/opt/rustwide/rustup-home" "-e" "CARGO_TARGET_DIR=/opt/rustwide/target" "-e" "CARGO_INCREMENTAL=0" "-e" "RUST_BACKTRACE=full" "-e" "RUSTFLAGS=--cap-lints=forbid" "-e" "RUSTDOCFLAGS=--cap-lints=forbid" "-w" "/opt/rustwide/workdir" "--user" "0:0" "65756b5aa79fee3791bc344e3443fb67acb532cb5a80a394bcbf468f23d4d042" "/opt/rustwide/cargo-home/bin/cargo" "+a7c37f9f0ee5e93396106e9de20f4a86b4154e63" "check" "--frozen" "--all" "--all-targets" "--message-format=json", kill_on_drop: false }`
[INFO] [stderr]    Compiling libc v0.2.191
[INFO] [stderr]    Compiling unicode-ident v1.0.27
[INFO] [stderr]    Compiling find-msvc-tools v0.1.14
[INFO] [stderr]     Checking cfg-if v1.0.5
[INFO] [stderr]     Checking smallvec v1.16.3
[INFO] [stderr]    Compiling rustix v1.1.5
[INFO] [stderr]     Checking zeroize v1.9.1
[INFO] [stderr]     Checking lock_api v0.4.14
[INFO] [stderr]    Compiling portable-atomic v1.15.0
[INFO] [stderr]    Compiling native-tls v0.2.18
[INFO] [stderr]     Checking base64ct v1.8.3
[INFO] [stderr]     Checking winnow v1.0.4
[INFO] [stderr]    Compiling litrs v1.0.1
[INFO] [stderr]     Checking http v1.5.0
[INFO] [stderr]     Checking httparse v1.10.1
[INFO] [stderr]    Compiling crc32fast v1.5.2
[INFO] [stderr]     Checking toml_datetime v1.1.2+spec-1.1.0
[INFO] [stderr]     Checking serde_spanned v1.1.2
[INFO] [stderr]    Compiling proc-macro2 v1.0.107
[INFO] [stderr]     Checking base64 v0.23.1
[INFO] [stderr]     Checking rustls-pki-types v1.15.1
[INFO] [stderr]     Checking equivalent v1.0.3
[INFO] [stderr]    Compiling cc v1.8.0
[INFO] [stderr]     Checking either v1.19.0
[INFO] [stderr]     Checking clap_lex v1.1.1
[INFO] [stderr]     Checking toml_writer v1.1.3+spec-1.1.0
[INFO] [stderr]    Compiling serde_json v1.0.154
[INFO] [stderr]     Checking clap_builder v4.6.7
[INFO] [stderr]     Checking pem-rfc7468 v1.0.0
[INFO] [stderr]     Checking indexmap v2.14.2
[INFO] [stderr]    Compiling quote v1.0.47
[INFO] [stderr]     Checking webpki-root-certs v1.0.9
[INFO] [stderr]     Checking bstr v1.13.1
[INFO] [stderr]     Checking der v0.8.2
[INFO] [stderr]    Compiling document-features v0.2.12
[INFO] [stderr]     Checking unit-prefix v0.5.2
[INFO] [stderr]     Checking rustc-hash v2.1.3
[INFO] [stderr]    Compiling syn v2.0.119
[INFO] [stderr]    Compiling syn v3.0.9
[INFO] [stderr]     Checking utf8-zero v0.8.1
[INFO] [stderr]     Checking rayon v1.12.0
[INFO] [stderr]     Checking ureq-proto v0.6.5
[INFO] [stderr]     Checking flate2 v1.1.10
[INFO] [stderr]    Compiling lua-src v551.0.2
[INFO] [stderr]    Compiling which v8.0.6
[INFO] [stderr]     Checking toml_parser v1.1.5+spec-1.1.0
[INFO] [stderr]    Compiling openssl-sys v0.9.117
[INFO] [stderr]    Compiling luajit-src v210.7.4+c6ffc14
[INFO] [stderr]     Checking toml_edit v0.25.17+spec-1.1.0
[INFO] [stderr]     Checking toml v1.1.8+spec-1.1.0
[INFO] [stderr]     Checking errno v0.3.14
[INFO] [stderr]     Checking parking_lot_core v0.9.12
[INFO] [stderr]     Checking mio v1.2.4
[INFO] [stderr]     Checking filetime v0.2.29
[INFO] [stderr]     Checking console v0.16.6
[INFO] [stderr]     Checking getrandom v0.4.3
[INFO] [stderr]     Checking signal-hook-registry v1.4.8
[INFO] [stderr]     Checking parking_lot v0.12.5
[INFO] [stderr]     Checking tar v0.4.46
[INFO] [stderr]    Compiling mlua-sys v0.13.0
[INFO] [stderr]     Checking signal-hook v0.3.18
[INFO] [stderr]     Checking indicatif v0.18.6
[INFO] [stderr]    Compiling openssl v0.10.81
[INFO] [stderr]     Checking signal-hook-mio v0.2.5
[INFO] [stderr]     Checking tempfile v3.27.0
[INFO] [stderr]    Compiling derive_more-impl v2.1.1
[INFO] [stderr]    Compiling openssl-macros v0.1.1
[INFO] [stderr]    Compiling thiserror-impl v2.0.21
[INFO] [stderr]    Compiling clap_derive v4.6.7
[INFO] [stderr]    Compiling serde_derive v1.0.229
[INFO] [stderr]     Checking derive_more v2.1.1
[INFO] [stderr]     Checking crossterm v0.29.0
[INFO] [stderr]     Checking thiserror v2.0.21
[INFO] [stderr]     Checking inquire v0.9.4
[INFO] [stderr]     Checking clap v4.6.7
[INFO] [stderr]     Checking ureq v3.4.2
[INFO] [stderr]     Checking serde v1.0.229
[INFO] [stderr]     Checking mlua v0.12.2
[INFO] [stderr]     Checking rosie v0.1.0 (/opt/rustwide/workdir)
[INFO] [stdout] error[E0433]: cannot find `macos` in `os`
[INFO] [stdout]  --> src/fs/real.rs:5:14
[INFO] [stdout]   |
[INFO] [stdout] 5 | use std::os::macos::fs::MetadataExt as _;
[INFO] [stdout]   |              ^^^^^ could not find `macos` in `os`
[INFO] [stdout]   |
[INFO] [stdout] note: found an item that was configured out
[INFO] [stdout]  --> /rustc/a7c37f9f0ee5e93396106e9de20f4a86b4154e63/library/std/src/os/mod.rs:118:6
[INFO] [stdout]   |
[INFO] [stdout]   = note: the item is gated behind the `macos` feature
[INFO] [stdout] 
[INFO] [stdout] 
[INFO] [stdout] error[E0433]: cannot find `macos` in `os`
[INFO] [stdout]  --> src/fs/real.rs:5:14
[INFO] [stdout]   |
[INFO] [stdout] 5 | use std::os::macos::fs::MetadataExt as _;
[INFO] [stdout]   |              ^^^^^ could not find `macos` in `os`
[INFO] [stdout]   |
[INFO] [stdout] note: found an item that was configured out
[INFO] [stdout]  --> /rustc/a7c37f9f0ee5e93396106e9de20f4a86b4154e63/library/std/src/os/mod.rs:118:6
[INFO] [stdout]   |
[INFO] [stdout]   = note: the item is gated behind the `macos` feature
[INFO] [stdout] 
[INFO] [stdout] 
[INFO] [stdout] warning: use of deprecated method `std::sync::atomic::Atomic::<u64>::fetch_update`: renamed to `try_update` for consistency
[INFO] [stdout]   --> src/cli/progress.rs:67:18
[INFO] [stdout]    |
[INFO] [stdout] 67 |                 .fetch_update(Ordering::Relaxed, Ordering::Relaxed, saturating);
[INFO] [stdout]    |                  ^^^^^^^^^^^^
[INFO] [stdout]    |
[INFO] [stdout]    = note: `#[warn(deprecated)]` on by default
[INFO] [stdout] help: replace the use of the deprecated method
[INFO] [stdout]    |
[INFO] [stdout] 67 -                 .fetch_update(Ordering::Relaxed, Ordering::Relaxed, saturating);
[INFO] [stdout] 67 +                 .try_update(Ordering::Relaxed, Ordering::Relaxed, saturating);
[INFO] [stdout]    |
[INFO] [stdout] 
[INFO] [stdout] 
[INFO] [stdout] error[E0599]: no method named `st_flags` found for struct `std::fs::Metadata` in the current scope
[INFO] [stdout]   --> src/fs/real.rs:46:25
[INFO] [stdout]    |
[INFO] [stdout] 46 |             flags: meta.st_flags(),
[INFO] [stdout]    |                         ^^^^^^^^ method not found in `std::fs::Metadata`
[INFO] [stdout] 
[INFO] [stdout] 
[INFO] [stdout] warning: use of deprecated method `std::sync::atomic::Atomic::<u64>::fetch_update`: renamed to `try_update` for consistency
[INFO] [stdout]   --> src/cli/progress.rs:67:18
[INFO] [stdout]    |
[INFO] [stdout] 67 |                 .fetch_update(Ordering::Relaxed, Ordering::Relaxed, saturating);
[INFO] [stdout]    |                  ^^^^^^^^^^^^
[INFO] [stdout]    |
[INFO] [stdout]    = note: `#[warn(deprecated)]` on by default
[INFO] [stdout] help: replace the use of the deprecated method
[INFO] [stdout]    |
[INFO] [stdout] 67 -                 .fetch_update(Ordering::Relaxed, Ordering::Relaxed, saturating);
[INFO] [stdout] 67 +                 .try_update(Ordering::Relaxed, Ordering::Relaxed, saturating);
[INFO] [stdout]    |
[INFO] [stdout] 
[INFO] [stdout] 
[INFO] [stdout] error[E0599]: no method named `st_flags` found for struct `std::fs::Metadata` in the current scope
[INFO] [stdout]   --> src/fs/real.rs:46:25
[INFO] [stdout]    |
[INFO] [stdout] 46 |             flags: meta.st_flags(),
[INFO] [stdout]    |                         ^^^^^^^^ method not found in `std::fs::Metadata`
[INFO] [stdout] 
[INFO] [stdout] 
[INFO] [stdout] warning: use of deprecated method `std::sync::atomic::Atomic::<u64>::fetch_update`: renamed to `try_update` for consistency
[INFO] [stdout]   --> src/scan/sizing.rs:66:14
[INFO] [stdout]    |
[INFO] [stdout] 66 |             .fetch_update(Ordering::Relaxed, Ordering::Relaxed, saturating);
[INFO] [stdout]    |              ^^^^^^^^^^^^
[INFO] [stdout]    |
[INFO] [stdout] help: replace the use of the deprecated method
[INFO] [stdout]    |
[INFO] [stdout] 66 -             .fetch_update(Ordering::Relaxed, Ordering::Relaxed, saturating);
[INFO] [stdout] 66 +             .try_update(Ordering::Relaxed, Ordering::Relaxed, saturating);
[INFO] [stdout]    |
[INFO] [stdout] 
[INFO] [stdout] 
[INFO] [stdout] warning: use of deprecated method `std::sync::atomic::Atomic::<u64>::fetch_update`: renamed to `try_update` for consistency
[INFO] [stdout]   --> src/scan/sizing.rs:66:14
[INFO] [stdout]    |
[INFO] [stdout] 66 |             .fetch_update(Ordering::Relaxed, Ordering::Relaxed, saturating);
[INFO] [stdout]    |              ^^^^^^^^^^^^
[INFO] [stdout]    |
[INFO] [stdout] help: replace the use of the deprecated method
[INFO] [stdout]    |
[INFO] [stdout] 66 -             .fetch_update(Ordering::Relaxed, Ordering::Relaxed, saturating);
[INFO] [stdout] 66 +             .try_update(Ordering::Relaxed, Ordering::Relaxed, saturating);
[INFO] [stdout]    |
[INFO] [stdout] 
[INFO] [stdout] 
[INFO] [stdout] Some errors have detailed explanations: E0433, E0599.
[INFO] [stdout] 
[INFO] [stdout] For more information about an error, try `rustc --explain E0433`.
[INFO] [stdout] 
[INFO] [stderr] error: could not compile `rosie` (lib) due to 2 previous errors; 2 warnings emitted
[INFO] [stderr] warning: build failed, waiting for other jobs to finish...
[INFO] [stdout] Some errors have detailed explanations: E0433, E0599.
[INFO] [stdout] 
[INFO] [stdout] For more information about an error, try `rustc --explain E0433`.
[INFO] [stdout] 
[INFO] [stderr] error: could not compile `rosie` (lib test) due to 2 previous errors; 2 warnings emitted
[INFO] running `Command { std: "docker" "inspect" "65756b5aa79fee3791bc344e3443fb67acb532cb5a80a394bcbf468f23d4d042", kill_on_drop: false }`
[INFO] running `Command { std: "docker" "rm" "-f" "65756b5aa79fee3791bc344e3443fb67acb532cb5a80a394bcbf468f23d4d042", kill_on_drop: false }`
[INFO] [stdout] 65756b5aa79fee3791bc344e3443fb67acb532cb5a80a394bcbf468f23d4d042
