[INFO] cloning repository https://github.com/censiir/moonlight-web-stream-webtransport
[INFO] running `Command { std: "git" "-c" "credential.helper=" "-c" "credential.helper=/workspace/cargo-home/bin/git-credential-null" "clone" "--bare" "https://github.com/censiir/moonlight-web-stream-webtransport" "/workspace/cache/git-repos/https%3A%2F%2Fgithub.com%2Fcensiir%2Fmoonlight-web-stream-webtransport", kill_on_drop: false }`
[INFO] [stderr] Cloning into bare repository '/workspace/cache/git-repos/https%3A%2F%2Fgithub.com%2Fcensiir%2Fmoonlight-web-stream-webtransport'...
[INFO] running `Command { std: "git" "rev-parse" "HEAD", kill_on_drop: false }`
[INFO] [stdout] 1b7f525fad19a854b466efb1b76b51600b4bcec8
[INFO] checking censiir/moonlight-web-stream-webtransport against 52995a223f2919dd3e2e427231db90a257350ded for pr-129249-4
[INFO] running `Command { std: "git" "clone" "/workspace/cache/git-repos/https%3A%2F%2Fgithub.com%2Fcensiir%2Fmoonlight-web-stream-webtransport" "/workspace/builds/worker-2-tc2/source", kill_on_drop: false }`
[INFO] [stderr] Cloning into '/workspace/builds/worker-2-tc2/source'...
[INFO] [stderr] done.
[INFO] removed /workspace/builds/worker-2-tc2/source/rust-toolchain.toml
[INFO] started tweaking git repo https://github.com/censiir/moonlight-web-stream-webtransport
[INFO] finished tweaking git repo https://github.com/censiir/moonlight-web-stream-webtransport
[INFO] tweaked toml for git repo https://github.com/censiir/moonlight-web-stream-webtransport written to /workspace/builds/worker-2-tc2/source/Cargo.toml
[INFO] validating manifest of git repo https://github.com/censiir/moonlight-web-stream-webtransport on toolchain 52995a223f2919dd3e2e427231db90a257350ded
[INFO] running `Command { std: CARGO_HOME="/workspace/cargo-home" RUSTUP_HOME="/workspace/rustup-home" "/workspace/cargo-home/bin/cargo" "+52995a223f2919dd3e2e427231db90a257350ded" "metadata" "--manifest-path" "Cargo.toml" "--no-deps", kill_on_drop: false }`
[INFO] crate git repo https://github.com/censiir/moonlight-web-stream-webtransport already has a lockfile, it will not be regenerated
[INFO] running `Command { std: CARGO_HOME="/workspace/cargo-home" RUSTUP_HOME="/workspace/rustup-home" "/workspace/cargo-home/bin/cargo" "+52995a223f2919dd3e2e427231db90a257350ded" "fetch" "--manifest-path" "Cargo.toml", kill_on_drop: false }`
[INFO] [stderr]     Blocking waiting for file lock on package cache
[INFO] [stderr]     Updating git repository `https://github.com/MrCreativ3001/moonlight-common-rust.git`
[INFO] [stderr]     Updating git submodule `https://github.com/moonlight-stream/moonlight-common-c`
[INFO] [stderr]     Updating git submodule `https://github.com/cgutman/enet.git`
[INFO] [stderr]     Updating git submodule `https://github.com/simd-everywhere/simde-no-tests.git`
[INFO] [stderr]     Updating crates.io index
[INFO] [stderr]     Blocking waiting for file lock on package cache
[ERROR] error running command: no output for 300 seconds
[INFO] checking censiir/moonlight-web-stream-webtransport against 52995a223f2919dd3e2e427231db90a257350ded for pr-129249-4
[INFO] running `Command { std: "git" "clone" "/workspace/cache/git-repos/https%3A%2F%2Fgithub.com%2Fcensiir%2Fmoonlight-web-stream-webtransport" "/workspace/builds/worker-2-tc2/source", kill_on_drop: false }`
[INFO] [stderr] Cloning into '/workspace/builds/worker-2-tc2/source'...
[INFO] [stderr] done.
[INFO] removed /workspace/builds/worker-2-tc2/source/rust-toolchain.toml
[INFO] started tweaking git repo https://github.com/censiir/moonlight-web-stream-webtransport
[INFO] finished tweaking git repo https://github.com/censiir/moonlight-web-stream-webtransport
[INFO] tweaked toml for git repo https://github.com/censiir/moonlight-web-stream-webtransport written to /workspace/builds/worker-2-tc2/source/Cargo.toml
[INFO] validating manifest of git repo https://github.com/censiir/moonlight-web-stream-webtransport on toolchain 52995a223f2919dd3e2e427231db90a257350ded
[INFO] running `Command { std: CARGO_HOME="/workspace/cargo-home" RUSTUP_HOME="/workspace/rustup-home" "/workspace/cargo-home/bin/cargo" "+52995a223f2919dd3e2e427231db90a257350ded" "metadata" "--manifest-path" "Cargo.toml" "--no-deps", kill_on_drop: false }`
[INFO] crate git repo https://github.com/censiir/moonlight-web-stream-webtransport already has a lockfile, it will not be regenerated
[INFO] running `Command { std: CARGO_HOME="/workspace/cargo-home" RUSTUP_HOME="/workspace/rustup-home" "/workspace/cargo-home/bin/cargo" "+52995a223f2919dd3e2e427231db90a257350ded" "fetch" "--manifest-path" "Cargo.toml", kill_on_drop: false }`
[INFO] [stderr]     Blocking waiting for file lock on package cache
[INFO] [stderr]     Blocking waiting for file lock on package cache
[INFO] [stderr]  Downloading crates ...
[INFO] [stderr]   Downloaded wtransport-proto v0.7.1
[INFO] [stderr]   Downloaded httlib-huffman v0.3.4
[INFO] [stderr]   Downloaded octets v0.3.5
[INFO] [stderr]   Downloaded crypto-common v0.2.1
[INFO] [stderr]   Downloaded wtransport v0.7.1
[INFO] [stderr]   Downloaded tracing-actix-web v0.7.21
[INFO] [stderr]   Downloaded thread-id v5.1.0
[INFO] [stderr]   Downloaded venator v1.1.0
[INFO] [stderr]   Downloaded hybrid-array v0.4.11
[INFO] [stderr]   Downloaded sdp-types v0.1.8
[INFO] [stderr]   Downloaded ts-rs-macros v11.1.0
[INFO] [stderr]   Downloaded printf-compat v0.3.1
[INFO] [stderr]   Downloaded fec-rs v0.1.0
[INFO] [stderr]   Downloaded actix-tls v3.5.0
[INFO] [stderr]   Downloaded ts-rs v11.1.0
[INFO] [stderr]   Downloaded actix-http v3.12.0
[INFO] [stderr]   Downloaded rusty_enet v0.4.0
[INFO] [stderr]   Downloaded actix-ws v0.3.1
[INFO] [stderr]   Downloaded rkyv_derive v0.8.15
[INFO] [stderr]   Downloaded webrtc-util v0.17.1
[INFO] [stderr]   Downloaded webrtc-data v0.17.1
[INFO] [stderr]   Downloaded webrtc-srtp v0.17.1
[INFO] [stderr]   Downloaded webrtc-mdns v0.17.1
[INFO] [stderr]   Downloaded webrtc-media v0.17.1
[INFO] [stderr]   Downloaded bytecheck v0.8.2
[INFO] [stderr]   Downloaded rtp v0.17.1
[INFO] [stderr]   Downloaded bytecheck_derive v0.8.2
[INFO] [stderr]   Downloaded turn v0.17.1
[INFO] [stderr]   Downloaded sdp v0.17.1
[INFO] [stderr]   Downloaded actix-web v4.13.0
[INFO] [stderr]   Downloaded rtcp v0.17.1
[INFO] [stderr]   Downloaded dtls v0.17.1
[INFO] [stderr]   Downloaded webrtc-ice v0.17.1
[INFO] [stderr]   Downloaded rkyv v0.8.15
[INFO] [stderr]   Downloaded stun v0.17.1
[INFO] [stderr]   Downloaded webrtc v0.17.1
[INFO] [stderr]   Downloaded interceptor v0.17.1
[INFO] [stderr]   Downloaded webrtc-sctp v0.17.1
[INFO] [stderr]   Downloaded openssl-src v300.5.3+3.5.4
[INFO] running `Command { std: "docker" "create" "-v" "/var/lib/crater-agent-workspace/builds/worker-2-tc2/source:/opt/rustwide/workdir:ro,Z" "-v" "/var/lib/crater-agent-workspace/builds/worker-2-tc2/target:/opt/rustwide/target:rw,Z" "-v" "/var/lib/crater-agent-workspace/cargo-home:/opt/rustwide/cargo-home:ro,Z" "-v" "/var/lib/crater-agent-workspace/rustup-home:/opt/rustwide/rustup-home:ro,Z" "-m" "1610612736" "--network" "none" "ghcr.io/rust-lang/crates-build-env/linux@sha256:77db811e55d90add9212f6832c23229e3de5f1c1f9905e8cb07319ea15df73ac" "sleep" "infinity", kill_on_drop: false }`
[INFO] [stdout] b00f30a57c7644c8b800619e7525e6e3283ac590980de6cec1b4e5996e8552c8
[INFO] running `Command { std: "docker" "start" "b00f30a57c7644c8b800619e7525e6e3283ac590980de6cec1b4e5996e8552c8", kill_on_drop: false }`
[INFO] running `Command { std: "docker" "inspect" "b00f30a57c7644c8b800619e7525e6e3283ac590980de6cec1b4e5996e8552c8", kill_on_drop: false }`
[INFO] running `Command { std: "docker" "exec" "-e" "SOURCE_DIR=/opt/rustwide/workdir" "-e" "CARGO_HOME=/opt/rustwide/cargo-home" "-e" "RUSTUP_HOME=/opt/rustwide/rustup-home" "-e" "CARGO_TARGET_DIR=/opt/rustwide/target" "-w" "/opt/rustwide/workdir" "--user" "0:0" "b00f30a57c7644c8b800619e7525e6e3283ac590980de6cec1b4e5996e8552c8" "/opt/rustwide/cargo-home/bin/cargo" "+52995a223f2919dd3e2e427231db90a257350ded" "metadata" "--no-deps" "--format-version=1", kill_on_drop: false }`
[INFO] running `Command { std: "docker" "inspect" "b00f30a57c7644c8b800619e7525e6e3283ac590980de6cec1b4e5996e8552c8", kill_on_drop: false }`
[INFO] running `Command { std: "docker" "exec" "-e" "SOURCE_DIR=/opt/rustwide/workdir" "-e" "CARGO_HOME=/opt/rustwide/cargo-home" "-e" "RUSTUP_HOME=/opt/rustwide/rustup-home" "-e" "CARGO_TARGET_DIR=/opt/rustwide/target" "-e" "CARGO_INCREMENTAL=0" "-e" "RUST_BACKTRACE=full" "-e" "RUSTFLAGS=--cap-lints=forbid" "-e" "RUSTDOCFLAGS=--cap-lints=forbid" "-w" "/opt/rustwide/workdir" "--user" "0:0" "b00f30a57c7644c8b800619e7525e6e3283ac590980de6cec1b4e5996e8552c8" "/opt/rustwide/cargo-home/bin/cargo" "+52995a223f2919dd3e2e427231db90a257350ded" "check" "--frozen" "--all" "--all-targets" "--message-format=json", kill_on_drop: false }`
[INFO] [stderr]    Compiling libc v0.2.182
[INFO] [stderr]    Compiling zerocopy v0.8.40
[INFO] [stderr]     Checking tracing-core v0.1.36
[INFO] [stderr]    Compiling num-conv v0.2.0
[INFO] [stderr]    Compiling syn v2.0.117
[INFO] [stderr]     Checking log v0.4.29
[INFO] [stderr]    Compiling time-core v0.1.8
[INFO] [stderr]     Checking deranged v0.5.8
[INFO] [stderr]     Checking futures-io v0.3.32
[INFO] [stderr]    Compiling icu_properties_data v2.1.2
[INFO] [stderr]    Compiling memoffset v0.7.1
[INFO] [stderr]    Compiling portable-atomic v1.13.1
[INFO] [stderr]     Checking nom v7.1.3
[INFO] [stderr]     Checking num-bigint v0.4.6
[INFO] [stderr]     Checking aho-corasick v1.1.4
[INFO] [stderr]    Compiling rustls v0.23.37
[INFO] [stderr]    Compiling time-macros v0.2.27
[INFO] [stderr]     Checking ipnet v2.12.0
[INFO] [stderr]     Checking pem-rfc7468 v0.7.0
[INFO] [stderr]    Compiling regex-syntax v0.8.10
[INFO] [stderr]     Checking serde_json v1.0.149
[INFO] [stderr]     Checking pem v3.0.6
[INFO] [stderr]    Compiling bitflags v2.11.0
[INFO] [stderr]    Compiling serde_core v1.0.228
[INFO] [stderr]    Compiling zstd-safe v7.2.4
[INFO] [stderr]     Checking data-encoding v2.10.0
[INFO] [stderr]    Compiling serde v1.0.228
[INFO] [stderr]    Compiling tokio-openssl v0.6.5
[INFO] [stderr]     Checking actix-utils v3.0.1
[INFO] [stderr]     Checking itertools v0.14.0
[INFO] [stderr]     Checking actix-service v2.0.3
[INFO] [stderr]     Checking simd-adler32 v0.3.8
[INFO] [stderr]    Compiling fec-rs v0.1.0
[INFO] [stderr]    Compiling bytes v1.11.1
[INFO] [stderr]     Checking miniz_oxide v0.8.9
[INFO] [stderr]     Checking regex-automata v0.4.14
[INFO] [stderr]     Checking time v0.3.47
[INFO] [stderr]     Checking num-rational v0.4.2
[INFO] [stderr]    Compiling tracing v0.1.44
[INFO] [stderr]     Checking crc v3.4.0
[INFO] [stderr]     Checking rayon v1.12.0
[INFO] [stderr]    Compiling jobserver v0.1.34
[INFO] [stderr]    Compiling clang-sys v1.8.1
[INFO] [stderr]     Checking printf-compat v0.3.1
[INFO] [stderr]     Checking num-iter v0.1.45
[INFO] [stderr]    Compiling cc v1.2.56
[INFO] [stdout] error[E0599]: no method named `arg` found for mutable reference `&mut std::ffi::VaList<'_>` in the current scope
[INFO] [stdout]   --> /opt/rustwide/cargo-home/registry/src/index.crates.io-1949cf8c6b5b557f/printf-compat-0.3.1/src/parser.rs:32:31
[INFO] [stdout]    |
[INFO] [stdout] 32 |         return (unsafe { args.arg() }, next_char(sub));
[INFO] [stdout]    |                               ^^^ method not found in `&mut std::ffi::VaList<'_>`
[INFO] [stdout] 
[INFO] [stdout] 
[INFO] [stdout] error[E0599]: no method named `arg` found for mutable reference `&mut std::ffi::VaList<'_>` in the current scope
[INFO] [stdout]   --> /opt/rustwide/cargo-home/registry/src/index.crates.io-1949cf8c6b5b557f/printf-compat-0.3.1/src/parser.rs:76:57
[INFO] [stdout]    |
[INFO] [stdout] 76 |             Length::Int => SignedInt::Int(unsafe { args.arg() }),
[INFO] [stdout]    |                                                         ^^^ method not found in `&mut std::ffi::VaList<'_>`
[INFO] [stdout] 
[INFO] [stdout] 
[INFO] [stdout] error[E0599]: no method named `arg` found for mutable reference `&mut std::ffi::VaList<'_>` in the current scope
[INFO] [stdout]   --> /opt/rustwide/cargo-home/registry/src/index.crates.io-1949cf8c6b5b557f/printf-compat-0.3.1/src/parser.rs:77:59
[INFO] [stdout]    |
[INFO] [stdout] 77 |             Length::Char => SignedInt::Char(unsafe { args.arg::<c_int>() } as c_schar),
[INFO] [stdout]    |                                                           ^^^ method not found in `&mut std::ffi::VaList<'_>`
[INFO] [stdout] 
[INFO] [stdout] 
[INFO] [stderr]     Checking getrandom v0.2.17
[INFO] [stdout] error[E0599]: no method named `arg` found for mutable reference `&mut std::ffi::VaList<'_>` in the current scope
[INFO] [stdout]   --> /opt/rustwide/cargo-home/registry/src/index.crates.io-1949cf8c6b5b557f/printf-compat-0.3.1/src/parser.rs:78:61
[INFO] [stdout]    |
[INFO] [stdout] 78 |             Length::Short => SignedInt::Short(unsafe { args.arg::<c_int>() } as c_short),
[INFO] [stdout]    |                                                             ^^^ method not found in `&mut std::ffi::VaList<'_>`
[INFO] [stdout] 
[INFO] [stdout] 
[INFO] [stdout] error[E0599]: no method named `arg` found for mutable reference `&mut std::ffi::VaList<'_>` in the current scope
[INFO] [stdout]   --> /opt/rustwide/cargo-home/registry/src/index.crates.io-1949cf8c6b5b557f/printf-compat-0.3.1/src/parser.rs:79:59
[INFO] [stdout]    |
[INFO] [stdout] 79 |             Length::Long => SignedInt::Long(unsafe { args.arg() }),
[INFO] [stdout]    |                                                           ^^^ method not found in `&mut std::ffi::VaList<'_>`
[INFO] [stdout] 
[INFO] [stdout] 
[INFO] [stdout] error[E0599]: no method named `arg` found for mutable reference `&mut std::ffi::VaList<'_>` in the current scope
[INFO] [stdout]   --> /opt/rustwide/cargo-home/registry/src/index.crates.io-1949cf8c6b5b557f/printf-compat-0.3.1/src/parser.rs:80:67
[INFO] [stdout]    |
[INFO] [stdout] 80 |             Length::LongLong => SignedInt::LongLong(unsafe { args.arg() }),
[INFO] [stdout]    |                                                                   ^^^ method not found in `&mut std::ffi::VaList<'_>`
[INFO] [stdout] 
[INFO] [stdout] 
[INFO] [stderr]     Checking parking_lot_core v0.9.12
[INFO] [stdout] error[E0599]: no method named `arg` found for mutable reference `&mut std::ffi::VaList<'_>` in the current scope
[INFO] [stdout]   --> /opt/rustwide/cargo-home/registry/src/index.crates.io-1949cf8c6b5b557f/printf-compat-0.3.1/src/parser.rs:82:77
[INFO] [stdout]    |
[INFO] [stdout] 82 |             Length::Usize | Length::Isize => SignedInt::Isize(unsafe { args.arg() }),
[INFO] [stdout]    |                                                                             ^^^ method not found in `&mut std::ffi::VaList<'_>`
[INFO] [stdout] 
[INFO] [stdout] 
[INFO] [stdout] error[E0599]: no method named `arg` found for mutable reference `&mut std::ffi::VaList<'_>` in the current scope
[INFO] [stdout]   --> /opt/rustwide/cargo-home/registry/src/index.crates.io-1949cf8c6b5b557f/printf-compat-0.3.1/src/parser.rs:87:59
[INFO] [stdout]    |
[INFO] [stdout] 87 |             Length::Int => UnsignedInt::Int(unsafe { args.arg() }),
[INFO] [stdout]    |                                                           ^^^ method not found in `&mut std::ffi::VaList<'_>`
[INFO] [stdout] 
[INFO] [stdout] 
[INFO] [stdout] error[E0599]: no method named `arg` found for mutable reference `&mut std::ffi::VaList<'_>` in the current scope
[INFO] [stdout]   --> /opt/rustwide/cargo-home/registry/src/index.crates.io-1949cf8c6b5b557f/printf-compat-0.3.1/src/parser.rs:88:61
[INFO] [stdout]    |
[INFO] [stdout] 88 |             Length::Char => UnsignedInt::Char(unsafe { args.arg::<c_uint>() } as c_uchar),
[INFO] [stdout]    |                                                             ^^^ method not found in `&mut std::ffi::VaList<'_>`
[INFO] [stdout] 
[INFO] [stdout] 
[INFO] [stdout] error[E0599]: no method named `arg` found for mutable reference `&mut std::ffi::VaList<'_>` in the current scope
[INFO] [stdout]   --> /opt/rustwide/cargo-home/registry/src/index.crates.io-1949cf8c6b5b557f/printf-compat-0.3.1/src/parser.rs:89:63
[INFO] [stdout]    |
[INFO] [stdout] 89 |             Length::Short => UnsignedInt::Short(unsafe { args.arg::<c_uint>() } as c_ushort),
[INFO] [stdout]    |                                                               ^^^ method not found in `&mut std::ffi::VaList<'_>`
[INFO] [stdout] 
[INFO] [stdout] 
[INFO] [stdout] error[E0599]: no method named `arg` found for mutable reference `&mut std::ffi::VaList<'_>` in the current scope
[INFO] [stdout]   --> /opt/rustwide/cargo-home/registry/src/index.crates.io-1949cf8c6b5b557f/printf-compat-0.3.1/src/parser.rs:90:61
[INFO] [stdout]    |
[INFO] [stdout] 90 |             Length::Long => UnsignedInt::Long(unsafe { args.arg() }),
[INFO] [stdout]    |                                                             ^^^ method not found in `&mut std::ffi::VaList<'_>`
[INFO] [stdout] 
[INFO] [stdout] 
[INFO] [stdout] error[E0599]: no method named `arg` found for mutable reference `&mut std::ffi::VaList<'_>` in the current scope
[INFO] [stdout]   --> /opt/rustwide/cargo-home/registry/src/index.crates.io-1949cf8c6b5b557f/printf-compat-0.3.1/src/parser.rs:91:69
[INFO] [stdout]    |
[INFO] [stdout] 91 |             Length::LongLong => UnsignedInt::LongLong(unsafe { args.arg() }),
[INFO] [stdout]    |                                                                     ^^^ method not found in `&mut std::ffi::VaList<'_>`
[INFO] [stdout] 
[INFO] [stdout] 
[INFO] [stdout] error[E0599]: no method named `arg` found for mutable reference `&mut std::ffi::VaList<'_>` in the current scope
[INFO] [stdout]   --> /opt/rustwide/cargo-home/registry/src/index.crates.io-1949cf8c6b5b557f/printf-compat-0.3.1/src/parser.rs:93:79
[INFO] [stdout]    |
[INFO] [stdout] 93 |             Length::Usize | Length::Isize => UnsignedInt::Isize(unsafe { args.arg() }),
[INFO] [stdout]    |                                                                               ^^^ method not found in `&mut std::ffi::VaList<'_>`
[INFO] [stdout] 
[INFO] [stdout] 
[INFO] [stderr]     Checking errno v0.3.14
[INFO] [stdout] error[E0599]: no method named `arg` found for struct `std::ffi::VaList<'a>` in the current scope
[INFO] [stdout]    --> /opt/rustwide/cargo-home/registry/src/index.crates.io-1949cf8c6b5b557f/printf-compat-0.3.1/src/parser.rs:175:42
[INFO] [stdout]     |
[INFO] [stdout] 175 |                     value: unsafe { args.arg() },
[INFO] [stdout]     |                                          ^^^ method not found in `std::ffi::VaList<'_>`
[INFO] [stdout] 
[INFO] [stdout] 
[INFO] [stdout] error[E0599]: no method named `arg` found for struct `std::ffi::VaList<'a>` in the current scope
[INFO] [stdout]    --> /opt/rustwide/cargo-home/registry/src/index.crates.io-1949cf8c6b5b557f/printf-compat-0.3.1/src/parser.rs:179:42
[INFO] [stdout]     |
[INFO] [stdout] 179 |                     value: unsafe { args.arg() },
[INFO] [stdout]     |                                          ^^^ method not found in `std::ffi::VaList<'_>`
[INFO] [stdout] 
[INFO] [stdout] 
[INFO] [stdout] error[E0599]: no method named `arg` found for struct `std::ffi::VaList<'a>` in the current scope
[INFO] [stdout]    --> /opt/rustwide/cargo-home/registry/src/index.crates.io-1949cf8c6b5b557f/printf-compat-0.3.1/src/parser.rs:183:42
[INFO] [stdout]     |
[INFO] [stdout] 183 |                     value: unsafe { args.arg() },
[INFO] [stdout]     |                                          ^^^ method not found in `std::ffi::VaList<'_>`
[INFO] [stdout] 
[INFO] [stdout] 
[INFO] [stdout] error[E0599]: no method named `arg` found for struct `std::ffi::VaList<'a>` in the current scope
[INFO] [stdout]    --> /opt/rustwide/cargo-home/registry/src/index.crates.io-1949cf8c6b5b557f/printf-compat-0.3.1/src/parser.rs:187:42
[INFO] [stdout]     |
[INFO] [stdout] 187 |                     value: unsafe { args.arg() },
[INFO] [stdout]     |                                          ^^^ method not found in `std::ffi::VaList<'_>`
[INFO] [stdout] 
[INFO] [stdout] 
[INFO] [stdout] error[E0599]: no method named `arg` found for struct `std::ffi::VaList<'a>` in the current scope
[INFO] [stdout]    --> /opt/rustwide/cargo-home/registry/src/index.crates.io-1949cf8c6b5b557f/printf-compat-0.3.1/src/parser.rs:191:58
[INFO] [stdout]     |
[INFO] [stdout] 191 |                     let arg: *mut c_char = unsafe { args.arg() };
[INFO] [stdout]     |                                                          ^^^ method not found in `std::ffi::VaList<'_>`
[INFO] [stdout] 
[INFO] [stdout] 
[INFO] [stdout] error[E0599]: no method named `arg` found for struct `std::ffi::VaList<'a>` in the current scope
[INFO] [stdout]    --> /opt/rustwide/cargo-home/registry/src/index.crates.io-1949cf8c6b5b557f/printf-compat-0.3.1/src/parser.rs:214:39
[INFO] [stdout]     |
[INFO] [stdout] 214 |                         unsafe { args.arg::<<c_char as CharToInt>::IntType>() } as c_char
[INFO] [stdout]     |                                       ^^^ method not found in `std::ffi::VaList<'_>`
[INFO] [stdout] 
[INFO] [stdout] 
[INFO] [stdout] error[E0599]: no method named `arg` found for struct `std::ffi::VaList<'a>` in the current scope
[INFO] [stdout]    --> /opt/rustwide/cargo-home/registry/src/index.crates.io-1949cf8c6b5b557f/printf-compat-0.3.1/src/parser.rs:217:58
[INFO] [stdout]     |
[INFO] [stdout] 217 |                 b'p' => Specifier::Pointer(unsafe { args.arg() }),
[INFO] [stdout]     |                                                          ^^^ method not found in `std::ffi::VaList<'_>`
[INFO] [stdout] 
[INFO] [stdout] 
[INFO] [stdout] error[E0599]: no method named `arg` found for struct `std::ffi::VaList<'a>` in the current scope
[INFO] [stdout]    --> /opt/rustwide/cargo-home/registry/src/index.crates.io-1949cf8c6b5b557f/printf-compat-0.3.1/src/parser.rs:218:77
[INFO] [stdout]     |
[INFO] [stdout] 218 |                 b'n' => Specifier::WriteBytesWritten(written, unsafe { args.arg() }),
[INFO] [stdout]     |                                                                             ^^^ method not found in `std::ffi::VaList<'_>`
[INFO] [stdout] 
[INFO] [stdout] 
[INFO] [stderr]     Checking rand_core v0.6.4
[INFO] [stderr]     Checking signal-hook-registry v1.4.8
[INFO] [stderr]     Checking parking_lot v0.12.5
[INFO] [stdout] For more information about this error, try `rustc --explain E0599`.
[INFO] [stdout] 
[INFO] [stderr] error: could not compile `printf-compat` (lib) due to 21 previous errors
[INFO] [stderr] warning: build failed, waiting for other jobs to finish...
[INFO] running `Command { std: "docker" "inspect" "b00f30a57c7644c8b800619e7525e6e3283ac590980de6cec1b4e5996e8552c8", kill_on_drop: false }`
[INFO] running `Command { std: "docker" "rm" "-f" "b00f30a57c7644c8b800619e7525e6e3283ac590980de6cec1b4e5996e8552c8", kill_on_drop: false }`
[INFO] [stdout] b00f30a57c7644c8b800619e7525e6e3283ac590980de6cec1b4e5996e8552c8
