[INFO] cloning repository https://github.com/binaryf0x/foxtime
[INFO] running `Command { std: "git" "-c" "credential.helper=" "-c" "credential.helper=/workspace/cargo-home/bin/git-credential-null" "clone" "--bare" "https://github.com/binaryf0x/foxtime" "/workspace/cache/git-repos/https%3A%2F%2Fgithub.com%2Fbinaryf0x%2Ffoxtime", kill_on_drop: false }`
[INFO] [stderr] Cloning into bare repository '/workspace/cache/git-repos/https%3A%2F%2Fgithub.com%2Fbinaryf0x%2Ffoxtime'...
[INFO] running `Command { std: "git" "rev-parse" "HEAD", kill_on_drop: false }`
[INFO] [stdout] ee6bf049c45a8d143e8d6476ab582828237c8bcd
[INFO] checking binaryf0x/foxtime against 52995a223f2919dd3e2e427231db90a257350ded for pr-129249-4
[INFO] running `Command { std: "git" "clone" "/workspace/cache/git-repos/https%3A%2F%2Fgithub.com%2Fbinaryf0x%2Ffoxtime" "/workspace/builds/worker-6-tc2/source", kill_on_drop: false }`
[INFO] [stderr] Cloning into '/workspace/builds/worker-6-tc2/source'...
[INFO] [stderr] done.
[INFO] started tweaking git repo https://github.com/binaryf0x/foxtime
[INFO] finished tweaking git repo https://github.com/binaryf0x/foxtime
[INFO] tweaked toml for git repo https://github.com/binaryf0x/foxtime written to /workspace/builds/worker-6-tc2/source/Cargo.toml
[INFO] validating manifest of git repo https://github.com/binaryf0x/foxtime on toolchain 52995a223f2919dd3e2e427231db90a257350ded
[INFO] running `Command { std: CARGO_HOME="/workspace/cargo-home" RUSTUP_HOME="/workspace/rustup-home" "/workspace/cargo-home/bin/cargo" "+52995a223f2919dd3e2e427231db90a257350ded" "metadata" "--manifest-path" "Cargo.toml" "--no-deps", kill_on_drop: false }`
[INFO] crate git repo https://github.com/binaryf0x/foxtime already has a lockfile, it will not be regenerated
[INFO] running `Command { std: CARGO_HOME="/workspace/cargo-home" RUSTUP_HOME="/workspace/rustup-home" "/workspace/cargo-home/bin/cargo" "+52995a223f2919dd3e2e427231db90a257350ded" "fetch" "--manifest-path" "Cargo.toml", kill_on_drop: false }`
[INFO] [stderr]     Blocking waiting for file lock on package cache
[INFO] [stderr]     Updating crates.io index
[INFO] [stderr]     Blocking waiting for file lock on package cache
[INFO] [stderr]  Downloading crates ...
[INFO] [stderr]   Downloaded wtransport v0.7.2
[INFO] [stderr]   Downloaded wtransport-proto v0.7.2
[INFO] [stderr]   Downloaded httlib-huffman v0.3.4
[INFO] [stderr]   Downloaded octets v0.3.7
[INFO] [stderr]   Downloaded ctutils v0.4.6
[INFO] [stderr]   Downloaded salvo v1.0.1
[INFO] [stderr]   Downloaded salvo_extra v1.0.1
[INFO] [stderr]   Downloaded ulid v3.0.0
[INFO] [stderr]   Downloaded salvo_core v1.0.1
[INFO] [stderr]   Downloaded salvo_macros v1.0.1
[INFO] [stderr]   Downloaded salvo-serde-util v1.0.1
[INFO] [stderr]   Downloaded h3 v0.0.8
[INFO] [stderr]   Downloaded h3-quinn v0.0.10
[INFO] [stderr]   Downloaded h3-datagram v0.0.2
[INFO] [stderr]   Downloaded salvo-http3 v0.7.0
[INFO] [stderr]   Downloaded mime-infer v4.0.1
[INFO] [stderr]   Downloaded multra v1.1.0
[INFO] [stderr]   Downloaded etag v4.0.0
[INFO] [stderr]   Downloaded rust-embed-impl v8.13.0
[INFO] [stderr]   Downloaded rust-embed-utils v8.13.0
[INFO] [stderr]   Downloaded salvo-serve-static v1.0.1
[INFO] [stderr]   Downloaded salvo-proxy v1.0.1
[INFO] [stderr]   Downloaded str-buf v3.0.3
[INFO] [stderr]   Downloaded rust-embed v8.13.0
[INFO] [stderr]   Downloaded salvo-acme v1.0.1
[INFO] [stderr]   Downloaded wnaf v0.14.1
[INFO] [stderr]   Downloaded opentelemetry-http v0.33.1
[INFO] [stderr]   Downloaded opentelemetry-semantic-conventions v0.33.1
[INFO] [stderr]   Downloaded opentelemetry v0.33.1
[INFO] [stderr]   Downloaded certon v0.3.0
[INFO] [stderr]   Downloaded p521 v0.14.0
[INFO] [stderr]   Downloaded salvo-otel v1.0.1
[INFO] [stderr]   Downloaded elliptic-curve v0.14.3
[INFO] [stderr]   Downloaded der v0.8.3
[INFO] [stderr]   Downloaded crypto-bigint v0.7.9
[INFO] [stderr]   Downloaded reqwest-websocket v0.6.0
[INFO] [stderr]   Downloaded privdrop v0.5.7
[INFO] running `Command { std: "docker" "create" "-v" "/var/lib/crater-agent-workspace/builds/worker-6-tc2/source:/opt/rustwide/workdir:ro,Z" "-v" "/var/lib/crater-agent-workspace/builds/worker-6-tc2/target:/opt/rustwide/target:rw,Z" "-v" "/var/lib/crater-agent-workspace/cargo-home:/opt/rustwide/cargo-home:ro,Z" "-v" "/var/lib/crater-agent-workspace/rustup-home:/opt/rustwide/rustup-home:ro,Z" "-m" "1610612736" "--network" "none" "ghcr.io/rust-lang/crates-build-env/linux@sha256:c0af3998e971868164375a7dfb646c9933ddd1a3bdb00fa2041266763dc1eeab" "sleep" "infinity", kill_on_drop: false }`
[INFO] [stdout] fa2e5a1b6c1ef69d9ec9fffcf2dbcf6fdbed913ce3059555c66a10a49b3b0796
[INFO] running `Command { std: "docker" "start" "fa2e5a1b6c1ef69d9ec9fffcf2dbcf6fdbed913ce3059555c66a10a49b3b0796", kill_on_drop: false }`
[INFO] running `Command { std: "docker" "inspect" "fa2e5a1b6c1ef69d9ec9fffcf2dbcf6fdbed913ce3059555c66a10a49b3b0796", kill_on_drop: false }`
[INFO] running `Command { std: "docker" "exec" "-e" "SOURCE_DIR=/opt/rustwide/workdir" "-e" "CARGO_HOME=/opt/rustwide/cargo-home" "-e" "RUSTUP_HOME=/opt/rustwide/rustup-home" "-e" "CARGO_TARGET_DIR=/opt/rustwide/target" "-w" "/opt/rustwide/workdir" "--user" "0:0" "fa2e5a1b6c1ef69d9ec9fffcf2dbcf6fdbed913ce3059555c66a10a49b3b0796" "/opt/rustwide/cargo-home/bin/cargo" "+52995a223f2919dd3e2e427231db90a257350ded" "metadata" "--no-deps" "--format-version=1", kill_on_drop: false }`
[INFO] running `Command { std: "docker" "inspect" "fa2e5a1b6c1ef69d9ec9fffcf2dbcf6fdbed913ce3059555c66a10a49b3b0796", kill_on_drop: false }`
[INFO] running `Command { std: "docker" "exec" "-e" "SOURCE_DIR=/opt/rustwide/workdir" "-e" "CARGO_HOME=/opt/rustwide/cargo-home" "-e" "RUSTUP_HOME=/opt/rustwide/rustup-home" "-e" "CARGO_TARGET_DIR=/opt/rustwide/target" "-e" "CARGO_INCREMENTAL=0" "-e" "RUST_BACKTRACE=full" "-e" "RUSTFLAGS=--cap-lints=forbid" "-e" "RUSTDOCFLAGS=--cap-lints=forbid" "-w" "/opt/rustwide/workdir" "--user" "0:0" "fa2e5a1b6c1ef69d9ec9fffcf2dbcf6fdbed913ce3059555c66a10a49b3b0796" "/opt/rustwide/cargo-home/bin/cargo" "+52995a223f2919dd3e2e427231db90a257350ded" "check" "--frozen" "--all" "--all-targets" "--message-format=json", kill_on_drop: false }`
[INFO] [stderr]     Checking smallvec v1.16.4
[INFO] [stderr]    Compiling syn v3.0.9
[INFO] [stderr]     Checking getrandom v0.2.17
[INFO] [stderr]    Compiling syn v2.0.119
[INFO] [stderr]     Checking generic-array v0.14.7
[INFO] [stderr]     Checking errno v0.3.14
[INFO] [stderr]     Checking mio v1.2.4
[INFO] [stderr]     Checking zeroize v1.9.1
[INFO] [stderr]    Compiling aws-lc-rs v1.18.2
[INFO] [stderr]    Compiling rustls v0.23.46
[INFO] [stderr]    Compiling icu_normalizer_data v2.4.0
[INFO] [stderr]    Compiling ring v0.17.14
[INFO] [stderr]    Compiling zerocopy v0.8.63
[INFO] [stderr]    Compiling aws-lc-sys v0.46.0
[INFO] [stderr]    Compiling icu_properties_data v2.4.0
[INFO] [stderr]     Checking getrandom v0.4.3
[INFO] [stderr]     Checking signal-hook-registry v1.4.8
[INFO] [stderr]     Checking rustls-pki-types v1.15.1
[INFO] [stderr]     Checking rand_core v0.6.4
[INFO] [stderr]     Checking parking_lot_core v0.9.12
[INFO] [stderr]    Compiling time-macros v0.2.32
[INFO] [stderr]     Checking deranged v0.5.9
[INFO] [stderr]     Checking chacha20 v0.10.2
[INFO] [stderr]     Checking time-core v0.1.9
[INFO] [stderr]     Checking num-conv v0.2.2
[INFO] [stderr]     Checking powerfmt v0.2.1
[INFO] [stderr]     Checking parking_lot v0.12.5
[INFO] [stderr]    Compiling unicase v2.10.0
[INFO] [stderr]     Checking indexmap v2.14.2
[INFO] [stderr]    Compiling quinn-udp v0.5.16
[INFO] [stderr]     Checking rand v0.10.3
[INFO] [stderr]     Checking want v0.3.2
[INFO] [stderr]    Compiling zstd-sys v2.1.2+zstd.1.5.7
[INFO] [stderr]     Checking rand_pcg v0.10.2
[INFO] [stderr]     Checking crypto-common v0.1.7
[INFO] [stderr]     Checking block-buffer v0.10.4
[INFO] [stderr]     Checking inout v0.1.4
[INFO] [stderr]    Compiling quinn v0.11.12
[INFO] [stderr]     Checking core_detect v1.0.0
[INFO] [stderr]     Checking rustc-hash v2.1.3
[INFO] [stderr]     Checking simdutf8 v0.1.5
[INFO] [stderr]     Checking digest v0.10.7
[INFO] [stderr]     Checking lru-slab v0.1.3
[INFO] [stderr]     Checking universal-hash v0.5.1
[INFO] [stderr]     Checking cipher v0.4.4
[INFO] [stderr]     Checking regex-automata v0.4.18
[INFO] [stderr]     Checking polyval v0.6.2
[INFO] [stderr]     Checking sha1 v0.10.7
[INFO] [stderr]     Checking encoding_rs v0.8.42
[INFO] [stderr]    Compiling toml_parser v1.1.5+spec-1.1.0
[INFO] [stderr]    Compiling zstd-safe v8.2.0
[INFO] [stderr]     Checking alloc-no-stdlib v3.0.0
[INFO] [stderr]    Compiling toml_datetime v1.1.2+spec-1.1.0
[INFO] [stderr]    Compiling crc32fast v1.5.3
[INFO] [stderr]    Compiling rustix v1.1.5
[INFO] [stderr]     Checking nom v7.1.3
[INFO] [stderr]     Checking digest v0.11.3
[INFO] [stderr]     Checking alloc-stdlib v0.3.0
[INFO] [stderr]     Checking ghash v0.5.1
[INFO] [stderr]     Checking aes v0.8.4
[INFO] [stderr]     Checking ctr v0.9.2
[INFO] [stderr]     Checking getrandom v0.3.4
[INFO] [stderr]     Checking aead v0.5.2
[INFO] [stderr]    Compiling mime-infer v4.0.1
[INFO] [stderr]    Compiling mime_guess v2.0.5
[INFO] [stderr]    Compiling toml_edit v0.25.17+spec-1.1.0
[INFO] [stderr]    Compiling nix v0.31.3
[INFO] [stderr]    Compiling cookie v0.18.2
[INFO] [stderr]    Compiling sha2 v0.11.1
[INFO] [stderr]     Checking aes-gcm v0.10.3
[INFO] [stderr]     Checking rand_core v0.9.5
[INFO] [stderr]     Checking time v0.3.55
[INFO] [stderr]    Compiling proc-macro-crate v3.5.0
[INFO] [stderr]     Checking brotli-decompressor v6.2.0
[INFO] [stderr]     Checking hmac v0.12.1
[INFO] [stderr]     Checking sha2 v0.10.9
[INFO] [stderr]     Checking headers-core v0.3.0
[INFO] [stderr]     Checking xml v1.4.0
[INFO] [stderr]     Checking rusticata-macros v4.1.0
[INFO] [stderr]     Checking rustls-native-certs v0.8.5
[INFO] [stderr]    Compiling rust-embed-utils v8.13.0
[INFO] [stderr]     Checking headers v0.4.2
[INFO] [stderr]     Checking flate2 v1.1.10
[INFO] [stderr]     Checking serde_json v1.0.154
[INFO] [stderr]     Checking chardetng v1.0.0
[INFO] [stderr]     Checking arc-swap v1.9.3
[INFO] [stderr]     Checking brotli v9.1.0
[INFO] [stderr]     Checking content_inspector v0.2.4
[INFO] [stderr]    Compiling synstructure v0.13.2
[INFO] [stderr]    Compiling oid-registry v0.8.1
[INFO] [stderr]     Checking lazy_static v1.5.1
[INFO] [stderr]    Compiling nix v0.30.1
[INFO] [stderr]     Checking str-buf v3.0.3
[INFO] [stderr]     Checking tempfile v3.27.0
[INFO] [stderr]     Checking xxhash-rust v0.8.19
[INFO] [stderr]     Checking regex v1.13.1
[INFO] [stderr]     Checking ulid v3.0.0
[INFO] [stderr]     Checking etag v4.0.0
[INFO] [stderr]     Checking pem v4.0.0
[INFO] [stderr]     Checking httlib-huffman v0.3.4
[INFO] [stderr]     Checking octets v0.3.7
[INFO] [stderr]     Checking path-slash v0.2.1
[INFO] [stderr]     Checking clap_builder v4.6.7
[INFO] [stderr]     Checking matchers v0.2.0
[INFO] [stderr]     Checking sharded-slab v0.1.7
[INFO] [stderr]     Checking tracing-log v0.2.0
[INFO] [stderr]     Checking yasna v0.6.0
[INFO] [stderr]     Checking thread_local v1.1.10
[INFO] [stderr]    Compiling synstructure v0.14.0
[INFO] [stderr]    Compiling salvo-serde-util v1.0.1
[INFO] [stderr]     Checking ppv-lite86 v0.2.21
[INFO] [stderr]    Compiling tracing-attributes v0.1.31
[INFO] [stderr]     Checking rand_chacha v0.3.1
[INFO] [stderr]    Compiling pin-project-internal v1.1.13
[INFO] [stderr]     Checking rand v0.8.8
[INFO] [stderr]    Compiling asn1-rs-impl v0.2.0
[INFO] [stderr]    Compiling asn1-rs-derive v0.6.0
[INFO] [stderr]    Compiling enumflags2_derive v0.7.12
[INFO] [stderr]     Checking rand_chacha v0.9.0
[INFO] [stderr]    Compiling rust-embed-impl v8.13.0
[INFO] [stderr]     Checking rand v0.9.5
[INFO] [stderr]     Checking rcgen v0.14.10
[INFO] [stderr]     Checking enumflags2 v0.7.12
[INFO] [stderr]     Checking privdrop v0.5.7
[INFO] [stderr]     Checking pin-project v1.1.13
[INFO] [stderr]    Compiling zerofrom-derive v0.1.8
[INFO] [stderr]    Compiling displaydoc v0.2.7
[INFO] [stderr]    Compiling yoke-derive v0.8.4
[INFO] [stderr]    Compiling tokio-macros v2.7.2
[INFO] [stderr]    Compiling thiserror-impl v2.0.21
[INFO] [stderr]    Compiling zerovec-derive v0.11.7
[INFO] [stderr]    Compiling futures-macro v0.3.34
[INFO] [stderr]     Checking tracing v0.1.44
[INFO] [stderr]    Compiling serde_derive v1.0.229
[INFO] [stderr]    Compiling async-trait v0.1.92
[INFO] [stderr]    Compiling salvo_macros v1.0.1
[INFO] [stderr]     Checking tokio v1.54.1
[INFO] [stderr]     Checking rust-embed v8.13.0
[INFO] [stderr]    Compiling clap_derive v4.6.7
[INFO] [stderr]     Checking zstd v0.14.3
[INFO] [stderr]     Checking futures-util v0.3.34
[INFO] [stderr]     Checking tracing-subscriber v0.3.23
[INFO] [stderr]     Checking zerofrom v0.1.8
[INFO] [stderr]     Checking thiserror v2.0.21
[INFO] [stderr]     Checking asn1-rs v0.7.2
[INFO] [stderr]     Checking yoke v0.8.4
[INFO] [stderr]     Checking zerovec v0.11.9
[INFO] [stderr]     Checking tinystr v0.8.5
[INFO] [stderr]     Checking potential_utf v0.1.6
[INFO] [stderr]     Checking zerotrie v0.2.5
[INFO] [stderr]     Checking icu_locale_core v2.4.0
[INFO] [stderr]     Checking icu_collections v2.4.0
[INFO] [stderr]     Checking tungstenite v0.30.0
[INFO] [stderr]     Checking der-parser v10.0.0
[INFO] [stderr]     Checking tungstenite v0.28.0
[INFO] [stderr]     Checking x509-parser v0.18.1
[INFO] [stderr]     Checking icu_provider v2.4.0
[INFO] [stderr]     Checking clap v4.6.7
[INFO] [stderr]     Checking serde v1.0.229
[INFO] [stderr]     Checking futures-executor v0.3.34
[INFO] [stderr]     Checking multra v1.1.0
[INFO] [stderr]     Checking futures v0.3.34
[INFO] [stderr]     Checking async-tungstenite v0.32.1
[INFO] [stderr]     Checking icu_normalizer v2.4.0
[INFO] [stderr]     Checking icu_properties v2.4.0
[INFO] [stderr]     Checking serde_urlencoded v0.7.1
[INFO] [stderr]     Checking multimap v0.10.1
[INFO] [stderr]     Checking serde-xml-rs v0.8.2
[INFO] [stderr]     Checking tokio-util v0.7.20
[INFO] [stderr]     Checking h3 v0.0.8
[INFO] [stderr]     Checking tokio-tungstenite v0.30.0
[INFO] [stderr]     Checking h2 v0.4.20
[INFO] [stderr]     Checking tower v0.5.3
[INFO] [stderr]     Checking idna_adapter v1.2.2
[INFO] [stderr]     Checking idna v1.1.0
[INFO] [stderr]     Checking url v2.5.8
[INFO] [stderr]     Checking h3-datagram v0.0.2
[INFO] [stderr]     Checking tower-http v0.6.11
[INFO] [stderr]     Checking wtransport-proto v0.7.2
[INFO] [stderr]     Checking hyper v1.12.0
[INFO] [stderr]     Checking hyper-util v0.1.21
[INFO] [stderr]     Checking rustls-webpki v0.103.16
[INFO] [stderr]     Checking quinn-proto v0.11.19
[INFO] [stderr]     Checking tokio-rustls v0.26.6
[INFO] [stderr]     Checking rustls-platform-verifier v0.7.1
[INFO] [stderr]     Checking hyper-rustls v0.27.10
[INFO] [stderr]     Checking reqwest v0.13.5
[INFO] [stderr]     Checking reqwest-websocket v0.6.0
[INFO] [stderr]     Checking h3-quinn v0.0.10
[INFO] [stderr]     Checking wtransport v0.7.2
[INFO] [stderr]     Checking salvo-http3 v0.7.0
[INFO] [stderr]     Checking salvo_core v1.0.1
[INFO] [stderr]     Checking salvo_extra v1.0.1
[INFO] [stderr]     Checking salvo-serve-static v1.0.1
[INFO] [stderr]     Checking salvo v1.0.1
[INFO] [stderr]     Checking foxtime v0.1.0 (/opt/rustwide/workdir)
[INFO] [stdout] error: #[derive(RustEmbed)] folder '/opt/rustwide/workdir/dist/' does not exist. cwd: '/opt/rustwide/workdir'
[INFO] [stdout]   --> src/assets.rs:11:1
[INFO] [stdout]    |
[INFO] [stdout] 11 | / #[folder = "dist/"]
[INFO] [stdout] 12 | | struct Asset;
[INFO] [stdout]    | |_____________^
[INFO] [stdout] 
[INFO] [stdout] 
[INFO] [stdout] error: #[derive(RustEmbed)] folder '/opt/rustwide/workdir/dist/' does not exist. cwd: '/opt/rustwide/workdir'
[INFO] [stdout]   --> src/assets.rs:11:1
[INFO] [stdout]    |
[INFO] [stdout] 11 | / #[folder = "dist/"]
[INFO] [stdout] 12 | | struct Asset;
[INFO] [stdout]    | |_____________^
[INFO] [stdout] 
[INFO] [stdout] 
[INFO] [stdout] error[E0277]: the trait bound `Asset: Embed` is not satisfied
[INFO] [stdout]   --> src/assets.rs:67:20
[INFO] [stdout]    |
[INFO] [stdout] 67 |     static_embed::<Asset>()
[INFO] [stdout]    |                    ^^^^^ unsatisfied trait bound
[INFO] [stdout]    |
[INFO] [stdout] help: the trait `Embed` is not implemented for `Asset`
[INFO] [stdout]   --> src/assets.rs:12:1
[INFO] [stdout]    |
[INFO] [stdout] 12 | struct Asset;
[INFO] [stdout]    | ^^^^^^^^^^^^
[INFO] [stdout] note: required by a bound in `static_embed`
[INFO] [stdout]   --> /opt/rustwide/cargo-home/registry/src/index.crates.io-1949cf8c6b5b557f/salvo-serve-static-1.0.1/src/embed.rs:42:24
[INFO] [stdout]    |
[INFO] [stdout] 42 | pub fn static_embed<T: RustEmbed>() -> StaticEmbed<T> {
[INFO] [stdout]    |                        ^^^^^^^^^ required by this bound in `static_embed`
[INFO] [stdout] 
[INFO] [stdout] 
[INFO] [stdout] error[E0277]: the trait bound `Asset: Embed` is not satisfied
[INFO] [stdout]    --> src/assets.rs:66:33
[INFO] [stdout]     |
[INFO] [stdout]  66 | pub(crate) fn static_files() -> impl Handler {
[INFO] [stdout]     |                                 ^^^^^^^^^^^^ unsatisfied trait bound
[INFO] [stdout]     |
[INFO] [stdout] help: the trait `Embed` is not implemented for `Asset`
[INFO] [stdout]    --> src/assets.rs:12:1
[INFO] [stdout]     |
[INFO] [stdout]  12 | struct Asset;
[INFO] [stdout]     | ^^^^^^^^^^^^
[INFO] [stdout] help: the trait `salvo::Handler` is conditionally implemented for `StaticEmbed<T>`
[INFO] [stdout]    --> /opt/rustwide/cargo-home/registry/src/index.crates.io-1949cf8c6b5b557f/salvo-serve-static-1.0.1/src/embed.rs:278:1
[INFO] [stdout]     |
[INFO] [stdout] 278 | / impl<T> Handler for StaticEmbed<T>
[INFO] [stdout] 279 | | where
[INFO] [stdout] 280 | |     T: RustEmbed + Send + Sync + 'static,
[INFO] [stdout]     | |________---------________________________^
[INFO] [stdout]     |          |
[INFO] [stdout]     |          unsatisfied requirement introduced here: `_: Embed`
[INFO] [stdout]     = note: required for `StaticEmbed<Asset>` to implement `salvo::Handler`
[INFO] [stdout] 
[INFO] [stdout] 
[INFO] [stdout] error[E0277]: the trait bound `Asset: Embed` is not satisfied
[INFO] [stdout]   --> src/assets.rs:67:20
[INFO] [stdout]    |
[INFO] [stdout] 67 |     static_embed::<Asset>()
[INFO] [stdout]    |                    ^^^^^ unsatisfied trait bound
[INFO] [stdout]    |
[INFO] [stdout] help: the trait `Embed` is not implemented for `Asset`
[INFO] [stdout]   --> src/assets.rs:12:1
[INFO] [stdout]    |
[INFO] [stdout] 12 | struct Asset;
[INFO] [stdout]    | ^^^^^^^^^^^^
[INFO] [stdout] note: required by a bound in `static_embed`
[INFO] [stdout]   --> /opt/rustwide/cargo-home/registry/src/index.crates.io-1949cf8c6b5b557f/salvo-serve-static-1.0.1/src/embed.rs:42:24
[INFO] [stdout]    |
[INFO] [stdout] 42 | pub fn static_embed<T: RustEmbed>() -> StaticEmbed<T> {
[INFO] [stdout]    |                        ^^^^^^^^^ required by this bound in `static_embed`
[INFO] [stdout] 
[INFO] [stdout] 
[INFO] [stdout] error[E0277]: the trait bound `Asset: Embed` is not satisfied
[INFO] [stdout]    --> src/assets.rs:66:33
[INFO] [stdout]     |
[INFO] [stdout]  66 | pub(crate) fn static_files() -> impl Handler {
[INFO] [stdout]     |                                 ^^^^^^^^^^^^ unsatisfied trait bound
[INFO] [stdout]     |
[INFO] [stdout] help: the trait `Embed` is not implemented for `Asset`
[INFO] [stdout]    --> src/assets.rs:12:1
[INFO] [stdout]     |
[INFO] [stdout]  12 | struct Asset;
[INFO] [stdout]     | ^^^^^^^^^^^^
[INFO] [stdout] help: the trait `salvo::Handler` is conditionally implemented for `StaticEmbed<T>`
[INFO] [stdout]    --> /opt/rustwide/cargo-home/registry/src/index.crates.io-1949cf8c6b5b557f/salvo-serve-static-1.0.1/src/embed.rs:278:1
[INFO] [stdout]     |
[INFO] [stdout] 278 | / impl<T> Handler for StaticEmbed<T>
[INFO] [stdout] 279 | | where
[INFO] [stdout] 280 | |     T: RustEmbed + Send + Sync + 'static,
[INFO] [stdout]     | |________---------________________________^
[INFO] [stdout]     |          |
[INFO] [stdout]     |          unsatisfied requirement introduced here: `_: Embed`
[INFO] [stdout]     = note: required for `StaticEmbed<Asset>` to implement `salvo::Handler`
[INFO] [stdout] 
[INFO] [stdout] 
[INFO] [stdout] error[E0599]: no associated function or constant named `get` found for struct `Asset` in the current scope
[INFO] [stdout]   --> src/assets.rs:29:24
[INFO] [stdout]    |
[INFO] [stdout] 12 | struct Asset;
[INFO] [stdout]    | ------------ associated function or constant `get` not found for this struct
[INFO] [stdout] ...
[INFO] [stdout] 29 |     let asset = Asset::get(path).unwrap();
[INFO] [stdout]    |                        ^^^ associated function or constant not found in `Asset`
[INFO] [stdout]    |
[INFO] [stdout]    = help: items from traits can only be used if the trait is implemented and in scope
[INFO] [stdout]    = note: the following traits define an item `get`, perhaps you need to implement one of them:
[INFO] [stdout]            candidate #1: `DynRustEmbed`
[INFO] [stdout]            candidate #2: `Embed`
[INFO] [stdout]            candidate #3: `SliceIndex`
[INFO] [stdout]            candidate #4: `StoresServerSessions`
[INFO] [stdout]            candidate #5: `h3::proto::coding::BufExt`
[INFO] [stdout]            candidate #6: `icu_collections::codepointtrie::cptrie::TypedCodePointTrie`
[INFO] [stdout]            candidate #7: `icu_properties::names::PropertyEnumToValueNameLookup`
[INFO] [stdout]            candidate #8: `icu_provider::baked::DataStore`
[INFO] [stdout] 
[INFO] [stdout] 
[INFO] [stdout] error[E0599]: no associated function or constant named `get` found for struct `Asset` in the current scope
[INFO] [stdout]   --> src/assets.rs:29:24
[INFO] [stdout]    |
[INFO] [stdout] 12 | struct Asset;
[INFO] [stdout]    | ------------ associated function or constant `get` not found for this struct
[INFO] [stdout] ...
[INFO] [stdout] 29 |     let asset = Asset::get(path).unwrap();
[INFO] [stdout]    |                        ^^^ associated function or constant not found in `Asset`
[INFO] [stdout]    |
[INFO] [stdout]    = help: items from traits can only be used if the trait is implemented and in scope
[INFO] [stdout]    = note: the following traits define an item `get`, perhaps you need to implement one of them:
[INFO] [stdout]            candidate #1: `DynRustEmbed`
[INFO] [stdout]            candidate #2: `Embed`
[INFO] [stdout]            candidate #3: `SliceIndex`
[INFO] [stdout]            candidate #4: `StoresServerSessions`
[INFO] [stdout]            candidate #5: `h3::proto::coding::BufExt`
[INFO] [stdout]            candidate #6: `icu_collections::codepointtrie::cptrie::TypedCodePointTrie`
[INFO] [stdout]            candidate #7: `icu_properties::names::PropertyEnumToValueNameLookup`
[INFO] [stdout]            candidate #8: `icu_provider::baked::DataStore`
[INFO] [stdout] 
[INFO] [stdout] 
[INFO] [stdout] Some errors have detailed explanations: E0277, E0599.
[INFO] [stdout] 
[INFO] [stdout] For more information about an error, try `rustc --explain E0277`.
[INFO] [stdout] 
[INFO] [stderr] error: could not compile `foxtime` (bin "foxtime") due to 4 previous errors
[INFO] [stderr] warning: build failed, waiting for other jobs to finish...
[INFO] [stdout] Some errors have detailed explanations: E0277, E0599.
[INFO] [stdout] 
[INFO] [stdout] For more information about an error, try `rustc --explain E0277`.
[INFO] [stdout] 
[INFO] [stderr] error: could not compile `foxtime` (bin "foxtime" test) due to 4 previous errors
[INFO] running `Command { std: "docker" "inspect" "fa2e5a1b6c1ef69d9ec9fffcf2dbcf6fdbed913ce3059555c66a10a49b3b0796", kill_on_drop: false }`
[INFO] running `Command { std: "docker" "rm" "-f" "fa2e5a1b6c1ef69d9ec9fffcf2dbcf6fdbed913ce3059555c66a10a49b3b0796", kill_on_drop: false }`
[INFO] [stdout] fa2e5a1b6c1ef69d9ec9fffcf2dbcf6fdbed913ce3059555c66a10a49b3b0796
