[INFO] cloning repository https://github.com/aspcompiler/many-proxies-rs
[INFO] running `Command { std: "git" "-c" "credential.helper=" "-c" "credential.helper=/workspace/cargo-home/bin/git-credential-null" "clone" "--bare" "https://github.com/aspcompiler/many-proxies-rs" "/workspace/cache/git-repos/https%3A%2F%2Fgithub.com%2Faspcompiler%2Fmany-proxies-rs", kill_on_drop: false }`
[INFO] [stderr] Cloning into bare repository '/workspace/cache/git-repos/https%3A%2F%2Fgithub.com%2Faspcompiler%2Fmany-proxies-rs'...
[INFO] running `Command { std: "git" "rev-parse" "HEAD", kill_on_drop: false }`
[INFO] [stdout] 41a8f663df18ee0118f062923110fe46200343e3
[INFO] checking aspcompiler/many-proxies-rs/41a8f663df18ee0118f062923110fe46200343e3 against a7c37f9f0ee5e93396106e9de20f4a86b4154e63 for pr-129249-4
[INFO] running `Command { std: "git" "clone" "/workspace/cache/git-repos/https%3A%2F%2Fgithub.com%2Faspcompiler%2Fmany-proxies-rs" "/workspace/builds/worker-0-tc1/source", kill_on_drop: false }`
[INFO] [stderr] Cloning into '/workspace/builds/worker-0-tc1/source'...
[INFO] [stderr] done.
[INFO] started tweaking git repo https://github.com/aspcompiler/many-proxies-rs
[INFO] finished tweaking git repo https://github.com/aspcompiler/many-proxies-rs
[INFO] tweaked toml for git repo https://github.com/aspcompiler/many-proxies-rs written to /workspace/builds/worker-0-tc1/source/Cargo.toml
[INFO] validating manifest of git repo https://github.com/aspcompiler/many-proxies-rs on toolchain a7c37f9f0ee5e93396106e9de20f4a86b4154e63
[INFO] running `Command { std: CARGO_HOME="/workspace/cargo-home" RUSTUP_HOME="/workspace/rustup-home" "/workspace/cargo-home/bin/cargo" "+a7c37f9f0ee5e93396106e9de20f4a86b4154e63" "metadata" "--manifest-path" "Cargo.toml" "--no-deps", kill_on_drop: false }`
[INFO] crate git repo https://github.com/aspcompiler/many-proxies-rs already has a lockfile, it will not be regenerated
[INFO] running `Command { std: CARGO_HOME="/workspace/cargo-home" RUSTUP_HOME="/workspace/rustup-home" "/workspace/cargo-home/bin/cargo" "+a7c37f9f0ee5e93396106e9de20f4a86b4154e63" "fetch" "--manifest-path" "Cargo.toml", kill_on_drop: false }`
[INFO] [stderr]     Updating crates.io index
[INFO] [stderr]  Downloading crates ...
[INFO] [stderr]   Downloaded zmij v1.0.2
[INFO] [stderr]   Downloaded tower-layer v0.3.1
[INFO] [stderr]   Downloaded async-stream v0.3.3
[INFO] [stderr]   Downloaded futures-macro v0.3.21
[INFO] [stderr]   Downloaded wasm-bindgen-futures v0.4.31
[INFO] [stderr]   Downloaded async-stream-impl v0.3.3
[INFO] [stderr]   Downloaded tokio-stream v0.1.9
[INFO] [stderr]   Downloaded tonic-build v0.7.2
[INFO] [stderr]   Downloaded tower-test v0.4.0
[INFO] [stderr]   Downloaded which v4.2.5
[INFO] [stderr]   Downloaded rustls-pemfile v1.0.0
[INFO] [stderr]   Downloaded axum-core v0.2.6
[INFO] [stderr]   Downloaded find-msvc-tools v0.1.6
[INFO] [stderr]   Downloaded pest_generator v2.8.4
[INFO] [stderr]   Downloaded rustls-pki-types v1.13.2
[INFO] [stderr]   Downloaded wasm-streams v0.2.3
[INFO] [stderr]   Downloaded async-trait v0.1.56
[INFO] [stderr]   Downloaded futures-executor v0.3.21
[INFO] [stderr]   Downloaded prost v0.10.4
[INFO] [stderr]   Downloaded prost-types v0.10.1
[INFO] [stderr]   Downloaded prost-derive v0.10.1
[INFO] [stderr]   Downloaded pest_meta v2.8.4
[INFO] [stderr]   Downloaded matchit v0.5.0
[INFO] [stderr]   Downloaded tracing-appender v0.2.4
[INFO] [stderr]   Downloaded serde_json v1.0.148
[INFO] [stderr]   Downloaded anyhow v1.0.58
[INFO] [stderr]   Downloaded pest_derive v2.8.4
[INFO] [stderr]   Downloaded url v2.3.0
[INFO] [stderr]   Downloaded prettyplease v0.1.15
[INFO] [stderr]   Downloaded hashbrown v0.12.1
[INFO] [stderr]   Downloaded cc v1.2.51
[INFO] [stderr]   Downloaded indexmap v2.12.1
[INFO] [stderr]   Downloaded tokio-util v0.7.3
[INFO] [stderr]   Downloaded tonic v0.7.2
[INFO] [stderr]   Downloaded tower-http v0.3.4
[INFO] [stderr]   Downloaded axum v0.5.9
[INFO] [stderr]   Downloaded reqwest v0.11.18
[INFO] [stderr]   Downloaded h2 v0.3.13
[INFO] [stderr]   Downloaded pest v2.8.4
[INFO] [stderr]   Downloaded petgraph v0.6.2
[INFO] [stderr]   Downloaded hyper v0.14.19
[INFO] [stderr]   Downloaded aws-lc-rs v1.15.2
[INFO] [stderr]   Downloaded proptest v1.9.0
[INFO] [stderr]   Downloaded prost-build v0.10.4
[INFO] [stderr]   Downloaded aws-lc-sys v0.35.0
[INFO] running `Command { std: "docker" "create" "-v" "/var/lib/crater-agent-workspace/builds/worker-0-tc1/source:/opt/rustwide/workdir:ro,Z" "-v" "/var/lib/crater-agent-workspace/builds/worker-0-tc1/target:/opt/rustwide/target:rw,Z" "-v" "/var/lib/crater-agent-workspace/cargo-home:/opt/rustwide/cargo-home:ro,Z" "-v" "/var/lib/crater-agent-workspace/rustup-home:/opt/rustwide/rustup-home:ro,Z" "-m" "1610612736" "--network" "none" "ghcr.io/rust-lang/crates-build-env/linux@sha256:77db811e55d90add9212f6832c23229e3de5f1c1f9905e8cb07319ea15df73ac" "sleep" "infinity", kill_on_drop: false }`
[INFO] [stdout] 9a4c57e27390094e09d8f4b0d986aaba502711695ef801562541ef64f9cdf632
[INFO] running `Command { std: "docker" "start" "9a4c57e27390094e09d8f4b0d986aaba502711695ef801562541ef64f9cdf632", kill_on_drop: false }`
[INFO] running `Command { std: "docker" "inspect" "9a4c57e27390094e09d8f4b0d986aaba502711695ef801562541ef64f9cdf632", kill_on_drop: false }`
[INFO] running `Command { std: "docker" "exec" "-e" "SOURCE_DIR=/opt/rustwide/workdir" "-e" "CARGO_HOME=/opt/rustwide/cargo-home" "-e" "RUSTUP_HOME=/opt/rustwide/rustup-home" "-e" "CARGO_TARGET_DIR=/opt/rustwide/target" "-w" "/opt/rustwide/workdir" "--user" "0:0" "9a4c57e27390094e09d8f4b0d986aaba502711695ef801562541ef64f9cdf632" "/opt/rustwide/cargo-home/bin/cargo" "+a7c37f9f0ee5e93396106e9de20f4a86b4154e63" "metadata" "--no-deps" "--format-version=1", kill_on_drop: false }`
[INFO] running `Command { std: "docker" "inspect" "9a4c57e27390094e09d8f4b0d986aaba502711695ef801562541ef64f9cdf632", kill_on_drop: false }`
[INFO] running `Command { std: "docker" "exec" "-e" "SOURCE_DIR=/opt/rustwide/workdir" "-e" "CARGO_HOME=/opt/rustwide/cargo-home" "-e" "RUSTUP_HOME=/opt/rustwide/rustup-home" "-e" "CARGO_TARGET_DIR=/opt/rustwide/target" "-e" "CARGO_INCREMENTAL=0" "-e" "RUST_BACKTRACE=full" "-e" "RUSTFLAGS=--cap-lints=forbid" "-e" "RUSTDOCFLAGS=--cap-lints=forbid" "-w" "/opt/rustwide/workdir" "--user" "0:0" "9a4c57e27390094e09d8f4b0d986aaba502711695ef801562541ef64f9cdf632" "/opt/rustwide/cargo-home/bin/cargo" "+a7c37f9f0ee5e93396106e9de20f4a86b4154e63" "check" "--frozen" "--all" "--all-targets" "--message-format=json", kill_on_drop: false }`
[INFO] [stderr]    Compiling proc-macro2 v1.0.104
[INFO] [stderr]    Compiling unicode-ident v1.0.1
[INFO] [stderr]    Compiling syn v1.0.98
[INFO] [stderr]    Compiling libc v0.2.178
[INFO] [stderr]    Compiling find-msvc-tools v0.1.6
[INFO] [stderr]     Checking itoa v1.0.2
[INFO] [stderr]     Checking errno v0.3.14
[INFO] [stderr]     Checking socket2 v0.4.4
[INFO] [stderr]     Checking num_cpus v1.13.1
[INFO] [stderr]     Checking futures-sink v0.3.21
[INFO] [stderr]     Checking parking_lot_core v0.9.12
[INFO] [stderr]     Checking mio v0.8.4
[INFO] [stderr]    Compiling futures-channel v0.3.21
[INFO] [stderr]    Compiling futures-task v0.3.21
[INFO] [stderr]    Compiling futures-util v0.3.21
[INFO] [stderr]     Checking futures-io v0.3.21
[INFO] [stderr]    Compiling anyhow v1.0.58
[INFO] [stderr]     Checking tower-service v0.3.2
[INFO] [stderr]    Compiling indexmap v1.9.1
[INFO] [stderr]     Checking try-lock v0.2.3
[INFO] [stderr]     Checking httpdate v1.0.2
[INFO] [stderr]     Checking hashbrown v0.12.1
[INFO] [stderr]    Compiling zmij v1.0.2
[INFO] [stderr]     Checking signal-hook-registry v1.4.8
[INFO] [stderr]     Checking want v0.3.0
[INFO] [stderr]    Compiling serde_json v1.0.148
[INFO] [stderr]     Checking getrandom v0.2.16
[INFO] [stderr]     Checking regex-syntax v0.8.8
[INFO] [stderr]     Checking http v0.2.8
[INFO] [stderr]     Checking indexmap v2.12.1
[INFO] [stderr]     Checking tower-layer v0.3.1
[INFO] [stderr]     Checking sharded-slab v0.1.7
[INFO] [stderr]     Checking tracing-log v0.2.0
[INFO] [stderr]     Checking parking_lot v0.12.5
[INFO] [stderr]     Checking thread_local v1.1.9
[INFO] [stderr]    Compiling aws-lc-rs v1.15.2
[INFO] [stderr]     Checking http v1.4.0
[INFO] [stderr]     Checking rand_core v0.6.3
[INFO] [stderr]    Compiling time-core v0.1.6
[INFO] [stderr]     Checking deranged v0.5.5
[INFO] [stderr]     Checking rustls-pki-types v1.13.2
[INFO] [stderr]     Checking rand_chacha v0.3.1
[INFO] [stderr]    Compiling async-trait v0.1.56
[INFO] [stderr]    Compiling time-macros v0.2.24
[INFO] [stderr]     Checking percent-encoding v2.1.0
[INFO] [stderr]    Compiling num-traits v0.2.19
[INFO] [stderr]    Compiling quote v1.0.42
[INFO] [stderr]    Compiling zerocopy v0.8.31
[INFO] [stderr]     Checking rand v0.8.5
[INFO] [stderr]    Compiling rustls v0.23.35
[INFO] [stderr]     Checking bitflags v2.10.0
[INFO] [stderr]     Checking mime v0.3.16
[INFO] [stderr]    Compiling syn v2.0.111
[INFO] [stderr]     Checking nom v7.1.3
[INFO] [stderr]     Checking getrandom v0.3.4
[INFO] [stderr]     Checking rustls-pemfile v2.2.0
[INFO] [stderr]     Checking http-body v0.4.5
[INFO] [stderr]    Compiling jobserver v0.1.34
[INFO] [stderr]    Compiling once_cell v1.21.3
[INFO] [stderr]    Compiling openssl v0.10.75
[INFO] [stderr]    Compiling pest v2.8.4
[INFO] [stderr]     Checking matches v0.1.10
[INFO] [stderr]     Checking tinyvec v1.10.0
[INFO] [stderr]     Checking form_urlencoded v1.0.1
[INFO] [stderr]     Checking ucd-trie v0.1.7
[INFO] [stderr]    Compiling const-random-macro v0.1.16
[INFO] [stderr]    Compiling either v1.6.1
[INFO] [stderr]     Checking winnow v0.7.13
[INFO] [stderr]    Compiling cc v1.2.51
[INFO] [stderr]     Checking http-body v1.0.1
[INFO] [stderr]     Checking unicode-normalization v0.1.25
[INFO] [stderr]     Checking unicode-bidi v0.3.18
[INFO] [stderr]     Checking const-random v0.1.18
[INFO] [stderr]     Checking http-body-util v0.1.3
[INFO] [stderr]     Checking dlv-list v0.5.2
[INFO] [stderr]     Checking num-integer v0.1.46
[INFO] [stderr]     Checking toml_write v0.1.2
[INFO] [stderr]    Compiling oid-registry v0.7.1
[INFO] [stderr]     Checking arraydeque v0.5.1
[INFO] [stderr]     Checking remove_dir_all v0.5.3
[INFO] [stderr]     Checking tempfile v3.3.0
[INFO] [stderr]     Checking idna v0.2.3
[INFO] [stderr]     Checking humantime v2.3.0
[INFO] [stderr]     Checking num-bigint v0.4.6
[INFO] [stderr]    Compiling itertools v0.10.3
[INFO] [stderr]     Checking rand_core v0.9.3
[INFO] [stderr]     Checking rusticata-macros v4.1.0
[INFO] [stderr]     Checking time v0.3.44
[INFO] [stderr]     Checking wait-timeout v0.2.1
[INFO] [stderr]     Checking quick-error v1.2.3
[INFO] [stderr]     Checking bit-vec v0.8.0
[INFO] [stderr]     Checking rusty-fork v0.3.1
[INFO] [stderr]     Checking rand v0.9.2
[INFO] [stderr]     Checking rand_xorshift v0.4.0
[INFO] [stderr]     Checking url v2.3.0
[INFO] [stderr]     Checking rand_chacha v0.9.0
[INFO] [stderr]     Checking bit-set v0.8.0
[INFO] [stderr]    Compiling which v4.2.5
[INFO] [stderr]    Compiling rustls v0.20.6
[INFO] [stderr]    Compiling bytes v1.11.0
[INFO] [stderr]     Checking regex-automata v0.4.13
[INFO] [stderr]     Checking unarray v0.1.4
[INFO] [stderr]    Compiling fastrand v1.7.0
[INFO] [stderr]    Compiling cmake v0.1.57
[INFO] [stderr]    Compiling pest_meta v2.8.4
[INFO] [stderr]     Checking proptest v1.9.0
[INFO] [stderr]    Compiling prettyplease v0.1.15
[INFO] [stderr]     Checking ahash v0.8.12
[INFO] [stderr]    Compiling regex-syntax v0.6.26
[INFO] [stderr]    Compiling fixedbitset v0.4.1
[INFO] [stderr]     Checking hashbrown v0.14.5
[INFO] [stderr]     Checking base64 v0.13.0
[INFO] [stderr]    Compiling heck v0.4.0
[INFO] [stderr]    Compiling multimap v0.8.3
[INFO] [stderr]     Checking http-range-header v0.3.0
[INFO] [stderr]    Compiling aws-lc-sys v0.35.0
[INFO] [stderr]    Compiling openssl-sys v0.9.111
[INFO] [stderr]    Compiling ring v0.16.20
[INFO] [stderr]    Compiling prost-build v0.10.4
[INFO] [stderr]     Checking rustls-pemfile v1.0.0
[INFO] [stderr]    Compiling thiserror v2.0.17
[INFO] [stderr]    Compiling petgraph v0.6.2
[INFO] [stderr]     Checking atty v0.2.14
[INFO] [stderr]     Checking glob v0.3.3
[INFO] [stderr]     Checking matchit v0.5.0
[INFO] [stderr]     Checking sync_wrapper v0.1.1
[INFO] [stderr]     Checking ordered-multimap v0.7.3
[INFO] [stderr]     Checking hashlink v0.8.4
[INFO] [stderr]    Compiling native-tls v0.2.14
[INFO] [stderr]     Checking rust-ini v0.20.0
[INFO] [stderr]     Checking yaml-rust2 v0.8.1
[INFO] [stderr]     Checking matchers v0.2.0
[INFO] [stderr]    Compiling regex v1.5.6
[INFO] [stderr]    Compiling synstructure v0.13.2
[INFO] [stderr]    Compiling pest_generator v2.8.4
[INFO] [stderr]    Compiling tokio-macros v1.8.0
[INFO] [stderr]    Compiling futures-macro v0.3.21
[INFO] [stderr]    Compiling pin-project-internal v1.0.10
[INFO] [stderr]    Compiling async-stream-impl v0.3.3
[INFO] [stderr]    Compiling prost-derive v0.10.1
[INFO] [stderr]     Checking async-stream v0.3.3
[INFO] [stderr]    Compiling serde_derive v1.0.228
[INFO] [stderr]    Compiling tracing-attributes v0.1.31
[INFO] [stderr]    Compiling clap_derive v4.5.49
[INFO] [stderr]    Compiling thiserror-impl v1.0.69
[INFO] [stderr]    Compiling openssl-macros v0.1.1
[INFO] [stderr]     Checking tokio v1.19.2
[INFO] [stderr]    Compiling asn1-rs-impl v0.2.0
[INFO] [stderr]    Compiling asn1-rs-derive v0.5.1
[INFO] [stderr]    Compiling displaydoc v0.2.5
[INFO] [stderr]    Compiling pest_derive v2.8.4
[INFO] [stderr]    Compiling thiserror-impl v2.0.17
[INFO] [stderr]     Checking webpki v0.22.0
[INFO] [stderr]     Checking sct v0.7.0
[INFO] [stderr]     Checking pin-project v1.0.10
[INFO] [stderr]    Compiling prost v0.10.4
[INFO] [stderr]     Checking thiserror v1.0.69
[INFO] [stderr]     Checking tracing v0.1.44
[INFO] [stderr]     Checking asn1-rs v0.6.2
[INFO] [stderr]    Compiling prost-types v0.10.1
[INFO] [stderr]     Checking tracing-futures v0.2.5
[INFO] [stderr]     Checking clap v4.5.53
[INFO] [stderr]     Checking der-parser v9.0.0
[INFO] [stderr]     Checking serde v1.0.228
[INFO] [stderr]     Checking x509-parser v0.16.0
[INFO] [stderr]     Checking tracing-serde v0.2.0
[INFO] [stderr]     Checking serde_yaml v0.9.34+deprecated
[INFO] [stderr]     Checking toml_datetime v0.6.11
[INFO] [stderr]     Checking tracing-subscriber v0.3.22
[INFO] [stderr]     Checking serde_spanned v0.6.9
[INFO] [stderr]     Checking serde_urlencoded v0.7.1
[INFO] [stderr]     Checking json5 v0.4.1
[INFO] [stderr]     Checking futures-executor v0.3.21
[INFO] [stderr]     Checking ron v0.8.1
[INFO] [stderr]     Checking toml_edit v0.22.27
[INFO] [stderr]     Checking uuid v1.16.0
[INFO] [stderr]     Checking humantime-serde v1.1.1
[INFO] [stderr]     Checking futures v0.3.21
[INFO] [stderr]     Checking axum-core v0.2.6
[INFO] [stderr]    Compiling tonic-build v0.7.2
[INFO] [stderr]     Checking tokio-util v0.7.3
[INFO] [stderr]     Checking tokio-stream v0.1.9
[INFO] [stderr]     Checking tokio-rustls v0.23.4
[INFO] [stderr]     Checking tokio-io-timeout v1.2.0
[INFO] [stderr]     Checking tokio-native-tls v0.3.1
[INFO] [stderr]     Checking tokio-test v0.4.4
[INFO] [stderr]     Checking tower-test v0.4.0
[INFO] [stderr]    Compiling tls-client-auth v0.1.0 (/opt/rustwide/workdir/tls-client-auth)
[INFO] [stderr]     Checking tower v0.4.13
[INFO] [stderr]     Checking h2 v0.3.13
[INFO] [stderr]     Checking h2 v0.4.12
[INFO] [stderr]     Checking toml v0.8.23
[INFO] [stderr]     Checking tracing-appender v0.2.4
[INFO] [stderr]     Checking tcp-proxy v0.1.0 (/opt/rustwide/workdir/tcp-proxy)
[INFO] [stderr]     Checking tls-term v0.1.0 (/opt/rustwide/workdir/tls-term)
[INFO] [stderr]     Checking config v0.14.1
[INFO] [stderr]     Checking tower-http v0.3.4
[INFO] [stderr]     Checking hyper v0.14.19
[INFO] [stderr]     Checking hyper v1.6.0
[INFO] [stderr]     Checking hyper-util v0.1.14
[INFO] [stderr]     Checking rustls-webpki v0.103.8
[INFO] [stderr]     Checking hyper-tls v0.5.0
[INFO] [stderr]     Checking axum v0.5.9
[INFO] [stderr]     Checking hyper-timeout v0.4.1
[INFO] [stderr]     Checking reqwest v0.11.18
[INFO] [stderr]     Checking tonic v0.7.2
[INFO] [stderr]     Checking tokio-rustls v0.26.4
[INFO] [stderr]     Checking pingora-http2-proxy v0.1.0 (/opt/rustwide/workdir/pingora-http2-proxy)
[INFO] [stderr]     Checking hyper-http2-proxy v0.1.0 (/opt/rustwide/workdir/hyper-http2-proxy)
[INFO] [stdout] warning: unused import: `TlsError`
[INFO] [stdout]  --> pingora-http2-proxy/src/proxy/service.rs:9:52
[INFO] [stdout]   |
[INFO] [stdout] 9 | use crate::error::{ProxyResult, GrpcProtocolError, TlsError, ErrorContext, ErrorContextExt};
[INFO] [stdout]   |                                                    ^^^^^^^^
[INFO] [stdout]   |
[INFO] [stdout]   = note: `#[warn(unused_imports)]` (part of `#[warn(unused)]`) on by default
[INFO] [stdout] 
[INFO] [stdout] 
[INFO] [stdout] warning: unused import: `TlsError`
[INFO] [stdout]  --> pingora-http2-proxy/src/proxy/service.rs:9:52
[INFO] [stdout]   |
[INFO] [stdout] 9 | use crate::error::{ProxyResult, GrpcProtocolError, TlsError, ErrorContext, ErrorContextExt};
[INFO] [stdout]   |                                                    ^^^^^^^^
[INFO] [stdout]   |
[INFO] [stdout]   = note: `#[warn(unused_imports)]` (part of `#[warn(unused)]`) on by default
[INFO] [stdout] 
[INFO] [stdout] 
[INFO] [stdout] warning: field `config` is never read
[INFO] [stdout]   --> hyper-http2-proxy/src/components/tls.rs:20:5
[INFO] [stdout]    |
[INFO] [stdout] 18 | pub struct TlsHandler {
[INFO] [stdout]    |            ---------- field in this struct
[INFO] [stdout] 19 |     acceptor: TlsAcceptor,
[INFO] [stdout] 20 |     config: TlsConfig,
[INFO] [stdout]    |     ^^^^^^
[INFO] [stdout]    |
[INFO] [stdout]    = note: `#[warn(dead_code)]` (part of `#[warn(unused)]`) on by default
[INFO] [stdout] 
[INFO] [stdout] 
[INFO] [stdout] warning: field `created_at` is never read
[INFO] [stdout]   --> hyper-http2-proxy/src/components/forwarder.rs:29:5
[INFO] [stdout]    |
[INFO] [stdout] 27 | struct PooledConnection {
[INFO] [stdout]    |        ---------------- field in this struct
[INFO] [stdout] 28 |     sender: http2::SendRequest<hyper::body::Incoming>,
[INFO] [stdout] 29 |     created_at: Instant,
[INFO] [stdout]    |     ^^^^^^^^^^
[INFO] [stdout]    |
[INFO] [stdout]    = note: `PooledConnection` has a derived impl for the trait `Debug`, but this is intentionally ignored during dead code analysis
[INFO] [stdout] 
[INFO] [stdout] 
[INFO] [stdout] error[E0433]: cannot find module or crate `grpc_http_proxy` in this scope
[INFO] [stdout]    --> hyper-http2-proxy/tests/end_to_end_integration.rs:640:9
[INFO] [stdout]     |
[INFO] [stdout] 640 |     use grpc_http_proxy::components::Router;
[INFO] [stdout]     |         ^^^^^^^^^^^^^^^ use of unresolved module or unlinked crate `grpc_http_proxy`
[INFO] [stdout]     |
[INFO] [stdout] help: there is a crate or module with a similar name
[INFO] [stdout]     |
[INFO] [stdout] 640 -     use grpc_http_proxy::components::Router;
[INFO] [stdout] 640 +     use hyper_http2_proxy::components::Router;
[INFO] [stdout]     |
[INFO] [stdout] 
[INFO] [stdout] 
[INFO] [stdout] error[E0433]: cannot find module or crate `grpc_http_proxy` in this scope
[INFO] [stdout]    --> hyper-http2-proxy/tests/end_to_end_integration.rs:671:9
[INFO] [stdout]     |
[INFO] [stdout] 671 |     use grpc_http_proxy::components::Router;
[INFO] [stdout]     |         ^^^^^^^^^^^^^^^ use of unresolved module or unlinked crate `grpc_http_proxy`
[INFO] [stdout]     |
[INFO] [stdout] help: there is a crate or module with a similar name
[INFO] [stdout]     |
[INFO] [stdout] 671 -     use grpc_http_proxy::components::Router;
[INFO] [stdout] 671 +     use hyper_http2_proxy::components::Router;
[INFO] [stdout]     |
[INFO] [stdout] 
[INFO] [stdout] 
[INFO] [stdout] error[E0433]: cannot find module or crate `grpc_http_proxy` in this scope
[INFO] [stdout]    --> hyper-http2-proxy/tests/end_to_end_integration.rs:792:9
[INFO] [stdout]     |
[INFO] [stdout] 792 |     use grpc_http_proxy::components::Router;
[INFO] [stdout]     |         ^^^^^^^^^^^^^^^ use of unresolved module or unlinked crate `grpc_http_proxy`
[INFO] [stdout]     |
[INFO] [stdout] help: there is a crate or module with a similar name
[INFO] [stdout]     |
[INFO] [stdout] 792 -     use grpc_http_proxy::components::Router;
[INFO] [stdout] 792 +     use hyper_http2_proxy::components::Router;
[INFO] [stdout]     |
[INFO] [stdout] 
[INFO] [stdout] 
[INFO] [stdout] error[E0433]: cannot find module or crate `grpc_http_proxy` in this scope
[INFO] [stdout]    --> hyper-http2-proxy/tests/error_handling_integration.rs:179:9
[INFO] [stdout]     |
[INFO] [stdout] 179 |     use grpc_http_proxy::error::ProxyError;
[INFO] [stdout]     |         ^^^^^^^^^^^^^^^ use of unresolved module or unlinked crate `grpc_http_proxy`
[INFO] [stdout]     |
[INFO] [stdout] help: there is a crate or module with a similar name
[INFO] [stdout]     |
[INFO] [stdout] 179 -     use grpc_http_proxy::error::ProxyError;
[INFO] [stdout] 179 +     use hyper_http2_proxy::error::ProxyError;
[INFO] [stdout]     |
[INFO] [stdout] 
[INFO] [stdout] 
[INFO] [stdout] error[E0433]: cannot find module or crate `grpc_http_proxy` in this scope
[INFO] [stdout]    --> hyper-http2-proxy/tests/error_handling_integration.rs:253:9
[INFO] [stdout]     |
[INFO] [stdout] 253 |     use grpc_http_proxy::error::ProxyError;
[INFO] [stdout]     |         ^^^^^^^^^^^^^^^ use of unresolved module or unlinked crate `grpc_http_proxy`
[INFO] [stdout]     |
[INFO] [stdout] help: there is a crate or module with a similar name
[INFO] [stdout]     |
[INFO] [stdout] 253 -     use grpc_http_proxy::error::ProxyError;
[INFO] [stdout] 253 +     use hyper_http2_proxy::error::ProxyError;
[INFO] [stdout]     |
[INFO] [stdout] 
[INFO] [stdout] 
[INFO] [stdout] error[E0433]: cannot find module or crate `grpc_http_proxy` in this scope
[INFO] [stdout]    --> hyper-http2-proxy/tests/error_handling_integration.rs:329:9
[INFO] [stdout]     |
[INFO] [stdout] 329 |     use grpc_http_proxy::error::{ProxyError, ErrorCategory};
[INFO] [stdout]     |         ^^^^^^^^^^^^^^^ use of unresolved module or unlinked crate `grpc_http_proxy`
[INFO] [stdout]     |
[INFO] [stdout] help: there is a crate or module with a similar name
[INFO] [stdout]     |
[INFO] [stdout] 329 -     use grpc_http_proxy::error::{ProxyError, ErrorCategory};
[INFO] [stdout] 329 +     use hyper_http2_proxy::error::{ProxyError, ErrorCategory};
[INFO] [stdout]     |
[INFO] [stdout] 
[INFO] [stdout] 
[INFO] [stdout] error[E0433]: cannot find module or crate `grpc_http_proxy` in this scope
[INFO] [stdout]    --> hyper-http2-proxy/tests/error_handling_integration.rs:373:9
[INFO] [stdout]     |
[INFO] [stdout] 373 |     use grpc_http_proxy::components::Router;
[INFO] [stdout]     |         ^^^^^^^^^^^^^^^ use of unresolved module or unlinked crate `grpc_http_proxy`
[INFO] [stdout]     |
[INFO] [stdout] help: there is a crate or module with a similar name
[INFO] [stdout]     |
[INFO] [stdout] 373 -     use grpc_http_proxy::components::Router;
[INFO] [stdout] 373 +     use hyper_http2_proxy::components::Router;
[INFO] [stdout]     |
[INFO] [stdout] 
[INFO] [stdout] 
[INFO] [stdout] error[E0433]: cannot find module or crate `grpc_http_proxy` in this scope
[INFO] [stdout]    --> hyper-http2-proxy/tests/error_handling_integration.rs:374:9
[INFO] [stdout]     |
[INFO] [stdout] 374 |     use grpc_http_proxy::config::RoutingConfig;
[INFO] [stdout]     |         ^^^^^^^^^^^^^^^ use of unresolved module or unlinked crate `grpc_http_proxy`
[INFO] [stdout]     |
[INFO] [stdout] help: there is a crate or module with a similar name
[INFO] [stdout]     |
[INFO] [stdout] 374 -     use grpc_http_proxy::config::RoutingConfig;
[INFO] [stdout] 374 +     use hyper_http2_proxy::config::RoutingConfig;
[INFO] [stdout]     |
[INFO] [stdout] 
[INFO] [stdout] 
[INFO] [stdout] error[E0433]: cannot find module or crate `grpc_http_proxy` in this scope
[INFO] [stdout]    --> hyper-http2-proxy/tests/error_handling_integration.rs:395:9
[INFO] [stdout]     |
[INFO] [stdout] 395 |     use grpc_http_proxy::components::Router;
[INFO] [stdout]     |         ^^^^^^^^^^^^^^^ use of unresolved module or unlinked crate `grpc_http_proxy`
[INFO] [stdout]     |
[INFO] [stdout] help: there is a crate or module with a similar name
[INFO] [stdout]     |
[INFO] [stdout] 395 -     use grpc_http_proxy::components::Router;
[INFO] [stdout] 395 +     use hyper_http2_proxy::components::Router;
[INFO] [stdout]     |
[INFO] [stdout] 
[INFO] [stdout] 
[INFO] [stdout] error[E0433]: cannot find module or crate `grpc_http_proxy` in this scope
[INFO] [stdout]    --> hyper-http2-proxy/tests/error_handling_integration.rs:424:9
[INFO] [stdout]     |
[INFO] [stdout] 424 |     use grpc_http_proxy::components::forwarder::ConnectionPool;
[INFO] [stdout]     |         ^^^^^^^^^^^^^^^ use of unresolved module or unlinked crate `grpc_http_proxy`
[INFO] [stdout]     |
[INFO] [stdout] help: there is a crate or module with a similar name
[INFO] [stdout]     |
[INFO] [stdout] 424 -     use grpc_http_proxy::components::forwarder::ConnectionPool;
[INFO] [stdout] 424 +     use hyper_http2_proxy::components::forwarder::ConnectionPool;
[INFO] [stdout]     |
[INFO] [stdout] 
[INFO] [stdout] 
[INFO] [stdout] error[E0433]: cannot find module or crate `grpc_http_proxy` in this scope
[INFO] [stdout]    --> hyper-http2-proxy/tests/error_handling_integration.rs:487:9
[INFO] [stdout]     |
[INFO] [stdout] 487 |     use grpc_http_proxy::error::ProxyError;
[INFO] [stdout]     |         ^^^^^^^^^^^^^^^ use of unresolved module or unlinked crate `grpc_http_proxy`
[INFO] [stdout]     |
[INFO] [stdout] help: there is a crate or module with a similar name
[INFO] [stdout]     |
[INFO] [stdout] 487 -     use grpc_http_proxy::error::ProxyError;
[INFO] [stdout] 487 +     use hyper_http2_proxy::error::ProxyError;
[INFO] [stdout]     |
[INFO] [stdout] 
[INFO] [stdout] 
[INFO] [stdout] error[E0433]: cannot find module or crate `grpc_http_proxy` in this scope
[INFO] [stdout]    --> hyper-http2-proxy/tests/error_handling_integration.rs:291:18
[INFO] [stdout]     |
[INFO] [stdout] 291 |     let config = grpc_http_proxy::components::health::CircuitBreakerConfig {
[INFO] [stdout]     |                  ^^^^^^^^^^^^^^^ use of unresolved module or unlinked crate `grpc_http_proxy`
[INFO] [stdout]     |
[INFO] [stdout] help: there is a crate or module with a similar name
[INFO] [stdout]     |
[INFO] [stdout] 291 -     let config = grpc_http_proxy::components::health::CircuitBreakerConfig {
[INFO] [stdout] 291 +     let config = hyper_http2_proxy::components::health::CircuitBreakerConfig {
[INFO] [stdout]     |
[INFO] [stdout] help: consider importing this module
[INFO] [stdout]     |
[INFO] [stdout]   6 + use hyper_http2_proxy::components::health;
[INFO] [stdout]     |
[INFO] [stdout] help: if you import `health`, refer to it directly
[INFO] [stdout]     |
[INFO] [stdout] 291 -     let config = grpc_http_proxy::components::health::CircuitBreakerConfig {
[INFO] [stdout] 291 +     let config = health::CircuitBreakerConfig {
[INFO] [stdout]     |
[INFO] [stdout] 
[INFO] [stdout] 
[INFO] [stdout] error[E0433]: cannot find module or crate `grpc_http_proxy` in this scope
[INFO] [stdout]    --> hyper-http2-proxy/tests/error_handling_integration.rs:320:31
[INFO] [stdout]     |
[INFO] [stdout] 320 |     assert_eq!(status.status, grpc_http_proxy::components::health::HealthStatus::Unhealthy);
[INFO] [stdout]     |                               ^^^^^^^^^^^^^^^ use of unresolved module or unlinked crate `grpc_http_proxy`
[INFO] [stdout]     |
[INFO] [stdout] help: there is a crate or module with a similar name
[INFO] [stdout]     |
[INFO] [stdout] 320 -     assert_eq!(status.status, grpc_http_proxy::components::health::HealthStatus::Unhealthy);
[INFO] [stdout] 320 +     assert_eq!(status.status, hyper_http2_proxy::components::health::HealthStatus::Unhealthy);
[INFO] [stdout]     |
[INFO] [stdout] help: consider importing this enum
[INFO] [stdout]     |
[INFO] [stdout]   6 + use hyper_http2_proxy::components::HealthStatus;
[INFO] [stdout]     |
[INFO] [stdout] help: if you import `HealthStatus`, refer to it directly
[INFO] [stdout]     |
[INFO] [stdout] 320 -     assert_eq!(status.status, grpc_http_proxy::components::health::HealthStatus::Unhealthy);
[INFO] [stdout] 320 +     assert_eq!(status.status, HealthStatus::Unhealthy);
[INFO] [stdout]     |
[INFO] [stdout] 
[INFO] [stdout] 
[INFO] [stdout] warning: unused variable: `context`
[INFO] [stdout]    --> pingora-http2-proxy/src/proxy/service.rs:143:13
[INFO] [stdout]     |
[INFO] [stdout] 143 |         let context = ErrorContext::new()
[INFO] [stdout]     |             ^^^^^^^ help: if this is intentional, prefix it with an underscore: `_context`
[INFO] [stdout]     |
[INFO] [stdout]     = note: `#[warn(unused_variables)]` (part of `#[warn(unused)]`) on by default
[INFO] [stdout] 
[INFO] [stdout] 
[INFO] [stdout] error[E0433]: cannot find module or crate `grpc_http_proxy` in this scope
[INFO] [stdout]    --> hyper-http2-proxy/tests/end_to_end_integration.rs:722:9
[INFO] [stdout]     |
[INFO] [stdout] 722 |         grpc_http_proxy::ProxyError::Tls(_) | 
[INFO] [stdout]     |         ^^^^^^^^^^^^^^^ use of unresolved module or unlinked crate `grpc_http_proxy`
[INFO] [stdout]     |
[INFO] [stdout] help: there is a crate or module with a similar name
[INFO] [stdout]     |
[INFO] [stdout] 722 -         grpc_http_proxy::ProxyError::Tls(_) | 
[INFO] [stdout] 722 +         hyper_http2_proxy::ProxyError::Tls(_) | 
[INFO] [stdout]     |
[INFO] [stdout] help: consider importing this enum
[INFO] [stdout]     |
[INFO] [stdout]  10 + use hyper_http2_proxy::ProxyError;
[INFO] [stdout]     |
[INFO] [stdout] help: if you import `ProxyError`, refer to it directly
[INFO] [stdout]     |
[INFO] [stdout] 722 -         grpc_http_proxy::ProxyError::Tls(_) | 
[INFO] [stdout] 722 +         ProxyError::Tls(_) | 
[INFO] [stdout]     |
[INFO] [stdout] 
[INFO] [stdout] 
[INFO] [stdout] error[E0433]: cannot find module or crate `grpc_http_proxy` in this scope
[INFO] [stdout]    --> hyper-http2-proxy/tests/end_to_end_integration.rs:723:9
[INFO] [stdout]     |
[INFO] [stdout] 723 |         grpc_http_proxy::ProxyError::TlsConfig { .. } | 
[INFO] [stdout]     |         ^^^^^^^^^^^^^^^ use of unresolved module or unlinked crate `grpc_http_proxy`
[INFO] [stdout]     |
[INFO] [stdout] help: there is a crate or module with a similar name
[INFO] [stdout]     |
[INFO] [stdout] 723 -         grpc_http_proxy::ProxyError::TlsConfig { .. } | 
[INFO] [stdout] 723 +         hyper_http2_proxy::ProxyError::TlsConfig { .. } | 
[INFO] [stdout]     |
[INFO] [stdout] help: consider importing this enum
[INFO] [stdout]     |
[INFO] [stdout]  10 + use hyper_http2_proxy::ProxyError;
[INFO] [stdout]     |
[INFO] [stdout] help: if you import `ProxyError`, refer to it directly
[INFO] [stdout]     |
[INFO] [stdout] 723 -         grpc_http_proxy::ProxyError::TlsConfig { .. } | 
[INFO] [stdout] 723 +         ProxyError::TlsConfig { .. } | 
[INFO] [stdout]     |
[INFO] [stdout] 
[INFO] [stdout] 
[INFO] [stdout] error[E0433]: cannot find module or crate `grpc_http_proxy` in this scope
[INFO] [stdout]    --> hyper-http2-proxy/tests/end_to_end_integration.rs:724:9
[INFO] [stdout]     |
[INFO] [stdout] 724 |         grpc_http_proxy::ProxyError::TlsCertificate { .. } |
[INFO] [stdout]     |         ^^^^^^^^^^^^^^^ use of unresolved module or unlinked crate `grpc_http_proxy`
[INFO] [stdout]     |
[INFO] [stdout] help: there is a crate or module with a similar name
[INFO] [stdout]     |
[INFO] [stdout] 724 -         grpc_http_proxy::ProxyError::TlsCertificate { .. } |
[INFO] [stdout] 724 +         hyper_http2_proxy::ProxyError::TlsCertificate { .. } |
[INFO] [stdout]     |
[INFO] [stdout] help: consider importing this enum
[INFO] [stdout]     |
[INFO] [stdout]  10 + use hyper_http2_proxy::ProxyError;
[INFO] [stdout]     |
[INFO] [stdout] help: if you import `ProxyError`, refer to it directly
[INFO] [stdout]     |
[INFO] [stdout] 724 -         grpc_http_proxy::ProxyError::TlsCertificate { .. } |
[INFO] [stdout] 724 +         ProxyError::TlsCertificate { .. } |
[INFO] [stdout]     |
[INFO] [stdout] 
[INFO] [stdout] 
[INFO] [stdout] error[E0433]: cannot find module or crate `grpc_http_proxy` in this scope
[INFO] [stdout]    --> hyper-http2-proxy/tests/end_to_end_integration.rs:725:9
[INFO] [stdout]     |
[INFO] [stdout] 725 |         grpc_http_proxy::ProxyError::ConfigError(_) => {
[INFO] [stdout]     |         ^^^^^^^^^^^^^^^ use of unresolved module or unlinked crate `grpc_http_proxy`
[INFO] [stdout]     |
[INFO] [stdout] help: there is a crate or module with a similar name
[INFO] [stdout]     |
[INFO] [stdout] 725 -         grpc_http_proxy::ProxyError::ConfigError(_) => {
[INFO] [stdout] 725 +         hyper_http2_proxy::ProxyError::ConfigError(_) => {
[INFO] [stdout]     |
[INFO] [stdout] help: consider importing this enum
[INFO] [stdout]     |
[INFO] [stdout]  10 + use hyper_http2_proxy::ProxyError;
[INFO] [stdout]     |
[INFO] [stdout] help: if you import `ProxyError`, refer to it directly
[INFO] [stdout]     |
[INFO] [stdout] 725 -         grpc_http_proxy::ProxyError::ConfigError(_) => {
[INFO] [stdout] 725 +         ProxyError::ConfigError(_) => {
[INFO] [stdout]     |
[INFO] [stdout] 
[INFO] [stdout] 
[INFO] [stdout] error[E0433]: cannot find module or crate `grpc_http_proxy` in this scope
[INFO] [stdout]    --> hyper-http2-proxy/tests/end_to_end_integration.rs:861:25
[INFO] [stdout]     |
[INFO] [stdout] 861 |     let router_result = grpc_http_proxy::components::Router::new(catch_all_only_config.routing);
[INFO] [stdout]     |                         ^^^^^^^^^^^^^^^ use of unresolved module or unlinked crate `grpc_http_proxy`
[INFO] [stdout]     |
[INFO] [stdout] help: there is a crate or module with a similar name
[INFO] [stdout]     |
[INFO] [stdout] 861 -     let router_result = grpc_http_proxy::components::Router::new(catch_all_only_config.routing);
[INFO] [stdout] 861 +     let router_result = hyper_http2_proxy::components::Router::new(catch_all_only_config.routing);
[INFO] [stdout]     |
[INFO] [stdout] help: consider importing this struct
[INFO] [stdout]     |
[INFO] [stdout]  10 + use hyper_http2_proxy::components::Router;
[INFO] [stdout]     |
[INFO] [stdout] help: if you import `Router`, refer to it directly
[INFO] [stdout]     |
[INFO] [stdout] 861 -     let router_result = grpc_http_proxy::components::Router::new(catch_all_only_config.routing);
[INFO] [stdout] 861 +     let router_result = Router::new(catch_all_only_config.routing);
[INFO] [stdout]     |
[INFO] [stdout] 
[INFO] [stdout] 
[INFO] [stdout] error[E0433]: cannot find module or crate `grpc_http_proxy` in this scope
[INFO] [stdout]    --> hyper-http2-proxy/tests/end_to_end_integration.rs:882:25
[INFO] [stdout]     |
[INFO] [stdout] 882 |     let router_result = grpc_http_proxy::components::Router::new(rules_only_config);
[INFO] [stdout]     |                         ^^^^^^^^^^^^^^^ use of unresolved module or unlinked crate `grpc_http_proxy`
[INFO] [stdout]     |
[INFO] [stdout] help: there is a crate or module with a similar name
[INFO] [stdout]     |
[INFO] [stdout] 882 -     let router_result = grpc_http_proxy::components::Router::new(rules_only_config);
[INFO] [stdout] 882 +     let router_result = hyper_http2_proxy::components::Router::new(rules_only_config);
[INFO] [stdout]     |
[INFO] [stdout] help: consider importing this struct
[INFO] [stdout]     |
[INFO] [stdout]  10 + use hyper_http2_proxy::components::Router;
[INFO] [stdout]     |
[INFO] [stdout] help: if you import `Router`, refer to it directly
[INFO] [stdout]     |
[INFO] [stdout] 882 -     let router_result = grpc_http_proxy::components::Router::new(rules_only_config);
[INFO] [stdout] 882 +     let router_result = Router::new(rules_only_config);
[INFO] [stdout]     |
[INFO] [stdout] 
[INFO] [stdout] 
[INFO] [stdout] For more information about this error, try `rustc --explain E0433`.
[INFO] [stdout] 
[INFO] [stderr] error: could not compile `hyper-http2-proxy` (test "error_handling_integration") due to 10 previous errors
[INFO] [stderr] warning: build failed, waiting for other jobs to finish...
[INFO] [stdout] warning: field `tls_manager` is never read
[INFO] [stdout]   --> pingora-http2-proxy/src/proxy/server.rs:28:5
[INFO] [stdout]    |
[INFO] [stdout] 26 | pub struct ProxyServer {
[INFO] [stdout]    |            ----------- field in this struct
[INFO] [stdout] 27 |     config: ProxyConfig,
[INFO] [stdout] 28 |     tls_manager: TlsManager,
[INFO] [stdout]    |     ^^^^^^^^^^^
[INFO] [stdout]    |
[INFO] [stdout]    = note: `#[warn(dead_code)]` (part of `#[warn(unused)]`) on by default
[INFO] [stdout] 
[INFO] [stdout] 
[INFO] [stdout] warning: field `config` is never read
[INFO] [stdout]   --> pingora-http2-proxy/src/proxy/service.rs:18:5
[INFO] [stdout]    |
[INFO] [stdout] 17 | pub struct GrpcProxyService {
[INFO] [stdout]    |            ---------------- field in this struct
[INFO] [stdout] 18 |     config: ProxyConfig,
[INFO] [stdout]    |     ^^^^^^
[INFO] [stdout] 
[INFO] [stdout] 
[INFO] [stdout] warning: associated function `extract_grpc_status` is never used
[INFO] [stdout]   --> pingora-http2-proxy/src/proxy/service.rs:58:8
[INFO] [stdout]    |
[INFO] [stdout] 24 | impl GrpcProxyService {
[INFO] [stdout]    | --------------------- associated function in this implementation
[INFO] [stdout] ...
[INFO] [stdout] 58 |     fn extract_grpc_status(headers: &http::HeaderMap) -> (Option<i32>, Option<String>) {
[INFO] [stdout]    |        ^^^^^^^^^^^^^^^^^^^
[INFO] [stdout] 
[INFO] [stdout] 
[INFO] [stdout] For more information about this error, try `rustc --explain E0433`.
[INFO] [stdout] 
[INFO] [stderr] error: could not compile `hyper-http2-proxy` (test "end_to_end_integration") due to 9 previous errors
[INFO] [stdout] warning: unused variable: `context`
[INFO] [stdout]    --> pingora-http2-proxy/src/proxy/service.rs:143:13
[INFO] [stdout]     |
[INFO] [stdout] 143 |         let context = ErrorContext::new()
[INFO] [stdout]     |             ^^^^^^^ help: if this is intentional, prefix it with an underscore: `_context`
[INFO] [stdout]     |
[INFO] [stdout]     = note: `#[warn(unused_variables)]` (part of `#[warn(unused)]`) on by default
[INFO] [stdout] 
[INFO] [stdout] 
[INFO] [stdout] warning: field `tls_manager` is never read
[INFO] [stdout]   --> pingora-http2-proxy/src/proxy/server.rs:28:5
[INFO] [stdout]    |
[INFO] [stdout] 26 | pub struct ProxyServer {
[INFO] [stdout]    |            ----------- field in this struct
[INFO] [stdout] 27 |     config: ProxyConfig,
[INFO] [stdout] 28 |     tls_manager: TlsManager,
[INFO] [stdout]    |     ^^^^^^^^^^^
[INFO] [stdout]    |
[INFO] [stdout]    = note: `#[warn(dead_code)]` (part of `#[warn(unused)]`) on by default
[INFO] [stdout] 
[INFO] [stdout] 
[INFO] [stdout] warning: field `config` is never read
[INFO] [stdout]   --> pingora-http2-proxy/src/proxy/service.rs:18:5
[INFO] [stdout]    |
[INFO] [stdout] 17 | pub struct GrpcProxyService {
[INFO] [stdout]    |            ---------------- field in this struct
[INFO] [stdout] 18 |     config: ProxyConfig,
[INFO] [stdout]    |     ^^^^^^
[INFO] [stdout] 
[INFO] [stdout] 
[INFO] [stdout] warning: associated function `extract_grpc_status` is never used
[INFO] [stdout]   --> pingora-http2-proxy/src/proxy/service.rs:58:8
[INFO] [stdout]    |
[INFO] [stdout] 24 | impl GrpcProxyService {
[INFO] [stdout]    | --------------------- associated function in this implementation
[INFO] [stdout] ...
[INFO] [stdout] 58 |     fn extract_grpc_status(headers: &http::HeaderMap) -> (Option<i32>, Option<String>) {
[INFO] [stdout]    |        ^^^^^^^^^^^^^^^^^^^
[INFO] [stdout] 
[INFO] [stdout] 
[INFO] [stdout] warning: field `config` is never read
[INFO] [stdout]   --> hyper-http2-proxy/src/components/tls.rs:20:5
[INFO] [stdout]    |
[INFO] [stdout] 18 | pub struct TlsHandler {
[INFO] [stdout]    |            ---------- field in this struct
[INFO] [stdout] 19 |     acceptor: TlsAcceptor,
[INFO] [stdout] 20 |     config: TlsConfig,
[INFO] [stdout]    |     ^^^^^^
[INFO] [stdout]    |
[INFO] [stdout]    = note: `#[warn(dead_code)]` (part of `#[warn(unused)]`) on by default
[INFO] [stdout] 
[INFO] [stdout] 
[INFO] [stdout] warning: field `created_at` is never read
[INFO] [stdout]   --> hyper-http2-proxy/src/components/forwarder.rs:29:5
[INFO] [stdout]    |
[INFO] [stdout] 27 | struct PooledConnection {
[INFO] [stdout]    |        ---------------- field in this struct
[INFO] [stdout] 28 |     sender: http2::SendRequest<hyper::body::Incoming>,
[INFO] [stdout] 29 |     created_at: Instant,
[INFO] [stdout]    |     ^^^^^^^^^^
[INFO] [stdout]    |
[INFO] [stdout]    = note: `PooledConnection` has a derived impl for the trait `Debug`, but this is intentionally ignored during dead code analysis
[INFO] [stdout] 
[INFO] [stdout] 
[INFO] [stdout] warning: function `create_mock_upstream` is never used
[INFO] [stdout]    --> hyper-http2-proxy/src/lib.rs:922:14
[INFO] [stdout]     |
[INFO] [stdout] 922 |     async fn create_mock_upstream() -> (u16, tokio::task::JoinHandle<()>) {
[INFO] [stdout]     |              ^^^^^^^^^^^^^^^^^^^^
[INFO] [stdout] 
[INFO] [stdout] 
[INFO] [stdout] warning: function `mock_grpc_handler` is never used
[INFO] [stdout]    --> hyper-http2-proxy/src/lib.rs:954:14
[INFO] [stdout]     |
[INFO] [stdout] 954 |     async fn mock_grpc_handler(req: Request<hyper::body::Incoming>) -> Result<Response<Full<bytes::Bytes>>, Infallible> {
[INFO] [stdout]     |              ^^^^^^^^^^^^^^^^^
[INFO] [stdout] 
[INFO] [stdout] 
[INFO] [stderr] warning: unused dependency `anyhow`
[INFO] [stderr]   --> hyper-http2-proxy/Cargo.toml:32:1
[INFO] [stderr]    |
[INFO] [stderr] 32 | anyhow = "1.0"
[INFO] [stderr]    | ^^^^^^^^^^^^^^
[INFO] [stderr]    |
[INFO] [stderr]    = note: `cargo::unused_dependencies` is set to `warn` by default
[INFO] [stderr] help: consider removing the dependency on `anyhow`
[INFO] [stderr] warning: `hyper-http2-proxy` (manifest) generated 1 warning
[INFO] [stderr] warning: unused dependency `futures`
[INFO] [stderr]  --> tcp-proxy/Cargo.toml:9:1
[INFO] [stderr]   |
[INFO] [stderr] 9 | futures = { workspace = true }
[INFO] [stderr]   | ^^^^^^^^^^^^^^^^^^^^^^^^^^^^^^
[INFO] [stderr]   |
[INFO] [stderr]   = note: `cargo::unused_dependencies` is set to `warn` by default
[INFO] [stderr] help: consider removing the dependency on `futures`
[INFO] [stderr] warning: `tcp-proxy` (manifest) generated 1 warning
[INFO] [stderr] warning: unused dependency `futures`
[INFO] [stderr]  --> tls-term/Cargo.toml:9:1
[INFO] [stderr]   |
[INFO] [stderr] 9 | futures = { workspace = true }
[INFO] [stderr]   | ^^^^^^^^^^^^^^^^^^^^^^^^^^^^^^
[INFO] [stderr]   |
[INFO] [stderr]   = note: `cargo::unused_dependencies` is set to `warn` by default
[INFO] [stderr] help: consider removing the dependency on `futures`
[INFO] [stderr] warning: `tls-term` (manifest) generated 1 warning
[INFO] running `Command { std: "docker" "inspect" "9a4c57e27390094e09d8f4b0d986aaba502711695ef801562541ef64f9cdf632", kill_on_drop: false }`
[INFO] running `Command { std: "docker" "rm" "-f" "9a4c57e27390094e09d8f4b0d986aaba502711695ef801562541ef64f9cdf632", kill_on_drop: false }`
[INFO] [stdout] 9a4c57e27390094e09d8f4b0d986aaba502711695ef801562541ef64f9cdf632
