[INFO] cloning repository https://github.com/abevol/everything-cleaner
[INFO] running `Command { std: "git" "-c" "credential.helper=" "-c" "credential.helper=/workspace/cargo-home/bin/git-credential-null" "clone" "--bare" "https://github.com/abevol/everything-cleaner" "/workspace/cache/git-repos/https%3A%2F%2Fgithub.com%2Fabevol%2Feverything-cleaner", kill_on_drop: false }`
[INFO] [stderr] Cloning into bare repository '/workspace/cache/git-repos/https%3A%2F%2Fgithub.com%2Fabevol%2Feverything-cleaner'...
[INFO] running `Command { std: "git" "rev-parse" "HEAD", kill_on_drop: false }`
[INFO] [stdout] 34f335e0b5902a7ac3b6a89dbfd8a39ed5b25db9
[INFO] checking abevol/everything-cleaner/34f335e0b5902a7ac3b6a89dbfd8a39ed5b25db9 against a7c37f9f0ee5e93396106e9de20f4a86b4154e63 for pr-129249-4
[INFO] running `Command { std: "git" "clone" "/workspace/cache/git-repos/https%3A%2F%2Fgithub.com%2Fabevol%2Feverything-cleaner" "/workspace/builds/worker-7-tc1/source", kill_on_drop: false }`
[INFO] [stderr] Cloning into '/workspace/builds/worker-7-tc1/source'...
[INFO] [stderr] done.
[INFO] started tweaking git repo https://github.com/abevol/everything-cleaner
[INFO] finished tweaking git repo https://github.com/abevol/everything-cleaner
[INFO] tweaked toml for git repo https://github.com/abevol/everything-cleaner written to /workspace/builds/worker-7-tc1/source/Cargo.toml
[INFO] validating manifest of git repo https://github.com/abevol/everything-cleaner on toolchain a7c37f9f0ee5e93396106e9de20f4a86b4154e63
[INFO] running `Command { std: CARGO_HOME="/workspace/cargo-home" RUSTUP_HOME="/workspace/rustup-home" "/workspace/cargo-home/bin/cargo" "+a7c37f9f0ee5e93396106e9de20f4a86b4154e63" "metadata" "--manifest-path" "Cargo.toml" "--no-deps", kill_on_drop: false }`
[INFO] crate git repo https://github.com/abevol/everything-cleaner already has a lockfile, it will not be regenerated
[INFO] running `Command { std: CARGO_HOME="/workspace/cargo-home" RUSTUP_HOME="/workspace/rustup-home" "/workspace/cargo-home/bin/cargo" "+a7c37f9f0ee5e93396106e9de20f4a86b4154e63" "fetch" "--manifest-path" "Cargo.toml", kill_on_drop: false }`
[INFO] running `Command { std: "docker" "create" "-v" "/var/lib/crater-agent-workspace/builds/worker-7-tc1/source:/opt/rustwide/workdir:ro,Z" "-v" "/var/lib/crater-agent-workspace/builds/worker-7-tc1/target:/opt/rustwide/target:rw,Z" "-v" "/var/lib/crater-agent-workspace/cargo-home:/opt/rustwide/cargo-home:ro,Z" "-v" "/var/lib/crater-agent-workspace/rustup-home:/opt/rustwide/rustup-home:ro,Z" "-m" "1610612736" "--network" "none" "ghcr.io/rust-lang/crates-build-env/linux@sha256:77db811e55d90add9212f6832c23229e3de5f1c1f9905e8cb07319ea15df73ac" "sleep" "infinity", kill_on_drop: false }`
[INFO] [stdout] 9c8805eeae04345e08798f4c47023f7a1c3dfbda942f7e484ae46d25d5215aa9
[INFO] running `Command { std: "docker" "start" "9c8805eeae04345e08798f4c47023f7a1c3dfbda942f7e484ae46d25d5215aa9", kill_on_drop: false }`
[INFO] running `Command { std: "docker" "inspect" "9c8805eeae04345e08798f4c47023f7a1c3dfbda942f7e484ae46d25d5215aa9", kill_on_drop: false }`
[INFO] running `Command { std: "docker" "exec" "-e" "SOURCE_DIR=/opt/rustwide/workdir" "-e" "CARGO_HOME=/opt/rustwide/cargo-home" "-e" "RUSTUP_HOME=/opt/rustwide/rustup-home" "-e" "CARGO_TARGET_DIR=/opt/rustwide/target" "-w" "/opt/rustwide/workdir" "--user" "0:0" "9c8805eeae04345e08798f4c47023f7a1c3dfbda942f7e484ae46d25d5215aa9" "/opt/rustwide/cargo-home/bin/cargo" "+a7c37f9f0ee5e93396106e9de20f4a86b4154e63" "metadata" "--no-deps" "--format-version=1", kill_on_drop: false }`
[INFO] running `Command { std: "docker" "inspect" "9c8805eeae04345e08798f4c47023f7a1c3dfbda942f7e484ae46d25d5215aa9", kill_on_drop: false }`
[INFO] running `Command { std: "docker" "exec" "-e" "SOURCE_DIR=/opt/rustwide/workdir" "-e" "CARGO_HOME=/opt/rustwide/cargo-home" "-e" "RUSTUP_HOME=/opt/rustwide/rustup-home" "-e" "CARGO_TARGET_DIR=/opt/rustwide/target" "-e" "CARGO_INCREMENTAL=0" "-e" "RUST_BACKTRACE=full" "-e" "RUSTFLAGS=--cap-lints=forbid" "-e" "RUSTDOCFLAGS=--cap-lints=forbid" "-w" "/opt/rustwide/workdir" "--user" "0:0" "9c8805eeae04345e08798f4c47023f7a1c3dfbda942f7e484ae46d25d5215aa9" "/opt/rustwide/cargo-home/bin/cargo" "+a7c37f9f0ee5e93396106e9de20f4a86b4154e63" "check" "--frozen" "--all" "--all-targets" "--message-format=json", kill_on_drop: false }`
[INFO] [stderr]     Checking bitflags v2.13.0
[INFO] [stderr]     Checking log v0.4.33
[INFO] [stderr]    Compiling libc v0.2.186
[INFO] [stderr]    Compiling rustix v1.1.4
[INFO] [stderr]     Checking smallvec v1.15.2
[INFO] [stderr]    Compiling memchr v2.8.2
[INFO] [stderr]    Compiling syn v2.0.118
[INFO] [stderr]    Compiling winnow v1.0.3
[INFO] [stderr]    Compiling wayland-sys v0.31.11
[INFO] [stderr]    Compiling cc v1.2.65
[INFO] [stderr]    Compiling zerocopy v0.8.52
[INFO] [stderr]    Compiling wayland-client v0.31.14
[INFO] [stderr]     Checking tracing-core v0.1.36
[INFO] [stderr]    Compiling quick-xml v0.39.4
[INFO] [stderr]     Checking event-listener v5.4.1
[INFO] [stderr]     Checking fastrand v2.4.1
[INFO] [stderr]     Checking event-listener-strategy v0.5.4
[INFO] [stderr]     Checking futures-lite v2.6.1
[INFO] [stderr]    Compiling toml_parser v1.1.2+spec-1.1.0
[INFO] [stderr]    Compiling wayland-backend v0.3.15
[INFO] [stderr]    Compiling wayland-scanner v0.31.10
[INFO] [stderr]    Compiling toml_edit v0.25.12+spec-1.1.0
[INFO] [stderr]     Checking getrandom v0.2.17
[INFO] [stderr]     Checking piper v0.2.5
[INFO] [stderr]     Checking async-channel v2.5.0
[INFO] [stderr]     Checking rand_core v0.6.4
[INFO] [stderr]    Compiling nix v0.29.0
[INFO] [stderr]    Compiling async-io v2.6.0
[INFO] [stderr]     Checking ttf-parser v0.25.1
[INFO] [stderr]     Checking blocking v1.6.2
[INFO] [stderr]     Checking async-lock v3.4.2
[INFO] [stderr]    Compiling windows_x86_64_gnu v0.52.6
[INFO] [stderr]     Checking ab_glyph_rasterizer v0.1.10
[INFO] [stderr]     Checking sha1 v0.10.6
[INFO] [stderr]    Compiling proc-macro-crate v3.5.0
[INFO] [stderr]     Checking async-fs v2.2.0
[INFO] [stderr]     Checking getrandom v0.3.4
[INFO] [stderr]     Checking async-executor v1.14.0
[INFO] [stderr]     Checking xdg-home v1.3.0
[INFO] [stderr]     Checking async-broadcast v0.7.2
[INFO] [stderr]     Checking ordered-stream v0.2.0
[INFO] [stderr]     Checking litemap v0.8.2
[INFO] [stderr]     Checking writeable v0.6.3
[INFO] [stderr]     Checking xcursor v0.3.10
[INFO] [stderr]    Compiling gl_generator v0.14.0
[INFO] [stderr]     Checking rustix v0.38.44
[INFO] [stderr]     Checking memmap2 v0.9.11
[INFO] [stderr]    Compiling x11-dl v2.21.0
[INFO] [stderr]    Compiling icu_normalizer_data v2.2.0
[INFO] [stderr]     Checking accesskit v0.17.1
[INFO] [stderr]    Compiling zvariant_utils v2.1.0
[INFO] [stderr]    Compiling synstructure v0.13.2
[INFO] [stderr]     Checking owned_ttf_parser v0.25.1
[INFO] [stderr]     Checking ab_glyph v0.2.32
[INFO] [stderr]    Compiling icu_properties_data v2.2.0
[INFO] [stderr]     Checking windows-targets v0.52.6
[INFO] [stderr]     Checking parking_lot_core v0.9.12
[INFO] [stderr]     Checking strict-num v0.1.1
[INFO] [stderr]     Checking polling v3.11.0
[INFO] [stderr]     Checking gethostname v1.1.0
[INFO] [stderr]     Checking windows-result v0.2.0
[INFO] [stderr]     Checking parking_lot v0.12.5
[INFO] [stderr]     Checking ppv-lite86 v0.2.21
[INFO] [stderr]     Checking ahash v0.8.12
[INFO] [stderr]     Checking x11rb v0.13.2
[INFO] [stderr]     Checking windows-strings v0.1.0
[INFO] [stderr]     Checking immutable-chunkmap v2.1.2
[INFO] [stderr]     Checking rand_chacha v0.3.1
[INFO] [stderr]    Compiling winit v0.30.13
[INFO] [stderr]     Checking rand v0.8.6
[INFO] [stderr]     Checking wayland-csd-frame v0.3.0
[INFO] [stderr]    Compiling unicase v2.9.0
[INFO] [stderr]     Checking epaint_default_fonts v0.31.1
[INFO] [stderr]    Compiling phf_shared v0.11.3
[INFO] [stderr]     Checking accesskit_consumer v0.26.0
[INFO] [stderr]     Checking fdeflate v0.3.7
[INFO] [stderr]    Compiling serde_derive v1.0.228
[INFO] [stderr]    Compiling enumflags2_derive v0.7.12
[INFO] [stderr]    Compiling zvariant_derive v4.2.0
[INFO] [stderr]    Compiling bytemuck_derive v1.10.2
[INFO] [stderr]    Compiling tracing-attributes v0.1.31
[INFO] [stderr]    Compiling zerofrom-derive v0.1.7
[INFO] [stderr]    Compiling yoke-derive v0.8.2
[INFO] [stderr]    Compiling zerovec-derive v0.11.3
[INFO] [stderr]     Checking bytemuck v1.25.0
[INFO] [stderr]     Checking wayland-protocols v0.32.13
[INFO] [stderr]     Checking tracing v0.1.44
[INFO] [stderr]    Compiling displaydoc v0.2.6
[INFO] [stderr]    Compiling thiserror-impl v1.0.69
[INFO] [stderr]    Compiling futures-macro v0.3.32
[INFO] [stderr]    Compiling serde_repr v0.1.20
[INFO] [stderr]    Compiling async-trait v0.1.89
[INFO] [stderr]     Checking zerofrom v0.1.8
[INFO] [stderr]     Checking yoke v0.8.3
[INFO] [stderr]    Compiling zbus_macros v4.4.0
[INFO] [stderr]     Checking wayland-cursor v0.31.14
[INFO] [stderr]     Checking zerovec v0.11.6
[INFO] [stderr]     Checking zerotrie v0.2.4
[INFO] [stderr]     Checking futures-util v0.3.32
[INFO] [stderr]     Checking tiny-skia-path v0.11.4
[INFO] [stderr]     Checking emath v0.31.1
[INFO] [stderr]     Checking tinystr v0.8.3
[INFO] [stderr]     Checking icu_locale_core v2.2.0
[INFO] [stderr]     Checking potential_utf v0.1.5
[INFO] [stderr]     Checking thiserror v1.0.69
[INFO] [stderr]     Checking calloop v0.13.0
[INFO] [stderr]     Checking icu_collections v2.2.0
[INFO] [stderr]     Checking ecolor v0.31.1
[INFO] [stderr]     Checking tiny-skia v0.11.4
[INFO] [stderr]     Checking calloop-wayland-source v0.3.0
[INFO] [stderr]    Compiling windows-interface v0.58.0
[INFO] [stderr]    Compiling windows-implement v0.58.0
[INFO] [stderr]     Checking serde v1.0.228
[INFO] [stderr]     Checking enumflags2 v0.7.12
[INFO] [stderr]     Checking quick-xml v0.30.0
[INFO] [stderr]     Checking icu_provider v2.2.0
[INFO] [stderr]     Checking zvariant v4.2.0
[INFO] [stderr]     Checking windows-core v0.58.0
[INFO] [stderr]     Checking icu_properties v2.2.0
[INFO] [stderr]     Checking icu_normalizer v2.2.0
[INFO] [stderr]     Checking epaint v0.31.1
[INFO] [stderr]     Checking calloop v0.14.4
[INFO] [stderr]    Compiling thiserror-impl v2.0.18
[INFO] [stderr]     Checking idna_adapter v1.2.2
[INFO] [stderr]    Compiling glutin_glx_sys v0.6.1
[INFO] [stderr]    Compiling glutin_egl_sys v0.7.1
[INFO] [stderr]     Checking xkbcommon-dl v0.4.2
[INFO] [stderr]    Compiling cleaner-core v0.1.0 (/opt/rustwide/workdir/crates/cleaner-core)
[INFO] [stderr]     Checking pxfm v0.1.29
[INFO] [stderr]     Checking egui v0.31.1
[INFO] [stderr]     Checking calloop-wayland-source v0.4.1
[INFO] [stderr]     Checking idna v1.1.0
[INFO] [stderr]     Checking windows v0.58.0
[INFO] [stderr]     Checking png v0.18.1
[INFO] [stderr]     Checking thiserror v2.0.18
[INFO] [stderr]    Compiling phf v0.11.3
[INFO] [stderr]     Checking zbus_names v3.0.0
[INFO] [stderr]    Compiling glutin v0.32.3
[INFO] [stderr]     Checking wayland-protocols-wlr v0.3.12
[INFO] [stderr]     Checking wayland-protocols-plasma v0.3.12
[INFO] [stderr]     Checking wayland-protocols-misc v0.3.12
[INFO] [stderr]     Checking zbus_xml v4.0.0
[INFO] [stderr]     Checking zbus v4.4.0
[INFO] [stderr]     Checking wayland-protocols-experimental v20250721.0.1
[INFO] [stderr]     Checking zbus-lockstep v0.4.4
[INFO] [stderr]    Compiling mime_guess2 v2.3.1
[INFO] [stderr]     Checking smithay-client-toolkit v0.19.2
[INFO] [stderr]     Checking smithay-client-toolkit v0.20.0
[INFO] [stderr]     Checking url v2.5.8
[INFO] [stderr]     Checking moxcms v0.8.1
[INFO] [stderr]    Compiling zbus-lockstep-macros v0.4.4
[INFO] [stderr]     Checking sctk-adwaita v0.10.1
[INFO] [stderr]    Compiling glutin-winit v0.5.0
[INFO] [stderr]     Checking smithay-clipboard v0.7.3
[INFO] [stderr]     Checking webbrowser v1.2.1
[INFO] [stderr]    Compiling enum-map-derive v0.17.0
[INFO] [stdout] error[E0433]: cannot find `windows` in `os`
[INFO] [stdout]  --> crates/cleaner-core/src/everything.rs:2:14
[INFO] [stdout]   |
[INFO] [stdout] 2 | use std::os::windows::ffi::OsStringExt;
[INFO] [stdout]   |              ^^^^^^^ could not find `windows` in `os`
[INFO] [stdout]   |
[INFO] [stdout] note: found an item that was configured out
[INFO] [stdout]  --> /rustc/a7c37f9f0ee5e93396106e9de20f4a86b4154e63/library/std/src/os/mod.rs:62:4
[INFO] [stdout]   |
[INFO] [stdout]   = note: the item is gated behind the `windows` feature
[INFO] [stdout] 
[INFO] [stdout] 
[INFO] [stdout] error[E0433]: cannot find `windows` in `os`
[INFO] [stdout]  --> crates/cleaner-core/src/trash.rs:1:14
[INFO] [stdout]   |
[INFO] [stdout] 1 | use std::os::windows::ffi::OsStrExt;
[INFO] [stdout]   |              ^^^^^^^ could not find `windows` in `os`
[INFO] [stdout]   |
[INFO] [stdout] note: found an item that was configured out
[INFO] [stdout]  --> /rustc/a7c37f9f0ee5e93396106e9de20f4a86b4154e63/library/std/src/os/mod.rs:62:4
[INFO] [stdout]   |
[INFO] [stdout]   = note: the item is gated behind the `windows` feature
[INFO] [stdout] 
[INFO] [stdout] 
[INFO] [stdout] error[E0433]: cannot find `Win32` in `windows`
[INFO] [stdout]  --> crates/cleaner-core/src/trash.rs:5:14
[INFO] [stdout]   |
[INFO] [stdout] 5 | use windows::Win32::Foundation::{BOOL, HWND};
[INFO] [stdout]   |              ^^^^^ could not find `Win32` in `windows`
[INFO] [stdout] 
[INFO] [stdout] 
[INFO] [stdout] error[E0433]: cannot find `Win32` in `windows`
[INFO] [stdout]  --> crates/cleaner-core/src/trash.rs:6:14
[INFO] [stdout]   |
[INFO] [stdout] 6 | use windows::Win32::Storage::FileSystem::DeleteFileW;
[INFO] [stdout]   |              ^^^^^ could not find `Win32` in `windows`
[INFO] [stdout] 
[INFO] [stdout] 
[INFO] [stdout] error[E0433]: cannot find `Win32` in `windows`
[INFO] [stdout]  --> crates/cleaner-core/src/trash.rs:7:14
[INFO] [stdout]   |
[INFO] [stdout] 7 | use windows::Win32::UI::Shell::{
[INFO] [stdout]   |              ^^^^^ could not find `Win32` in `windows`
[INFO] [stdout] 
[INFO] [stdout] 
[INFO] [stdout] error[E0432]: unresolved import `windows::core`
[INFO] [stdout]  --> crates/cleaner-core/src/trash.rs:4:14
[INFO] [stdout]   |
[INFO] [stdout] 4 | use windows::core::PCWSTR;
[INFO] [stdout]   |              ^^^^ could not find `core` in `windows`
[INFO] [stdout] 
[INFO] [stdout] 
[INFO] [stderr]     Checking glow v0.16.0
[INFO] [stdout] error[E0599]: no associated function or constant named `from_wide` found for struct `OsString` in the current scope
[INFO] [stdout]   --> crates/cleaner-core/src/everything.rs:84:51
[INFO] [stdout]    |
[INFO] [stdout] 84 |                     path: PathBuf::from(OsString::from_wide(&buf)),
[INFO] [stdout]    |                                                   ^^^^^^^^^ associated function or constant not found in `OsString`
[INFO] [stdout]    |
[INFO] [stdout] note: if you're trying to build a new `OsString` consider using one of the following associated functions:
[INFO] [stdout]       OsString::new
[INFO] [stdout]       OsString::from_encoded_bytes_unchecked
[INFO] [stdout]       OsString::with_capacity
[INFO] [stdout]   --> /rustc/a7c37f9f0ee5e93396106e9de20f4a86b4154e63/library/std/src/ffi/os_str.rs:134:4
[INFO] [stdout] help: there is an associated function `from_iter` with a similar name
[INFO] [stdout]    |
[INFO] [stdout] 84 -                     path: PathBuf::from(OsString::from_wide(&buf)),
[INFO] [stdout] 84 +                     path: PathBuf::from(OsString::from_iter(&buf)),
[INFO] [stdout]    |
[INFO] [stdout] 
[INFO] [stdout] 
[INFO] [stdout] error[E0599]: no method named `encode_wide` found for reference `&OsStr` in the current scope
[INFO] [stdout]   --> crates/cleaner-core/src/trash.rs:32:10
[INFO] [stdout]    |
[INFO] [stdout] 30 |     let wide: Vec<u16> = path
[INFO] [stdout] 31 |         .as_os_str()
[INFO] [stdout] 32 |         .encode_wide()
[INFO] [stdout]    |          ^^^^^^^^^^^ method not found in `&OsStr`
[INFO] [stdout] 
[INFO] [stdout] 
[INFO] [stdout] error[E0599]: no method named `encode_wide` found for reference `&OsStr` in the current scope
[INFO] [stdout]   --> crates/cleaner-core/src/trash.rs:62:14
[INFO] [stdout]    |
[INFO] [stdout] 60 |         let wide: Vec<u16> = path
[INFO] [stdout] 61 |             .as_os_str()
[INFO] [stdout] 62 |             .encode_wide()
[INFO] [stdout]    |              ^^^^^^^^^^^ method not found in `&OsStr`
[INFO] [stdout] 
[INFO] [stdout] 
[INFO] [stdout] Some errors have detailed explanations: E0432, E0433, E0599.
[INFO] [stdout] 
[INFO] [stdout] For more information about an error, try `rustc --explain E0432`.
[INFO] [stdout] 
[INFO] [stderr] error: could not compile `cleaner-core` (lib) due to 9 previous errors
[INFO] [stderr] warning: build failed, waiting for other jobs to finish...
[INFO] running `Command { std: "docker" "inspect" "9c8805eeae04345e08798f4c47023f7a1c3dfbda942f7e484ae46d25d5215aa9", kill_on_drop: false }`
[INFO] running `Command { std: "docker" "rm" "-f" "9c8805eeae04345e08798f4c47023f7a1c3dfbda942f7e484ae46d25d5215aa9", kill_on_drop: false }`
[INFO] [stdout] 9c8805eeae04345e08798f4c47023f7a1c3dfbda942f7e484ae46d25d5215aa9
