[INFO] cloning repository https://github.com/Nyrox/motokigo
[INFO] running `Command { std: "git" "-c" "credential.helper=" "-c" "credential.helper=/workspace/cargo-home/bin/git-credential-null" "clone" "--bare" "https://github.com/Nyrox/motokigo" "/workspace/cache/git-repos/https%3A%2F%2Fgithub.com%2FNyrox%2Fmotokigo", kill_on_drop: false }`
[INFO] [stderr] Cloning into bare repository '/workspace/cache/git-repos/https%3A%2F%2Fgithub.com%2FNyrox%2Fmotokigo'...
[INFO] running `Command { std: "git" "rev-parse" "HEAD", kill_on_drop: false }`
[INFO] [stdout] fc1556d4f57231c54bd32167dadfadae8f61db34
[INFO] checking Nyrox/motokigo against 52995a223f2919dd3e2e427231db90a257350ded for pr-129249-4
[INFO] running `Command { std: "git" "clone" "/workspace/cache/git-repos/https%3A%2F%2Fgithub.com%2FNyrox%2Fmotokigo" "/workspace/builds/worker-5-tc2/source", kill_on_drop: false }`
[INFO] [stderr] Cloning into '/workspace/builds/worker-5-tc2/source'...
[INFO] [stderr] done.
[INFO] started tweaking git repo https://github.com/Nyrox/motokigo
[INFO] finished tweaking git repo https://github.com/Nyrox/motokigo
[INFO] tweaked toml for git repo https://github.com/Nyrox/motokigo written to /workspace/builds/worker-5-tc2/source/Cargo.toml
[INFO] validating manifest of git repo https://github.com/Nyrox/motokigo on toolchain 52995a223f2919dd3e2e427231db90a257350ded
[INFO] running `Command { std: CARGO_HOME="/workspace/cargo-home" RUSTUP_HOME="/workspace/rustup-home" "/workspace/cargo-home/bin/cargo" "+52995a223f2919dd3e2e427231db90a257350ded" "metadata" "--manifest-path" "Cargo.toml" "--no-deps", kill_on_drop: false }`
[INFO] crate git repo https://github.com/Nyrox/motokigo already has a lockfile, it will not be regenerated
[INFO] running `Command { std: CARGO_HOME="/workspace/cargo-home" RUSTUP_HOME="/workspace/rustup-home" "/workspace/cargo-home/bin/cargo" "+52995a223f2919dd3e2e427231db90a257350ded" "fetch" "--manifest-path" "Cargo.toml", kill_on_drop: false }`
[INFO] [stderr] warning: profiles for the non root package will be ignored, specify profiles at the workspace root:
[INFO] [stderr] package:   /workspace/builds/worker-5-tc2/source/renderjack/Cargo.toml
[INFO] [stderr] workspace: /workspace/builds/worker-5-tc2/source/Cargo.toml
[INFO] [stderr] warning: unused build dependency `regex`
[INFO] [stderr]  --> Cargo.toml:2:1
[INFO] [stderr]   |
[INFO] [stderr] 2 | regex = "1"
[INFO] [stderr]   | ^^^^^^^^^^^
[INFO] [stderr]   |
[INFO] [stderr]   = note: `cargo::unused_dependencies` is set to `warn` by default
[INFO] [stderr] help: consider removing the dependency on `regex`
[INFO] [stderr] warning: `motokigo` (manifest) generated 1 warning
[INFO] [stderr]     Blocking waiting for file lock on package cache
[INFO] [stderr]     Updating crates.io index
[INFO] [stderr]     Blocking waiting for file lock on package cache
[ERROR] error running command: no output for 300 seconds
[INFO] checking Nyrox/motokigo against 52995a223f2919dd3e2e427231db90a257350ded for pr-129249-4
[INFO] running `Command { std: "git" "clone" "/workspace/cache/git-repos/https%3A%2F%2Fgithub.com%2FNyrox%2Fmotokigo" "/workspace/builds/worker-5-tc2/source", kill_on_drop: false }`
[INFO] [stderr] Cloning into '/workspace/builds/worker-5-tc2/source'...
[INFO] [stderr] done.
[INFO] started tweaking git repo https://github.com/Nyrox/motokigo
[INFO] finished tweaking git repo https://github.com/Nyrox/motokigo
[INFO] tweaked toml for git repo https://github.com/Nyrox/motokigo written to /workspace/builds/worker-5-tc2/source/Cargo.toml
[INFO] validating manifest of git repo https://github.com/Nyrox/motokigo on toolchain 52995a223f2919dd3e2e427231db90a257350ded
[INFO] running `Command { std: CARGO_HOME="/workspace/cargo-home" RUSTUP_HOME="/workspace/rustup-home" "/workspace/cargo-home/bin/cargo" "+52995a223f2919dd3e2e427231db90a257350ded" "metadata" "--manifest-path" "Cargo.toml" "--no-deps", kill_on_drop: false }`
[INFO] crate git repo https://github.com/Nyrox/motokigo already has a lockfile, it will not be regenerated
[INFO] running `Command { std: CARGO_HOME="/workspace/cargo-home" RUSTUP_HOME="/workspace/rustup-home" "/workspace/cargo-home/bin/cargo" "+52995a223f2919dd3e2e427231db90a257350ded" "fetch" "--manifest-path" "Cargo.toml", kill_on_drop: false }`
[INFO] [stderr] warning: profiles for the non root package will be ignored, specify profiles at the workspace root:
[INFO] [stderr] package:   /workspace/builds/worker-5-tc2/source/renderjack/Cargo.toml
[INFO] [stderr] workspace: /workspace/builds/worker-5-tc2/source/Cargo.toml
[INFO] [stderr] warning: unused build dependency `regex`
[INFO] [stderr]  --> Cargo.toml:2:1
[INFO] [stderr]   |
[INFO] [stderr] 2 | regex = "1"
[INFO] [stderr]   | ^^^^^^^^^^^
[INFO] [stderr]   |
[INFO] [stderr]   = note: `cargo::unused_dependencies` is set to `warn` by default
[INFO] [stderr] help: consider removing the dependency on `regex`
[INFO] [stderr] warning: `motokigo` (manifest) generated 1 warning
[INFO] [stderr]     Blocking waiting for file lock on package cache
[INFO] [stderr]     Blocking waiting for file lock on package cache
[INFO] [stderr]  Downloading crates ...
[INFO] [stderr]   Downloaded proc-macro-hack v0.5.16
[INFO] [stderr]   Downloaded proc-macro2 v1.0.18
[INFO] [stderr]   Downloaded ndk-glue v0.2.1
[INFO] [stderr]   Downloaded instant v0.1.8
[INFO] [stderr]   Downloaded glutin_wgl_sys v0.1.5
[INFO] [stderr]   Downloaded glutin_glx_sys v0.1.7
[INFO] [stderr]   Downloaded thiserror-impl v1.0.21
[INFO] [stderr]   Downloaded num_enum_derive v0.4.3
[INFO] [stderr]   Downloaded syn v1.0.34
[INFO] [stderr]   Downloaded wayland-sys v0.28.1
[INFO] [stderr]   Downloaded smallvec v1.4.2
[INFO] [stderr]   Downloaded wayland-egl v0.28.1
[INFO] [stderr]   Downloaded png v0.16.7
[INFO] [stderr]   Downloaded cgmath v0.17.0
[INFO] [stderr]   Downloaded libloading v0.6.5
[INFO] [stderr]   Downloaded cocoa v0.23.0
[INFO] [stderr]   Downloaded xml-rs v0.8.3
[INFO] [stderr]   Downloaded const_fn v0.4.3
[INFO] [stderr]   Downloaded core-graphics-types v0.1.1
[INFO] [stderr]   Downloaded cocoa-foundation v0.1.0
[INFO] [stderr]   Downloaded ab_glyph_rasterizer v0.1.4
[INFO] [stderr]   Downloaded glutin_emscripten_sys v0.1.1
[INFO] [stderr]   Downloaded glutin_egl_sys v0.1.5
[INFO] [stderr]   Downloaded wayland-cursor v0.28.1
[INFO] [stderr]   Downloaded glutin v0.25.1
[INFO] [stderr]   Downloaded raw-window-handle v0.3.3
[INFO] [stderr]   Downloaded thiserror v1.0.21
[INFO] [stderr]   Downloaded glutin_gles2_sys v0.1.5
[INFO] [stderr]   Downloaded net2 v0.2.35
[INFO] [stderr]   Downloaded num_enum v0.4.3
[INFO] [stderr]   Downloaded xcursor v0.3.2
[INFO] [stderr]   Downloaded wayland-commons v0.28.1
[INFO] [stderr]   Downloaded crossbeam-epoch v0.9.0
[INFO] [stderr]   Downloaded gif v0.11.1
[INFO] [stderr]   Downloaded once_cell v1.4.1
[INFO] [stderr]   Downloaded weezl v0.1.2
[INFO] [stderr]   Downloaded crossbeam-utils v0.8.0
[INFO] [stderr]   Downloaded crc32fast v1.2.1
[INFO] [stderr]   Downloaded rusttype v0.9.2
[INFO] [stderr]   Downloaded toml v0.5.7
[INFO] [stderr]   Downloaded ndk v0.2.1
[INFO] [stderr]   Downloaded miniz_oxide v0.4.3
[INFO] [stderr]   Downloaded crossbeam-channel v0.5.0
[INFO] [stderr]   Downloaded wayland-client v0.28.1
[INFO] [stderr]   Downloaded derivative v2.1.1
[INFO] [stderr]   Downloaded cc v1.0.62
[INFO] [stderr]   Downloaded owned_ttf_parser v0.6.0
[INFO] [stderr]   Downloaded smithay-client-toolkit v0.12.0
[INFO] [stderr]   Downloaded ttf-parser v0.6.2
[INFO] [stderr]   Downloaded wayland-protocols v0.28.1
[INFO] [stderr]   Downloaded jpeg-decoder v0.1.20
[INFO] [stderr]   Downloaded ndk-sys v0.2.1
[INFO] [stderr]   Downloaded winit v0.23.0
[INFO] [stderr]   Downloaded tiff v0.6.0
[INFO] [stderr]   Downloaded bytemuck v1.2.0
[INFO] [stderr]   Downloaded wayland-scanner v0.28.1
[INFO] [stderr]   Downloaded core-graphics v0.22.1
[INFO] [stderr]   Downloaded image v0.23.11
[INFO] running `Command { std: "docker" "create" "-v" "/var/lib/crater-agent-workspace/builds/worker-5-tc2/source:/opt/rustwide/workdir:ro,Z" "-v" "/var/lib/crater-agent-workspace/builds/worker-5-tc2/target:/opt/rustwide/target:rw,Z" "-v" "/var/lib/crater-agent-workspace/cargo-home:/opt/rustwide/cargo-home:ro,Z" "-v" "/var/lib/crater-agent-workspace/rustup-home:/opt/rustwide/rustup-home:ro,Z" "-m" "1610612736" "--network" "none" "ghcr.io/rust-lang/crates-build-env/linux@sha256:77db811e55d90add9212f6832c23229e3de5f1c1f9905e8cb07319ea15df73ac" "sleep" "infinity", kill_on_drop: false }`
[INFO] [stdout] 73ecf56a3aa072485351bc1838e4f742e349359199d279a58b01970e85b9c75f
[INFO] running `Command { std: "docker" "start" "73ecf56a3aa072485351bc1838e4f742e349359199d279a58b01970e85b9c75f", kill_on_drop: false }`
[INFO] running `Command { std: "docker" "inspect" "73ecf56a3aa072485351bc1838e4f742e349359199d279a58b01970e85b9c75f", kill_on_drop: false }`
[INFO] running `Command { std: "docker" "exec" "-e" "SOURCE_DIR=/opt/rustwide/workdir" "-e" "CARGO_HOME=/opt/rustwide/cargo-home" "-e" "RUSTUP_HOME=/opt/rustwide/rustup-home" "-e" "CARGO_TARGET_DIR=/opt/rustwide/target" "-w" "/opt/rustwide/workdir" "--user" "0:0" "73ecf56a3aa072485351bc1838e4f742e349359199d279a58b01970e85b9c75f" "/opt/rustwide/cargo-home/bin/cargo" "+52995a223f2919dd3e2e427231db90a257350ded" "metadata" "--no-deps" "--format-version=1", kill_on_drop: false }`
[INFO] running `Command { std: "docker" "inspect" "73ecf56a3aa072485351bc1838e4f742e349359199d279a58b01970e85b9c75f", kill_on_drop: false }`
[INFO] running `Command { std: "docker" "exec" "-e" "SOURCE_DIR=/opt/rustwide/workdir" "-e" "CARGO_HOME=/opt/rustwide/cargo-home" "-e" "RUSTUP_HOME=/opt/rustwide/rustup-home" "-e" "CARGO_TARGET_DIR=/opt/rustwide/target" "-e" "CARGO_INCREMENTAL=0" "-e" "RUST_BACKTRACE=full" "-e" "RUSTFLAGS=--cap-lints=forbid" "-e" "RUSTDOCFLAGS=--cap-lints=forbid" "-w" "/opt/rustwide/workdir" "--user" "0:0" "73ecf56a3aa072485351bc1838e4f742e349359199d279a58b01970e85b9c75f" "/opt/rustwide/cargo-home/bin/cargo" "+52995a223f2919dd3e2e427231db90a257350ded" "check" "--frozen" "--all" "--all-targets" "--message-format=json", kill_on_drop: false }`
[INFO] [stderr] warning: profiles for the non root package will be ignored, specify profiles at the workspace root:
[INFO] [stderr] package:   /opt/rustwide/workdir/renderjack/Cargo.toml
[INFO] [stderr] workspace: /opt/rustwide/workdir/Cargo.toml
[INFO] [stderr] warning: unused build dependency `regex`
[INFO] [stderr]  --> Cargo.toml:2:1
[INFO] [stderr]   |
[INFO] [stderr] 2 | regex = "1"
[INFO] [stderr]   | ^^^^^^^^^^^
[INFO] [stderr]   |
[INFO] [stderr]   = note: `cargo::unused_dependencies` is set to `warn` by default
[INFO] [stderr] help: consider removing the dependency on `regex`
[INFO] [stderr] warning: `motokigo` (manifest) generated 1 warning
[INFO] [stderr]    Compiling autocfg v1.0.0
[INFO] [stderr]    Compiling libc v0.2.80
[INFO] [stderr]    Compiling proc-macro2 v1.0.18
[INFO] [stderr]    Compiling xml-rs v0.8.3
[INFO] [stderr]    Compiling unicode-xid v0.2.1
[INFO] [stderr]    Compiling log v0.4.11
[INFO] [stderr]    Compiling pkg-config v0.3.19
[INFO] [stderr]    Compiling const_fn v0.4.3
[INFO] [stderr]    Compiling syn v1.0.34
[INFO] [stderr]    Compiling nix v0.18.0
[INFO] [stderr]     Checking libloading v0.6.5
[INFO] [stderr]     Checking smallvec v1.4.2
[INFO] [stderr]     Checking once_cell v1.4.1
[INFO] [stderr]    Compiling memchr v2.3.3
[INFO] [stderr]    Compiling nom v5.1.2
[INFO] [stderr]     Checking downcast-rs v1.2.0
[INFO] [stderr]    Compiling either v1.5.3
[INFO] [stderr]     Checking dlib v0.4.2
[INFO] [stderr]    Compiling rayon-core v1.9.0
[INFO] [stderr]     Checking scoped-tls v1.0.0
[INFO] [stderr]    Compiling proc-macro-hack v0.5.16
[INFO] [stderr]     Checking ttf-parser v0.6.2
[INFO] [stderr]    Compiling itertools v0.9.0
[INFO] [stderr]     Checking bytemuck v1.2.0
[INFO] [stderr]     Checking ab_glyph_rasterizer v0.1.4
[INFO] [stderr]     Checking walkdir v2.3.1
[INFO] [stderr]     Checking instant v0.1.8
[INFO] [stderr]    Compiling num-traits v0.2.12
[INFO] [stderr]    Compiling crossbeam-utils v0.8.0
[INFO] [stderr]    Compiling memoffset v0.5.6
[INFO] [stderr]    Compiling rayon v1.5.0
[INFO] [stderr]    Compiling num-integer v0.1.44
[INFO] [stderr]    Compiling gl_generator v0.14.0
[INFO] [stderr]    Compiling miniz_oxide v0.4.3
[INFO] [stderr]    Compiling crc32fast v1.2.1
[INFO] [stderr]    Compiling quote v1.0.7
[INFO] [stderr]     Checking adler32 v1.2.0
[INFO] [stderr]    Compiling paste-impl v0.1.18
[INFO] [stderr]    Compiling num-rational v0.3.2
[INFO] [stderr]    Compiling wayland-sys v0.28.1
[INFO] [stderr]    Compiling wayland-scanner v0.28.1
[INFO] [stderr]     Checking rand_os v0.1.3
[INFO] [stderr]     Checking owned_ttf_parser v0.6.0
[INFO] [stderr]     Checking num_cpus v1.13.0
[INFO] [stderr]    Compiling x11-dl v2.18.5
[INFO] [stderr]     Checking iovec v0.1.4
[INFO] [stderr]     Checking rusttype v0.9.2
[INFO] [stderr]     Checking net2 v0.2.35
[INFO] [stderr]     Checking memmap v0.7.0
[INFO] [stderr]     Checking rand v0.6.5
[INFO] [stderr]     Checking parking_lot_core v0.8.0
[INFO] [stderr]    Compiling num-iter v0.1.42
[INFO] [stderr]     Checking lock_api v0.4.1
[INFO] [stderr]     Checking mio v0.6.22
[INFO] [stderr]     Checking andrew v0.3.1
[INFO] [stderr]     Checking paste v0.1.18
[INFO] [stderr]    Compiling winit v0.23.0
[INFO] [stderr]     Checking adler v0.2.3
[INFO] [stderr]     Checking lazycell v1.3.0
[INFO] [stderr]     Checking weezl v0.1.2
[INFO] [stderr]     Checking shared_library v0.1.9
[INFO] [stderr]    Compiling glutin_egl_sys v0.1.5
[INFO] [stderr]    Compiling glutin_glx_sys v0.1.7
[INFO] [stderr]    Compiling gl v0.14.0
[INFO] [stderr]     Checking raw-window-handle v0.3.3
[INFO] [stderr]     Checking parking_lot v0.11.0
[INFO] [stderr]     Checking miniz_oxide v0.3.7
[INFO] [stderr]     Checking deflate v0.8.6
[INFO] [stderr]     Checking mio-extras v2.0.6
[INFO] [stderr]     Checking crossbeam-epoch v0.9.0
[INFO] [stderr]     Checking crossbeam-channel v0.5.0
[INFO] [stderr]    Compiling cgmath v0.17.0
[INFO] [stderr]     Checking color_quant v1.1.0
[INFO] [stderr]     Checking osmesa-sys v0.1.2
[INFO] [stderr]     Checking crossbeam-deque v0.8.0
[INFO] [stderr]     Checking approx v0.3.2
[INFO] [stderr]     Checking png v0.16.7
[INFO] [stderr]     Checking scoped_threadpool v0.1.9
[INFO] [stderr]     Checking gif v0.11.1
[INFO] [stderr]    Compiling wayland-client v0.28.1
[INFO] [stderr]    Compiling wayland-protocols v0.28.1
[INFO] [stderr]     Checking xcursor v0.3.2
[INFO] [stderr]     Checking wayland-commons v0.28.1
[INFO] [stderr]     Checking calloop v0.6.5
[INFO] [stderr]     Checking jpeg-decoder v0.1.20
[INFO] [stderr]     Checking wayland-cursor v0.28.1
[INFO] [stderr]     Checking wayland-egl v0.28.1
[INFO] [stderr]     Checking tiff v0.6.0
[INFO] [stderr]    Compiling macros v0.1.0 (/opt/rustwide/workdir/macros)
[INFO] [stderr]     Checking image v0.23.11
[INFO] [stderr]     Checking motokigo v0.1.0 (/opt/rustwide/workdir)
[INFO] [stdout] error[E0277]: a value of type `!` cannot be built from an iterator over elements of type `()`
[INFO] [stdout]    --> src/ast.rs:409:15
[INFO] [stdout]     |
[INFO] [stdout] 409 |             .collect::<Result<_, _>>()?;
[INFO] [stdout]     |              -------   ^^^^^^^^^^^^ value of type `!` cannot be built from `std::iter::Iterator<Item=()>`
[INFO] [stdout]     |              |
[INFO] [stdout]     |              required by a bound introduced by this call
[INFO] [stdout]     |
[INFO] [stdout]     = help: the trait `FromIterator<()>` is not implemented for `!`
[INFO] [stdout] help: the trait `FromIterator<Result<T, E>>` is conditionally implemented for `Result<V, E>`
[INFO] [stdout]    --> /rustc/52995a223f2919dd3e2e427231db90a257350ded/library/core/src/result.rs:2122:14
[INFO] [stdout]     |
[INFO] [stdout]     = note: unsatisfied requirement introduced here: `_: FromIterator<_>`
[INFO] [stdout]     = note: this error might have been caused by changes to Rust's type-inference algorithm (see issue #148922 <https://github.com/rust-lang/rust/issues/148922> for more information)
[INFO] [stdout]     = help: you might have intended to use the type `()` here instead
[INFO] [stdout]     = note: required for `Result<!, Box<dyn std::error::Error>>` to implement `FromIterator<Result<(), Box<dyn std::error::Error>>>`
[INFO] [stdout] note: required by a bound in `collect`
[INFO] [stdout]    --> /rustc/52995a223f2919dd3e2e427231db90a257350ded/library/core/src/iter/traits/iterator.rs:2087:4
[INFO] [stdout] 
[INFO] [stdout] 
[INFO] [stdout] error[E0277]: a value of type `!` cannot be built from an iterator over elements of type `()`
[INFO] [stdout]    --> src/ast.rs:409:15
[INFO] [stdout]     |
[INFO] [stdout] 409 |             .collect::<Result<_, _>>()?;
[INFO] [stdout]     |              -------   ^^^^^^^^^^^^ value of type `!` cannot be built from `std::iter::Iterator<Item=()>`
[INFO] [stdout]     |              |
[INFO] [stdout]     |              required by a bound introduced by this call
[INFO] [stdout]     |
[INFO] [stdout]     = help: the trait `FromIterator<()>` is not implemented for `!`
[INFO] [stdout] help: the trait `FromIterator<Result<T, E>>` is conditionally implemented for `Result<V, E>`
[INFO] [stdout]    --> /rustc/52995a223f2919dd3e2e427231db90a257350ded/library/core/src/result.rs:2122:14
[INFO] [stdout]     |
[INFO] [stdout]     = note: unsatisfied requirement introduced here: `_: FromIterator<_>`
[INFO] [stdout]     = note: this error might have been caused by changes to Rust's type-inference algorithm (see issue #148922 <https://github.com/rust-lang/rust/issues/148922> for more information)
[INFO] [stdout]     = help: you might have intended to use the type `()` here instead
[INFO] [stdout]     = note: required for `Result<!, Box<dyn std::error::Error>>` to implement `FromIterator<Result<(), Box<dyn std::error::Error>>>`
[INFO] [stdout] note: required by a bound in `collect`
[INFO] [stdout]    --> /rustc/52995a223f2919dd3e2e427231db90a257350ded/library/core/src/iter/traits/iterator.rs:2087:4
[INFO] [stdout] 
[INFO] [stdout] 
[INFO] [stdout] warning: variable does not need to be mutable
[INFO] [stdout]   --> src/compiler/mod.rs:38:8
[INFO] [stdout]    |
[INFO] [stdout] 38 |             let mut fnc = program.data.functions.get_mut(f.ident.item.as_str()).unwrap();
[INFO] [stdout]    |                 ----^^^
[INFO] [stdout]    |                 |
[INFO] [stdout]    |                 help: remove this `mut`
[INFO] [stdout]    |
[INFO] [stdout]    = note: `#[warn(unused_mut)]` (part of `#[warn(unused)]`) on by default
[INFO] [stdout] 
[INFO] [stdout] 
[INFO] [stdout] For more information about this error, try `rustc --explain E0277`.
[INFO] [stdout] 
[INFO] [stderr] error: could not compile `motokigo` (lib) due to 1 previous error; 1 warning emitted
[INFO] [stderr] warning: build failed, waiting for other jobs to finish...
[INFO] [stdout] warning: variable does not need to be mutable
[INFO] [stdout]   --> src/compiler/mod.rs:38:8
[INFO] [stdout]    |
[INFO] [stdout] 38 |             let mut fnc = program.data.functions.get_mut(f.ident.item.as_str()).unwrap();
[INFO] [stdout]    |                 ----^^^
[INFO] [stdout]    |                 |
[INFO] [stdout]    |                 help: remove this `mut`
[INFO] [stdout]    |
[INFO] [stdout]    = note: `#[warn(unused_mut)]` (part of `#[warn(unused)]`) on by default
[INFO] [stdout] 
[INFO] [stdout] 
[INFO] [stdout] For more information about this error, try `rustc --explain E0277`.
[INFO] [stdout] 
[INFO] [stderr] error: could not compile `motokigo` (lib test) due to 1 previous error; 1 warning emitted
[INFO] running `Command { std: "docker" "inspect" "73ecf56a3aa072485351bc1838e4f742e349359199d279a58b01970e85b9c75f", kill_on_drop: false }`
[INFO] running `Command { std: "docker" "rm" "-f" "73ecf56a3aa072485351bc1838e4f742e349359199d279a58b01970e85b9c75f", kill_on_drop: false }`
[INFO] [stdout] 73ecf56a3aa072485351bc1838e4f742e349359199d279a58b01970e85b9c75f
