[INFO] cloning repository https://github.com/Nuthatch-xHMx/ljmrsmod
[INFO] running `Command { std: "git" "-c" "credential.helper=" "-c" "credential.helper=/workspace/cargo-home/bin/git-credential-null" "clone" "--bare" "https://github.com/Nuthatch-xHMx/ljmrsmod" "/workspace/cache/git-repos/https%3A%2F%2Fgithub.com%2FNuthatch-xHMx%2Fljmrsmod", kill_on_drop: false }`
[INFO] [stderr] Cloning into bare repository '/workspace/cache/git-repos/https%3A%2F%2Fgithub.com%2FNuthatch-xHMx%2Fljmrsmod'...
[INFO] running `Command { std: "git" "rev-parse" "HEAD", kill_on_drop: false }`
[INFO] [stdout] 6b03bac4cc7faf0b5370ba5cb7672a99b737ee48
[INFO] checking Nuthatch-xHMx/ljmrsmod against 52995a223f2919dd3e2e427231db90a257350ded for pr-129249-4
[INFO] running `Command { std: "git" "clone" "/workspace/cache/git-repos/https%3A%2F%2Fgithub.com%2FNuthatch-xHMx%2Fljmrsmod" "/workspace/builds/worker-1-tc2/source", kill_on_drop: false }`
[INFO] [stderr] Cloning into '/workspace/builds/worker-1-tc2/source'...
[INFO] [stderr] done.
[INFO] removed /workspace/builds/worker-1-tc2/source/.cargo/config.toml
[INFO] started tweaking git repo https://github.com/Nuthatch-xHMx/ljmrsmod
[INFO] removed 0 missing examples
[INFO] finished tweaking git repo https://github.com/Nuthatch-xHMx/ljmrsmod
[INFO] tweaked toml for git repo https://github.com/Nuthatch-xHMx/ljmrsmod written to /workspace/builds/worker-1-tc2/source/Cargo.toml
[INFO] validating manifest of git repo https://github.com/Nuthatch-xHMx/ljmrsmod on toolchain 52995a223f2919dd3e2e427231db90a257350ded
[INFO] running `Command { std: CARGO_HOME="/workspace/cargo-home" RUSTUP_HOME="/workspace/rustup-home" "/workspace/cargo-home/bin/cargo" "+52995a223f2919dd3e2e427231db90a257350ded" "metadata" "--manifest-path" "Cargo.toml" "--no-deps", kill_on_drop: false }`
[INFO] crate git repo https://github.com/Nuthatch-xHMx/ljmrsmod already has a lockfile, it will not be regenerated
[INFO] running `Command { std: CARGO_HOME="/workspace/cargo-home" RUSTUP_HOME="/workspace/rustup-home" "/workspace/cargo-home/bin/cargo" "+52995a223f2919dd3e2e427231db90a257350ded" "fetch" "--manifest-path" "Cargo.toml", kill_on_drop: false }`
[INFO] [stderr]     Blocking waiting for file lock on package cache
[INFO] [stderr]     Blocking waiting for file lock on package cache
[INFO] [stderr]  Downloading crates ...
[INFO] [stderr]   Downloaded backtrace v0.3.73
[INFO] [stderr]   Downloaded libloading v0.8.0
[INFO] [stderr]   Downloaded addr2line v0.22.0
[INFO] [stderr]   Downloaded syn v2.0.74
[INFO] [stderr]   Downloaded regex v1.10.6
[INFO] [stderr]   Downloaded object v0.36.2
[INFO] [stderr]   Downloaded gimli v0.29.0
[INFO] [stderr]   Downloaded tokio v1.39.2
[INFO] running `Command { std: "docker" "create" "-v" "/var/lib/crater-agent-workspace/builds/worker-1-tc2/source:/opt/rustwide/workdir:ro,Z" "-v" "/var/lib/crater-agent-workspace/builds/worker-1-tc2/target:/opt/rustwide/target:rw,Z" "-v" "/var/lib/crater-agent-workspace/cargo-home:/opt/rustwide/cargo-home:ro,Z" "-v" "/var/lib/crater-agent-workspace/rustup-home:/opt/rustwide/rustup-home:ro,Z" "-m" "1610612736" "--network" "none" "ghcr.io/rust-lang/crates-build-env/linux@sha256:77db811e55d90add9212f6832c23229e3de5f1c1f9905e8cb07319ea15df73ac" "sleep" "infinity", kill_on_drop: false }`
[INFO] [stdout] a4e0f3254b151e064f65abcfd035b2432607990533b4ae6fffe4b4e930dfadd9
[INFO] running `Command { std: "docker" "start" "a4e0f3254b151e064f65abcfd035b2432607990533b4ae6fffe4b4e930dfadd9", kill_on_drop: false }`
[INFO] running `Command { std: "docker" "inspect" "a4e0f3254b151e064f65abcfd035b2432607990533b4ae6fffe4b4e930dfadd9", kill_on_drop: false }`
[INFO] running `Command { std: "docker" "exec" "-e" "SOURCE_DIR=/opt/rustwide/workdir" "-e" "CARGO_HOME=/opt/rustwide/cargo-home" "-e" "RUSTUP_HOME=/opt/rustwide/rustup-home" "-e" "CARGO_TARGET_DIR=/opt/rustwide/target" "-w" "/opt/rustwide/workdir" "--user" "0:0" "a4e0f3254b151e064f65abcfd035b2432607990533b4ae6fffe4b4e930dfadd9" "/opt/rustwide/cargo-home/bin/cargo" "+52995a223f2919dd3e2e427231db90a257350ded" "metadata" "--no-deps" "--format-version=1", kill_on_drop: false }`
[INFO] running `Command { std: "docker" "inspect" "a4e0f3254b151e064f65abcfd035b2432607990533b4ae6fffe4b4e930dfadd9", kill_on_drop: false }`
[INFO] running `Command { std: "docker" "exec" "-e" "SOURCE_DIR=/opt/rustwide/workdir" "-e" "CARGO_HOME=/opt/rustwide/cargo-home" "-e" "RUSTUP_HOME=/opt/rustwide/rustup-home" "-e" "CARGO_TARGET_DIR=/opt/rustwide/target" "-e" "CARGO_INCREMENTAL=0" "-e" "RUST_BACKTRACE=full" "-e" "RUSTFLAGS=--cap-lints=forbid" "-e" "RUSTDOCFLAGS=--cap-lints=forbid" "-w" "/opt/rustwide/workdir" "--user" "0:0" "a4e0f3254b151e064f65abcfd035b2432607990533b4ae6fffe4b4e930dfadd9" "/opt/rustwide/cargo-home/bin/cargo" "+52995a223f2919dd3e2e427231db90a257350ded" "check" "--frozen" "--all" "--all-targets" "--message-format=json", kill_on_drop: false }`
[INFO] [stderr]    Compiling proc-macro2 v1.0.86
[INFO] [stderr]    Compiling glob v0.3.1
[INFO] [stderr]    Compiling rustix v0.38.34
[INFO] [stderr]    Compiling libc v0.2.155
[INFO] [stderr]    Compiling prettyplease v0.2.20
[INFO] [stderr]    Compiling linux-raw-sys v0.4.14
[INFO] [stderr]    Compiling bitflags v2.6.0
[INFO] [stderr]    Compiling regex-syntax v0.8.4
[INFO] [stderr]    Compiling minimal-lexical v0.2.1
[INFO] [stderr]    Compiling either v1.13.0
[INFO] [stderr]    Compiling libloading v0.8.0
[INFO] [stderr]    Compiling clang-sys v1.8.1
[INFO] [stderr]    Compiling nom v7.1.3
[INFO] [stderr]    Compiling bindgen v0.69.4
[INFO] [stderr]    Compiling home v0.5.9
[INFO] [stderr]    Compiling itertools v0.12.1
[INFO] [stderr]    Compiling lazycell v1.3.0
[INFO] [stderr]    Compiling rustc-hash v1.1.0
[INFO] [stderr]    Compiling lazy_static v1.5.0
[INFO] [stderr]    Compiling quote v1.0.35
[INFO] [stderr]    Compiling syn v2.0.74
[INFO] [stderr]    Compiling regex-automata v0.4.7
[INFO] [stderr]    Compiling which v4.4.2
[INFO] [stderr]    Compiling cexpr v0.6.0
[INFO] [stderr]    Compiling regex v1.10.6
[INFO] [stderr]    Compiling ljmrs v0.2.0 (/opt/rustwide/workdir)
[INFO] [stdout] error[E0308]: mismatched types
[INFO] [stdout]    --> examples/write.rs:31:53
[INFO] [stdout]     |
[INFO] [stdout]  31 |     LJMLibrary::write_name(open_call, "TEST_INT32", 15)
[INFO] [stdout]     |     ----------------------                          ^^ expected `f32`, found integer
[INFO] [stdout]     |     |
[INFO] [stdout]     |     arguments to this function are incorrect
[INFO] [stdout]     |
[INFO] [stdout] note: associated function defined here
[INFO] [stdout]    --> src/ljm/core.rs:185:12
[INFO] [stdout]     |
[INFO] [stdout] 185 |     pub fn write_name<T: Into<Vec<u8>>>(
[INFO] [stdout]     |            ^^^^^^^^^^
[INFO] [stdout] help: use a float literal
[INFO] [stdout]     |
[INFO] [stdout]  31 |     LJMLibrary::write_name(open_call, "TEST_INT32", 15.0)
[INFO] [stdout]     |                                                       ++
[INFO] [stdout] 
[INFO] [stdout] 
[INFO] [stdout] For more information about this error, try `rustc --explain E0308`.
[INFO] [stdout] 
[INFO] [stderr] error: could not compile `ljmrs` (example "write") due to 1 previous error
[INFO] [stderr] warning: build failed, waiting for other jobs to finish...
[INFO] [stdout] error[E0061]: this function takes 0 arguments but 1 argument was supplied
[INFO] [stdout]    --> tests/mem.rs:17:22
[INFO] [stdout]     |
[INFO] [stdout]  17 |     let _ = unsafe { LJMLibrary::init(None) };
[INFO] [stdout]     |                      ^^^^^^^^^^^^^^^^ ---- unexpected argument of type `Option<_>`
[INFO] [stdout]     |
[INFO] [stdout] note: associated function defined here
[INFO] [stdout]    --> src/ljm/core.rs:122:19
[INFO] [stdout]     |
[INFO] [stdout] 122 |     pub unsafe fn init() -> Result<(), LJMError> {
[INFO] [stdout]     |                   ^^^^
[INFO] [stdout] help: remove the extra argument
[INFO] [stdout]     |
[INFO] [stdout]  17 -     let _ = unsafe { LJMLibrary::init(None) };
[INFO] [stdout]  17 +     let _ = unsafe { LJMLibrary::init() };
[INFO] [stdout]     |
[INFO] [stdout] 
[INFO] [stdout] 
[INFO] [stdout] error[E0061]: this function takes 0 arguments but 1 argument was supplied
[INFO] [stdout]    --> tests/mem.rs:32:22
[INFO] [stdout]     |
[INFO] [stdout]  32 |     let _ = unsafe { LJMLibrary::init(None) };
[INFO] [stdout]     |                      ^^^^^^^^^^^^^^^^ ---- unexpected argument of type `Option<_>`
[INFO] [stdout]     |
[INFO] [stdout] note: associated function defined here
[INFO] [stdout]    --> src/ljm/core.rs:122:19
[INFO] [stdout]     |
[INFO] [stdout] 122 |     pub unsafe fn init() -> Result<(), LJMError> {
[INFO] [stdout]     |                   ^^^^
[INFO] [stdout] help: remove the extra argument
[INFO] [stdout]     |
[INFO] [stdout]  32 -     let _ = unsafe { LJMLibrary::init(None) };
[INFO] [stdout]  32 +     let _ = unsafe { LJMLibrary::init() };
[INFO] [stdout]     |
[INFO] [stdout] 
[INFO] [stdout] 
[INFO] [stdout] error[E0308]: mismatched types
[INFO] [stdout]    --> examples/read.rs:31:53
[INFO] [stdout]     |
[INFO] [stdout]  31 |     LJMLibrary::write_name(open_call, "TEST_INT32", 15)
[INFO] [stdout]     |     ----------------------                          ^^ expected `f32`, found integer
[INFO] [stdout]     |     |
[INFO] [stdout]     |     arguments to this function are incorrect
[INFO] [stdout]     |
[INFO] [stdout] note: associated function defined here
[INFO] [stdout]    --> src/ljm/core.rs:185:12
[INFO] [stdout]     |
[INFO] [stdout] 185 |     pub fn write_name<T: Into<Vec<u8>>>(
[INFO] [stdout]     |            ^^^^^^^^^^
[INFO] [stdout] help: use a float literal
[INFO] [stdout]     |
[INFO] [stdout]  31 |     LJMLibrary::write_name(open_call, "TEST_INT32", 15.0)
[INFO] [stdout]     |                                                       ++
[INFO] [stdout] 
[INFO] [stdout] 
[INFO] [stdout] error[E0308]: mismatched types
[INFO] [stdout]    --> tests/mem.rs:40:63
[INFO] [stdout]     |
[INFO] [stdout]  40 |     let result = LJMLibrary::write_name(handle, modbus_range, 0);
[INFO] [stdout]     |                  ----------------------                       ^ expected `f32`, found integer
[INFO] [stdout]     |                  |
[INFO] [stdout]     |                  arguments to this function are incorrect
[INFO] [stdout]     |
[INFO] [stdout] note: associated function defined here
[INFO] [stdout]    --> src/ljm/core.rs:185:12
[INFO] [stdout]     |
[INFO] [stdout] 185 |     pub fn write_name<T: Into<Vec<u8>>>(
[INFO] [stdout]     |            ^^^^^^^^^^
[INFO] [stdout] help: use a float literal
[INFO] [stdout]     |
[INFO] [stdout]  40 |     let result = LJMLibrary::write_name(handle, modbus_range, 0.0);
[INFO] [stdout]     |                                                                ++
[INFO] [stdout] 
[INFO] [stdout] 
[INFO] [stdout] error[E0061]: this function takes 0 arguments but 1 argument was supplied
[INFO] [stdout]    --> tests/mem.rs:51:22
[INFO] [stdout]     |
[INFO] [stdout]  51 |     let _ = unsafe { LJMLibrary::init(None) };
[INFO] [stdout]     |                      ^^^^^^^^^^^^^^^^ ---- unexpected argument of type `Option<_>`
[INFO] [stdout]     |
[INFO] [stdout] note: associated function defined here
[INFO] [stdout]    --> src/ljm/core.rs:122:19
[INFO] [stdout]     |
[INFO] [stdout] 122 |     pub unsafe fn init() -> Result<(), LJMError> {
[INFO] [stdout]     |                   ^^^^
[INFO] [stdout] help: remove the extra argument
[INFO] [stdout]     |
[INFO] [stdout]  51 -     let _ = unsafe { LJMLibrary::init(None) };
[INFO] [stdout]  51 +     let _ = unsafe { LJMLibrary::init() };
[INFO] [stdout]     |
[INFO] [stdout] 
[INFO] [stdout] 
[INFO] [stdout] error[E0308]: mismatched types
[INFO] [stdout]    --> tests/mem.rs:59:63
[INFO] [stdout]     |
[INFO] [stdout]  59 |     let result = LJMLibrary::write_name(handle, modbus_range, 0);
[INFO] [stdout]     |                  ----------------------                       ^ expected `f32`, found integer
[INFO] [stdout]     |                  |
[INFO] [stdout]     |                  arguments to this function are incorrect
[INFO] [stdout]     |
[INFO] [stdout] note: associated function defined here
[INFO] [stdout]    --> src/ljm/core.rs:185:12
[INFO] [stdout]     |
[INFO] [stdout] 185 |     pub fn write_name<T: Into<Vec<u8>>>(
[INFO] [stdout]     |            ^^^^^^^^^^
[INFO] [stdout] help: use a float literal
[INFO] [stdout]     |
[INFO] [stdout]  59 |     let result = LJMLibrary::write_name(handle, modbus_range, 0.0);
[INFO] [stdout]     |                                                                ++
[INFO] [stdout] 
[INFO] [stdout] 
[INFO] [stdout] error[E0061]: this function takes 0 arguments but 1 argument was supplied
[INFO] [stdout]    --> tests/mem.rs:71:22
[INFO] [stdout]     |
[INFO] [stdout]  71 |     let _ = unsafe { LJMLibrary::init(None) };
[INFO] [stdout]     |                      ^^^^^^^^^^^^^^^^ ---- unexpected argument of type `Option<_>`
[INFO] [stdout]     |
[INFO] [stdout] note: associated function defined here
[INFO] [stdout]    --> src/ljm/core.rs:122:19
[INFO] [stdout]     |
[INFO] [stdout] 122 |     pub unsafe fn init() -> Result<(), LJMError> {
[INFO] [stdout]     |                   ^^^^
[INFO] [stdout] help: remove the extra argument
[INFO] [stdout]     |
[INFO] [stdout]  71 -     let _ = unsafe { LJMLibrary::init(None) };
[INFO] [stdout]  71 +     let _ = unsafe { LJMLibrary::init() };
[INFO] [stdout]     |
[INFO] [stdout] 
[INFO] [stdout] 
[INFO] [stdout] For more information about this error, try `rustc --explain E0308`.
[INFO] [stdout] 
[INFO] [stdout] error[E0308]: mismatched types
[INFO] [stdout]    --> tests/mem.rs:85:94
[INFO] [stdout]     |
[INFO] [stdout]  85 |         if let Err(error) = LJMLibrary::write_name(handle_ref.clone(), modbus_range.clone(), range) {
[INFO] [stdout]     |                             ---------------------- arguments to this function are incorrect  ^^^^^ expected `f32`, found integer
[INFO] [stdout]     |
[INFO] [stdout] note: associated function defined here
[INFO] [stdout]    --> src/ljm/core.rs:185:12
[INFO] [stdout]     |
[INFO] [stdout] 185 |     pub fn write_name<T: Into<Vec<u8>>>(
[INFO] [stdout]     |            ^^^^^^^^^^
[INFO] [stdout] 
[INFO] [stdout] 
[INFO] [stderr] error: could not compile `ljmrs` (example "read") due to 1 previous error
[INFO] [stdout] Some errors have detailed explanations: E0061, E0308.
[INFO] [stdout] 
[INFO] [stderr] error: could not compile `ljmrs` (test "mem") due to 7 previous errors
[INFO] [stdout] For more information about an error, try `rustc --explain E0061`.
[INFO] [stdout] 
[INFO] [stdout] error[E0061]: this function takes 0 arguments but 1 argument was supplied
[INFO] [stdout]    --> tests/std.rs:8:22
[INFO] [stdout]     |
[INFO] [stdout]   8 |     let _ = unsafe { LJMLibrary::init(None) };
[INFO] [stdout]     |                      ^^^^^^^^^^^^^^^^ ---- unexpected argument of type `Option<_>`
[INFO] [stdout]     |
[INFO] [stdout] note: associated function defined here
[INFO] [stdout]    --> src/ljm/core.rs:122:19
[INFO] [stdout]     |
[INFO] [stdout] 122 |     pub unsafe fn init() -> Result<(), LJMError> {
[INFO] [stdout]     |                   ^^^^
[INFO] [stdout] help: remove the extra argument
[INFO] [stdout]     |
[INFO] [stdout]   8 -     let _ = unsafe { LJMLibrary::init(None) };
[INFO] [stdout]   8 +     let _ = unsafe { LJMLibrary::init() };
[INFO] [stdout]     |
[INFO] [stdout] 
[INFO] [stdout] 
[INFO] [stdout] error[E0061]: this function takes 0 arguments but 1 argument was supplied
[INFO] [stdout]    --> tests/std.rs:21:22
[INFO] [stdout]     |
[INFO] [stdout]  21 |     let _ = unsafe { LJMLibrary::init(None) };
[INFO] [stdout]     |                      ^^^^^^^^^^^^^^^^ ---- unexpected argument of type `Option<_>`
[INFO] [stdout]     |
[INFO] [stdout] note: associated function defined here
[INFO] [stdout]    --> src/ljm/core.rs:122:19
[INFO] [stdout]     |
[INFO] [stdout] 122 |     pub unsafe fn init() -> Result<(), LJMError> {
[INFO] [stdout]     |                   ^^^^
[INFO] [stdout] help: remove the extra argument
[INFO] [stdout]     |
[INFO] [stdout]  21 -     let _ = unsafe { LJMLibrary::init(None) };
[INFO] [stdout]  21 +     let _ = unsafe { LJMLibrary::init() };
[INFO] [stdout]     |
[INFO] [stdout] 
[INFO] [stdout] 
[INFO] [stdout] error[E0061]: this function takes 0 arguments but 1 argument was supplied
[INFO] [stdout]    --> tests/std.rs:42:22
[INFO] [stdout]     |
[INFO] [stdout]  42 |     let _ = unsafe { LJMLibrary::init(None) };
[INFO] [stdout]     |                      ^^^^^^^^^^^^^^^^ ---- unexpected argument of type `Option<_>`
[INFO] [stdout]     |
[INFO] [stdout] note: associated function defined here
[INFO] [stdout]    --> src/ljm/core.rs:122:19
[INFO] [stdout]     |
[INFO] [stdout] 122 |     pub unsafe fn init() -> Result<(), LJMError> {
[INFO] [stdout]     |                   ^^^^
[INFO] [stdout] help: remove the extra argument
[INFO] [stdout]     |
[INFO] [stdout]  42 -     let _ = unsafe { LJMLibrary::init(None) };
[INFO] [stdout]  42 +     let _ = unsafe { LJMLibrary::init() };
[INFO] [stdout]     |
[INFO] [stdout] 
[INFO] [stdout] 
[INFO] [stdout] For more information about this error, try `rustc --explain E0061`.
[INFO] [stdout] 
[INFO] [stderr] error: could not compile `ljmrs` (test "std") due to 3 previous errors
[INFO] running `Command { std: "docker" "inspect" "a4e0f3254b151e064f65abcfd035b2432607990533b4ae6fffe4b4e930dfadd9", kill_on_drop: false }`
[INFO] running `Command { std: "docker" "rm" "-f" "a4e0f3254b151e064f65abcfd035b2432607990533b4ae6fffe4b4e930dfadd9", kill_on_drop: false }`
[INFO] [stdout] a4e0f3254b151e064f65abcfd035b2432607990533b4ae6fffe4b4e930dfadd9
