[INFO] cloning repository https://github.com/JohnDowson/rustyengine-sdl
[INFO] running `Command { std: "git" "-c" "credential.helper=" "-c" "credential.helper=/workspace/cargo-home/bin/git-credential-null" "clone" "--bare" "https://github.com/JohnDowson/rustyengine-sdl" "/workspace/cache/git-repos/https%3A%2F%2Fgithub.com%2FJohnDowson%2Frustyengine-sdl", kill_on_drop: false }`
[INFO] [stderr] Cloning into bare repository '/workspace/cache/git-repos/https%3A%2F%2Fgithub.com%2FJohnDowson%2Frustyengine-sdl'...
[INFO] running `Command { std: "git" "rev-parse" "HEAD", kill_on_drop: false }`
[INFO] [stdout] 93414a920b96b584fd8e153b14e880c0cf048518
[INFO] checking JohnDowson/rustyengine-sdl/93414a920b96b584fd8e153b14e880c0cf048518 against a7c37f9f0ee5e93396106e9de20f4a86b4154e63 for pr-129249-4
[INFO] running `Command { std: "git" "clone" "/workspace/cache/git-repos/https%3A%2F%2Fgithub.com%2FJohnDowson%2Frustyengine-sdl" "/workspace/builds/worker-5-tc1/source", kill_on_drop: false }`
[INFO] [stderr] Cloning into '/workspace/builds/worker-5-tc1/source'...
[INFO] [stderr] done.
[INFO] started tweaking git repo https://github.com/JohnDowson/rustyengine-sdl
[INFO] finished tweaking git repo https://github.com/JohnDowson/rustyengine-sdl
[INFO] tweaked toml for git repo https://github.com/JohnDowson/rustyengine-sdl written to /workspace/builds/worker-5-tc1/source/Cargo.toml
[INFO] validating manifest of git repo https://github.com/JohnDowson/rustyengine-sdl on toolchain a7c37f9f0ee5e93396106e9de20f4a86b4154e63
[INFO] running `Command { std: CARGO_HOME="/workspace/cargo-home" RUSTUP_HOME="/workspace/rustup-home" "/workspace/cargo-home/bin/cargo" "+a7c37f9f0ee5e93396106e9de20f4a86b4154e63" "metadata" "--manifest-path" "Cargo.toml" "--no-deps", kill_on_drop: false }`
[INFO] crate git repo https://github.com/JohnDowson/rustyengine-sdl already has a lockfile, it will not be regenerated
[INFO] running `Command { std: CARGO_HOME="/workspace/cargo-home" RUSTUP_HOME="/workspace/rustup-home" "/workspace/cargo-home/bin/cargo" "+a7c37f9f0ee5e93396106e9de20f4a86b4154e63" "fetch" "--manifest-path" "Cargo.toml", kill_on_drop: false }`
[INFO] [stderr]     Updating crates.io index
[INFO] [stderr]  Downloading crates ...
[INFO] [stderr]   Downloaded tuple_utils v0.3.0
[INFO] [stderr]   Downloaded specs-derive v0.4.1
[INFO] [stderr]   Downloaded shrev v1.1.1
[INFO] [stderr]   Downloaded bracket-random v0.8.0
[INFO] [stderr]   Downloaded wayland-sys v0.23.6
[INFO] [stderr]   Downloaded glutin_glx_sys v0.1.6
[INFO] [stderr]   Downloaded glutin_egl_sys v0.1.4
[INFO] [stderr]   Downloaded ordered-float v1.0.2
[INFO] [stderr]   Downloaded ndk-glue v0.1.0
[INFO] [stderr]   Downloaded send_wrapper v0.2.0
[INFO] [stderr]   Downloaded glutin_gles2_sys v0.1.4
[INFO] [stderr]   Downloaded mopa v0.2.2
[INFO] [stderr]   Downloaded c_vec v1.3.3
[INFO] [stderr]   Downloaded bracket-lib v0.8.1
[INFO] [stderr]   Downloaded wasm-bindgen-shared v0.2.63
[INFO] [stderr]   Downloaded wayland-scanner v0.23.6
[INFO] [stderr]   Downloaded bracket-geometry v0.8.1
[INFO] [stderr]   Downloaded bracket-algorithm-traits v0.8.1
[INFO] [stderr]   Downloaded crossbeam-queue v0.2.2
[INFO] [stderr]   Downloaded proc-macro-crate v0.1.4
[INFO] [stderr]   Downloaded wasm-timer v0.1.3
[INFO] [stderr]   Downloaded wasm-bindgen-macro v0.2.63
[INFO] [stderr]   Downloaded glutin_wgl_sys v0.1.4
[INFO] [stderr]   Downloaded instant v0.1.4
[INFO] [stderr]   Downloaded wasm-bindgen-macro-support v0.2.63
[INFO] [stderr]   Downloaded wasm-bindgen-backend v0.2.63
[INFO] [stderr]   Downloaded calloop v0.4.4
[INFO] [stderr]   Downloaded tynm v0.1.4
[INFO] [stderr]   Downloaded wayland-commons v0.23.6
[INFO] [stderr]   Downloaded andrew v0.2.1
[INFO] [stderr]   Downloaded bracket-noise v0.8.1
[INFO] [stderr]   Downloaded ahash v0.3.8
[INFO] [stderr]   Downloaded arrayvec v0.5.1
[INFO] [stderr]   Downloaded net2 v0.2.34
[INFO] [stderr]   Downloaded parking_lot v0.10.2
[INFO] [stderr]   Downloaded ndk v0.1.0
[INFO] [stderr]   Downloaded derivative v2.1.1
[INFO] [stderr]   Downloaded png v0.16.4
[INFO] [stderr]   Downloaded bracket-color v0.8.1
[INFO] [stderr]   Downloaded bracket-pathfinding v0.8.1
[INFO] [stderr]   Downloaded hibitset v0.6.3
[INFO] [stderr]   Downloaded rusttype v0.7.9
[INFO] [stderr]   Downloaded core-graphics v0.19.0
[INFO] [stderr]   Downloaded wide v0.4.6
[INFO] [stderr]   Downloaded rusttype v0.8.3
[INFO] [stderr]   Downloaded parking_lot_core v0.7.2
[INFO] [stderr]   Downloaded cocoa v0.20.1
[INFO] [stderr]   Downloaded ultraviolet v0.4.6
[INFO] [stderr]   Downloaded glutin v0.24.1
[INFO] [stderr]   Downloaded slotmap v0.3.0
[INFO] [stderr]   Downloaded specs v0.16.1
[INFO] [stderr]   Downloaded rltk v0.8.1
[INFO] [stderr]   Downloaded js-sys v0.3.40
[INFO] [stderr]   Downloaded wayland-client v0.23.6
[INFO] [stderr]   Downloaded cc v1.0.54
[INFO] [stderr]   Downloaded toml v0.5.6
[INFO] [stderr]   Downloaded glow v0.4.0
[INFO] [stderr]   Downloaded shred v0.10.2
[INFO] [stderr]   Downloaded hashbrown v0.7.2
[INFO] [stderr]   Downloaded atom v0.3.5
[INFO] [stderr]   Downloaded serde v1.0.111
[INFO] [stderr]   Downloaded flate2 v1.0.14
[INFO] [stderr]   Downloaded aho-corasick v0.7.10
[INFO] [stderr]   Downloaded smithay-client-toolkit v0.6.6
[INFO] [stderr]   Downloaded wayland-protocols v0.23.6
[INFO] [stderr]   Downloaded bumpalo v3.4.0
[INFO] [stderr]   Downloaded wasm-bindgen v0.2.63
[INFO] [stderr]   Downloaded ndk-sys v0.1.0
[INFO] [stderr]   Downloaded sdl2 v0.34.1
[INFO] [stderr]   Downloaded syn v1.0.30
[INFO] [stderr]   Downloaded regex v1.3.9
[INFO] [stderr]   Downloaded regex-syntax v0.6.18
[INFO] [stderr]   Downloaded winit v0.22.2
[INFO] [stderr]   Downloaded sdl2-sys v0.34.0
[INFO] [stderr]   Downloaded web-sys v0.3.40
[INFO] [stderr]   Downloaded bracket-terminal v0.8.1
[INFO] [stderr]   Downloaded object-pool v0.4.4
[INFO] running `Command { std: "docker" "create" "-v" "/var/lib/crater-agent-workspace/builds/worker-5-tc1/source:/opt/rustwide/workdir:ro,Z" "-v" "/var/lib/crater-agent-workspace/builds/worker-5-tc1/target:/opt/rustwide/target:rw,Z" "-v" "/var/lib/crater-agent-workspace/cargo-home:/opt/rustwide/cargo-home:ro,Z" "-v" "/var/lib/crater-agent-workspace/rustup-home:/opt/rustwide/rustup-home:ro,Z" "-m" "1610612736" "--network" "none" "ghcr.io/rust-lang/crates-build-env/linux@sha256:77db811e55d90add9212f6832c23229e3de5f1c1f9905e8cb07319ea15df73ac" "sleep" "infinity", kill_on_drop: false }`
[INFO] [stdout] 512dc464f5e5b4c15e3ecfa8b9e512b7a50051ae0fd7a1170d2a40478de2ab93
[INFO] running `Command { std: "docker" "start" "512dc464f5e5b4c15e3ecfa8b9e512b7a50051ae0fd7a1170d2a40478de2ab93", kill_on_drop: false }`
[INFO] running `Command { std: "docker" "inspect" "512dc464f5e5b4c15e3ecfa8b9e512b7a50051ae0fd7a1170d2a40478de2ab93", kill_on_drop: false }`
[INFO] running `Command { std: "docker" "exec" "-e" "SOURCE_DIR=/opt/rustwide/workdir" "-e" "CARGO_HOME=/opt/rustwide/cargo-home" "-e" "RUSTUP_HOME=/opt/rustwide/rustup-home" "-e" "CARGO_TARGET_DIR=/opt/rustwide/target" "-w" "/opt/rustwide/workdir" "--user" "0:0" "512dc464f5e5b4c15e3ecfa8b9e512b7a50051ae0fd7a1170d2a40478de2ab93" "/opt/rustwide/cargo-home/bin/cargo" "+a7c37f9f0ee5e93396106e9de20f4a86b4154e63" "metadata" "--no-deps" "--format-version=1", kill_on_drop: false }`
[INFO] running `Command { std: "docker" "inspect" "512dc464f5e5b4c15e3ecfa8b9e512b7a50051ae0fd7a1170d2a40478de2ab93", kill_on_drop: false }`
[INFO] running `Command { std: "docker" "exec" "-e" "SOURCE_DIR=/opt/rustwide/workdir" "-e" "CARGO_HOME=/opt/rustwide/cargo-home" "-e" "RUSTUP_HOME=/opt/rustwide/rustup-home" "-e" "CARGO_TARGET_DIR=/opt/rustwide/target" "-e" "CARGO_INCREMENTAL=0" "-e" "RUST_BACKTRACE=full" "-e" "RUSTFLAGS=--cap-lints=forbid" "-e" "RUSTDOCFLAGS=--cap-lints=forbid" "-w" "/opt/rustwide/workdir" "--user" "0:0" "512dc464f5e5b4c15e3ecfa8b9e512b7a50051ae0fd7a1170d2a40478de2ab93" "/opt/rustwide/cargo-home/bin/cargo" "+a7c37f9f0ee5e93396106e9de20f4a86b4154e63" "check" "--frozen" "--all" "--all-targets" "--message-format=json", kill_on_drop: false }`
[INFO] [stderr]    Compiling libc v0.2.71
[INFO] [stderr]    Compiling xml-rs v0.8.3
[INFO] [stderr]    Compiling crossbeam-utils v0.7.2
[INFO] [stderr]    Compiling khronos_api v3.1.0
[INFO] [stderr]    Compiling memoffset v0.5.4
[INFO] [stderr]    Compiling crossbeam-epoch v0.8.2
[INFO] [stderr]    Compiling libloading v0.6.2
[INFO] [stderr]     Checking smallvec v1.4.0
[INFO] [stderr]    Compiling memchr v2.3.3
[INFO] [stderr]    Compiling log v0.4.8
[INFO] [stderr]    Compiling getrandom v0.1.14
[INFO] [stderr]     Checking ordered-float v1.0.2
[INFO] [stderr]     Checking approx v0.3.2
[INFO] [stderr]     Checking stb_truetype v0.3.1
[INFO] [stderr]     Checking lock_api v0.3.4
[INFO] [stderr]     Checking bytemuck v1.2.0
[INFO] [stderr]    Compiling pkg-config v0.3.17
[INFO] [stderr]     Checking adler32 v1.0.4
[INFO] [stderr]    Compiling wide v0.4.6
[INFO] [stderr]    Compiling num-integer v0.1.42
[INFO] [stderr]     Checking downcast-rs v1.1.1
[INFO] [stderr]    Compiling crc32fast v1.2.0
[INFO] [stderr]     Checking walkdir v2.3.1
[INFO] [stderr]    Compiling parking_lot_core v0.6.2
[INFO] [stderr]     Checking rusttype v0.8.3
[INFO] [stderr]     Checking line_drawing v0.7.0
[INFO] [stderr]    Compiling cc v1.0.54
[INFO] [stderr]    Compiling parking_lot v0.9.0
[INFO] [stderr]     Checking smallvec v0.6.13
[INFO] [stderr]    Compiling num-rational v0.2.4
[INFO] [stderr]    Compiling version_check v0.9.2
[INFO] [stderr]     Checking net2 v0.2.34
[INFO] [stdout] error[E0432]: unresolved import `core::intrinsics::exp2f32`
[INFO] [stdout]    --> /opt/rustwide/cargo-home/registry/src/index.crates.io-1949cf8c6b5b557f/wide-0.4.6/src/m_f32x4.rs:341:11
[INFO] [stdout]     |
[INFO] [stdout] 341 |       use core::intrinsics::exp2f32;
[INFO] [stdout]     |           ^^^^^^^^^^^^^^^^^^-------
[INFO] [stdout]     |                             |
[INFO] [stdout]     |                             no `exp2f32` in `intrinsics`
[INFO] [stdout] 
[INFO] [stdout] 
[INFO] [stdout] error[E0432]: unresolved import `core::intrinsics::expf32`
[INFO] [stdout]    --> /opt/rustwide/cargo-home/registry/src/index.crates.io-1949cf8c6b5b557f/wide-0.4.6/src/m_f32x4.rs:356:11
[INFO] [stdout]     |
[INFO] [stdout] 356 |       use core::intrinsics::expf32;
[INFO] [stdout]     |           ^^^^^^^^^^^^^^^^^^------
[INFO] [stdout]     |                             |
[INFO] [stdout]     |                             no `expf32` in `intrinsics`
[INFO] [stdout]     |
[INFO] [stdout] help: a similar name exists in the module
[INFO] [stdout]     |
[INFO] [stdout] 356 -       use core::intrinsics::expf32;
[INFO] [stdout] 356 +       use core::intrinsics::exp2;
[INFO] [stdout]     |
[INFO] [stdout] 
[INFO] [stdout] 
[INFO] [stderr]     Checking iovec v0.1.4
[INFO] [stdout] error[E0432]: unresolved import `core::intrinsics::log10f32`
[INFO] [stdout]    --> /opt/rustwide/cargo-home/registry/src/index.crates.io-1949cf8c6b5b557f/wide-0.4.6/src/m_f32x4.rs:371:11
[INFO] [stdout]     |
[INFO] [stdout] 371 |       use core::intrinsics::log10f32;
[INFO] [stdout]     |           ^^^^^^^^^^^^^^^^^^--------
[INFO] [stdout]     |                             |
[INFO] [stdout]     |                             no `log10f32` in `intrinsics`
[INFO] [stdout] 
[INFO] [stdout] 
[INFO] [stdout] error[E0432]: unresolved import `core::intrinsics::log2f32`
[INFO] [stdout]    --> /opt/rustwide/cargo-home/registry/src/index.crates.io-1949cf8c6b5b557f/wide-0.4.6/src/m_f32x4.rs:386:11
[INFO] [stdout]     |
[INFO] [stdout] 386 |       use core::intrinsics::log2f32;
[INFO] [stdout]     |           ^^^^^^^^^^^^^^^^^^-------
[INFO] [stdout]     |                             |
[INFO] [stdout]     |                             no `log2f32` in `intrinsics`
[INFO] [stdout] 
[INFO] [stdout] 
[INFO] [stdout] error[E0432]: unresolved import `core::intrinsics::logf32`
[INFO] [stdout]    --> /opt/rustwide/cargo-home/registry/src/index.crates.io-1949cf8c6b5b557f/wide-0.4.6/src/m_f32x4.rs:422:11
[INFO] [stdout]     |
[INFO] [stdout] 422 |       use core::intrinsics::logf32;
[INFO] [stdout]     |           ^^^^^^^^^^^^^^^^^^------
[INFO] [stdout]     |                             |
[INFO] [stdout]     |                             no `logf32` in `intrinsics`
[INFO] [stdout]     |
[INFO] [stdout] help: a similar name exists in the module
[INFO] [stdout]     |
[INFO] [stdout] 422 -       use core::intrinsics::logf32;
[INFO] [stdout] 422 +       use core::intrinsics::powf32;
[INFO] [stdout]     |
[INFO] [stdout] 
[INFO] [stdout] 
[INFO] [stderr]     Checking dlib v0.4.2
[INFO] [stderr]     Checking nix v0.14.1
[INFO] [stderr]     Checking rusttype v0.7.9
[INFO] [stdout] error[E0635]: unknown feature `stdsimd`
[INFO] [stdout]  --> /opt/rustwide/cargo-home/registry/src/index.crates.io-1949cf8c6b5b557f/wide-0.4.6/src/lib.rs:3:52
[INFO] [stdout]   |
[INFO] [stdout] 3 | #![cfg_attr(feature = "toolchain_nightly", feature(stdsimd))]
[INFO] [stdout]   |                                                    ^^^^^^^
[INFO] [stdout] 
[INFO] [stdout] 
[INFO] [stderr]     Checking wayland-sys v0.23.6
[INFO] [stderr]     Checking parking_lot_core v0.7.2
[INFO] [stderr]    Compiling gl_generator v0.13.1
[INFO] [stderr]    Compiling wayland-scanner v0.23.6
[INFO] [stderr]     Checking mio v0.6.22
[INFO] [stderr]     Checking memmap v0.7.0
[INFO] [stderr]     Checking ppv-lite86 v0.2.8
[INFO] [stderr]     Checking rand_core v0.5.1
[INFO] [stderr]     Checking crossbeam-queue v0.2.2
[INFO] [stdout] Some errors have detailed explanations: E0432, E0635.
[INFO] [stdout] 
[INFO] [stdout] For more information about an error, try `rustc --explain E0432`.
[INFO] [stdout] 
[INFO] [stderr] error: could not compile `wide` (lib) due to 6 previous errors
[INFO] [stderr] warning: build failed, waiting for other jobs to finish...
[INFO] running `Command { std: "docker" "inspect" "512dc464f5e5b4c15e3ecfa8b9e512b7a50051ae0fd7a1170d2a40478de2ab93", kill_on_drop: false }`
[INFO] running `Command { std: "docker" "rm" "-f" "512dc464f5e5b4c15e3ecfa8b9e512b7a50051ae0fd7a1170d2a40478de2ab93", kill_on_drop: false }`
[INFO] [stdout] 512dc464f5e5b4c15e3ecfa8b9e512b7a50051ae0fd7a1170d2a40478de2ab93
