[INFO] cloning repository https://github.com/ItsHyde-dev/rust-axum-server
[INFO] running `Command { std: "git" "-c" "credential.helper=" "-c" "credential.helper=/workspace/cargo-home/bin/git-credential-null" "clone" "--bare" "https://github.com/ItsHyde-dev/rust-axum-server" "/workspace/cache/git-repos/https%3A%2F%2Fgithub.com%2FItsHyde-dev%2Frust-axum-server", kill_on_drop: false }`
[INFO] [stderr] Cloning into bare repository '/workspace/cache/git-repos/https%3A%2F%2Fgithub.com%2FItsHyde-dev%2Frust-axum-server'...
[INFO] running `Command { std: "git" "rev-parse" "HEAD", kill_on_drop: false }`
[INFO] [stdout] 8384127f016757c1d482c6ea15c6e578ecb7757b
[INFO] checking ItsHyde-dev/rust-axum-server/8384127f016757c1d482c6ea15c6e578ecb7757b against a7c37f9f0ee5e93396106e9de20f4a86b4154e63 for pr-129249-4
[INFO] running `Command { std: "git" "clone" "/workspace/cache/git-repos/https%3A%2F%2Fgithub.com%2FItsHyde-dev%2Frust-axum-server" "/workspace/builds/worker-3-tc1/source", kill_on_drop: false }`
[INFO] [stderr] Cloning into '/workspace/builds/worker-3-tc1/source'...
[INFO] [stderr] done.
[INFO] started tweaking git repo https://github.com/ItsHyde-dev/rust-axum-server
[INFO] finished tweaking git repo https://github.com/ItsHyde-dev/rust-axum-server
[INFO] tweaked toml for git repo https://github.com/ItsHyde-dev/rust-axum-server written to /workspace/builds/worker-3-tc1/source/Cargo.toml
[INFO] validating manifest of git repo https://github.com/ItsHyde-dev/rust-axum-server on toolchain a7c37f9f0ee5e93396106e9de20f4a86b4154e63
[INFO] running `Command { std: CARGO_HOME="/workspace/cargo-home" RUSTUP_HOME="/workspace/rustup-home" "/workspace/cargo-home/bin/cargo" "+a7c37f9f0ee5e93396106e9de20f4a86b4154e63" "metadata" "--manifest-path" "Cargo.toml" "--no-deps", kill_on_drop: false }`
[INFO] crate git repo https://github.com/ItsHyde-dev/rust-axum-server already has a lockfile, it will not be regenerated
[INFO] running `Command { std: CARGO_HOME="/workspace/cargo-home" RUSTUP_HOME="/workspace/rustup-home" "/workspace/cargo-home/bin/cargo" "+a7c37f9f0ee5e93396106e9de20f4a86b4154e63" "fetch" "--manifest-path" "Cargo.toml", kill_on_drop: false }`
[INFO] [stderr]     Updating crates.io index
[INFO] [stderr]      Locking 134 packages to highest compatible versions
[INFO] [stderr]       Adding ahash v0.8.12
[INFO] [stderr]       Adding allocator-api2 v0.2.21
[INFO] [stderr]       Adding atoi v2.0.0
[INFO] [stderr]       Adding base64 v0.21.7
[INFO] [stderr]       Adding base64ct v1.8.3
[INFO] [stderr]       Adding bitflags v2.13.2
[INFO] [stderr]       Adding block-buffer v0.10.4
[INFO] [stderr]       Adding byteorder v1.5.0
[INFO] [stderr]       Adding const-oid v0.9.6
[INFO] [stderr]       Adding cpufeatures v0.2.17
[INFO] [stderr]       Adding crc v3.4.0
[INFO] [stderr]       Adding crc-catalog v2.5.0
[INFO] [stderr]       Adding crossbeam-queue v0.3.14
[INFO] [stderr]       Adding crossbeam-utils v0.8.23
[INFO] [stderr]       Adding crypto-common v0.1.7
[INFO] [stderr]       Adding der v0.7.10
[INFO] [stderr]       Adding digest v0.10.7
[INFO] [stderr]       Adding displaydoc v0.2.7
[INFO] [stderr]       Adding dotenvy v0.15.7
[INFO] [stderr]       Adding either v1.19.0
[INFO] [stderr]       Adding errno v0.3.14
[INFO] [stderr]       Adding etcetera v0.8.0
[INFO] [stderr]       Adding event-listener v2.5.3
[INFO] [stderr]       Adding fastrand v2.5.0
[INFO] [stderr]       Adding flume v0.11.1
[INFO] [stderr]       Adding futures-executor v0.3.30 (available: v0.3.34)
[INFO] [stderr]       Adding futures-intrusive v0.5.0
[INFO] [stderr]       Adding futures-io v0.3.34
[INFO] [stderr]       Adding generic-array v0.14.7 (available: v0.14.9)
[INFO] [stderr]       Adding getrandom v0.3.4
[INFO] [stderr]       Adding getrandom v0.4.3
[INFO] [stderr]       Adding hashlink v0.8.4
[INFO] [stderr]       Adding heck v0.4.1
[INFO] [stderr]       Adding hex v0.4.3
[INFO] [stderr]       Adding hkdf v0.12.4
[INFO] [stderr]       Adding hmac v0.12.1
[INFO] [stderr]       Adding home v0.5.12
[INFO] [stderr]       Adding icu_collections v2.4.0
[INFO] [stderr]       Adding icu_locale_core v2.4.0
[INFO] [stderr]       Adding icu_normalizer v2.4.0
[INFO] [stderr]       Adding icu_normalizer_data v2.4.0
[INFO] [stderr]       Adding icu_properties v2.4.0
[INFO] [stderr]       Adding icu_properties_data v2.4.0
[INFO] [stderr]       Adding icu_provider v2.4.0
[INFO] [stderr]       Adding idna v1.1.0
[INFO] [stderr]       Adding idna_adapter v1.2.2
[INFO] [stderr]       Adding lazy_static v1.5.1
[INFO] [stderr]     Updating libc v0.2.151 -> v0.2.191
[INFO] [stderr]       Adding libredox v0.1.25
[INFO] [stderr]       Adding libsqlite3-sys v0.27.0
[INFO] [stderr]       Adding linux-raw-sys v0.12.1
[INFO] [stderr]       Adding litemap v0.8.3
[INFO] [stderr]       Adding md-5 v0.10.6
[INFO] [stderr]       Adding minimal-lexical v0.2.1
[INFO] [stderr]     Updating mio v0.8.10 -> v1.2.4
[INFO] [stderr]       Adding nom v7.1.3
[INFO] [stderr]       Adding num-bigint-dig v0.8.6
[INFO] [stderr]       Adding num-integer v0.1.47
[INFO] [stderr]       Adding num-iter v0.1.46
[INFO] [stderr]       Adding paste v1.0.15
[INFO] [stderr]       Adding pem-rfc7468 v0.7.0
[INFO] [stderr]       Adding pkcs1 v0.7.5
[INFO] [stderr]       Adding pkcs8 v0.10.2
[INFO] [stderr]       Adding pkg-config v0.3.34
[INFO] [stderr]       Adding plain v0.2.3
[INFO] [stderr]       Adding potential_utf v0.1.6
[INFO] [stderr]     Updating proc-macro2 v1.0.71 -> v1.0.107
[INFO] [stderr]     Updating quote v1.0.33 -> v1.0.47
[INFO] [stderr]       Adding r-efi v5.3.0
[INFO] [stderr]       Adding r-efi v6.0.0
[INFO] [stderr]       Adding redox_syscall v0.9.5
[INFO] [stderr]       Adding rsa v0.9.10
[INFO] [stderr]       Adding rustix v1.1.5
[INFO] [stderr]     Updating serde v1.0.193 -> v1.0.229
[INFO] [stderr]       Adding serde_core v1.0.229
[INFO] [stderr]     Updating serde_derive v1.0.193 -> v1.0.229
[INFO] [stderr]       Adding sha1 v0.10.7
[INFO] [stderr]       Adding sha2 v0.10.9
[INFO] [stderr]       Adding signature v2.2.0
[INFO] [stderr]     Updating smallvec v1.11.2 -> v1.16.4
[INFO] [stderr]       Adding socket2 v0.6.5
[INFO] [stderr]       Adding spin v0.9.9
[INFO] [stderr]       Adding spki v0.7.3
[INFO] [stderr]       Adding sqlformat v0.2.6
[INFO] [stderr]       Adding sqlx v0.7.4 (available: v0.9.0)
[INFO] [stderr]       Adding sqlx-core v0.7.4
[INFO] [stderr]       Adding sqlx-macros v0.7.4
[INFO] [stderr]       Adding sqlx-macros-core v0.7.4
[INFO] [stderr]       Adding sqlx-mysql v0.7.4
[INFO] [stderr]       Adding sqlx-postgres v0.7.4
[INFO] [stderr]       Adding sqlx-sqlite v0.7.4
[INFO] [stderr]       Adding stable_deref_trait v1.2.1
[INFO] [stderr]       Adding stringprep v0.1.5
[INFO] [stderr]       Adding subtle v2.6.1
[INFO] [stderr]       Adding syn v2.0.119
[INFO] [stderr]       Adding syn v3.0.9
[INFO] [stderr]       Adding synstructure v0.14.0
[INFO] [stderr]       Adding tempfile v3.27.0
[INFO] [stderr]       Adding thiserror v1.0.69
[INFO] [stderr]       Adding thiserror-impl v1.0.69
[INFO] [stderr]       Adding tinystr v0.8.5
[INFO] [stderr]       Adding tinyvec v1.13.3
[INFO] [stderr]     Updating tokio v1.35.1 -> v1.54.1
[INFO] [stderr]     Updating tokio-macros v2.2.0 -> v2.7.2
[INFO] [stderr]       Adding tokio-stream v0.1.19
[INFO] [stderr]       Adding tracing-attributes v0.1.31
[INFO] [stderr]       Adding typenum v1.20.1
[INFO] [stderr]       Adding unicode-bidi v0.3.18
[INFO] [stderr]       Adding unicode-normalization v0.1.26
[INFO] [stderr]       Adding unicode-properties v0.1.4
[INFO] [stderr]       Adding unicode-segmentation v1.13.3
[INFO] [stderr]       Adding unicode_categories v0.1.1
[INFO] [stderr]       Adding url v2.5.4 (available: v2.5.8)
[INFO] [stderr]       Adding urlencoding v2.1.3
[INFO] [stderr]       Adding utf8_iter v1.0.4
[INFO] [stderr]       Adding vcpkg v0.2.15
[INFO] [stderr]       Adding version_check v0.9.5
[INFO] [stderr]       Adding wasip2 v1.0.4+wasi-0.2.12
[INFO] [stderr]       Adding wasite v0.1.0
[INFO] [stderr]       Adding whoami v1.6.1
[INFO] [stderr]       Adding windows-link v0.2.1
[INFO] [stderr]       Adding windows-sys v0.61.2
[INFO] [stderr]       Adding wit-bindgen v0.57.1
[INFO] [stderr]       Adding writeable v0.6.4
[INFO] [stderr]       Adding yoke v0.8.4
[INFO] [stderr]       Adding yoke-derive v0.8.4
[INFO] [stderr]       Adding zerocopy v0.8.63
[INFO] [stderr]       Adding zerocopy-derive v0.8.63
[INFO] [stderr]       Adding zerofrom v0.1.8
[INFO] [stderr]       Adding zerofrom-derive v0.1.8
[INFO] [stderr]       Adding zeroize v1.9.1
[INFO] [stderr]       Adding zerotrie v0.2.5
[INFO] [stderr]       Adding zerovec v0.11.9
[INFO] [stderr]       Adding zerovec-derive v0.11.7
[INFO] [stderr]  Downloading crates ...
[INFO] [stderr]   Downloaded zerovec v0.11.9
[INFO] [stderr]   Downloaded opimps v0.1.4
[INFO] [stderr]   Downloaded zerovec-derive v0.11.7
[INFO] [stderr]   Downloaded http-body-util v0.1.0
[INFO] [stderr]   Downloaded full v0.1.0
[INFO] [stderr]   Downloaded axum-core v0.4.1
[INFO] [stderr]   Downloaded tinystr v0.8.5
[INFO] [stderr]   Downloaded num-complex v0.4.4
[INFO] [stderr]   Downloaded async-trait v0.1.75
[INFO] [stderr]   Downloaded yoke v0.8.4
[INFO] [stderr]   Downloaded getrandom v0.2.11
[INFO] [stderr]   Downloaded hyper-util v0.1.2
[INFO] [stderr]   Downloaded icu_provider v2.4.0
[INFO] [stderr]   Downloaded indexmap v2.1.0
[INFO] [stderr]   Downloaded socket2 v0.5.5
[INFO] [stderr]   Downloaded icu_normalizer_data v2.4.0
[INFO] [stderr]   Downloaded icu_locale_core v2.4.0
[INFO] [stderr]   Downloaded icu_collections v2.4.0
[INFO] [stderr]   Downloaded http v1.0.0
[INFO] [stderr]   Downloaded unicode-normalization v0.1.26
[INFO] [stderr]   Downloaded icu_properties v2.4.0
[INFO] [stderr]   Downloaded h2 v0.4.0
[INFO] [stderr]   Downloaded axum v0.7.2
[INFO] [stderr]   Downloaded hyper v1.1.0
[INFO] [stderr]   Downloaded icu_properties_data v2.4.0
[INFO] [stderr]   Downloaded icu_normalizer v2.4.0
[INFO] running `Command { std: "docker" "create" "-v" "/var/lib/crater-agent-workspace/builds/worker-3-tc1/source:/opt/rustwide/workdir:ro,Z" "-v" "/var/lib/crater-agent-workspace/builds/worker-3-tc1/target:/opt/rustwide/target:rw,Z" "-v" "/var/lib/crater-agent-workspace/cargo-home:/opt/rustwide/cargo-home:ro,Z" "-v" "/var/lib/crater-agent-workspace/rustup-home:/opt/rustwide/rustup-home:ro,Z" "-m" "1610612736" "--network" "none" "ghcr.io/rust-lang/crates-build-env/linux@sha256:77db811e55d90add9212f6832c23229e3de5f1c1f9905e8cb07319ea15df73ac" "sleep" "infinity", kill_on_drop: false }`
[INFO] [stdout] bb72790ef90647242b3a8de041c1677d036df514047b5fd6e6d0d81f889f3c95
[INFO] running `Command { std: "docker" "start" "bb72790ef90647242b3a8de041c1677d036df514047b5fd6e6d0d81f889f3c95", kill_on_drop: false }`
[INFO] running `Command { std: "docker" "inspect" "bb72790ef90647242b3a8de041c1677d036df514047b5fd6e6d0d81f889f3c95", kill_on_drop: false }`
[INFO] running `Command { std: "docker" "exec" "-e" "SOURCE_DIR=/opt/rustwide/workdir" "-e" "CARGO_HOME=/opt/rustwide/cargo-home" "-e" "RUSTUP_HOME=/opt/rustwide/rustup-home" "-e" "CARGO_TARGET_DIR=/opt/rustwide/target" "-w" "/opt/rustwide/workdir" "--user" "0:0" "bb72790ef90647242b3a8de041c1677d036df514047b5fd6e6d0d81f889f3c95" "/opt/rustwide/cargo-home/bin/cargo" "+a7c37f9f0ee5e93396106e9de20f4a86b4154e63" "metadata" "--no-deps" "--format-version=1", kill_on_drop: false }`
[INFO] running `Command { std: "docker" "inspect" "bb72790ef90647242b3a8de041c1677d036df514047b5fd6e6d0d81f889f3c95", kill_on_drop: false }`
[INFO] running `Command { std: "docker" "exec" "-e" "SOURCE_DIR=/opt/rustwide/workdir" "-e" "CARGO_HOME=/opt/rustwide/cargo-home" "-e" "RUSTUP_HOME=/opt/rustwide/rustup-home" "-e" "CARGO_TARGET_DIR=/opt/rustwide/target" "-e" "CARGO_INCREMENTAL=0" "-e" "RUST_BACKTRACE=full" "-e" "RUSTFLAGS=--cap-lints=forbid" "-e" "RUSTDOCFLAGS=--cap-lints=forbid" "-w" "/opt/rustwide/workdir" "--user" "0:0" "bb72790ef90647242b3a8de041c1677d036df514047b5fd6e6d0d81f889f3c95" "/opt/rustwide/cargo-home/bin/cargo" "+a7c37f9f0ee5e93396106e9de20f4a86b4154e63" "check" "--frozen" "--all" "--all-targets" "--message-format=json", kill_on_drop: false }`
[INFO] [stderr]    Compiling proc-macro2 v1.0.107
[INFO] [stderr]    Compiling libc v0.2.191
[INFO] [stderr]    Compiling libm v0.2.8
[INFO] [stderr]    Compiling serde_core v1.0.229
[INFO] [stderr]    Compiling lock_api v0.4.11
[INFO] [stderr]    Compiling zerocopy v0.8.63
[INFO] [stderr]     Checking smallvec v1.16.4
[INFO] [stderr]    Compiling icu_properties_data v2.4.0
[INFO] [stderr]    Compiling icu_normalizer_data v2.4.0
[INFO] [stderr]    Compiling const-oid v0.9.6
[INFO] [stderr]    Compiling serde v1.0.229
[INFO] [stderr]    Compiling typenum v1.20.1
[INFO] [stderr]     Checking futures-core v0.3.30
[INFO] [stderr]    Compiling num-traits v0.2.17
[INFO] [stderr]     Checking futures-sink v0.3.30
[INFO] [stderr]    Compiling subtle v2.6.1
[INFO] [stderr]    Compiling quote v1.0.47
[INFO] [stderr]    Compiling crossbeam-utils v0.8.23
[INFO] [stderr]    Compiling once_cell v1.19.0
[INFO] [stderr]    Compiling syn v3.0.9
[INFO] [stderr]    Compiling syn v2.0.119
[INFO] [stderr]    Compiling writeable v0.6.4
[INFO] [stderr]    Compiling litemap v0.8.3
[INFO] [stderr]     Checking parking_lot_core v0.9.9
[INFO] [stderr]    Compiling generic-array v0.14.7
[INFO] [stderr]     Checking parking_lot v0.12.1
[INFO] [stderr]     Checking mio v1.2.4
[INFO] [stderr]     Checking signal-hook-registry v1.4.1
[INFO] [stderr]     Checking socket2 v0.6.5
[INFO] [stderr]     Checking getrandom v0.3.4
[INFO] [stderr]     Checking futures-task v0.3.30
[INFO] [stderr]     Checking futures-io v0.3.34
[INFO] [stderr]    Compiling serde_json v1.0.108
[INFO] [stderr]    Compiling block-buffer v0.10.4
[INFO] [stderr]    Compiling crypto-common v0.1.7
[INFO] [stderr]     Checking futures-util v0.3.30
[INFO] [stderr]     Checking getrandom v0.2.11
[INFO] [stderr]    Compiling digest v0.10.7
[INFO] [stderr]     Checking tracing-core v0.1.32
[INFO] [stderr]    Compiling base64ct v1.8.3
[INFO] [stderr]    Compiling zeroize v1.9.1
[INFO] [stderr]    Compiling rand_core v0.6.4
[INFO] [stderr]    Compiling pem-rfc7468 v0.7.0
[INFO] [stderr]    Compiling pin-project-lite v0.2.13
[INFO] [stderr]    Compiling der v0.7.10
[INFO] [stderr]    Compiling memchr v2.7.1
[INFO] [stderr]    Compiling ppv-lite86 v0.2.17
[INFO] [stderr]    Compiling synstructure v0.14.0
[INFO] [stderr]     Checking rand_chacha v0.3.1
[INFO] [stderr]    Compiling spki v0.7.3
[INFO] [stderr]     Checking http v1.0.0
[INFO] [stderr]    Compiling num-integer v0.1.47
[INFO] [stderr]     Checking ahash v0.8.12
[INFO] [stderr]     Checking hashbrown v0.14.3
[INFO] [stderr]    Compiling spin v0.9.9
[INFO] [stderr]    Compiling minimal-lexical v0.2.1
[INFO] [stderr]    Compiling percent-encoding v2.3.1
[INFO] [stderr]    Compiling bytes v1.5.0
[INFO] [stderr]    Compiling nom v7.1.3
[INFO] [stderr]    Compiling form_urlencoded v1.2.1
[INFO] [stderr]    Compiling lazy_static v1.5.1
[INFO] [stderr]    Compiling tracing-attributes v0.1.31
[INFO] [stderr]    Compiling thiserror-impl v1.0.69
[INFO] [stderr]     Checking indexmap v2.1.0
[INFO] [stderr]    Compiling tokio v1.54.1
[INFO] [stderr]    Compiling num-iter v0.1.46
[INFO] [stderr]    Compiling zerofrom-derive v0.1.8
[INFO] [stderr]    Compiling yoke-derive v0.8.4
[INFO] [stderr]    Compiling zerovec-derive v0.11.7
[INFO] [stderr]    Compiling displaydoc v0.2.7
[INFO] [stderr]    Compiling serde_derive v1.0.229
[INFO] [stderr]    Compiling tokio-macros v2.7.2
[INFO] [stderr]     Checking tracing v0.1.40
[INFO] [stderr]    Compiling zerofrom v0.1.8
[INFO] [stderr]    Compiling yoke v0.8.4
[INFO] [stderr]    Compiling zerotrie v0.2.5
[INFO] [stderr]    Compiling zerovec v0.11.9
[INFO] [stderr]    Compiling pkcs8 v0.10.2
[INFO] [stderr]    Compiling rand v0.8.5
[INFO] [stderr]     Checking tinystr v0.8.5
[INFO] [stderr]     Checking potential_utf v0.1.6
[INFO] [stderr]     Checking icu_collections v2.4.0
[INFO] [stderr]     Checking icu_locale_core v2.4.0
[INFO] [stderr]     Checking icu_provider v2.4.0
[INFO] [stderr]    Compiling bitflags v2.13.2
[INFO] [stderr]     Checking icu_normalizer v2.4.0
[INFO] [stderr]     Checking icu_properties v2.4.0
[INFO] [stderr]     Checking futures-channel v0.3.30
[INFO] [stderr]    Compiling slab v0.4.9
[INFO] [stderr]    Compiling pin-utils v0.1.0
[INFO] [stderr]    Compiling log v0.4.20
[INFO] [stderr]    Compiling crc-catalog v2.5.0
[INFO] [stderr]    Compiling ryu v1.0.16
[INFO] [stderr]    Compiling unicode_categories v0.1.1
[INFO] [stderr]    Compiling rustix v1.1.5
[INFO] [stderr]    Compiling tinyvec v1.13.3
[INFO] [stderr]    Compiling itoa v1.0.10
[INFO] [stderr]     Checking idna_adapter v1.2.2
[INFO] [stderr]    Compiling unicode-normalization v0.1.26
[INFO] [stderr]    Compiling sqlformat v0.2.6
[INFO] [stderr]    Compiling either v1.19.0
[INFO] [stderr]    Compiling tokio-stream v0.1.19
[INFO] [stderr]    Compiling idna v1.1.0
[INFO] [stderr]    Compiling crc v3.4.0
[INFO] [stderr]    Compiling url v2.5.4
[INFO] [stderr]    Compiling getrandom v0.4.3
[INFO] [stderr]    Compiling crossbeam-queue v0.3.14
[INFO] [stderr]    Compiling num-bigint-dig v0.8.6
[INFO] [stderr]    Compiling hashlink v0.8.4
[INFO] [stderr]    Compiling pkcs1 v0.7.5
[INFO] [stderr]    Compiling thiserror v1.0.69
[INFO] [stderr]    Compiling futures-intrusive v0.5.0
[INFO] [stderr]    Compiling syn v1.0.109
[INFO] [stderr]     Checking http-body v1.0.0
[INFO] [stderr]    Compiling sha2 v0.10.9
[INFO] [stderr]    Compiling signature v2.2.0
[INFO] [stderr]    Compiling atoi v2.0.0
[INFO] [stderr]    Compiling hmac v0.12.1
[INFO] [stderr]    Compiling unicode-bidi v0.3.18
[INFO] [stderr]    Compiling linux-raw-sys v0.12.1
[INFO] [stderr]    Compiling unicode-properties v0.1.4
[INFO] [stderr]    Compiling event-listener v2.5.3
[INFO] [stderr]    Compiling byteorder v1.5.0
[INFO] [stderr]    Compiling stringprep v0.1.5
[INFO] [stderr]    Compiling rsa v0.9.10
[INFO] [stderr]    Compiling hkdf v0.12.4
[INFO] [stderr]     Checking tokio-util v0.7.10
[INFO] [stderr]    Compiling sha1 v0.10.7
[INFO] [stderr]    Compiling md-5 v0.10.6
[INFO] [stderr]    Compiling whoami v1.6.1
[INFO] [stderr]    Compiling base64 v0.21.7
[INFO] [stderr]    Compiling fastrand v2.5.0
[INFO] [stderr]    Compiling async-trait v0.1.75
[INFO] [stderr]    Compiling heck v0.4.1
[INFO] [stderr]     Checking h2 v0.4.0
[INFO] [stderr]    Compiling tempfile v3.27.0
[INFO] [stderr]    Compiling axum-core v0.4.1
[INFO] [stderr]    Compiling pin-project-internal v1.1.3
[INFO] [stderr]    Compiling sqlx-core v0.7.4
[INFO] [stderr]     Checking http-body-util v0.1.0
[INFO] [stderr]     Checking pin-project v1.1.3
[INFO] [stderr]    Compiling axum v0.7.2
[INFO] [stderr]     Checking socket2 v0.5.5
[INFO] [stderr]     Checking dotenvy v0.15.7
[INFO] [stderr]    Compiling opimps v0.1.4
[INFO] [stderr]     Checking tower v0.4.13
[INFO] [stderr]     Checking serde_path_to_error v0.1.14
[INFO] [stderr]     Checking serde_urlencoded v0.7.1
[INFO] [stderr]     Checking rand_distr v0.4.3
[INFO] [stderr]     Checking num-complex v0.4.4
[INFO] [stderr]     Checking full v0.1.0
[INFO] [stderr]     Checking hyper v1.1.0
[INFO] [stderr]    Compiling sqlx-mysql v0.7.4
[INFO] [stderr]     Checking hyper-util v0.1.2
[INFO] [stderr]    Compiling sqlx-macros-core v0.7.4
[INFO] [stderr]    Compiling sqlx-macros v0.7.4
[INFO] [stderr]     Checking sqlx v0.7.4
[INFO] [stderr]     Checking rust-server v0.1.0 (/opt/rustwide/workdir)
[INFO] [stdout] warning: unused imports: `Arc` and `RwLock`
[INFO] [stdout]  --> src/main.rs:1:17
[INFO] [stdout]   |
[INFO] [stdout] 1 | use std::sync::{Arc, RwLock};
[INFO] [stdout]   |                 ^^^  ^^^^^^
[INFO] [stdout]   |
[INFO] [stdout]   = note: `#[warn(unused_imports)]` (part of `#[warn(unused)]`) on by default
[INFO] [stdout] 
[INFO] [stdout] 
[INFO] [stdout] warning: unused imports: `Arc` and `RwLock`
[INFO] [stdout]  --> src/main.rs:1:17
[INFO] [stdout]   |
[INFO] [stdout] 1 | use std::sync::{Arc, RwLock};
[INFO] [stdout]   |                 ^^^  ^^^^^^
[INFO] [stdout]   |
[INFO] [stdout]   = note: `#[warn(unused_imports)]` (part of `#[warn(unused)]`) on by default
[INFO] [stdout] 
[INFO] [stdout] 
[INFO] [stdout] error[E0308]: mismatched types
[INFO] [stdout]   --> src/routes/mod.rs:18:12
[INFO] [stdout]    |
[INFO] [stdout]  8 | pub async fn get_router() -> Router {
[INFO] [stdout]    |                              ------ expected `Router` because of return type
[INFO] [stdout] ...
[INFO] [stdout] 18 |     return router;
[INFO] [stdout]    |            ^^^^^^ expected `Router`, found `Router<Arc<RwLock<DatabaseConnection>>>`
[INFO] [stdout]    |
[INFO] [stdout]    = note: expected struct `Router<()>`
[INFO] [stdout]               found struct `Router<Arc<std::sync::RwLock<DatabaseConnection>>>`
[INFO] [stdout] 
[INFO] [stdout] 
[INFO] [stdout] error[E0308]: mismatched types
[INFO] [stdout]   --> src/routes/mod.rs:18:12
[INFO] [stdout]    |
[INFO] [stdout]  8 | pub async fn get_router() -> Router {
[INFO] [stdout]    |                              ------ expected `Router` because of return type
[INFO] [stdout] ...
[INFO] [stdout] 18 |     return router;
[INFO] [stdout]    |            ^^^^^^ expected `Router`, found `Router<Arc<RwLock<DatabaseConnection>>>`
[INFO] [stdout]    |
[INFO] [stdout]    = note: expected struct `Router<()>`
[INFO] [stdout]               found struct `Router<Arc<std::sync::RwLock<DatabaseConnection>>>`
[INFO] [stdout] 
[INFO] [stdout] 
[INFO] [stdout] error[E0277]: the trait bound `fn(State<Arc<RwLock<_>>>) -> _ {get_users}: Handler<_, _>` is not satisfied
[INFO] [stdout]     --> src/routes/users.rs:16:25
[INFO] [stdout]      |
[INFO] [stdout]   16 |         .route("/", get(get_users))
[INFO] [stdout]      |                     --- ^^^^^^^^^ the trait `Handler<_, _>` is not implemented for fn item `fn(State<Arc<RwLock<DatabaseConnection>>>) -> _ {get_users}`
[INFO] [stdout]      |                     |
[INFO] [stdout]      |                     required by a bound introduced by this call
[INFO] [stdout]      |
[INFO] [stdout]      = note: Consider using `#[axum::debug_handler]` to improve the error message
[INFO] [stdout] help: the following other types implement trait `Handler<T, S>`
[INFO] [stdout]     --> /opt/rustwide/cargo-home/registry/src/index.crates.io-1949cf8c6b5b557f/axum-0.7.2/src/routing/method_routing.rs:1216:1
[INFO] [stdout]      |
[INFO] [stdout] 1216 | / impl<S> Handler<(), S> for MethodRouter<S>
[INFO] [stdout] 1217 | | where
[INFO] [stdout] 1218 | |     S: Clone + 'static,
[INFO] [stdout]      | |_______________________^ `MethodRouter<S>` implements `Handler<(), S>`
[INFO] [stdout]      |
[INFO] [stdout]     ::: /opt/rustwide/cargo-home/registry/src/index.crates.io-1949cf8c6b5b557f/axum-0.7.2/src/handler/mod.rs:303:1
[INFO] [stdout]      |
[INFO] [stdout]  303 | / impl<H, S, T, L> Handler<T, S> for Layered<L, H, T, S>
[INFO] [stdout]  304 | | where
[INFO] [stdout]  305 | |     L: Layer<HandlerService<H, T, S>> + Clone + Send + 'static,
[INFO] [stdout]  306 | |     H: Handler<T, S>,
[INFO] [stdout] ...    |
[INFO] [stdout]  310 | |     T: 'static,
[INFO] [stdout]  311 | |     S: 'static,
[INFO] [stdout]      | |_______________^ `Layered<L, H, T, S>` implements `Handler<T, S>`
[INFO] [stdout] note: required by a bound in `axum::routing::get`
[INFO] [stdout]     --> /opt/rustwide/cargo-home/registry/src/index.crates.io-1949cf8c6b5b557f/axum-0.7.2/src/routing/method_routing.rs:140:16
[INFO] [stdout]      |
[INFO] [stdout]  140 |             H: Handler<T, S>,
[INFO] [stdout]      |                ^^^^^^^^^^^^^ required by this bound in `get`
[INFO] [stdout] ...
[INFO] [stdout]  385 | top_level_handler_fn!(get, GET);
[INFO] [stdout]      | ------------------------------- in this macro invocation
[INFO] [stdout]      = note: the full name for the type has been written to '/opt/rustwide/target/debug/build/rust-server/68c678effc2b0305/out/rust_server-68c678effc2b0305.long-type-3310556220495517814.txt'
[INFO] [stdout]      = note: consider using `--verbose` to print the full type name to the console
[INFO] [stdout]      = note: this error originates in the macro `top_level_handler_fn` (in Nightly builds, run with -Z macro-backtrace for more info)
[INFO] [stdout] 
[INFO] [stdout] 
[INFO] [stdout] error[E0277]: the trait bound `fn(State<Arc<RwLock<_>>>) -> _ {get_users}: Handler<_, _>` is not satisfied
[INFO] [stdout]     --> src/routes/users.rs:16:25
[INFO] [stdout]      |
[INFO] [stdout]   16 |         .route("/", get(get_users))
[INFO] [stdout]      |                     --- ^^^^^^^^^ the trait `Handler<_, _>` is not implemented for fn item `fn(State<Arc<RwLock<DatabaseConnection>>>) -> _ {get_users}`
[INFO] [stdout]      |                     |
[INFO] [stdout]      |                     required by a bound introduced by this call
[INFO] [stdout]      |
[INFO] [stdout]      = note: Consider using `#[axum::debug_handler]` to improve the error message
[INFO] [stdout] help: the following other types implement trait `Handler<T, S>`
[INFO] [stdout]     --> /opt/rustwide/cargo-home/registry/src/index.crates.io-1949cf8c6b5b557f/axum-0.7.2/src/routing/method_routing.rs:1216:1
[INFO] [stdout]      |
[INFO] [stdout] 1216 | / impl<S> Handler<(), S> for MethodRouter<S>
[INFO] [stdout] 1217 | | where
[INFO] [stdout] 1218 | |     S: Clone + 'static,
[INFO] [stdout]      | |_______________________^ `MethodRouter<S>` implements `Handler<(), S>`
[INFO] [stdout]      |
[INFO] [stdout]     ::: /opt/rustwide/cargo-home/registry/src/index.crates.io-1949cf8c6b5b557f/axum-0.7.2/src/handler/mod.rs:303:1
[INFO] [stdout]      |
[INFO] [stdout]  303 | / impl<H, S, T, L> Handler<T, S> for Layered<L, H, T, S>
[INFO] [stdout]  304 | | where
[INFO] [stdout]  305 | |     L: Layer<HandlerService<H, T, S>> + Clone + Send + 'static,
[INFO] [stdout]  306 | |     H: Handler<T, S>,
[INFO] [stdout] ...    |
[INFO] [stdout]  310 | |     T: 'static,
[INFO] [stdout]  311 | |     S: 'static,
[INFO] [stdout]      | |_______________^ `Layered<L, H, T, S>` implements `Handler<T, S>`
[INFO] [stdout] note: required by a bound in `axum::routing::get`
[INFO] [stdout]     --> /opt/rustwide/cargo-home/registry/src/index.crates.io-1949cf8c6b5b557f/axum-0.7.2/src/routing/method_routing.rs:140:16
[INFO] [stdout]      |
[INFO] [stdout]  140 |             H: Handler<T, S>,
[INFO] [stdout]      |                ^^^^^^^^^^^^^ required by this bound in `get`
[INFO] [stdout] ...
[INFO] [stdout]  385 | top_level_handler_fn!(get, GET);
[INFO] [stdout]      | ------------------------------- in this macro invocation
[INFO] [stdout]      = note: the full name for the type has been written to '/opt/rustwide/target/debug/build/rust-server/b4c52d463bc63346/out/rust_server-b4c52d463bc63346.long-type-13194131086297434548.txt'
[INFO] [stdout]      = note: consider using `--verbose` to print the full type name to the console
[INFO] [stdout]      = note: this error originates in the macro `top_level_handler_fn` (in Nightly builds, run with -Z macro-backtrace for more info)
[INFO] [stdout] 
[INFO] [stdout] 
[INFO] [stdout] error[E0277]: the trait bound `Router<_>: From<impl Future<Output = Router>>` is not satisfied
[INFO] [stdout]    --> src/main.rs:16:16
[INFO] [stdout]     |
[INFO] [stdout]  16 |         .merge(routes::get_router());
[INFO] [stdout]     |          ----- ^^^^^^^^^^^^^^^^^^^^ the trait `From<impl Future<Output = Router>>` is not implemented for `Router<_>`
[INFO] [stdout]     |          |
[INFO] [stdout]     |          required by a bound introduced by this call
[INFO] [stdout]     |
[INFO] [stdout]     = note: required for `impl Future<Output = Router>` to implement `Into<Router<_>>`
[INFO] [stdout] note: required by a bound in `Router::<S>::merge`
[INFO] [stdout]    --> /opt/rustwide/cargo-home/registry/src/index.crates.io-1949cf8c6b5b557f/axum-0.7.2/src/routing/mod.rs:187:12
[INFO] [stdout]     |
[INFO] [stdout] 104 | impl<S> Router<S>
[INFO] [stdout] ...
[INFO] [stdout] 185 |     pub fn merge<R>(mut self, other: R) -> Self
[INFO] [stdout] 186 |     where
[INFO] [stdout] 187 |         R: Into<Router<S>>,
[INFO] [stdout]     |            ^^^^^^^^^^^^^^^ required by this bound in `Router::<S>::merge`
[INFO] [stdout] 
[INFO] [stdout] 
[INFO] [stdout] error[E0277]: the trait bound `Router<_>: From<impl Future<Output = Router>>` is not satisfied
[INFO] [stdout]    --> src/main.rs:16:16
[INFO] [stdout]     |
[INFO] [stdout]  16 |         .merge(routes::get_router());
[INFO] [stdout]     |          ----- ^^^^^^^^^^^^^^^^^^^^ the trait `From<impl Future<Output = Router>>` is not implemented for `Router<_>`
[INFO] [stdout]     |          |
[INFO] [stdout]     |          required by a bound introduced by this call
[INFO] [stdout]     |
[INFO] [stdout]     = note: required for `impl Future<Output = Router>` to implement `Into<Router<_>>`
[INFO] [stdout] note: required by a bound in `Router::<S>::merge`
[INFO] [stdout]    --> /opt/rustwide/cargo-home/registry/src/index.crates.io-1949cf8c6b5b557f/axum-0.7.2/src/routing/mod.rs:187:12
[INFO] [stdout]     |
[INFO] [stdout] 104 | impl<S> Router<S>
[INFO] [stdout] ...
[INFO] [stdout] 185 |     pub fn merge<R>(mut self, other: R) -> Self
[INFO] [stdout] 186 |     where
[INFO] [stdout] 187 |         R: Into<Router<S>>,
[INFO] [stdout]     |            ^^^^^^^^^^^^^^^ required by this bound in `Router::<S>::merge`
[INFO] [stdout] 
[INFO] [stdout] 
[INFO] [stdout] Some errors have detailed explanations: E0277, E0308.
[INFO] [stdout] 
[INFO] [stderr] error: could not compile `rust-server` (bin "rust-server" test) due to 3 previous errors; 1 warning emitted
[INFO] [stdout] For more information about an error, try `rustc --explain E0277`.
[INFO] [stdout] 
[INFO] [stderr] warning: build failed, waiting for other jobs to finish...
[INFO] [stdout] Some errors have detailed explanations: E0277, E0308.
[INFO] [stdout] 
[INFO] [stdout] For more information about an error, try `rustc --explain E0277`.
[INFO] [stdout] 
[INFO] [stderr] error: could not compile `rust-server` (bin "rust-server") due to 3 previous errors; 1 warning emitted
[INFO] [stderr] warning: unused dependency `full`
[INFO] [stderr]  --> Cargo.toml:3:1
[INFO] [stderr]   |
[INFO] [stderr] 3 | full = "0.1.0"
[INFO] [stderr]   | ^^^^^^^^^^^^^^
[INFO] [stderr]   |
[INFO] [stderr]   = note: `cargo::unused_dependencies` is set to `warn` by default
[INFO] [stderr] help: consider removing the dependency on `full`
[INFO] [stderr] warning: `rust-server` (manifest) generated 1 warning
[INFO] running `Command { std: "docker" "inspect" "bb72790ef90647242b3a8de041c1677d036df514047b5fd6e6d0d81f889f3c95", kill_on_drop: false }`
[INFO] running `Command { std: "docker" "rm" "-f" "bb72790ef90647242b3a8de041c1677d036df514047b5fd6e6d0d81f889f3c95", kill_on_drop: false }`
[INFO] [stdout] bb72790ef90647242b3a8de041c1677d036df514047b5fd6e6d0d81f889f3c95
