[INFO] cloning repository https://github.com/Hwnggv/project-fuse
[INFO] running `Command { std: "git" "-c" "credential.helper=" "-c" "credential.helper=/workspace/cargo-home/bin/git-credential-null" "clone" "--bare" "https://github.com/Hwnggv/project-fuse" "/workspace/cache/git-repos/https%3A%2F%2Fgithub.com%2FHwnggv%2Fproject-fuse", kill_on_drop: false }`
[INFO] [stderr] Cloning into bare repository '/workspace/cache/git-repos/https%3A%2F%2Fgithub.com%2FHwnggv%2Fproject-fuse'...
[INFO] running `Command { std: "git" "rev-parse" "HEAD", kill_on_drop: false }`
[INFO] [stdout] 8a5e3079e44bc22aa90e508633ab57ecc797aabf
[INFO] checking Hwnggv/project-fuse against 52995a223f2919dd3e2e427231db90a257350ded for pr-129249-4
[INFO] running `Command { std: "git" "clone" "/workspace/cache/git-repos/https%3A%2F%2Fgithub.com%2FHwnggv%2Fproject-fuse" "/workspace/builds/worker-2-tc2/source", kill_on_drop: false }`
[INFO] [stderr] Cloning into '/workspace/builds/worker-2-tc2/source'...
[INFO] [stderr] done.
[INFO] started tweaking git repo https://github.com/Hwnggv/project-fuse
[INFO] finished tweaking git repo https://github.com/Hwnggv/project-fuse
[INFO] tweaked toml for git repo https://github.com/Hwnggv/project-fuse written to /workspace/builds/worker-2-tc2/source/Cargo.toml
[INFO] validating manifest of git repo https://github.com/Hwnggv/project-fuse on toolchain 52995a223f2919dd3e2e427231db90a257350ded
[INFO] running `Command { std: CARGO_HOME="/workspace/cargo-home" RUSTUP_HOME="/workspace/rustup-home" "/workspace/cargo-home/bin/cargo" "+52995a223f2919dd3e2e427231db90a257350ded" "metadata" "--manifest-path" "Cargo.toml" "--no-deps", kill_on_drop: false }`
[INFO] crate git repo https://github.com/Hwnggv/project-fuse already has a lockfile, it will not be regenerated
[INFO] running `Command { std: CARGO_HOME="/workspace/cargo-home" RUSTUP_HOME="/workspace/rustup-home" "/workspace/cargo-home/bin/cargo" "+52995a223f2919dd3e2e427231db90a257350ded" "fetch" "--manifest-path" "Cargo.toml", kill_on_drop: false }`
[INFO] [stderr]     Blocking waiting for file lock on package cache
[INFO] [stderr]     Blocking waiting for file lock on package cache
[INFO] running `Command { std: "docker" "create" "-v" "/var/lib/crater-agent-workspace/builds/worker-2-tc2/source:/opt/rustwide/workdir:ro,Z" "-v" "/var/lib/crater-agent-workspace/builds/worker-2-tc2/target:/opt/rustwide/target:rw,Z" "-v" "/var/lib/crater-agent-workspace/cargo-home:/opt/rustwide/cargo-home:ro,Z" "-v" "/var/lib/crater-agent-workspace/rustup-home:/opt/rustwide/rustup-home:ro,Z" "-m" "1610612736" "--network" "none" "ghcr.io/rust-lang/crates-build-env/linux@sha256:77db811e55d90add9212f6832c23229e3de5f1c1f9905e8cb07319ea15df73ac" "sleep" "infinity", kill_on_drop: false }`
[INFO] [stdout] f20b2697ea8a9deec7c3610a1119485df598df786351d1fd3c89c9fa53417706
[INFO] running `Command { std: "docker" "start" "f20b2697ea8a9deec7c3610a1119485df598df786351d1fd3c89c9fa53417706", kill_on_drop: false }`
[INFO] running `Command { std: "docker" "inspect" "f20b2697ea8a9deec7c3610a1119485df598df786351d1fd3c89c9fa53417706", kill_on_drop: false }`
[INFO] running `Command { std: "docker" "exec" "-e" "SOURCE_DIR=/opt/rustwide/workdir" "-e" "CARGO_HOME=/opt/rustwide/cargo-home" "-e" "RUSTUP_HOME=/opt/rustwide/rustup-home" "-e" "CARGO_TARGET_DIR=/opt/rustwide/target" "-w" "/opt/rustwide/workdir" "--user" "0:0" "f20b2697ea8a9deec7c3610a1119485df598df786351d1fd3c89c9fa53417706" "/opt/rustwide/cargo-home/bin/cargo" "+52995a223f2919dd3e2e427231db90a257350ded" "metadata" "--no-deps" "--format-version=1", kill_on_drop: false }`
[INFO] running `Command { std: "docker" "inspect" "f20b2697ea8a9deec7c3610a1119485df598df786351d1fd3c89c9fa53417706", kill_on_drop: false }`
[INFO] running `Command { std: "docker" "exec" "-e" "SOURCE_DIR=/opt/rustwide/workdir" "-e" "CARGO_HOME=/opt/rustwide/cargo-home" "-e" "RUSTUP_HOME=/opt/rustwide/rustup-home" "-e" "CARGO_TARGET_DIR=/opt/rustwide/target" "-e" "CARGO_INCREMENTAL=0" "-e" "RUST_BACKTRACE=full" "-e" "RUSTFLAGS=--cap-lints=forbid" "-e" "RUSTDOCFLAGS=--cap-lints=forbid" "-w" "/opt/rustwide/workdir" "--user" "0:0" "f20b2697ea8a9deec7c3610a1119485df598df786351d1fd3c89c9fa53417706" "/opt/rustwide/cargo-home/bin/cargo" "+52995a223f2919dd3e2e427231db90a257350ded" "check" "--frozen" "--all" "--all-targets" "--message-format=json", kill_on_drop: false }`
[INFO] [stderr]    Compiling proc-macro2 v1.0.103
[INFO] [stderr]    Compiling quote v1.0.42
[INFO] [stderr]    Compiling unicode-ident v1.0.22
[INFO] [stderr]    Compiling libc v0.2.178
[INFO] [stderr]    Compiling typenum v1.19.0
[INFO] [stderr]    Compiling find-msvc-tools v0.1.5
[INFO] [stderr]    Compiling zerocopy v0.8.31
[INFO] [stderr]    Compiling getrandom v0.3.4
[INFO] [stderr]     Checking memchr v2.7.6
[INFO] [stderr]    Compiling either v1.15.0
[INFO] [stderr]    Compiling syn v1.0.109
[INFO] [stderr]     Checking subtle v2.6.1
[INFO] [stderr]    Compiling bitflags v2.10.0
[INFO] [stderr]    Compiling rustix v1.1.2
[INFO] [stderr]    Compiling crossbeam-utils v0.8.21
[INFO] [stderr]    Compiling linux-raw-sys v0.11.0
[INFO] [stderr]    Compiling syn v2.0.111
[INFO] [stderr]    Compiling crossbeam-epoch v0.9.18
[INFO] [stderr]     Checking getrandom v0.2.16
[INFO] [stderr]    Compiling jobserver v0.1.34
[INFO] [stderr]    Compiling crossbeam-deque v0.8.6
[INFO] [stderr]    Compiling cc v1.2.49
[INFO] [stderr]    Compiling generic-array v0.14.7
[INFO] [stderr]     Checking rand_core v0.6.4
[INFO] [stderr]    Compiling rayon-core v1.13.0
[INFO] [stderr]     Checking hashbrown v0.16.1
[INFO] [stderr]    Compiling crypto-common v0.1.7
[INFO] [stderr]    Compiling block-buffer v0.10.4
[INFO] [stderr]    Compiling digest v0.10.7
[INFO] [stderr]    Compiling hex v0.4.3
[INFO] [stderr]    Compiling sha2 v0.10.9
[INFO] [stderr]     Checking indexmap v2.12.1
[INFO] [stderr]    Compiling rayon v1.11.0
[INFO] [stderr]    Compiling slab v0.4.11
[INFO] [stderr]    Compiling num-traits v0.2.19
[INFO] [stderr]    Compiling smallvec v1.15.1
[INFO] [stderr]    Compiling dirs-sys v0.5.0
[INFO] [stderr]    Compiling directories v6.0.0
[INFO] [stderr]    Compiling tempfile v3.23.0
[INFO] [stderr]     Checking itertools v0.10.5
[INFO] [stderr]     Checking tracing-core v0.1.35
[INFO] [stderr]    Compiling ring v0.17.14
[INFO] [stderr]    Compiling num-integer v0.1.46
[INFO] [stderr]     Checking byteorder v1.5.0
[INFO] [stderr]    Compiling serde_core v1.0.228
[INFO] [stderr]    Compiling stable_deref_trait v1.2.1
[INFO] [stderr]    Compiling anyhow v1.0.100
[INFO] [stderr]    Compiling futures-core v0.3.31
[INFO] [stderr]    Compiling dirs-sys v0.4.1
[INFO] [stderr]    Compiling bytes v1.11.0
[INFO] [stderr]     Checking simd-adler32 v0.3.8
[INFO] [stderr]    Compiling directories v5.0.1
[INFO] [stderr]    Compiling glob v0.3.3
[INFO] [stderr]    Compiling futures-sink v0.3.31
[INFO] [stderr]     Checking bitvec v1.0.1
[INFO] [stderr]    Compiling futures-channel v0.3.31
[INFO] [stderr]    Compiling serde_json v1.0.145
[INFO] [stderr]    Compiling itoa v1.0.15
[INFO] [stderr]     Checking miniz_oxide v0.8.9
[INFO] [stderr]     Checking parking_lot_core v0.9.12
[INFO] [stderr]    Compiling nvtx v1.3.0
[INFO] [stderr]    Compiling risc0-build-kernel v2.0.1
[INFO] [stderr]    Compiling risc0-build-kernel v1.2.6
[INFO] [stderr]    Compiling mio v1.1.1
[INFO] [stderr]    Compiling risc0-sys v1.5.0
[INFO] [stderr]    Compiling socket2 v0.6.1
[INFO] [stderr]    Compiling writeable v0.6.2
[INFO] [stderr]    Compiling synstructure v0.13.2
[INFO] [stderr]    Compiling futures-task v0.3.31
[INFO] [stderr]    Compiling litemap v0.8.1
[INFO] [stderr]    Compiling futures-io v0.3.31
[INFO] [stderr]    Compiling tokio v1.48.0
[INFO] [stderr]     Checking parking_lot v0.12.5
[INFO] [stderr]    Compiling http v1.4.0
[INFO] [stderr]    Compiling num-bigint v0.3.3
[INFO] [stderr]    Compiling zeroize v1.8.2
[INFO] [stderr]    Compiling winnow v0.7.14
[INFO] [stderr]    Compiling rustls-pki-types v1.13.2
[INFO] [stderr]     Checking puffin v0.19.1
[INFO] [stderr]    Compiling serde_derive v1.0.228
[INFO] [stderr]    Compiling zerocopy-derive v0.8.31
[INFO] [stderr]    Compiling zerofrom-derive v0.1.6
[INFO] [stderr]    Compiling yoke-derive v0.8.1
[INFO] [stderr]    Compiling displaydoc v0.2.5
[INFO] [stderr]    Compiling zerovec-derive v0.11.2
[INFO] [stderr]    Compiling zeroize_derive v1.4.2
[INFO] [stderr]    Compiling thiserror-impl v1.0.69
[INFO] [stderr]    Compiling zerofrom v0.1.6
[INFO] [stderr]    Compiling tracing-attributes v0.1.31
[INFO] [stderr]    Compiling yoke v0.8.1
[INFO] [stderr]    Compiling zerovec v0.11.5
[INFO] [stderr]    Compiling bytemuck_derive v1.10.2
[INFO] [stderr]    Compiling thiserror v1.0.69
[INFO] [stderr]    Compiling tinystr v0.8.2
[INFO] [stderr]     Checking tracing v0.1.43
[INFO] [stderr]    Compiling futures-macro v0.3.31
[INFO] [stderr]    Compiling icu_locale_core v2.1.1
[INFO] [stderr]    Compiling potential_utf v0.1.4
[INFO] [stderr]    Compiling zerotrie v0.2.3
[INFO] [stderr]    Compiling futures-util v0.3.31
[INFO] [stderr]     Checking bytemuck v1.24.0
[INFO] [stderr]    Compiling icu_collections v2.1.1
[INFO] [stderr]     Checking serde v1.0.228
[INFO] [stderr]     Checking ppv-lite86 v0.2.21
[INFO] [stderr]    Compiling icu_provider v2.1.1
[INFO] [stderr]     Checking rand_chacha v0.3.1
[INFO] [stderr]    Compiling toml_parser v1.0.5+spec-1.0.0
[INFO] [stderr]    Compiling http-body v1.0.1
[INFO] [stderr]     Checking rand v0.8.5
[INFO] [stderr]    Compiling toml_datetime v0.7.4+spec-1.0.0
[INFO] [stderr]    Compiling untrusted v0.9.0
[INFO] [stderr]    Compiling percent-encoding v2.3.2
[INFO] [stderr]     Checking risc0-core v1.2.6
[INFO] [stderr]    Compiling ark-serialize-derive v0.4.2
[INFO] [stderr]    Compiling toml_edit v0.23.10+spec-1.0.0
[INFO] [stderr]     Checking ark-std v0.4.0
[INFO] [stderr]     Checking flate2 v1.1.5
[INFO] [stderr]    Compiling num-bigint v0.4.6
[INFO] [stderr]    Compiling icu_normalizer_data v2.1.1
[INFO] [stderr]    Compiling icu_properties_data v2.1.2
[INFO] [stderr]    Compiling matrixmultiply v0.3.10
[INFO] [stderr]    Compiling tower-service v0.3.3
[INFO] [stderr]    Compiling try-lock v0.2.5
[INFO] [stderr]    Compiling rustls v0.23.35
[INFO] [stderr]    Compiling want v0.3.1
[INFO] [stderr]    Compiling proc-macro-crate v3.4.0
[INFO] [stderr]    Compiling rustls-webpki v0.103.8
[INFO] [stderr]    Compiling addchain v0.2.0
[INFO] [stderr]    Compiling borsh v1.6.0
[INFO] [stderr]    Compiling icu_properties v2.1.2
[INFO] [stderr]    Compiling icu_normalizer v2.1.1
[INFO] [stderr]     Checking ark-serialize v0.4.2
[INFO] [stderr]    Compiling ark-ff-asm v0.4.2
[INFO] [stderr]    Compiling derivative v2.2.0
[INFO] [stderr]    Compiling httparse v1.10.1
[INFO] [stderr]    Compiling ark-ff-macros v0.4.2
[INFO] [stderr]     Checking blake2 v0.10.6
[INFO] [stderr]     Checking aho-corasick v1.1.4
[INFO] [stderr]     Checking rawpointer v0.2.1
[INFO] [stderr]    Compiling atomic-waker v1.1.2
[INFO] [stderr]     Checking regex-syntax v0.8.8
[INFO] [stderr]    Compiling hyper v1.8.1
[INFO] [stderr]    Compiling idna_adapter v1.2.1
[INFO] [stderr]     Checking ark-ff v0.4.2
[INFO] [stderr]    Compiling ff_derive v0.13.1
[INFO] [stderr]    Compiling borsh-derive v1.6.0
[INFO] [stderr]    Compiling form_urlencoded v1.2.2
[INFO] [stderr]    Compiling stability v0.2.1
[INFO] [stderr]     Checking regex-automata v0.4.13
[INFO] [stderr]    Compiling sync_wrapper v1.0.2
[INFO] [stderr]     Checking num-complex v0.4.6
[INFO] [stderr]    Compiling risc0-zkp v1.2.6
[INFO] [stderr]    Compiling tower-layer v0.3.3
[INFO] [stderr]    Compiling ipnet v2.11.0
[INFO] [stderr]    Compiling utf8_iter v1.0.4
[INFO] [stderr]     Checking tokio-util v0.7.17
[INFO] [stderr]    Compiling idna v1.1.0
[INFO] [stderr]    Compiling hyper-util v0.1.19
[INFO] [stderr]    Compiling tower v0.5.2
[INFO] [stderr]     Checking ndarray v0.16.1
[INFO] [stderr]     Checking risc0-zkvm-platform v1.2.6
[INFO] [stderr]     Checking ff v0.13.1
[INFO] [stderr]     Checking ahash v0.8.12
[INFO] [stderr]     Checking regex v1.12.2
[INFO] [stderr]    Compiling webpki-roots v1.0.4
[INFO] [stderr]    Compiling thiserror v2.0.17
[INFO] [stderr]    Compiling iri-string v0.7.9
[INFO] [stderr]     Checking hex-literal v0.4.1
[INFO] [stderr]    Compiling ryu v1.0.20
[INFO] [stderr]    Compiling tokio-rustls v0.26.4
[INFO] [stderr]     Checking h2 v0.4.12
[INFO] [stderr]    Compiling hyper-rustls v0.27.7
[INFO] [stderr]    Compiling serde_urlencoded v0.7.1
[INFO] [stderr]    Compiling tower-http v0.6.8
[INFO] [stderr]     Checking hashbrown v0.13.2
[INFO] [stderr]    Compiling url v2.5.7
[INFO] [stderr]    Compiling futures-executor v0.3.31
[INFO] [stderr]    Compiling http-body-util v0.1.3
[INFO] [stderr]    Compiling thiserror-impl v2.0.17
[INFO] [stderr]    Compiling log v0.4.29
[INFO] [stderr]    Compiling futures v0.3.31
[INFO] [stderr]     Checking ark-poly v0.4.2
[INFO] [stderr]    Compiling reqwest v0.12.26
[INFO] [stderr]    Compiling risc0-circuit-recursion-sys v1.2.6
[INFO] [stderr]     Checking tracing-subscriber v0.2.25
[INFO] [stderr]     Checking elf v0.7.4
[INFO] [stderr]    Compiling downloader v0.2.8
[INFO] [stderr]     Checking ark-relations v0.4.0
[INFO] [stderr]    Compiling lazy-regex-proc_macros v3.4.2
[INFO] [stderr]    Compiling derive_more-impl v1.0.0
[INFO] [stderr]     Checking ark-ec v0.4.2
[INFO] [stderr]    Compiling lzma-sys v0.1.20
[INFO] [stderr]    Compiling risc0-circuit-rv32im-sys v1.2.6
[INFO] [stderr]    Compiling proc-macro2-diagnostics v0.10.1
[INFO] [stderr]     Checking bumpalo v3.19.1
[INFO] [stderr]    Compiling camino v1.2.2
[INFO] [stderr]    Compiling zip v2.4.2
[INFO] [stderr]     Checking twox-hash v1.6.3
[INFO] [stderr]     Checking zopfli v0.8.3
[INFO] [stderr]     Checking nom v7.1.3
[INFO] [stderr]     Checking derive_more v1.0.0
[INFO] [stderr]    Compiling risc0-circuit-recursion v1.2.6
[INFO] [stderr]     Checking lazy-regex v3.4.2
[INFO] [stderr]     Checking ark-snark v0.4.0
[INFO] [stderr]    Compiling derive_more v0.99.20
[INFO] [stderr]    Compiling risc0-circuit-keccak-sys v1.2.6
[INFO] [stderr]     Checking risc0-binfmt v1.2.6
[INFO] [stderr]    Compiling erased-serde v0.4.9
[INFO] [stderr]    Compiling cpp_demangle v0.4.5
[INFO] [stderr]     Checking ark-crypto-primitives v0.4.0
[INFO] [stderr]     Checking cargo-platform v0.1.9
[INFO] [stderr]    Compiling enum-map-derive v0.17.0
[INFO] [stderr]     Checking crossbeam-channel v0.5.15
[INFO] [stderr]     Checking crossbeam-queue v0.3.12
[INFO] [stderr]    Compiling itertools v0.14.0
[INFO] [stderr]     Checking semver v1.0.27
[INFO] [stderr]    Compiling typetag v0.2.21
[INFO] [stderr]     Checking base64ct v1.8.1
[INFO] [stderr]    Compiling risc0-circuit-rv32im v1.2.6
[INFO] [stderr]     Checking crossbeam v0.8.4
[INFO] [stderr]     Checking cargo_metadata v0.18.1
[INFO] [stderr]     Checking enum-map v2.7.3
[INFO] [stderr]     Checking ruzstd v0.6.0
[INFO] [stderr]     Checking pem-rfc7468 v0.7.0
[INFO] [stderr]    Compiling duplicate v2.0.1
[INFO] [stderr]     Checking object v0.35.0
[INFO] [stderr]     Checking xz2 v0.1.7
[INFO] [stderr]     Checking ark-groth16 v0.4.0
[INFO] [stderr]     Checking dirs v5.0.1
[INFO] [stderr]     Checking ark-bn254 v0.4.0
[INFO] [stderr]    Compiling typetag-impl v0.2.21
[INFO] [stderr]    Compiling maybe-async v0.2.10
[INFO] [stderr]    Compiling num-derive v0.4.2
[INFO] [stderr]    Compiling prost-derive v0.13.5
[INFO] [stderr]     Checking gimli v0.29.0
[INFO] [stderr]     Checking memmap2 v0.9.9
[INFO] [stderr]     Checking crypto-bigint v0.5.5
[INFO] [stderr]    Compiling proc-macro-error-attr v1.0.4
[INFO] [stderr]     Checking inventory v0.3.21
[INFO] [stderr]     Checking rustc-demangle v0.1.26
[INFO] [stderr]     Checking keccak v0.1.5
[INFO] [stderr]     Checking auto_ops v0.3.0
[INFO] [stderr]     Checking fallible-iterator v0.3.0
[INFO] [stderr]     Checking iana-time-zone v0.1.64
[INFO] [stderr]     Checking docker-generate v0.1.3
[INFO] [stderr]     Checking risc0-build v1.2.6
[INFO] [stderr]     Checking chrono v0.4.42
[INFO] [stderr]    Compiling rustc_version v0.4.1
[INFO] [stderr]     Checking rrs-lib v0.1.0
[INFO] [stderr]     Checking prost v0.13.5
[INFO] [stderr]     Checking addr2line v0.22.0
[INFO] [stderr]     Checking bonsai-sdk v1.4.1
[INFO] [stderr]     Checking risc0-groth16 v1.2.6
[INFO] [stderr]     Checking der v0.7.10
[INFO] [stderr]     Checking bincode v1.3.3
[INFO] [stderr]    Compiling half v2.7.1
[INFO] [stderr]    Compiling cc-traits v2.0.0
[INFO] [stderr]    Compiling proc-macro-error v1.0.4
[INFO] [stderr]    Compiling ciborium-io v0.2.2
[INFO] [stderr]    Compiling time-core v0.1.6
[INFO] [stderr]     Checking deranged v0.5.5
[INFO] [stderr]    Compiling ciborium-ll v0.2.2
[INFO] [stderr]    Compiling time-macros v0.2.24
[INFO] [stderr]    Compiling btree-slab v0.6.1
[INFO] [stderr]     Checking spki v0.7.3
[INFO] [stderr]    Compiling abnf-core v0.5.0
[INFO] [stderr]    Compiling curve25519-dalek v4.1.3
[INFO] [stderr]    Compiling range-traits v0.3.2
[INFO] [stderr]     Checking pkcs8 v0.10.2
[INFO] [stderr]    Compiling btree-range-map v0.7.2
[INFO] [stderr]    Compiling abnf v0.13.0
[INFO] [stderr]    Compiling ciborium v0.2.2
[INFO] [stderr]    Compiling curve25519-dalek-derive v0.1.1
[INFO] [stderr]     Checking signature v2.2.0
[INFO] [stderr]     Checking time v0.3.44
[INFO] [stderr]    Compiling uuid v1.19.0
[INFO] [stderr]    Compiling itertools v0.13.0
[INFO] [stderr]    Compiling hex_fmt v0.3.0
[INFO] [stderr]    Compiling indoc v2.0.7
[INFO] [stderr]     Checking ed25519 v2.2.3
[INFO] [stderr]    Compiling snafu-derive v0.8.9
[INFO] [stderr]    Compiling static-regular-grammar v2.0.2
[INFO] [stderr]    Compiling openssl-src v300.5.4+3.5.4
[INFO] [stderr]    Compiling darling_core v0.21.3
[INFO] [stderr]    Compiling openssl-sys v0.9.111
[INFO] [stderr]     Checking ed25519-dalek v2.2.0
[INFO] [stderr]     Checking bitvec-nom2 v0.2.1
[INFO] [stderr]    Compiling rasn-derive-impl v0.26.6
[INFO] [stderr]     Checking rusticata-macros v4.1.0
[INFO] [stderr]    Compiling asn1-rs-impl v0.2.0
[INFO] [stderr]     Checking snafu v0.8.9
[INFO] [stderr]    Compiling asn1-rs-derive v0.5.1
[INFO] [stderr]    Compiling utf8-decode v1.0.1
[INFO] [stderr]     Checking xml-no-std v0.8.26
[INFO] [stderr]     Checking unsafe-libyaml v0.2.11
[INFO] [stderr]     Checking asn1-rs v0.6.2
[INFO] [stderr]     Checking serde_yaml v0.9.34+deprecated
[INFO] [stderr]    Compiling pct-str v2.0.0
[INFO] [stderr]    Compiling rasn-derive v0.26.6
[INFO] [stderr]     Checking rasn v0.26.6
[INFO] [stderr]     Checking serde_spanned v0.6.9
[INFO] [stderr]     Checking toml_datetime v0.6.11
[INFO] [stderr]    Compiling fax_derive v0.2.0
[INFO] [stderr]    Compiling oid-registry v0.7.1
[INFO] [stderr]    Compiling fuse-core v1.2.0
[INFO] [stderr]    Compiling darling_macro v0.21.3
[INFO] [stderr]    Compiling pix v0.13.4
[INFO] [stderr]     Checking toml_write v0.1.2
[INFO] [stderr]    Compiling darling v0.21.3
[INFO] [stderr]     Checking fax v0.2.6
[INFO] [stderr]     Checking zune-jpeg v0.4.21
[INFO] [stderr]    Compiling iref-core v3.2.2
[INFO] [stderr]    Compiling traitful v0.3.0
[INFO] [stderr]     Checking fdeflate v0.3.7
[INFO] [stderr]     Checking pxfm v0.1.27
[INFO] [stderr]     Checking toml_edit v0.22.27
[INFO] [stderr]     Checking anstyle v1.0.13
[INFO] [stderr]     Checking rasn-pkix v0.26.6
[INFO] [stderr]     Checking zune-core v0.5.0
[INFO] [stderr]     Checking ct-codecs v1.1.6
[INFO] [stderr]    Compiling openssl v0.10.75
[INFO] [stderr]     Checking anstream v0.6.21
[INFO] [stderr]     Checking zune-jpeg v0.5.7
[INFO] [stderr]     Checking ed25519-compact v2.2.0
[INFO] [stderr]     Checking toml v0.8.23
[INFO] [stderr]     Checking moxcms v0.7.11
[INFO] [stderr]     Checking gif v0.14.1
[INFO] [stderr]     Checking image-webp v0.2.4
[INFO] [stderr]    Compiling iref v3.2.2
[INFO] [stderr]     Checking png v0.18.0
[INFO] [stderr]     Checking parsenic v0.2.1
[INFO] [stderr]     Checking tiff v0.10.3
[INFO] [stderr] error: failed to run custom build command for `risc0-circuit-recursion v1.2.6`
[INFO] [stderr] note: To improve backtraces for build dependencies, set the CARGO_PROFILE_DEV_BUILD_OVERRIDE_DEBUG=true environment variable to enable debug information generation.
[INFO] [stderr] 
[INFO] [stderr] Caused by:
[INFO] [stderr]   process didn't exit successfully: `/opt/rustwide/target/debug/build/risc0-circuit-recursion/1a60fdab5988a478/out/build_script_build` (exit status: 101)
[INFO] [stderr]   --- stdout
[INFO] [stderr]   cargo:rerun-if-env-changed=RECURSION_SRC_PATH
[INFO] [stderr] 
[INFO] [stderr]   --- stderr
[INFO] [stderr]   Downloading https://risc0-artifacts.s3.us-west-2.amazonaws.com/zkr/ffc503386276f809137161f18d2f3ddcba3bb4b2d8b5d893b2c5d94b35afaf47.zip
[INFO] [stderr] 
[INFO] [stderr]   thread 'main' (4373) panicked at /opt/rustwide/cargo-home/registry/src/index.crates.io-1949cf8c6b5b557f/risc0-circuit-recursion-1.2.6/build.rs:89:47:
[INFO] [stderr]   called `Result::unwrap()` on an `Err` value: Download(/opt/rustwide/target/debug/build/risc0-circuit-recursion/61d9c60e4c4b6148/out/recursion_zkr.zip: (verification: unverified):
[INFO] [stderr]     1: https://risc0-artifacts.s3.us-west-2.amazonaws.com/zkr/ffc503386276f809137161f18d2f3ddcba3bb4b2d8b5d893b2c5d94b35afaf47.zip with status 400
[INFO] [stderr]     2: https://risc0-artifacts.s3.us-west-2.amazonaws.com/zkr/ffc503386276f809137161f18d2f3ddcba3bb4b2d8b5d893b2c5d94b35afaf47.zip with status 400
[INFO] [stderr]     3: https://risc0-artifacts.s3.us-west-2.amazonaws.com/zkr/ffc503386276f809137161f18d2f3ddcba3bb4b2d8b5d893b2c5d94b35afaf47.zip with status 400
[INFO] [stderr]   )
[INFO] [stderr]   stack backtrace:
[INFO] [stderr]      0:     0x5d3b416f8011 - std[bca62e6543d808ff]::backtrace_rs::backtrace::libunwind::trace
[INFO] [stderr]                                  at /rustc/52995a223f2919dd3e2e427231db90a257350ded/library/std/src/../../backtrace/src/backtrace/libunwind.rs:117:9
[INFO] [stderr]      1:     0x5d3b416f8011 - std[bca62e6543d808ff]::backtrace_rs::backtrace::trace_unsynchronized::<std[bca62e6543d808ff]::sys::backtrace::_print_fmt::{closure#1}>
[INFO] [stderr]                                  at /rustc/52995a223f2919dd3e2e427231db90a257350ded/library/std/src/../../backtrace/src/backtrace/mod.rs:66:14
[INFO] [stderr]      2:     0x5d3b416f8011 - std[bca62e6543d808ff]::sys::backtrace::_print_fmt
[INFO] [stderr]                                  at /rustc/52995a223f2919dd3e2e427231db90a257350ded/library/std/src/sys/backtrace.rs:74:9
[INFO] [stderr]      3:     0x5d3b416f8011 - <<std[bca62e6543d808ff]::sys::backtrace::BacktraceLock>::print::DisplayBacktrace as core[13e665e57e4fab27]::fmt::Display>::fmt
[INFO] [stderr]                                  at /rustc/52995a223f2919dd3e2e427231db90a257350ded/library/std/src/sys/backtrace.rs:44:26
[INFO] [stderr]      4:     0x5d3b4170be4a - <core[13e665e57e4fab27]::fmt::rt::Argument>::fmt
[INFO] [stderr]                                  at /rustc/52995a223f2919dd3e2e427231db90a257350ded/library/core/src/fmt/rt.rs:152:76
[INFO] [stderr]      5:     0x5d3b4170be4a - core[13e665e57e4fab27]::fmt::write
[INFO] [stderr]      6:     0x5d3b416fcd1c - core[13e665e57e4fab27]::io::write::default_write_fmt::<std[bca62e6543d808ff]::sys::stdio::unix::Stderr>
[INFO] [stderr]                                  at /rustc/52995a223f2919dd3e2e427231db90a257350ded/library/core/src/io/write.rs:402:11
[INFO] [stderr]      7:     0x5d3b416fcd1c - <std[bca62e6543d808ff]::sys::stdio::unix::Stderr as core[13e665e57e4fab27]::io::write::Write>::write_fmt
[INFO] [stderr]                                  at /rustc/52995a223f2919dd3e2e427231db90a257350ded/library/core/src/io/write.rs:335:13
[INFO] [stderr]      8:     0x5d3b416da016 - <std[bca62e6543d808ff]::sys::backtrace::BacktraceLock>::print
[INFO] [stderr]                                  at /rustc/52995a223f2919dd3e2e427231db90a257350ded/library/std/src/sys/backtrace.rs:47:9
[INFO] [stderr]      9:     0x5d3b416da016 - std[bca62e6543d808ff]::panicking::default_hook::{closure#0}
[INFO] [stderr]                                  at /rustc/52995a223f2919dd3e2e427231db90a257350ded/library/std/src/panicking.rs:289:27
[INFO] [stderr]     10:     0x5d3b416ef241 - std[bca62e6543d808ff]::panicking::default_hook
[INFO] [stderr]                                  at /rustc/52995a223f2919dd3e2e427231db90a257350ded/library/std/src/panicking.rs:316:9
[INFO] [stderr]     11:     0x5d3b416ef56b - std[bca62e6543d808ff]::panicking::panic_with_hook
[INFO] [stderr]                                  at /rustc/52995a223f2919dd3e2e427231db90a257350ded/library/std/src/panicking.rs:811:13
[INFO] [stderr]     12:     0x5d3b416da0c2 - std[bca62e6543d808ff]::panicking::panic_handler::{closure#0}
[INFO] [stderr]                                  at /rustc/52995a223f2919dd3e2e427231db90a257350ded/library/std/src/panicking.rs:685:13
[INFO] [stderr]     13:     0x5d3b416d2cd9 - std[bca62e6543d808ff]::sys::backtrace::__rust_end_short_backtrace::<std[bca62e6543d808ff]::panicking::panic_handler::{closure#0}, !>
[INFO] [stderr]                                  at /rustc/52995a223f2919dd3e2e427231db90a257350ded/library/std/src/sys/backtrace.rs:182:18
[INFO] [stderr]     14:     0x5d3b416daead - __rustc[f3f37eff64d94a79]::rust_begin_unwind
[INFO] [stderr]                                  at /rustc/52995a223f2919dd3e2e427231db90a257350ded/library/std/src/panicking.rs:676:5
[INFO] [stderr]     15:     0x5d3b4170c63c - core[13e665e57e4fab27]::panicking::panic_fmt
[INFO] [stderr]                                  at /rustc/52995a223f2919dd3e2e427231db90a257350ded/library/core/src/panicking.rs:80:14
[INFO] [stderr]     16:     0x5d3b4170dd02 - core[13e665e57e4fab27]::result::unwrap_failed::unwrap_failed_inner
[INFO] [stderr]                                  at /rustc/52995a223f2919dd3e2e427231db90a257350ded/library/core/src/result.rs:1876:9
[INFO] [stderr]     17:     0x5d3b4129096b - core[13e665e57e4fab27]::result::unwrap_failed::<downloader[fc4e020d5fa62d59]::Error>
[INFO] [stderr]     18:     0x5d3b41293805 - build_script_build[192979b6e087e27f]::download_zkr
[INFO] [stderr]     19:     0x5d3b41293b2b - build_script_build[192979b6e087e27f]::main
[INFO] [stderr]     20:     0x5d3b41296713 - <fn() as core[13e665e57e4fab27]::ops::function::FnOnce<()>>::call_once
[INFO] [stderr]     21:     0x5d3b41290e76 - std[bca62e6543d808ff]::sys::backtrace::__rust_begin_short_backtrace::<fn(), ()>
[INFO] [stderr]     22:     0x5d3b41291a69 - std[bca62e6543d808ff]::rt::lang_start::<()>::{closure#0}
[INFO] [stderr]     23:     0x5d3b416ee9d8 - <&dyn core[13e665e57e4fab27]::ops::function::Fn<(), Output = i32> + core[13e665e57e4fab27]::panic::unwind_safe::RefUnwindSafe + core[13e665e57e4fab27]::marker::Sync as core[13e665e57e4fab27]::ops::function::FnOnce<()>>::call_once
[INFO] [stderr]                                  at /rustc/52995a223f2919dd3e2e427231db90a257350ded/library/core/src/ops/function.rs:287:21
[INFO] [stderr]     24:     0x5d3b416ee9d8 - std[bca62e6543d808ff]::panicking::catch_unwind::do_call::<&dyn core[13e665e57e4fab27]::ops::function::Fn<(), Output = i32> + core[13e665e57e4fab27]::panic::unwind_safe::RefUnwindSafe + core[13e665e57e4fab27]::marker::Sync, i32>
[INFO] [stderr]                                  at /rustc/52995a223f2919dd3e2e427231db90a257350ded/library/std/src/panicking.rs:573:43
[INFO] [stderr]     25:     0x5d3b416ee9d8 - std[bca62e6543d808ff]::panicking::catch_unwind::<i32, &dyn core[13e665e57e4fab27]::ops::function::Fn<(), Output = i32> + core[13e665e57e4fab27]::panic::unwind_safe::RefUnwindSafe + core[13e665e57e4fab27]::marker::Sync>
[INFO] [stderr]                                  at /rustc/52995a223f2919dd3e2e427231db90a257350ded/library/std/src/panicking.rs:541:19
[INFO] [stderr]     26:     0x5d3b416ee9d8 - std[bca62e6543d808ff]::panic::catch_unwind::<&dyn core[13e665e57e4fab27]::ops::function::Fn<(), Output = i32> + core[13e665e57e4fab27]::panic::unwind_safe::RefUnwindSafe + core[13e665e57e4fab27]::marker::Sync, i32>
[INFO] [stderr]                                  at /rustc/52995a223f2919dd3e2e427231db90a257350ded/library/std/src/panic.rs:359:14
[INFO] [stderr]     27:     0x5d3b416ee9d8 - std[bca62e6543d808ff]::rt::lang_start_internal::{closure#0}
[INFO] [stderr]                                  at /rustc/52995a223f2919dd3e2e427231db90a257350ded/library/std/src/rt.rs:175:24
[INFO] [stderr]     28:     0x5d3b416ee9d8 - std[bca62e6543d808ff]::panicking::catch_unwind::do_call::<std[bca62e6543d808ff]::rt::lang_start_internal::{closure#0}, isize>
[INFO] [stderr]                                  at /rustc/52995a223f2919dd3e2e427231db90a257350ded/library/std/src/panicking.rs:573:43
[INFO] [stderr]     29:     0x5d3b416ee9d8 - std[bca62e6543d808ff]::panicking::catch_unwind::<isize, std[bca62e6543d808ff]::rt::lang_start_internal::{closure#0}>
[INFO] [stderr]                                  at /rustc/52995a223f2919dd3e2e427231db90a257350ded/library/std/src/panicking.rs:541:19
[INFO] [stderr]     30:     0x5d3b416ee9d8 - std[bca62e6543d808ff]::panic::catch_unwind::<std[bca62e6543d808ff]::rt::lang_start_internal::{closure#0}, isize>
[INFO] [stderr]                                  at /rustc/52995a223f2919dd3e2e427231db90a257350ded/library/std/src/panic.rs:359:14
[INFO] [stderr]     31:     0x5d3b416ee9d8 - std[bca62e6543d808ff]::rt::lang_start_internal
[INFO] [stderr]                                  at /rustc/52995a223f2919dd3e2e427231db90a257350ded/library/std/src/rt.rs:171:5
[INFO] [stderr]     32:     0x5d3b41290c61 - std[bca62e6543d808ff]::rt::lang_start::<()>
[INFO] [stderr]     33:     0x5d3b412968d5 - main
[INFO] [stderr]     34:     0x7ef6e0ebd601 - <unknown>
[INFO] [stderr]     35:     0x7ef6e0ebd718 - __libc_start_main
[INFO] [stderr]     36:     0x5d3b4128fa25 - _start
[INFO] [stderr]     37:                0x0 - <unknown>
[INFO] [stderr] warning: build failed, waiting for other jobs to finish...
[INFO] [stderr] warning: risc0-circuit-rv32im-sys@1.2.6: cxx/step_exec.cpp: In function 'risc0::Fp risc0::circuit::rv32im::step_exec(void*, size_t, size_t, risc0::Fp**)':
[INFO] [stderr] warning: risc0-circuit-rv32im-sys@1.2.6: cxx/step_exec.cpp:73817:16: warning: structured binding declaration set but not used [-Wunused-but-set-variable]
[INFO] [stderr] warning: risc0-circuit-rv32im-sys@1.2.6: 73817 |           auto [x20295, x20296, x20297, x20298, x20299, x20300, x20301, x20302, x20303, x20304, x20305, x20306, x20307, x20308, x20309, x20310] = extern_syscallBigInt2Witness(ctx, cycle, "", {x20275, x20266, x20272, x20250, x20267});
[INFO] [stderr] warning: risc0-circuit-rv32im-sys@1.2.6:       |                ^~~~~~~~~~~~~~~~~~~~~~~~~~~~~~~~~~~~~~~~~~~~~~~~~~~~~~~~~~~~~~~~~~~~~~~~~~~~~~~~~~~~~~~~~~~~~~~~~~~~~~~~~~~~~~~~~~~~~~~~~~~~~~~~
[INFO] [stderr] warning: risc0-circuit-rv32im-sys@1.2.6: c++: fatal error: Killed signal terminated program cc1plus
[INFO] [stderr] warning: risc0-circuit-rv32im-sys@1.2.6: compilation terminated.
[INFO] [stderr] warning: risc0-circuit-rv32im-sys@1.2.6: ToolExecError: command did not execute successfully (status code exit status: 1): LC_ALL="C" "c++" "-O0" "-ffunction-sections" "-fdata-sections" "-fPIC" "-m64" "-I" "/opt/rustwide/cargo-home/registry/src/index.crates.io-1949cf8c6b5b557f/risc0-sys-1.5.0/cxx" "-Wall" "-Wextra" "-std=c++17" "-fno-var-tracking" "-fno-var-tracking-assignments" "-g0" "-o" "/opt/rustwide/target/debug/build/risc0-circuit-rv32im-sys/411b7d1a969cdcff/out/a796a729a8ef418b-step_compute_accum.o" "-c" "cxx/step_compute_accum.cpp"cargo:warning=c++: fatal error: Killed signal terminated program cc1plus
[INFO] [stderr] warning: risc0-circuit-rv32im-sys@1.2.6: compilation terminated.
[INFO] [stderr] warning: risc0-circuit-rv32im-sys@1.2.6: ToolExecError: command did not execute successfully (status code exit status: 1): LC_ALL="C" "c++" "-O0" "-ffunction-sections" "-fdata-sections" "-fPIC" "-m64" "-I" "/opt/rustwide/cargo-home/registry/src/index.crates.io-1949cf8c6b5b557f/risc0-sys-1.5.0/cxx" "-Wall" "-Wextra" "-std=c++17" "-fno-var-tracking" "-fno-var-tracking-assignments" "-g0" "-o" "/opt/rustwide/target/debug/build/risc0-circuit-rv32im-sys/411b7d1a969cdcff/out/a796a729a8ef418b-step_exec.o" "-c" "cxx/step_exec.cpp"
[INFO] [stderr] error: failed to run custom build command for `risc0-circuit-rv32im-sys v1.2.6`
[INFO] [stderr] note: To improve backtraces for build dependencies, set the CARGO_PROFILE_DEV_BUILD_OVERRIDE_DEBUG=true environment variable to enable debug information generation.
[INFO] [stderr] 
[INFO] [stderr] Caused by:
[INFO] [stderr]   process didn't exit successfully: `/opt/rustwide/target/debug/build/risc0-circuit-rv32im-sys/2dea42a269ca5b7b/out/build_script_build` (exit status: 1)
[INFO] [stderr]   --- stdout
[INFO] [stderr]   cargo:rerun-if-changed=cxx
[INFO] [stderr]   cargo:rerun-if-env-changed=RISC0_SKIP_BUILD_KERNELS
[INFO] [stderr]   cargo:rerun-if-changed=cxx/bigint.cpp
[INFO] [stderr]   cargo:rerun-if-changed=cxx/extern.cpp
[INFO] [stderr]   cargo:rerun-if-changed=cxx/ffi.cpp
[INFO] [stderr]   cargo:rerun-if-changed=cxx/poly_fp.cpp
[INFO] [stderr]   cargo:rerun-if-changed=cxx/step_compute_accum.cpp
[INFO] [stderr]   cargo:rerun-if-changed=cxx/step_exec.cpp
[INFO] [stderr]   cargo:rerun-if-changed=cxx/step_verify_accum.cpp
[INFO] [stderr]   cargo:rerun-if-changed=cxx/step_verify_bytes.cpp
[INFO] [stderr]   cargo:rerun-if-changed=cxx/step_verify_mem.cpp
[INFO] [stderr]   cargo:rerun-if-changed=cxx/context.h
[INFO] [stderr]   cargo:rerun-if-changed=cxx/extern.h
[INFO] [stderr]   cargo:rerun-if-changed=cxx/ffi.h
[INFO] [stderr]   OUT_DIR = Some(/opt/rustwide/target/debug/build/risc0-circuit-rv32im-sys/411b7d1a969cdcff/out)
[INFO] [stderr]   OPT_LEVEL = Some(0)
[INFO] [stderr]   TARGET = Some(x86_64-unknown-linux-gnu)
[INFO] [stderr]   CARGO_ENCODED_RUSTFLAGS = Some(--cap-lints=forbid)
[INFO] [stderr]   HOST = Some(x86_64-unknown-linux-gnu)
[INFO] [stderr]   cargo:rerun-if-env-changed=CXX_x86_64-unknown-linux-gnu
[INFO] [stderr]   CXX_x86_64-unknown-linux-gnu = None
[INFO] [stderr]   cargo:rerun-if-env-changed=CXX_x86_64_unknown_linux_gnu
[INFO] [stderr]   CXX_x86_64_unknown_linux_gnu = None
[INFO] [stderr]   cargo:rerun-if-env-changed=HOST_CXX
[INFO] [stderr]   HOST_CXX = None
[INFO] [stderr]   cargo:rerun-if-env-changed=CXX
[INFO] [stderr]   CXX = None
[INFO] [stderr]   cargo:rerun-if-env-changed=CC_ENABLE_DEBUG_OUTPUT
[INFO] [stderr]   RUSTC_WRAPPER = None
[INFO] [stderr]   cargo:rerun-if-env-changed=CRATE_CC_NO_DEFAULTS
[INFO] [stderr]   CRATE_CC_NO_DEFAULTS = None
[INFO] [stderr]   CARGO_CFG_TARGET_FEATURE = Some(fxsr,sse,sse2,x87)
[INFO] [stderr]   cargo:rerun-if-env-changed=CXXFLAGS
[INFO] [stderr]   CXXFLAGS = None
[INFO] [stderr]   cargo:rerun-if-env-changed=HOST_CXXFLAGS
[INFO] [stderr]   HOST_CXXFLAGS = None
[INFO] [stderr]   cargo:rerun-if-env-changed=CXXFLAGS_x86_64_unknown_linux_gnu
[INFO] [stderr]   CXXFLAGS_x86_64_unknown_linux_gnu = None
[INFO] [stderr]   cargo:rerun-if-env-changed=CXXFLAGS_x86_64-unknown-linux-gnu
[INFO] [stderr]   CXXFLAGS_x86_64-unknown-linux-gnu = None
[INFO] [stderr]   OUT_DIR = Some(/opt/rustwide/target/debug/build/risc0-circuit-rv32im-sys/411b7d1a969cdcff/out)
[INFO] [stderr]   cargo:rerun-if-env-changed=CC_ENABLE_DEBUG_OUTPUT
[INFO] [stderr]   cargo:rerun-if-env-changed=CRATE_CC_NO_DEFAULTS
[INFO] [stderr]   CRATE_CC_NO_DEFAULTS = None
[INFO] [stderr]   TARGET = Some(x86_64-unknown-linux-gnu)
[INFO] [stderr]   CARGO_CFG_TARGET_FEATURE = Some(fxsr,sse,sse2,x87)
[INFO] [stderr]   HOST = Some(x86_64-unknown-linux-gnu)
[INFO] [stderr]   cargo:rerun-if-env-changed=CXXFLAGS
[INFO] [stderr]   CXXFLAGS = None
[INFO] [stderr]   cargo:rerun-if-env-changed=HOST_CXXFLAGS
[INFO] [stderr]   HOST_CXXFLAGS = None
[INFO] [stderr]   cargo:rerun-if-env-changed=CXXFLAGS_x86_64_unknown_linux_gnu
[INFO] [stderr]   CXXFLAGS_x86_64_unknown_linux_gnu = None
[INFO] [stderr]   cargo:rerun-if-env-changed=CXXFLAGS_x86_64-unknown-linux-gnu
[INFO] [stderr]   CXXFLAGS_x86_64-unknown-linux-gnu = None
[INFO] [stderr]   OUT_DIR = Some(/opt/rustwide/target/debug/build/risc0-circuit-rv32im-sys/411b7d1a969cdcff/out)
[INFO] [stderr]   cargo:rerun-if-env-changed=CC_ENABLE_DEBUG_OUTPUT
[INFO] [stderr]   cargo:rerun-if-env-changed=CRATE_CC_NO_DEFAULTS
[INFO] [stderr]   CRATE_CC_NO_DEFAULTS = None
[INFO] [stderr]   TARGET = Some(x86_64-unknown-linux-gnu)
[INFO] [stderr]   CARGO_CFG_TARGET_FEATURE = Some(fxsr,sse,sse2,x87)
[INFO] [stderr]   HOST = Some(x86_64-unknown-linux-gnu)
[INFO] [stderr]   cargo:rerun-if-env-changed=CXXFLAGS
[INFO] [stderr]   CXXFLAGS = None
[INFO] [stderr]   cargo:rerun-if-env-changed=HOST_CXXFLAGS
[INFO] [stderr]   HOST_CXXFLAGS = None
[INFO] [stderr]   cargo:rerun-if-env-changed=CXXFLAGS_x86_64_unknown_linux_gnu
[INFO] [stderr]   CXXFLAGS_x86_64_unknown_linux_gnu = None
[INFO] [stderr]   cargo:rerun-if-env-changed=CXXFLAGS_x86_64-unknown-linux-gnu
[INFO] [stderr]   CXXFLAGS_x86_64-unknown-linux-gnu = None
[INFO] [stderr]   OUT_DIR = Some(/opt/rustwide/target/debug/build/risc0-circuit-rv32im-sys/411b7d1a969cdcff/out)
[INFO] [stderr]   cargo:rerun-if-env-changed=CC_ENABLE_DEBUG_OUTPUT
[INFO] [stderr]   cargo:rerun-if-env-changed=CRATE_CC_NO_DEFAULTS
[INFO] [stderr]   CRATE_CC_NO_DEFAULTS = None
[INFO] [stderr]   TARGET = Some(x86_64-unknown-linux-gnu)
[INFO] [stderr]   CARGO_CFG_TARGET_FEATURE = Some(fxsr,sse,sse2,x87)
[INFO] [stderr]   HOST = Some(x86_64-unknown-linux-gnu)
[INFO] [stderr]   cargo:rerun-if-env-changed=CXXFLAGS
[INFO] [stderr]   CXXFLAGS = None
[INFO] [stderr]   cargo:rerun-if-env-changed=HOST_CXXFLAGS
[INFO] [stderr]   HOST_CXXFLAGS = None
[INFO] [stderr]   cargo:rerun-if-env-changed=CXXFLAGS_x86_64_unknown_linux_gnu
[INFO] [stderr]   CXXFLAGS_x86_64_unknown_linux_gnu = None
[INFO] [stderr]   cargo:rerun-if-env-changed=CXXFLAGS_x86_64-unknown-linux-gnu
[INFO] [stderr]   CXXFLAGS_x86_64-unknown-linux-gnu = None
[INFO] [stderr]   OUT_DIR = Some(/opt/rustwide/target/debug/build/risc0-circuit-rv32im-sys/411b7d1a969cdcff/out)
[INFO] [stderr]   cargo:rerun-if-env-changed=CC_ENABLE_DEBUG_OUTPUT
[INFO] [stderr]   cargo:rerun-if-env-changed=CRATE_CC_NO_DEFAULTS
[INFO] [stderr]   CRATE_CC_NO_DEFAULTS = None
[INFO] [stderr]   TARGET = Some(x86_64-unknown-linux-gnu)
[INFO] [stderr]   CARGO_CFG_TARGET_FEATURE = Some(fxsr,sse,sse2,x87)
[INFO] [stderr]   HOST = Some(x86_64-unknown-linux-gnu)
[INFO] [stderr]   cargo:rerun-if-env-changed=CXXFLAGS
[INFO] [stderr]   CXXFLAGS = None
[INFO] [stderr]   cargo:rerun-if-env-changed=HOST_CXXFLAGS
[INFO] [stderr]   HOST_CXXFLAGS = None
[INFO] [stderr]   cargo:rerun-if-env-changed=CXXFLAGS_x86_64_unknown_linux_gnu
[INFO] [stderr]   CXXFLAGS_x86_64_unknown_linux_gnu = None
[INFO] [stderr]   cargo:rerun-if-env-changed=CXXFLAGS_x86_64-unknown-linux-gnu
[INFO] [stderr]   CXXFLAGS_x86_64-unknown-linux-gnu = None
[INFO] [stderr]   OUT_DIR = Some(/opt/rustwide/target/debug/build/risc0-circuit-rv32im-sys/411b7d1a969cdcff/out)
[INFO] [stderr]   cargo:rerun-if-env-changed=CC_ENABLE_DEBUG_OUTPUT
[INFO] [stderr]   cargo:rerun-if-env-changed=CRATE_CC_NO_DEFAULTS
[INFO] [stderr]   CRATE_CC_NO_DEFAULTS = None
[INFO] [stderr]   TARGET = Some(x86_64-unknown-linux-gnu)
[INFO] [stderr]   CARGO_CFG_TARGET_FEATURE = Some(fxsr,sse,sse2,x87)
[INFO] [stderr]   HOST = Some(x86_64-unknown-linux-gnu)
[INFO] [stderr]   cargo:rerun-if-env-changed=CXXFLAGS
[INFO] [stderr]   CXXFLAGS = None
[INFO] [stderr]   cargo:rerun-if-env-changed=HOST_CXXFLAGS
[INFO] [stderr]   HOST_CXXFLAGS = None
[INFO] [stderr]   cargo:rerun-if-env-changed=CXXFLAGS_x86_64_unknown_linux_gnu
[INFO] [stderr]   CXXFLAGS_x86_64_unknown_linux_gnu = None
[INFO] [stderr]   cargo:rerun-if-env-changed=CXXFLAGS_x86_64-unknown-linux-gnu
[INFO] [stderr]   CXXFLAGS_x86_64-unknown-linux-gnu = None
[INFO] [stderr]   cargo:warning=cxx/step_exec.cpp: In function 'risc0::Fp risc0::circuit::rv32im::step_exec(void*, size_t, size_t, risc0::Fp**)':
[INFO] [stderr]   cargo:warning=cxx/step_exec.cpp:73817:16: warning: structured binding declaration set but not used [-Wunused-but-set-variable]
[INFO] [stderr]   cargo:warning=73817 |           auto [x20295, x20296, x20297, x20298, x20299, x20300, x20301, x20302, x20303, x20304, x20305, x20306, x20307, x20308, x20309, x20310] = extern_syscallBigInt2Witness(ctx, cycle, "", {x20275, x20266, x20272, x20250, x20267});
[INFO] [stderr]   cargo:warning=      |                ^~~~~~~~~~~~~~~~~~~~~~~~~~~~~~~~~~~~~~~~~~~~~~~~~~~~~~~~~~~~~~~~~~~~~~~~~~~~~~~~~~~~~~~~~~~~~~~~~~~~~~~~~~~~~~~~~~~~~~~~~~~~~~~~
[INFO] [stderr]   cargo:warning=c++: fatal error: Killed signal terminated program cc1plus
[INFO] [stderr]   cargo:warning=compilation terminated.
[INFO] [stderr]   exit status: 0
[INFO] [stderr]   exit status: 0
[INFO] [stderr]   exit status: 0
[INFO] [stderr]   exit status: 1
[INFO] [stderr]   cargo:warning=ToolExecError: command did not execute successfully (status code exit status: 1): LC_ALL="C" "c++" "-O0" "-ffunction-sections" "-fdata-sections" "-fPIC" "-m64" "-I" "/opt/rustwide/cargo-home/registry/src/index.crates.io-1949cf8c6b5b557f/risc0-sys-1.5.0/cxx" "-Wall" "-Wextra" "-std=c++17" "-fno-var-tracking" "-fno-var-tracking-assignments" "-g0" "-o" "/opt/rustwide/target/debug/build/risc0-circuit-rv32im-sys/411b7d1a969cdcff/out/a796a729a8ef418b-step_compute_accum.o" "-c" "cxx/step_compute_accum.cpp"cargo:warning=c++: fatal error: Killed signal terminated program cc1plus
[INFO] [stderr]   cargo:warning=compilation terminated.
[INFO] [stderr] 
[INFO] [stderr]   exit status: 1
[INFO] [stderr]   cargo:warning=ToolExecError: command did not execute successfully (status code exit status: 1): LC_ALL="C" "c++" "-O0" "-ffunction-sections" "-fdata-sections" "-fPIC" "-m64" "-I" "/opt/rustwide/cargo-home/registry/src/index.crates.io-1949cf8c6b5b557f/risc0-sys-1.5.0/cxx" "-Wall" "-Wextra" "-std=c++17" "-fno-var-tracking" "-fno-var-tracking-assignments" "-g0" "-o" "/opt/rustwide/target/debug/build/risc0-circuit-rv32im-sys/411b7d1a969cdcff/out/a796a729a8ef418b-step_exec.o" "-c" "cxx/step_exec.cpp"
[INFO] [stderr]   exit status: 0
[INFO] [stderr]   exit status: 0
[INFO] [stderr]   exit status: 0
[INFO] [stderr]   exit status: 0
[INFO] [stderr] 
[INFO] [stderr]   --- stderr
[INFO] [stderr] 
[INFO] [stderr] 
[INFO] [stderr]   error occurred in cc-rs: command did not execute successfully (status code exit status: 1): LC_ALL="C" "c++" "-O0" "-ffunction-sections" "-fdata-sections" "-fPIC" "-m64" "-I" "/opt/rustwide/cargo-home/registry/src/index.crates.io-1949cf8c6b5b557f/risc0-sys-1.5.0/cxx" "-Wall" "-Wextra" "-std=c++17" "-fno-var-tracking" "-fno-var-tracking-assignments" "-g0" "-o" "/opt/rustwide/target/debug/build/risc0-circuit-rv32im-sys/411b7d1a969cdcff/out/a796a729a8ef418b-step_exec.o" "-c" "cxx/step_exec.cpp"
[INFO] [stderr] 
[INFO] [stderr] 
[INFO] running `Command { std: "docker" "inspect" "f20b2697ea8a9deec7c3610a1119485df598df786351d1fd3c89c9fa53417706", kill_on_drop: false }`
[INFO] running `Command { std: "docker" "rm" "-f" "f20b2697ea8a9deec7c3610a1119485df598df786351d1fd3c89c9fa53417706", kill_on_drop: false }`
[INFO] [stdout] f20b2697ea8a9deec7c3610a1119485df598df786351d1fd3c89c9fa53417706
