[INFO] cloning repository https://github.com/21r21a33333/amm-rs
[INFO] running `Command { std: "git" "-c" "credential.helper=" "-c" "credential.helper=/workspace/cargo-home/bin/git-credential-null" "clone" "--bare" "https://github.com/21r21a33333/amm-rs" "/workspace/cache/git-repos/https%3A%2F%2Fgithub.com%2F21r21a33333%2Famm-rs", kill_on_drop: false }`
[INFO] [stderr] Cloning into bare repository '/workspace/cache/git-repos/https%3A%2F%2Fgithub.com%2F21r21a33333%2Famm-rs'...
[INFO] running `Command { std: "git" "rev-parse" "HEAD", kill_on_drop: false }`
[INFO] [stdout] d5ed992e2655f25872e66eda1558c2dfee6fa07f
[INFO] checking 21r21a33333/amm-rs against a5689b034ad287112f709693384a37f1377eb9cc for pr-129249-3
[INFO] running `Command { std: "git" "clone" "/workspace/cache/git-repos/https%3A%2F%2Fgithub.com%2F21r21a33333%2Famm-rs" "/workspace/builds/worker-0-tc2/source", kill_on_drop: false }`
[INFO] [stderr] Cloning into '/workspace/builds/worker-0-tc2/source'...
[INFO] [stderr] done.
[INFO] started tweaking git repo https://github.com/21r21a33333/amm-rs
[INFO] finished tweaking git repo https://github.com/21r21a33333/amm-rs
[INFO] tweaked toml for git repo https://github.com/21r21a33333/amm-rs written to /workspace/builds/worker-0-tc2/source/Cargo.toml
[INFO] validating manifest of git repo https://github.com/21r21a33333/amm-rs on toolchain a5689b034ad287112f709693384a37f1377eb9cc
[INFO] running `Command { std: CARGO_HOME="/workspace/cargo-home" RUSTUP_HOME="/workspace/rustup-home" "/workspace/cargo-home/bin/cargo" "+a5689b034ad287112f709693384a37f1377eb9cc" "metadata" "--manifest-path" "Cargo.toml" "--no-deps", kill_on_drop: false }`
[INFO] crate git repo https://github.com/21r21a33333/amm-rs already has a lockfile, it will not be regenerated
[INFO] running `Command { std: CARGO_HOME="/workspace/cargo-home" RUSTUP_HOME="/workspace/rustup-home" "/workspace/cargo-home/bin/cargo" "+a5689b034ad287112f709693384a37f1377eb9cc" "fetch" "--manifest-path" "Cargo.toml", kill_on_drop: false }`
[INFO] running `Command { std: "docker" "create" "-v" "/var/lib/crater-agent-workspace/builds/worker-0-tc2/source:/opt/rustwide/workdir:ro,Z" "-v" "/var/lib/crater-agent-workspace/builds/worker-0-tc2/target:/opt/rustwide/target:rw,Z" "-v" "/var/lib/crater-agent-workspace/cargo-home:/opt/rustwide/cargo-home:ro,Z" "-v" "/var/lib/crater-agent-workspace/rustup-home:/opt/rustwide/rustup-home:ro,Z" "-m" "1610612736" "--network" "none" "ghcr.io/rust-lang/crates-build-env/linux@sha256:77db811e55d90add9212f6832c23229e3de5f1c1f9905e8cb07319ea15df73ac" "sleep" "infinity", kill_on_drop: false }`
[INFO] [stdout] 6e1439cbf11e24c11c8affa0ebffd5d502ac3ce3f65bb47f1a998e0d99724f67
[INFO] running `Command { std: "docker" "start" "6e1439cbf11e24c11c8affa0ebffd5d502ac3ce3f65bb47f1a998e0d99724f67", kill_on_drop: false }`
[INFO] running `Command { std: "docker" "inspect" "6e1439cbf11e24c11c8affa0ebffd5d502ac3ce3f65bb47f1a998e0d99724f67", kill_on_drop: false }`
[INFO] running `Command { std: "docker" "exec" "-e" "SOURCE_DIR=/opt/rustwide/workdir" "-e" "CARGO_HOME=/opt/rustwide/cargo-home" "-e" "RUSTUP_HOME=/opt/rustwide/rustup-home" "-e" "CARGO_TARGET_DIR=/opt/rustwide/target" "-w" "/opt/rustwide/workdir" "--user" "0:0" "6e1439cbf11e24c11c8affa0ebffd5d502ac3ce3f65bb47f1a998e0d99724f67" "/opt/rustwide/cargo-home/bin/cargo" "+a5689b034ad287112f709693384a37f1377eb9cc" "metadata" "--no-deps" "--format-version=1", kill_on_drop: false }`
[INFO] running `Command { std: "docker" "inspect" "6e1439cbf11e24c11c8affa0ebffd5d502ac3ce3f65bb47f1a998e0d99724f67", kill_on_drop: false }`
[INFO] running `Command { std: "docker" "exec" "-e" "SOURCE_DIR=/opt/rustwide/workdir" "-e" "CARGO_HOME=/opt/rustwide/cargo-home" "-e" "RUSTUP_HOME=/opt/rustwide/rustup-home" "-e" "CARGO_TARGET_DIR=/opt/rustwide/target" "-e" "CARGO_INCREMENTAL=0" "-e" "RUST_BACKTRACE=full" "-e" "RUSTFLAGS=--cap-lints=forbid" "-e" "RUSTDOCFLAGS=--cap-lints=forbid" "-w" "/opt/rustwide/workdir" "--user" "0:0" "6e1439cbf11e24c11c8affa0ebffd5d502ac3ce3f65bb47f1a998e0d99724f67" "/opt/rustwide/cargo-home/bin/cargo" "+a5689b034ad287112f709693384a37f1377eb9cc" "check" "--frozen" "--all" "--all-targets" "--message-format=json", kill_on_drop: false }`
[INFO] [stderr]    Compiling serde_core v1.0.229
[INFO] [stderr]    Compiling serde v1.0.229
[INFO] [stderr]     Checking typenum v1.20.1
[INFO] [stderr]     Checking subtle v2.6.1
[INFO] [stderr]     Checking arrayvec v0.7.8
[INFO] [stderr]    Compiling unicode-segmentation v1.13.3
[INFO] [stderr]    Compiling ruint-macro v1.2.1
[INFO] [stderr]    Compiling libc v0.2.189
[INFO] [stderr]    Compiling generic-array v0.14.9
[INFO] [stderr]     Checking foldhash v0.2.0
[INFO] [stderr]     Checking base16ct v0.2.0
[INFO] [stderr]     Checking keccak v0.2.0
[INFO] [stderr]    Compiling winnow v1.0.4
[INFO] [stderr]    Compiling syn v2.0.119
[INFO] [stderr]    Compiling syn v3.0.3
[INFO] [stderr]    Compiling thiserror v2.0.19
[INFO] [stderr]    Compiling hashbrown v0.17.1
[INFO] [stderr]     Checking memchr v2.8.3
[INFO] [stderr]    Compiling zmij v1.0.23
[INFO] [stderr]    Compiling shlex v2.0.1
[INFO] [stderr]    Compiling serde_json v1.0.151
[INFO] [stderr]    Compiling convert_case v0.10.0
[INFO] [stderr]     Checking tracing-core v0.1.36
[INFO] [stderr]     Checking futures-core v0.3.33
[INFO] [stderr]    Compiling itoa v1.0.18
[INFO] [stderr]     Checking futures-sink v0.3.33
[INFO] [stderr]    Compiling proc-macro-error-attr3 v3.0.1
[INFO] [stderr]    Compiling toml_datetime v1.1.1+spec-1.1.0
[INFO] [stderr]    Compiling zerocopy v0.8.55
[INFO] [stderr]     Checking futures-channel v0.3.33
[INFO] [stderr]    Compiling num-traits v0.2.19
[INFO] [stderr]     Checking futures-io v0.3.33
[INFO] [stderr]     Checking futures-task v0.3.33
[INFO] [stderr]     Checking crc-catalog v2.5.0
[INFO] [stderr]    Compiling indexmap v2.14.0
[INFO] [stderr]     Checking slab v0.4.12
[INFO] [stderr]     Checking crc v3.4.0
[INFO] [stderr]    Compiling aws-lc-rs v1.17.3
[INFO] [stderr]     Checking getrandom v0.2.17
[INFO] [stderr]     Checking mio v1.2.2
[INFO] [stderr]     Checking socket2 v0.6.5
[INFO] [stderr]    Compiling toml_parser v1.1.3+spec-1.1.0
[INFO] [stderr]     Checking rand_core v0.6.4
[INFO] [stderr]    Compiling rustls v0.23.43
[INFO] [stderr]    Compiling getrandom v0.3.4
[INFO] [stderr]     Checking ff v0.13.1
[INFO] [stderr]     Checking form_urlencoded v1.2.2
[INFO] [stderr]    Compiling jobserver v0.1.35
[INFO] [stderr]     Checking group v0.13.0
[INFO] [stderr]     Checking sync_wrapper v1.0.2
[INFO] [stderr]     Checking futures-utils-wasm v0.1.0
[INFO] [stderr]     Checking ipnet v2.12.1
[INFO] [stderr]     Checking rand_core v0.9.5
[INFO] [stderr]    Compiling radium v0.7.0
[INFO] [stderr]     Checking num-integer v0.1.46
[INFO] [stderr]     Checking log v0.4.33
[INFO] [stderr]    Compiling cc v1.4.0
[INFO] [stderr]    Compiling toml_edit v0.25.13+spec-1.1.0
[INFO] [stderr]     Checking tap v1.0.1
[INFO] [stderr]     Checking funty v2.0.0
[INFO] [stderr]     Checking wyz v0.5.1
[INFO] [stderr]     Checking siphasher v1.0.3
[INFO] [stderr]     Checking phf_shared v0.14.0
[INFO] [stderr]    Compiling crossbeam-utils v0.8.22
[INFO] [stderr]     Checking num-bigint v0.4.8
[INFO] [stderr]    Compiling hybrid-array v0.4.14
[INFO] [stderr]     Checking hashbrown v0.16.1
[INFO] [stderr]     Checking hashbrown v0.15.5
[INFO] [stderr]    Compiling cmake v0.1.58
[INFO] [stderr]     Checking phf v0.14.0
[INFO] [stderr]     Checking hashbrown v0.14.5
[INFO] [stderr]     Checking num_cpus v1.17.0
[INFO] [stderr]     Checking const-hex v1.19.1
[INFO] [stderr]     Checking bitflags v2.13.1
[INFO] [stderr]    Compiling proc-macro-crate v3.5.0
[INFO] [stderr]    Compiling aws-lc-sys v0.43.0
[INFO] [stderr]    Compiling blst v0.3.17
[INFO] [stderr]    Compiling crypto-common v0.2.2
[INFO] [stderr]    Compiling block-buffer v0.12.1
[INFO] [stderr]     Checking lru v0.16.4
[INFO] [stderr]    Compiling secp256k1-sys v0.11.0
[INFO] [stderr]     Checking num-rational v0.4.2
[INFO] [stderr]    Compiling c-kzg v2.1.8
[INFO] [stderr]     Checking threadpool v1.8.1
[INFO] [stderr]     Checking num-iter v0.1.46
[INFO] [stderr]     Checking num-complex v0.4.6
[INFO] [stderr]     Checking hex v0.4.3
[INFO] [stderr]     Checking dyn-clone v1.0.20
[INFO] [stderr]    Compiling semver v1.0.28
[INFO] [stderr]    Compiling getrandom v0.4.3
[INFO] [stderr]    Compiling aho-corasick v1.1.5
[INFO] [stderr]    Compiling regex-syntax v0.8.11
[INFO] [stderr]     Checking rustix v1.1.4
[INFO] [stderr]    Compiling digest v0.11.3
[INFO] [stderr]    Compiling ruint v1.20.0
[INFO] [stderr]    Compiling sha3 v0.11.0
[INFO] [stderr]     Checking num v0.4.3
[INFO] [stderr]    Compiling rustc_version v0.4.1
[INFO] [stderr]     Checking aurora-engine-modexp v1.2.0
[INFO] [stderr]     Checking fastrand v2.5.0
[INFO] [stderr]    Compiling rstest_macros v0.26.1
[INFO] [stderr]    Compiling serde_derive v1.0.229
[INFO] [stderr]    Compiling thiserror-impl v2.0.19
[INFO] [stderr]    Compiling tokio-macros v2.7.2
[INFO] [stderr]    Compiling displaydoc v0.2.7
[INFO] [stderr]    Compiling async-trait v0.1.91
[INFO] [stderr]    Compiling enum-ordinalize-derive v4.4.2
[INFO] [stderr] error: could not compile `zerocopy` (lib)
[INFO] [stderr] 
[INFO] [stderr] Caused by:
[INFO] [stderr]   process didn't exit successfully: `/opt/rustwide/rustup-home/toolchains/a5689b034ad287112f709693384a37f1377eb9cc/bin/rustc --crate-name zerocopy --edition=2021 /opt/rustwide/cargo-home/registry/src/index.crates.io-1949cf8c6b5b557f/zerocopy-0.8.55/src/lib.rs --error-format=json --json=diagnostic-rendered-ansi,artifacts,future-incompat,unused-externs-silent --crate-type lib --emit=dep-info,metadata -C embed-bitcode=no -C debuginfo=2 --cfg 'feature="simd"' --check-cfg 'cfg(docsrs,test)' --check-cfg 'cfg(feature, values("__internal_use_only_features_that_work_on_stable", "alloc", "derive", "float-nightly", "simd", "simd-nightly", "std", "zerocopy-derive"))' -C metadata=7071d1eb72dd33bd -C extra-filename=-1086b312cdd6db4c --out-dir /opt/rustwide/target/debug/build/zerocopy/1086b312cdd6db4c/out --cap-lints allow --cap-lints=forbid --force-warn=unused_crate_dependencies --check-cfg 'cfg(no_zerocopy_simd_x86_avx12_1_89_0)' --check-cfg 'cfg(rust, values("1.89.0"))' --check-cfg 'cfg(no_zerocopy_core_error_1_81_0)' --check-cfg 'cfg(rust, values("1.81.0"))' --check-cfg 'cfg(no_zerocopy_diagnostic_on_unimplemented_1_78_0)' --check-cfg 'cfg(rust, values("1.78.0"))' --check-cfg 'cfg(no_zerocopy_generic_bounds_in_const_fn_1_61_0)' --check-cfg 'cfg(rust, values("1.61.0"))' --check-cfg 'cfg(no_zerocopy_target_has_atomics_1_60_0)' --check-cfg 'cfg(rust, values("1.60.0"))' --check-cfg 'cfg(no_zerocopy_aarch64_simd_1_59_0)' --check-cfg 'cfg(rust, values("1.59.0"))' --check-cfg 'cfg(no_zerocopy_aarch64_simd_be_1_87_0)' --check-cfg 'cfg(rust, values("1.87.0"))' --check-cfg 'cfg(no_zerocopy_panic_in_const_and_vec_try_reserve_1_57_0)' --check-cfg 'cfg(rust, values("1.57.0"))' --check-cfg 'cfg(doc_cfg)' --check-cfg 'cfg(kani)' --check-cfg 'cfg(__ZEROCOPY_INTERNAL_USE_ONLY_NIGHTLY_FEATURES_IN_TESTS)' --check-cfg 'cfg(__ZEROCOPY_INTERNAL_USE_ONLY_DEV_MODE)' --check-cfg 'cfg(coverage_nightly)' --check-cfg 'cfg(zerocopy_inline_always)' --check-cfg 'cfg(zerocopy_unstable_ptr)' --check-cfg 'cfg(zerocopy_unstable_linux)' --check-cfg 'cfg(no_fp_fmt_parse)'` (signal: 9, SIGKILL: kill)
[INFO] [stderr] warning: build failed, waiting for other jobs to finish...
[INFO] [stderr] error: could not compile `syn` (lib)
[INFO] [stderr] 
[INFO] [stderr] Caused by:
[INFO] [stderr]   process didn't exit successfully: `/opt/rustwide/rustup-home/toolchains/a5689b034ad287112f709693384a37f1377eb9cc/bin/rustc --crate-name syn --edition=2021 /opt/rustwide/cargo-home/registry/src/index.crates.io-1949cf8c6b5b557f/syn-2.0.119/src/lib.rs --error-format=json --json=diagnostic-rendered-ansi,artifacts,future-incompat,unused-externs-silent --crate-type lib --emit=dep-info,metadata,link -Z embed-metadata=no -C embed-bitcode=no --cfg 'feature="clone-impls"' --cfg 'feature="default"' --cfg 'feature="derive"' --cfg 'feature="extra-traits"' --cfg 'feature="fold"' --cfg 'feature="full"' --cfg 'feature="parsing"' --cfg 'feature="printing"' --cfg 'feature="proc-macro"' --cfg 'feature="visit"' --cfg 'feature="visit-mut"' --check-cfg 'cfg(docsrs,test)' --check-cfg 'cfg(feature, values("clone-impls", "default", "derive", "extra-traits", "fold", "full", "parsing", "printing", "proc-macro", "test", "visit", "visit-mut"))' -C metadata=197bcc89ecb20593 -C extra-filename=-cf9a9978d9be874a --out-dir /opt/rustwide/target/debug/build/syn/cf9a9978d9be874a/out -L dependency=/opt/rustwide/target/debug/build/proc-macro2/ee684499ef27f3b8/out -L dependency=/opt/rustwide/target/debug/build/unicode-ident/8c98a1a0e58216a9/out --extern proc_macro2=/opt/rustwide/target/debug/build/proc-macro2/ee684499ef27f3b8/out/libproc_macro2-ee684499ef27f3b8.rmeta --extern quote=/opt/rustwide/target/debug/build/quote/97307b84563a2c10/out/libquote-97307b84563a2c10.rmeta --extern unicode_ident=/opt/rustwide/target/debug/build/unicode-ident/8c98a1a0e58216a9/out/libunicode_ident-8c98a1a0e58216a9.rmeta --cap-lints allow --cap-lints=forbid --force-warn=unused_crate_dependencies` (signal: 9, SIGKILL: kill)
[INFO] [stderr] warning: secp256k1-sys@0.11.0: cc: fatal error: Killed signal terminated program cc1
[INFO] [stderr] warning: secp256k1-sys@0.11.0: compilation terminated.
[INFO] [stderr] warning: secp256k1-sys@0.11.0: ToolExecError: command did not execute successfully (status code exit status: 1): LC_ALL="C" "cc" "-O0" "-ffunction-sections" "-fdata-sections" "-fPIC" "-g" "-gdwarf-4" "-fno-omit-frame-pointer" "-m64" "-I" "depend/secp256k1/" "-I" "depend/secp256k1/include" "-I" "depend/secp256k1/src" "-Wall" "-Wextra" "-Wno-unused-function" "-Wno-unused-parameter" "-DSECP256K1_API=" "-DENABLE_MODULE_ECDH=1" "-DENABLE_MODULE_SCHNORRSIG=1" "-DENABLE_MODULE_EXTRAKEYS=1" "-DENABLE_MODULE_ELLSWIFT=1" "-Dprintf(...)=" "-DECMULT_GEN_PREC_BITS=4" "-DECMULT_WINDOW_SIZE=15" "-DUSE_EXTERNAL_DEFAULT_CALLBACKS=1" "-DENABLE_MODULE_RECOVERY=1" "-o" "/opt/rustwide/target/debug/build/secp256k1-sys/af45f910969c88ac/out/fce6141bfa9bf74c-precomputed_ecmult.o" "-c" "depend/secp256k1/src/precomputed_ecmult.c"
[INFO] [stderr] warning: secp256k1-sys@0.11.0: In file included from depend/secp256k1/src/secp256k1.c:39:
[INFO] [stderr] warning: secp256k1-sys@0.11.0: depend/secp256k1/src/hsort_impl.h: In function 'rustsecp256k1_v0_11_heap_swap64':
[INFO] [stderr] warning: secp256k1-sys@0.11.0: depend/secp256k1/src/hsort_impl.h:30:5: error: implicit declaration of function 'memmove' [-Wimplicit-function-declaration]
[INFO] [stderr] warning: secp256k1-sys@0.11.0:    30 |     memmove(a, b, len);
[INFO] [stderr] warning: secp256k1-sys@0.11.0:       |     ^~~~~~~
[INFO] [stderr] warning: secp256k1-sys@0.11.0: depend/secp256k1/src/hsort_impl.h:11:1: note: include '<string.h>' or provide a declaration of 'memmove'
[INFO] [stderr] warning: secp256k1-sys@0.11.0:    10 | #include "hsort.h"
[INFO] [stderr] warning: secp256k1-sys@0.11.0:   +++ |+#include <string.h>
[INFO] [stderr] warning: secp256k1-sys@0.11.0:    11 | 
[INFO] [stderr] warning: secp256k1-sys@0.11.0: depend/secp256k1/src/hsort_impl.h:30:5: warning: incompatible implicit declaration of built-in function 'memmove' [-Wbuiltin-declaration-mismatch]
[INFO] [stderr] warning: secp256k1-sys@0.11.0:    30 |     memmove(a, b, len);
[INFO] [stderr] warning: secp256k1-sys@0.11.0:       |     ^~~~~~~
[INFO] [stderr] warning: secp256k1-sys@0.11.0: depend/secp256k1/src/hsort_impl.h:30:5: note: include '<string.h>' or provide a declaration of 'memmove'
[INFO] [stderr] warning: secp256k1-sys@0.11.0: ToolExecError: command did not execute successfully (status code exit status: 1): LC_ALL="C" "cc" "-O0" "-ffunction-sections" "-fdata-sections" "-fPIC" "-g" "-gdwarf-4" "-fno-omit-frame-pointer" "-m64" "-I" "depend/secp256k1/" "-I" "depend/secp256k1/include" "-I" "depend/secp256k1/src" "-I" "wasm/wasm-sysroot" "-Wall" "-Wextra" "-Wno-unused-function" "-Wno-unused-parameter" "-DSECP256K1_API=" "-DENABLE_MODULE_ECDH=1" "-DENABLE_MODULE_SCHNORRSIG=1" "-DENABLE_MODULE_EXTRAKEYS=1" "-DENABLE_MODULE_ELLSWIFT=1" "-Dprintf(...)=" "-DECMULT_GEN_PREC_BITS=4" "-DECMULT_WINDOW_SIZE=15" "-DUSE_EXTERNAL_DEFAULT_CALLBACKS=1" "-DENABLE_MODULE_RECOVERY=1" "-o" "/opt/rustwide/target/debug/build/secp256k1-sys/af45f910969c88ac/out/fce6141bfa9bf74c-secp256k1.o" "-c" "depend/secp256k1/src/secp256k1.c"
[INFO] [stderr] error: failed to run custom build command for `secp256k1-sys v0.11.0`
[INFO] [stderr] note: To improve backtraces for build dependencies, set the CARGO_PROFILE_DEV_BUILD_OVERRIDE_DEBUG=true environment variable to enable debug information generation.
[INFO] [stderr] 
[INFO] [stderr] Caused by:
[INFO] [stderr]   process didn't exit successfully: `/opt/rustwide/target/debug/build/secp256k1-sys/ab276446604275e9/out/build_script_build` (exit status: 1)
[INFO] [stderr]   --- stdout
[INFO] [stderr]   cargo:rerun-if-env-changed=CC_FORCE_DISABLE
[INFO] [stderr]   CC_FORCE_DISABLE = None
[INFO] [stderr]   cargo:rerun-if-env-changed=CC_x86_64-unknown-linux-gnu
[INFO] [stderr]   CC_x86_64-unknown-linux-gnu = None
[INFO] [stderr]   cargo:rerun-if-env-changed=CC_x86_64_unknown_linux_gnu
[INFO] [stderr]   CC_x86_64_unknown_linux_gnu = None
[INFO] [stderr]   cargo:rerun-if-env-changed=HOST_CC
[INFO] [stderr]   HOST_CC = None
[INFO] [stderr]   cargo:rerun-if-env-changed=CC
[INFO] [stderr]   CC = None
[INFO] [stderr]   cargo:rerun-if-env-changed=CC_ENABLE_DEBUG_OUTPUT
[INFO] [stderr]   cargo:rerun-if-env-changed=CRATE_CC_NO_DEFAULTS
[INFO] [stderr]   CRATE_CC_NO_DEFAULTS = None
[INFO] [stderr]   cargo:rerun-if-env-changed=CFLAGS
[INFO] [stderr]   CFLAGS = None
[INFO] [stderr]   cargo:rerun-if-env-changed=HOST_CFLAGS
[INFO] [stderr]   HOST_CFLAGS = None
[INFO] [stderr]   cargo:rerun-if-env-changed=CFLAGS_x86_64_unknown_linux_gnu
[INFO] [stderr]   CFLAGS_x86_64_unknown_linux_gnu = None
[INFO] [stderr]   cargo:rerun-if-env-changed=CFLAGS_x86_64-unknown-linux-gnu
[INFO] [stderr]   CFLAGS_x86_64-unknown-linux-gnu = None
[INFO] [stderr]   cargo:rerun-if-env-changed=CC_ENABLE_DEBUG_OUTPUT
[INFO] [stderr]   cargo:rerun-if-env-changed=CRATE_CC_NO_DEFAULTS
[INFO] [stderr]   CRATE_CC_NO_DEFAULTS = None
[INFO] [stderr]   cargo:rerun-if-env-changed=CFLAGS
[INFO] [stderr]   CFLAGS = None
[INFO] [stderr]   cargo:rerun-if-env-changed=HOST_CFLAGS
[INFO] [stderr]   HOST_CFLAGS = None
[INFO] [stderr]   cargo:rerun-if-env-changed=CFLAGS_x86_64_unknown_linux_gnu
[INFO] [stderr]   CFLAGS_x86_64_unknown_linux_gnu = None
[INFO] [stderr]   cargo:rerun-if-env-changed=CFLAGS_x86_64-unknown-linux-gnu
[INFO] [stderr]   CFLAGS_x86_64-unknown-linux-gnu = None
[INFO] [stderr]   cargo:rerun-if-env-changed=CC_ENABLE_DEBUG_OUTPUT
[INFO] [stderr]   cargo:rerun-if-env-changed=CRATE_CC_NO_DEFAULTS
[INFO] [stderr]   CRATE_CC_NO_DEFAULTS = None
[INFO] [stderr]   cargo:rerun-if-env-changed=CFLAGS
[INFO] [stderr]   CFLAGS = None
[INFO] [stderr]   cargo:rerun-if-env-changed=HOST_CFLAGS
[INFO] [stderr]   HOST_CFLAGS = None
[INFO] [stderr]   cargo:rerun-if-env-changed=CFLAGS_x86_64_unknown_linux_gnu
[INFO] [stderr]   CFLAGS_x86_64_unknown_linux_gnu = None
[INFO] [stderr]   cargo:rerun-if-env-changed=CFLAGS_x86_64-unknown-linux-gnu
[INFO] [stderr]   CFLAGS_x86_64-unknown-linux-gnu = None
[INFO] [stderr]   cargo:rerun-if-env-changed=CC_x86_64-unknown-linux-gnu
[INFO] [stderr]   CC_x86_64-unknown-linux-gnu = None
[INFO] [stderr]   cargo:rerun-if-env-changed=CC_x86_64_unknown_linux_gnu
[INFO] [stderr]   CC_x86_64_unknown_linux_gnu = None
[INFO] [stderr]   cargo:rerun-if-env-changed=HOST_CC
[INFO] [stderr]   HOST_CC = None
[INFO] [stderr]   cargo:rerun-if-env-changed=CC
[INFO] [stderr]   CC = None
[INFO] [stderr]   cargo:rerun-if-env-changed=CRATE_CC_NO_DEFAULTS
[INFO] [stderr]   CRATE_CC_NO_DEFAULTS = None
[INFO] [stderr]   cargo:rerun-if-env-changed=CFLAGS
[INFO] [stderr]   CFLAGS = None
[INFO] [stderr]   cargo:rerun-if-env-changed=HOST_CFLAGS
[INFO] [stderr]   HOST_CFLAGS = None
[INFO] [stderr]   cargo:rerun-if-env-changed=CFLAGS_x86_64_unknown_linux_gnu
[INFO] [stderr]   CFLAGS_x86_64_unknown_linux_gnu = None
[INFO] [stderr]   cargo:rerun-if-env-changed=CFLAGS_x86_64-unknown-linux-gnu
[INFO] [stderr]   CFLAGS_x86_64-unknown-linux-gnu = None
[INFO] [stderr]   cargo:rerun-if-env-changed=CC_x86_64-unknown-linux-gnu
[INFO] [stderr]   CC_x86_64-unknown-linux-gnu = None
[INFO] [stderr]   cargo:rerun-if-env-changed=CC_x86_64_unknown_linux_gnu
[INFO] [stderr]   CC_x86_64_unknown_linux_gnu = None
[INFO] [stderr]   cargo:rerun-if-env-changed=HOST_CC
[INFO] [stderr]   HOST_CC = None
[INFO] [stderr]   cargo:rerun-if-env-changed=CC
[INFO] [stderr]   CC = None
[INFO] [stderr]   cargo:rerun-if-env-changed=CRATE_CC_NO_DEFAULTS
[INFO] [stderr]   CRATE_CC_NO_DEFAULTS = None
[INFO] [stderr]   cargo:rerun-if-env-changed=CFLAGS
[INFO] [stderr]   CFLAGS = None
[INFO] [stderr]   cargo:rerun-if-env-changed=HOST_CFLAGS
[INFO] [stderr]   HOST_CFLAGS = None
[INFO] [stderr]   cargo:rerun-if-env-changed=CFLAGS_x86_64_unknown_linux_gnu
[INFO] [stderr]   CFLAGS_x86_64_unknown_linux_gnu = None
[INFO] [stderr]   cargo:rerun-if-env-changed=CFLAGS_x86_64-unknown-linux-gnu
[INFO] [stderr]   CFLAGS_x86_64-unknown-linux-gnu = None
[INFO] [stderr]   cargo:rerun-if-env-changed=CC_x86_64-unknown-linux-gnu
[INFO] [stderr]   CC_x86_64-unknown-linux-gnu = None
[INFO] [stderr]   cargo:rerun-if-env-changed=CC_x86_64_unknown_linux_gnu
[INFO] [stderr]   CC_x86_64_unknown_linux_gnu = None
[INFO] [stderr]   cargo:rerun-if-env-changed=HOST_CC
[INFO] [stderr]   HOST_CC = None
[INFO] [stderr]   cargo:rerun-if-env-changed=CC
[INFO] [stderr]   CC = None
[INFO] [stderr]   cargo:rerun-if-env-changed=CRATE_CC_NO_DEFAULTS
[INFO] [stderr]   CRATE_CC_NO_DEFAULTS = None
[INFO] [stderr]   cargo:rerun-if-env-changed=CFLAGS
[INFO] [stderr]   CFLAGS = None
[INFO] [stderr]   cargo:rerun-if-env-changed=HOST_CFLAGS
[INFO] [stderr]   HOST_CFLAGS = None
[INFO] [stderr]   cargo:rerun-if-env-changed=CFLAGS_x86_64_unknown_linux_gnu
[INFO] [stderr]   CFLAGS_x86_64_unknown_linux_gnu = None
[INFO] [stderr]   cargo:rerun-if-env-changed=CFLAGS_x86_64-unknown-linux-gnu
[INFO] [stderr]   CFLAGS_x86_64-unknown-linux-gnu = None
[INFO] [stderr]   cargo:warning=cc: fatal error: Killed signal terminated program cc1
[INFO] [stderr]   cargo:warning=compilation terminated.
[INFO] [stderr]   exit status: 0
[INFO] [stderr]   exit status: 0
[INFO] [stderr]   exit status: 1
[INFO] [stderr]   cargo:warning=ToolExecError: command did not execute successfully (status code exit status: 1): LC_ALL="C" "cc" "-O0" "-ffunction-sections" "-fdata-sections" "-fPIC" "-g" "-gdwarf-4" "-fno-omit-frame-pointer" "-m64" "-I" "depend/secp256k1/" "-I" "depend/secp256k1/include" "-I" "depend/secp256k1/src" "-Wall" "-Wextra" "-Wno-unused-function" "-Wno-unused-parameter" "-DSECP256K1_API=" "-DENABLE_MODULE_ECDH=1" "-DENABLE_MODULE_SCHNORRSIG=1" "-DENABLE_MODULE_EXTRAKEYS=1" "-DENABLE_MODULE_ELLSWIFT=1" "-Dprintf(...)=" "-DECMULT_GEN_PREC_BITS=4" "-DECMULT_WINDOW_SIZE=15" "-DUSE_EXTERNAL_DEFAULT_CALLBACKS=1" "-DENABLE_MODULE_RECOVERY=1" "-o" "/opt/rustwide/target/debug/build/secp256k1-sys/af45f910969c88ac/out/fce6141bfa9bf74c-precomputed_ecmult.o" "-c" "depend/secp256k1/src/precomputed_ecmult.c"
[INFO] [stderr]   exit status: 0
[INFO] [stderr]   cargo:rerun-if-env-changed=CC_FORCE_DISABLE
[INFO] [stderr]   CC_FORCE_DISABLE = None
[INFO] [stderr]   cargo:rerun-if-env-changed=CC_x86_64-unknown-linux-gnu
[INFO] [stderr]   CC_x86_64-unknown-linux-gnu = None
[INFO] [stderr]   cargo:rerun-if-env-changed=CC_x86_64_unknown_linux_gnu
[INFO] [stderr]   CC_x86_64_unknown_linux_gnu = None
[INFO] [stderr]   cargo:rerun-if-env-changed=HOST_CC
[INFO] [stderr]   HOST_CC = None
[INFO] [stderr]   cargo:rerun-if-env-changed=CC
[INFO] [stderr]   CC = None
[INFO] [stderr]   cargo:rerun-if-env-changed=CRATE_CC_NO_DEFAULTS
[INFO] [stderr]   CRATE_CC_NO_DEFAULTS = None
[INFO] [stderr]   cargo:rerun-if-env-changed=CFLAGS
[INFO] [stderr]   CFLAGS = None
[INFO] [stderr]   cargo:rerun-if-env-changed=HOST_CFLAGS
[INFO] [stderr]   HOST_CFLAGS = None
[INFO] [stderr]   cargo:rerun-if-env-changed=CFLAGS_x86_64_unknown_linux_gnu
[INFO] [stderr]   CFLAGS_x86_64_unknown_linux_gnu = None
[INFO] [stderr]   cargo:rerun-if-env-changed=CFLAGS_x86_64-unknown-linux-gnu
[INFO] [stderr]   CFLAGS_x86_64-unknown-linux-gnu = None
[INFO] [stderr]   cargo:rerun-if-env-changed=CC_x86_64-unknown-linux-gnu
[INFO] [stderr]   CC_x86_64-unknown-linux-gnu = None
[INFO] [stderr]   cargo:rerun-if-env-changed=CC_x86_64_unknown_linux_gnu
[INFO] [stderr]   CC_x86_64_unknown_linux_gnu = None
[INFO] [stderr]   cargo:rerun-if-env-changed=HOST_CC
[INFO] [stderr]   HOST_CC = None
[INFO] [stderr]   cargo:rerun-if-env-changed=CC
[INFO] [stderr]   CC = None
[INFO] [stderr]   cargo:rerun-if-env-changed=CRATE_CC_NO_DEFAULTS
[INFO] [stderr]   CRATE_CC_NO_DEFAULTS = None
[INFO] [stderr]   cargo:rerun-if-env-changed=CFLAGS
[INFO] [stderr]   CFLAGS = None
[INFO] [stderr]   cargo:rerun-if-env-changed=HOST_CFLAGS
[INFO] [stderr]   HOST_CFLAGS = None
[INFO] [stderr]   cargo:rerun-if-env-changed=CFLAGS_x86_64_unknown_linux_gnu
[INFO] [stderr]   CFLAGS_x86_64_unknown_linux_gnu = None
[INFO] [stderr]   cargo:rerun-if-env-changed=CFLAGS_x86_64-unknown-linux-gnu
[INFO] [stderr]   CFLAGS_x86_64-unknown-linux-gnu = None
[INFO] [stderr]   cargo:rerun-if-env-changed=CC_x86_64-unknown-linux-gnu
[INFO] [stderr]   CC_x86_64-unknown-linux-gnu = None
[INFO] [stderr]   cargo:rerun-if-env-changed=CC_x86_64_unknown_linux_gnu
[INFO] [stderr]   CC_x86_64_unknown_linux_gnu = None
[INFO] [stderr]   cargo:rerun-if-env-changed=HOST_CC
[INFO] [stderr]   HOST_CC = None
[INFO] [stderr]   cargo:rerun-if-env-changed=CC
[INFO] [stderr]   CC = None
[INFO] [stderr]   cargo:rerun-if-env-changed=CRATE_CC_NO_DEFAULTS
[INFO] [stderr]   CRATE_CC_NO_DEFAULTS = None
[INFO] [stderr]   cargo:rerun-if-env-changed=CFLAGS
[INFO] [stderr]   CFLAGS = None
[INFO] [stderr]   cargo:rerun-if-env-changed=HOST_CFLAGS
[INFO] [stderr]   HOST_CFLAGS = None
[INFO] [stderr]   cargo:rerun-if-env-changed=CFLAGS_x86_64_unknown_linux_gnu
[INFO] [stderr]   CFLAGS_x86_64_unknown_linux_gnu = None
[INFO] [stderr]   cargo:rerun-if-env-changed=CFLAGS_x86_64-unknown-linux-gnu
[INFO] [stderr]   CFLAGS_x86_64-unknown-linux-gnu = None
[INFO] [stderr]   cargo:rerun-if-env-changed=CC_x86_64-unknown-linux-gnu
[INFO] [stderr]   CC_x86_64-unknown-linux-gnu = None
[INFO] [stderr]   cargo:rerun-if-env-changed=CC_x86_64_unknown_linux_gnu
[INFO] [stderr]   CC_x86_64_unknown_linux_gnu = None
[INFO] [stderr]   cargo:rerun-if-env-changed=HOST_CC
[INFO] [stderr]   HOST_CC = None
[INFO] [stderr]   cargo:rerun-if-env-changed=CC
[INFO] [stderr]   CC = None
[INFO] [stderr]   cargo:rerun-if-env-changed=CRATE_CC_NO_DEFAULTS
[INFO] [stderr]   CRATE_CC_NO_DEFAULTS = None
[INFO] [stderr]   cargo:rerun-if-env-changed=CFLAGS
[INFO] [stderr]   CFLAGS = None
[INFO] [stderr]   cargo:rerun-if-env-changed=HOST_CFLAGS
[INFO] [stderr]   HOST_CFLAGS = None
[INFO] [stderr]   cargo:rerun-if-env-changed=CFLAGS_x86_64_unknown_linux_gnu
[INFO] [stderr]   CFLAGS_x86_64_unknown_linux_gnu = None
[INFO] [stderr]   cargo:rerun-if-env-changed=CFLAGS_x86_64-unknown-linux-gnu
[INFO] [stderr]   CFLAGS_x86_64-unknown-linux-gnu = None
[INFO] [stderr]   cargo:warning=In file included from depend/secp256k1/src/secp256k1.c:39:
[INFO] [stderr]   cargo:warning=depend/secp256k1/src/hsort_impl.h: In function 'rustsecp256k1_v0_11_heap_swap64':
[INFO] [stderr]   cargo:warning=depend/secp256k1/src/hsort_impl.h:30:5: error: implicit declaration of function 'memmove' [-Wimplicit-function-declaration]
[INFO] [stderr]   cargo:warning=   30 |     memmove(a, b, len);
[INFO] [stderr]   cargo:warning=      |     ^~~~~~~
[INFO] [stderr]   cargo:warning=depend/secp256k1/src/hsort_impl.h:11:1: note: include '<string.h>' or provide a declaration of 'memmove'
[INFO] [stderr]   cargo:warning=   10 | #include "hsort.h"
[INFO] [stderr]   cargo:warning=  +++ |+#include <string.h>
[INFO] [stderr]   cargo:warning=   11 | 
[INFO] [stderr]   cargo:warning=depend/secp256k1/src/hsort_impl.h:30:5: warning: incompatible implicit declaration of built-in function 'memmove' [-Wbuiltin-declaration-mismatch]
[INFO] [stderr]   cargo:warning=   30 |     memmove(a, b, len);
[INFO] [stderr]   cargo:warning=      |     ^~~~~~~
[INFO] [stderr]   cargo:warning=depend/secp256k1/src/hsort_impl.h:30:5: note: include '<string.h>' or provide a declaration of 'memmove'
[INFO] [stderr]   exit status: 0
[INFO] [stderr]   exit status: 0
[INFO] [stderr]   exit status: 1
[INFO] [stderr]   cargo:warning=ToolExecError: command did not execute successfully (status code exit status: 1): LC_ALL="C" "cc" "-O0" "-ffunction-sections" "-fdata-sections" "-fPIC" "-g" "-gdwarf-4" "-fno-omit-frame-pointer" "-m64" "-I" "depend/secp256k1/" "-I" "depend/secp256k1/include" "-I" "depend/secp256k1/src" "-I" "wasm/wasm-sysroot" "-Wall" "-Wextra" "-Wno-unused-function" "-Wno-unused-parameter" "-DSECP256K1_API=" "-DENABLE_MODULE_ECDH=1" "-DENABLE_MODULE_SCHNORRSIG=1" "-DENABLE_MODULE_EXTRAKEYS=1" "-DENABLE_MODULE_ELLSWIFT=1" "-Dprintf(...)=" "-DECMULT_GEN_PREC_BITS=4" "-DECMULT_WINDOW_SIZE=15" "-DUSE_EXTERNAL_DEFAULT_CALLBACKS=1" "-DENABLE_MODULE_RECOVERY=1" "-o" "/opt/rustwide/target/debug/build/secp256k1-sys/af45f910969c88ac/out/fce6141bfa9bf74c-secp256k1.o" "-c" "depend/secp256k1/src/secp256k1.c"
[INFO] [stderr]   exit status: 0
[INFO] [stderr] 
[INFO] [stderr]   --- stderr
[INFO] [stderr] 
[INFO] [stderr] 
[INFO] [stderr]   error occurred in cc-rs: command did not execute successfully (status code exit status: 1): LC_ALL="C" "cc" "-O0" "-ffunction-sections" "-fdata-sections" "-fPIC" "-g" "-gdwarf-4" "-fno-omit-frame-pointer" "-m64" "-I" "depend/secp256k1/" "-I" "depend/secp256k1/include" "-I" "depend/secp256k1/src" "-I" "wasm/wasm-sysroot" "-Wall" "-Wextra" "-Wno-unused-function" "-Wno-unused-parameter" "-DSECP256K1_API=" "-DENABLE_MODULE_ECDH=1" "-DENABLE_MODULE_SCHNORRSIG=1" "-DENABLE_MODULE_EXTRAKEYS=1" "-DENABLE_MODULE_ELLSWIFT=1" "-Dprintf(...)=" "-DECMULT_GEN_PREC_BITS=4" "-DECMULT_WINDOW_SIZE=15" "-DUSE_EXTERNAL_DEFAULT_CALLBACKS=1" "-DENABLE_MODULE_RECOVERY=1" "-o" "/opt/rustwide/target/debug/build/secp256k1-sys/af45f910969c88ac/out/fce6141bfa9bf74c-secp256k1.o" "-c" "depend/secp256k1/src/secp256k1.c"
[INFO] [stderr] 
[INFO] [stderr] 
[INFO] running `Command { std: "docker" "inspect" "6e1439cbf11e24c11c8affa0ebffd5d502ac3ce3f65bb47f1a998e0d99724f67", kill_on_drop: false }`
[INFO] running `Command { std: "docker" "rm" "-f" "6e1439cbf11e24c11c8affa0ebffd5d502ac3ce3f65bb47f1a998e0d99724f67", kill_on_drop: false }`
[INFO] [stdout] 6e1439cbf11e24c11c8affa0ebffd5d502ac3ce3f65bb47f1a998e0d99724f67
