[INFO] fetching crate pos 0.2.0...
[INFO] checking pos-0.2.0 against a5689b034ad287112f709693384a37f1377eb9cc for pr-129249-3
[INFO] extracting crate pos 0.2.0 into /workspace/builds/worker-5-tc2/source
[INFO] started tweaking crates.io crate pos 0.2.0
[INFO] finished tweaking crates.io crate pos 0.2.0
[INFO] tweaked toml for crates.io crate pos 0.2.0 written to /workspace/builds/worker-5-tc2/source/Cargo.toml
[INFO] validating manifest of crates.io crate pos 0.2.0 on toolchain a5689b034ad287112f709693384a37f1377eb9cc
[INFO] running `Command { std: CARGO_HOME="/workspace/cargo-home" RUSTUP_HOME="/workspace/rustup-home" "/workspace/cargo-home/bin/cargo" "+a5689b034ad287112f709693384a37f1377eb9cc" "metadata" "--manifest-path" "Cargo.toml" "--no-deps", kill_on_drop: false }`
[INFO] running `Command { std: CARGO_HOME="/workspace/cargo-home" RUSTUP_HOME="/workspace/rustup-home" "/workspace/cargo-home/bin/cargo" "+a5689b034ad287112f709693384a37f1377eb9cc" "generate-lockfile" "--manifest-path" "Cargo.toml", kill_on_drop: false }`
[INFO] [stderr]     Updating crates.io index
[INFO] [stderr]      Locking 7 packages to highest compatible versions
[INFO] [stderr]       Adding thiserror v1.0.69 (available: v2.0.21)
[INFO] running `Command { std: CARGO_HOME="/workspace/cargo-home" RUSTUP_HOME="/workspace/rustup-home" "/workspace/cargo-home/bin/cargo" "+a5689b034ad287112f709693384a37f1377eb9cc" "fetch" "--manifest-path" "Cargo.toml", kill_on_drop: false }`
[INFO] [stderr] warning: `package.homepage` is redundant with `package.repository`
[INFO] [stderr]   --> Cargo.toml:13:12
[INFO] [stderr]    |
[INFO] [stderr] 13 | homepage = "https://github.com/gadomski/pos-rs"
[INFO] [stderr]    |            ^^^^^^^^^^^^^^^^^^^^^^^^^^^^^^^^^^^^
[INFO] [stderr] ...
[INFO] [stderr] 18 | repository = "https://github.com/gadomski/pos-rs"
[INFO] [stderr]    |              ------------------------------------
[INFO] [stderr]    |
[INFO] [stderr]    = note: `cargo::redundant_homepage` is set to `warn` by default
[INFO] [stderr] help: consider removing `package.homepage`
[INFO] [stderr] warning: `pos` (manifest) generated 1 warning
[INFO] running `Command { std: "docker" "create" "-v" "/var/lib/crater-agent-workspace/builds/worker-5-tc2/source:/opt/rustwide/workdir:ro,Z" "-v" "/var/lib/crater-agent-workspace/builds/worker-5-tc2/target:/opt/rustwide/target:rw,Z" "-v" "/var/lib/crater-agent-workspace/cargo-home:/opt/rustwide/cargo-home:ro,Z" "-v" "/var/lib/crater-agent-workspace/rustup-home:/opt/rustwide/rustup-home:ro,Z" "-m" "1610612736" "--network" "none" "ghcr.io/rust-lang/crates-build-env/linux@sha256:77db811e55d90add9212f6832c23229e3de5f1c1f9905e8cb07319ea15df73ac" "sleep" "infinity", kill_on_drop: false }`
[INFO] [stdout] 500e378be903b5ffdf3cfebdae9e2505644d68aea2bd02d9dd5e31e40ed3a722
[INFO] running `Command { std: "docker" "start" "500e378be903b5ffdf3cfebdae9e2505644d68aea2bd02d9dd5e31e40ed3a722", kill_on_drop: false }`
[INFO] running `Command { std: "docker" "inspect" "500e378be903b5ffdf3cfebdae9e2505644d68aea2bd02d9dd5e31e40ed3a722", kill_on_drop: false }`
[INFO] running `Command { std: "docker" "exec" "-e" "SOURCE_DIR=/opt/rustwide/workdir" "-e" "CARGO_HOME=/opt/rustwide/cargo-home" "-e" "RUSTUP_HOME=/opt/rustwide/rustup-home" "-e" "CARGO_TARGET_DIR=/opt/rustwide/target" "-w" "/opt/rustwide/workdir" "--user" "0:0" "500e378be903b5ffdf3cfebdae9e2505644d68aea2bd02d9dd5e31e40ed3a722" "/opt/rustwide/cargo-home/bin/cargo" "+a5689b034ad287112f709693384a37f1377eb9cc" "metadata" "--no-deps" "--format-version=1", kill_on_drop: false }`
[INFO] running `Command { std: "docker" "inspect" "500e378be903b5ffdf3cfebdae9e2505644d68aea2bd02d9dd5e31e40ed3a722", kill_on_drop: false }`
[INFO] running `Command { std: "docker" "exec" "-e" "SOURCE_DIR=/opt/rustwide/workdir" "-e" "CARGO_HOME=/opt/rustwide/cargo-home" "-e" "RUSTUP_HOME=/opt/rustwide/rustup-home" "-e" "CARGO_TARGET_DIR=/opt/rustwide/target" "-e" "CARGO_INCREMENTAL=0" "-e" "RUST_BACKTRACE=full" "-e" "RUSTFLAGS=--cap-lints=forbid" "-e" "RUSTDOCFLAGS=--cap-lints=forbid" "-w" "/opt/rustwide/workdir" "--user" "0:0" "500e378be903b5ffdf3cfebdae9e2505644d68aea2bd02d9dd5e31e40ed3a722" "/opt/rustwide/cargo-home/bin/cargo" "+a5689b034ad287112f709693384a37f1377eb9cc" "check" "--frozen" "--all" "--all-targets" "--message-format=json", kill_on_drop: false }`
[INFO] [stderr] warning: `package.homepage` is redundant with `package.repository`
[INFO] [stderr]   --> Cargo.toml:13:12
[INFO] [stderr]    |
[INFO] [stderr] 13 | homepage = "https://github.com/gadomski/pos-rs"
[INFO] [stderr]    |            ^^^^^^^^^^^^^^^^^^^^^^^^^^^^^^^^^^^^
[INFO] [stderr] ...
[INFO] [stderr] 18 | repository = "https://github.com/gadomski/pos-rs"
[INFO] [stderr]    |              ------------------------------------
[INFO] [stderr]    |
[INFO] [stderr]    = note: `cargo::redundant_homepage` is set to `warn` by default
[INFO] [stderr] help: consider removing `package.homepage`
[INFO] [stderr] warning: `pos` (manifest) generated 1 warning
[INFO] [stderr]    Compiling syn v2.0.119
[INFO] [stderr]    Compiling thiserror-impl v1.0.69
[INFO] [stderr]     Checking thiserror v1.0.69
[INFO] [stderr]     Checking pos v0.2.0 (/opt/rustwide/workdir)
[INFO] [stdout] error: useless conversion to the same type: `error::Error`
[INFO] [stdout]   --> src/interpolate.rs:32:32
[INFO] [stdout]    |
[INFO] [stdout] 32 |                     return Err(Error::OnePoint.into());
[INFO] [stdout]    |                                ^^^^^^^^^^^^^^^^^^^^^^
[INFO] [stdout]    |
[INFO] [stdout]    = note: this method call relies on the `impl<T> Into<T> for T` blanket implementation and type inference, which is a semver hazard as a new `impl Into<_>` that affects your type might be added in the future causing type inference errors
[INFO] [stdout]    = note: `#[deny(self_type_conversion)]` on by default
[INFO] [stdout] help: consider removing the conversion call
[INFO] [stdout]    |
[INFO] [stdout] 32 -                     return Err(Error::OnePoint.into());
[INFO] [stdout] 32 +                     return Err(Error::OnePoint);
[INFO] [stdout]    |
[INFO] [stdout] help: you can use the fully-qualified path to avoid triggering this lint
[INFO] [stdout]    |
[INFO] [stdout] 32 -                     return Err(Error::OnePoint.into());
[INFO] [stdout] 32 +                     return Err(<error::Error as Into<_>>::into(Error::OnePoint));
[INFO] [stdout]    |
[INFO] [stdout] 
[INFO] [stdout] 
[INFO] [stdout] error: useless conversion to the same type: `error::Error`
[INFO] [stdout]   --> src/interpolate.rs:59:32
[INFO] [stdout]    |
[INFO] [stdout] 59 |                     return Err(Error::TimeBelowMinimum(time).into());
[INFO] [stdout]    |                                ^^^^^^^^^^^^^^^^^^^^^^^^^^^^^^^^^^^^
[INFO] [stdout]    |
[INFO] [stdout]    = note: this method call relies on the `impl<T> Into<T> for T` blanket implementation and type inference, which is a semver hazard as a new `impl Into<_>` that affects your type might be added in the future causing type inference errors
[INFO] [stdout] help: consider removing the conversion call
[INFO] [stdout]    |
[INFO] [stdout] 59 -                     return Err(Error::TimeBelowMinimum(time).into());
[INFO] [stdout] 59 +                     return Err(Error::TimeBelowMinimum(time));
[INFO] [stdout]    |
[INFO] [stdout] help: you can use the fully-qualified path to avoid triggering this lint
[INFO] [stdout]    |
[INFO] [stdout] 59 -                     return Err(Error::TimeBelowMinimum(time).into());
[INFO] [stdout] 59 +                     return Err(<error::Error as Into<_>>::into(Error::TimeBelowMinimum(time)));
[INFO] [stdout]    |
[INFO] [stdout] 
[INFO] [stdout] 
[INFO] [stdout] error: useless conversion to the same type: `error::Error`
[INFO] [stdout]   --> src/interpolate.rs:73:40
[INFO] [stdout]    |
[INFO] [stdout] 73 | ...                   return Err(Error::TimeAboveMaximum(time).into());
[INFO] [stdout]    |                                  ^^^^^^^^^^^^^^^^^^^^^^^^^^^^^^^^^^^^
[INFO] [stdout]    |
[INFO] [stdout]    = note: this method call relies on the `impl<T> Into<T> for T` blanket implementation and type inference, which is a semver hazard as a new `impl Into<_>` that affects your type might be added in the future causing type inference errors
[INFO] [stdout] help: consider removing the conversion call
[INFO] [stdout]    |
[INFO] [stdout] 73 -                             return Err(Error::TimeAboveMaximum(time).into());
[INFO] [stdout] 73 +                             return Err(Error::TimeAboveMaximum(time));
[INFO] [stdout]    |
[INFO] [stdout] help: you can use the fully-qualified path to avoid triggering this lint
[INFO] [stdout]    |
[INFO] [stdout] 73 -                             return Err(Error::TimeAboveMaximum(time).into());
[INFO] [stdout] 73 +                             return Err(<error::Error as Into<_>>::into(Error::TimeAboveMaximum(time)));
[INFO] [stdout]    |
[INFO] [stdout] 
[INFO] [stdout] 
[INFO] [stdout] error: useless conversion to the same type: `std::io::Error`
[INFO] [stdout]   --> src/sbet.rs:56:33
[INFO] [stdout]    |
[INFO] [stdout] 56 |                 _ => return Err(err.into()),
[INFO] [stdout]    |                                 ^^^^^^^^^^
[INFO] [stdout]    |
[INFO] [stdout]    = note: this method call relies on the `impl<T> Into<T> for T` blanket implementation and type inference, which is a semver hazard as a new `impl Into<_>` that affects your type might be added in the future causing type inference errors
[INFO] [stdout] help: consider removing the conversion call
[INFO] [stdout]    |
[INFO] [stdout] 56 -                 _ => return Err(err.into()),
[INFO] [stdout] 56 +                 _ => return Err(err),
[INFO] [stdout]    |
[INFO] [stdout] help: you can use the fully-qualified path to avoid triggering this lint
[INFO] [stdout]    |
[INFO] [stdout] 56 -                 _ => return Err(err.into()),
[INFO] [stdout] 56 +                 _ => return Err(<std::io::Error as Into<_>>::into(err)),
[INFO] [stdout]    |
[INFO] [stdout] 
[INFO] [stdout] 
[INFO] [stderr] error: could not compile `pos` (lib) due to 4 previous errors
[INFO] [stderr] warning: build failed, waiting for other jobs to finish...
[INFO] [stdout] error: useless conversion to the same type: `error::Error`
[INFO] [stdout]   --> src/interpolate.rs:32:32
[INFO] [stdout]    |
[INFO] [stdout] 32 |                     return Err(Error::OnePoint.into());
[INFO] [stdout]    |                                ^^^^^^^^^^^^^^^^^^^^^^
[INFO] [stdout]    |
[INFO] [stdout]    = note: this method call relies on the `impl<T> Into<T> for T` blanket implementation and type inference, which is a semver hazard as a new `impl Into<_>` that affects your type might be added in the future causing type inference errors
[INFO] [stdout]    = note: `#[deny(self_type_conversion)]` on by default
[INFO] [stdout] help: consider removing the conversion call
[INFO] [stdout]    |
[INFO] [stdout] 32 -                     return Err(Error::OnePoint.into());
[INFO] [stdout] 32 +                     return Err(Error::OnePoint);
[INFO] [stdout]    |
[INFO] [stdout] help: you can use the fully-qualified path to avoid triggering this lint
[INFO] [stdout]    |
[INFO] [stdout] 32 -                     return Err(Error::OnePoint.into());
[INFO] [stdout] 32 +                     return Err(<error::Error as Into<_>>::into(Error::OnePoint));
[INFO] [stdout]    |
[INFO] [stdout] 
[INFO] [stdout] 
[INFO] [stdout] error: useless conversion to the same type: `error::Error`
[INFO] [stdout]   --> src/interpolate.rs:59:32
[INFO] [stdout]    |
[INFO] [stdout] 59 |                     return Err(Error::TimeBelowMinimum(time).into());
[INFO] [stdout]    |                                ^^^^^^^^^^^^^^^^^^^^^^^^^^^^^^^^^^^^
[INFO] [stdout]    |
[INFO] [stdout]    = note: this method call relies on the `impl<T> Into<T> for T` blanket implementation and type inference, which is a semver hazard as a new `impl Into<_>` that affects your type might be added in the future causing type inference errors
[INFO] [stdout] help: consider removing the conversion call
[INFO] [stdout]    |
[INFO] [stdout] 59 -                     return Err(Error::TimeBelowMinimum(time).into());
[INFO] [stdout] 59 +                     return Err(Error::TimeBelowMinimum(time));
[INFO] [stdout]    |
[INFO] [stdout] help: you can use the fully-qualified path to avoid triggering this lint
[INFO] [stdout]    |
[INFO] [stdout] 59 -                     return Err(Error::TimeBelowMinimum(time).into());
[INFO] [stdout] 59 +                     return Err(<error::Error as Into<_>>::into(Error::TimeBelowMinimum(time)));
[INFO] [stdout]    |
[INFO] [stdout] 
[INFO] [stdout] 
[INFO] [stdout] error: useless conversion to the same type: `error::Error`
[INFO] [stdout]   --> src/interpolate.rs:73:40
[INFO] [stdout]    |
[INFO] [stdout] 73 | ...                   return Err(Error::TimeAboveMaximum(time).into());
[INFO] [stdout]    |                                  ^^^^^^^^^^^^^^^^^^^^^^^^^^^^^^^^^^^^
[INFO] [stdout]    |
[INFO] [stdout]    = note: this method call relies on the `impl<T> Into<T> for T` blanket implementation and type inference, which is a semver hazard as a new `impl Into<_>` that affects your type might be added in the future causing type inference errors
[INFO] [stdout] help: consider removing the conversion call
[INFO] [stdout]    |
[INFO] [stdout] 73 -                             return Err(Error::TimeAboveMaximum(time).into());
[INFO] [stdout] 73 +                             return Err(Error::TimeAboveMaximum(time));
[INFO] [stdout]    |
[INFO] [stdout] help: you can use the fully-qualified path to avoid triggering this lint
[INFO] [stdout]    |
[INFO] [stdout] 73 -                             return Err(Error::TimeAboveMaximum(time).into());
[INFO] [stdout] 73 +                             return Err(<error::Error as Into<_>>::into(Error::TimeAboveMaximum(time)));
[INFO] [stdout]    |
[INFO] [stdout] 
[INFO] [stdout] 
[INFO] [stdout] error: useless conversion to the same type: `std::io::Error`
[INFO] [stdout]   --> src/sbet.rs:56:33
[INFO] [stdout]    |
[INFO] [stdout] 56 |                 _ => return Err(err.into()),
[INFO] [stdout]    |                                 ^^^^^^^^^^
[INFO] [stdout]    |
[INFO] [stdout]    = note: this method call relies on the `impl<T> Into<T> for T` blanket implementation and type inference, which is a semver hazard as a new `impl Into<_>` that affects your type might be added in the future causing type inference errors
[INFO] [stdout] help: consider removing the conversion call
[INFO] [stdout]    |
[INFO] [stdout] 56 -                 _ => return Err(err.into()),
[INFO] [stdout] 56 +                 _ => return Err(err),
[INFO] [stdout]    |
[INFO] [stdout] help: you can use the fully-qualified path to avoid triggering this lint
[INFO] [stdout]    |
[INFO] [stdout] 56 -                 _ => return Err(err.into()),
[INFO] [stdout] 56 +                 _ => return Err(<std::io::Error as Into<_>>::into(err)),
[INFO] [stdout]    |
[INFO] [stdout] 
[INFO] [stdout] 
[INFO] [stderr] error: could not compile `pos` (lib test) due to 4 previous errors
[INFO] running `Command { std: "docker" "inspect" "500e378be903b5ffdf3cfebdae9e2505644d68aea2bd02d9dd5e31e40ed3a722", kill_on_drop: false }`
[INFO] running `Command { std: "docker" "rm" "-f" "500e378be903b5ffdf3cfebdae9e2505644d68aea2bd02d9dd5e31e40ed3a722", kill_on_drop: false }`
[INFO] [stdout] 500e378be903b5ffdf3cfebdae9e2505644d68aea2bd02d9dd5e31e40ed3a722
