[INFO] fetching crate manifoldb-query 0.1.4...
[INFO] checking manifoldb-query-0.1.4 against a5689b034ad287112f709693384a37f1377eb9cc for pr-129249-3
[INFO] extracting crate manifoldb-query 0.1.4 into /workspace/builds/worker-5-tc2/source
[INFO] started tweaking crates.io crate manifoldb-query 0.1.4
[INFO] removed 0 missing tests
[INFO] finished tweaking crates.io crate manifoldb-query 0.1.4
[INFO] tweaked toml for crates.io crate manifoldb-query 0.1.4 written to /workspace/builds/worker-5-tc2/source/Cargo.toml
[INFO] validating manifest of crates.io crate manifoldb-query 0.1.4 on toolchain a5689b034ad287112f709693384a37f1377eb9cc
[INFO] running `Command { std: CARGO_HOME="/workspace/cargo-home" RUSTUP_HOME="/workspace/rustup-home" "/workspace/cargo-home/bin/cargo" "+a5689b034ad287112f709693384a37f1377eb9cc" "metadata" "--manifest-path" "Cargo.toml" "--no-deps", kill_on_drop: false }`
[INFO] crate crates.io crate manifoldb-query 0.1.4 already has a lockfile, it will not be regenerated
[INFO] running `Command { std: CARGO_HOME="/workspace/cargo-home" RUSTUP_HOME="/workspace/rustup-home" "/workspace/cargo-home/bin/cargo" "+a5689b034ad287112f709693384a37f1377eb9cc" "fetch" "--manifest-path" "Cargo.toml", kill_on_drop: false }`
[INFO] running `Command { std: "docker" "create" "-v" "/var/lib/crater-agent-workspace/builds/worker-5-tc2/source:/opt/rustwide/workdir:ro,Z" "-v" "/var/lib/crater-agent-workspace/builds/worker-5-tc2/target:/opt/rustwide/target:rw,Z" "-v" "/var/lib/crater-agent-workspace/cargo-home:/opt/rustwide/cargo-home:ro,Z" "-v" "/var/lib/crater-agent-workspace/rustup-home:/opt/rustwide/rustup-home:ro,Z" "-m" "1610612736" "--network" "none" "ghcr.io/rust-lang/crates-build-env/linux@sha256:77db811e55d90add9212f6832c23229e3de5f1c1f9905e8cb07319ea15df73ac" "sleep" "infinity", kill_on_drop: false }`
[INFO] [stdout] c16c0338612984d7a04252fd8d8f18a2f526ff95bb2b3b5adbabd2c6ba8b6381
[INFO] running `Command { std: "docker" "start" "c16c0338612984d7a04252fd8d8f18a2f526ff95bb2b3b5adbabd2c6ba8b6381", kill_on_drop: false }`
[INFO] running `Command { std: "docker" "inspect" "c16c0338612984d7a04252fd8d8f18a2f526ff95bb2b3b5adbabd2c6ba8b6381", kill_on_drop: false }`
[INFO] running `Command { std: "docker" "exec" "-e" "SOURCE_DIR=/opt/rustwide/workdir" "-e" "CARGO_HOME=/opt/rustwide/cargo-home" "-e" "RUSTUP_HOME=/opt/rustwide/rustup-home" "-e" "CARGO_TARGET_DIR=/opt/rustwide/target" "-w" "/opt/rustwide/workdir" "--user" "0:0" "c16c0338612984d7a04252fd8d8f18a2f526ff95bb2b3b5adbabd2c6ba8b6381" "/opt/rustwide/cargo-home/bin/cargo" "+a5689b034ad287112f709693384a37f1377eb9cc" "metadata" "--no-deps" "--format-version=1", kill_on_drop: false }`
[INFO] running `Command { std: "docker" "inspect" "c16c0338612984d7a04252fd8d8f18a2f526ff95bb2b3b5adbabd2c6ba8b6381", kill_on_drop: false }`
[INFO] running `Command { std: "docker" "exec" "-e" "SOURCE_DIR=/opt/rustwide/workdir" "-e" "CARGO_HOME=/opt/rustwide/cargo-home" "-e" "RUSTUP_HOME=/opt/rustwide/rustup-home" "-e" "CARGO_TARGET_DIR=/opt/rustwide/target" "-e" "CARGO_INCREMENTAL=0" "-e" "RUST_BACKTRACE=full" "-e" "RUSTFLAGS=--cap-lints=forbid" "-e" "RUSTDOCFLAGS=--cap-lints=forbid" "-w" "/opt/rustwide/workdir" "--user" "0:0" "c16c0338612984d7a04252fd8d8f18a2f526ff95bb2b3b5adbabd2c6ba8b6381" "/opt/rustwide/cargo-home/bin/cargo" "+a5689b034ad287112f709693384a37f1377eb9cc" "check" "--frozen" "--all" "--all-targets" "--message-format=json", kill_on_drop: false }`
[INFO] [stderr]    Compiling proc-macro2 v1.0.104
[INFO] [stderr]    Compiling quote v1.0.42
[INFO] [stderr]    Compiling unicode-ident v1.0.22
[INFO] [stderr]    Compiling libc v0.2.178
[INFO] [stderr]    Compiling serde_core v1.0.228
[INFO] [stderr]    Compiling serde v1.0.228
[INFO] [stderr]    Compiling virtue v0.0.18
[INFO] [stderr]     Checking unty v0.0.4
[INFO] [stderr]    Compiling redb v3.1.0
[INFO] [stderr]    Compiling zmij v1.0.1
[INFO] [stderr]    Compiling zerocopy v0.8.31
[INFO] [stderr]     Checking tracing-core v0.1.36
[INFO] [stderr]    Compiling rustix v1.1.3
[INFO] [stderr]     Checking bytemuck v1.24.0
[INFO] [stderr]     Checking linux-raw-sys v0.11.0
[INFO] [stderr]    Compiling serde_json v1.0.148
[INFO] [stderr]     Checking bitflags v2.10.0
[INFO] [stderr]     Checking memchr v2.7.6
[INFO] [stderr]     Checking itoa v1.0.17
[INFO] [stderr]     Checking log v0.4.29
[INFO] [stderr]     Checking regex-syntax v0.8.8
[INFO] [stderr]     Checking sqlparser v0.52.0
[INFO] [stderr]     Checking safe_arch v0.7.4
[INFO] [stderr]     Checking wide v0.7.33
[INFO] [stderr]    Compiling bincode_derive v2.0.1
[INFO] [stderr]    Compiling syn v2.0.111
[INFO] [stderr]     Checking getrandom v0.3.4
[INFO] [stderr]     Checking wait-timeout v0.2.1
[INFO] [stderr]     Checking rand_core v0.9.3
[INFO] [stderr]     Checking rand v0.9.2
[INFO] [stderr]     Checking rand_xorshift v0.4.0
[INFO] [stderr]     Checking ppv-lite86 v0.2.21
[INFO] [stderr]     Checking tempfile v3.24.0
[INFO] [stderr]     Checking rand_chacha v0.9.0
[INFO] [stderr]     Checking rusty-fork v0.3.1
[INFO] [stderr]     Checking proptest v1.9.0
[INFO] [stderr]    Compiling serde_derive v1.0.228
[INFO] [stderr]    Compiling thiserror-impl v2.0.17
[INFO] [stderr]    Compiling tracing-attributes v0.1.31
[INFO] [stderr]     Checking tracing v0.1.44
[INFO] [stderr]     Checking thiserror v2.0.17
[INFO] [stderr]     Checking bincode v2.0.1
[INFO] [stderr]     Checking manifoldb-core v0.1.4
[INFO] [stderr]     Checking manifoldb-storage v0.1.4
[INFO] [stderr]     Checking manifoldb-graph v0.1.4
[INFO] [stderr]     Checking manifoldb-vector v0.1.4
[INFO] [stderr]     Checking manifoldb-query v0.1.4 (/opt/rustwide/workdir)
[INFO] [stdout] error: useless conversion to the same type: `ParseError`
[INFO] [stdout]    --> src/exec/operators/vector.rs:196:28
[INFO] [stdout]     |
[INFO] [stdout] 196 |                   return Err(crate::error::ParseError::InvalidVectorOp(
[INFO] [stdout]     |  ____________________________^
[INFO] [stdout] 197 | |                     "query expression did not evaluate to a vector".to_string(),
[INFO] [stdout] 198 | |                 )
[INFO] [stdout] 199 | |                 .into())
[INFO] [stdout]     | |_______________________^
[INFO] [stdout]     |
[INFO] [stdout]     = note: this method call relies on the `impl<T> Into<T> for T` blanket implementation and type inference, which is a semver hazard as a new `impl Into<_>` that affects your type might be added in the future causing type inference errors
[INFO] [stdout]     = note: `#[deny(self_type_conversion)]` on by default
[INFO] [stdout] help: consider removing the conversion call
[INFO] [stdout]     |
[INFO] [stdout] 198 -                 )
[INFO] [stdout] 199 -                 .into())
[INFO] [stdout] 198 +                 ))
[INFO] [stdout]     |
[INFO] [stdout] help: you can use the fully-qualified path to avoid triggering this lint
[INFO] [stdout]     |
[INFO] [stdout] 196 ~                 return Err(<ParseError as Into<_>>::into(crate::error::ParseError::InvalidVectorOp(
[INFO] [stdout] 197 |                     "query expression did not evaluate to a vector".to_string(),
[INFO] [stdout] 198 ~                 )))
[INFO] [stdout]     |
[INFO] [stdout] 
[INFO] [stdout] 
[INFO] [stdout] error: useless conversion to the same type: `ParseError`
[INFO] [stdout]    --> src/exec/operators/vector.rs:217:24
[INFO] [stdout]     |
[INFO] [stdout] 217 |               return Err(crate::error::ParseError::InvalidVectorOp(format!(
[INFO] [stdout]     |  ________________________^
[INFO] [stdout] 218 | |                 "vector index '{}' not found",
[INFO] [stdout] 219 | |                 index_name
[INFO] [stdout] 220 | |             ))
[INFO] [stdout] 221 | |             .into());
[INFO] [stdout]     | |___________________^
[INFO] [stdout]     |
[INFO] [stdout]     = note: this method call relies on the `impl<T> Into<T> for T` blanket implementation and type inference, which is a semver hazard as a new `impl Into<_>` that affects your type might be added in the future causing type inference errors
[INFO] [stdout] help: consider removing the conversion call
[INFO] [stdout]     |
[INFO] [stdout] 220 -             ))
[INFO] [stdout] 221 -             .into());
[INFO] [stdout] 220 +             )));
[INFO] [stdout]     |
[INFO] [stdout] help: you can use the fully-qualified path to avoid triggering this lint
[INFO] [stdout]     |
[INFO] [stdout] 217 ~             return Err(<ParseError as Into<_>>::into(crate::error::ParseError::InvalidVectorOp(format!(
[INFO] [stdout] 218 |                 "vector index '{}' not found",
[INFO] [stdout] 219 |                 index_name
[INFO] [stdout] 220 ~             ))));
[INFO] [stdout]     |
[INFO] [stdout] 
[INFO] [stdout] 
[INFO] [stdout] error: useless conversion to the same type: `ParseError`
[INFO] [stdout]    --> src/exec/operators/vector.rs:629:28
[INFO] [stdout]     |
[INFO] [stdout] 629 |                   return Err(crate::error::ParseError::InvalidVectorOp(
[INFO] [stdout]     |  ____________________________^
[INFO] [stdout] 630 | |                     "query expression did not evaluate to a vector".to_string(),
[INFO] [stdout] 631 | |                 )
[INFO] [stdout] 632 | |                 .into())
[INFO] [stdout]     | |_______________________^
[INFO] [stdout]     |
[INFO] [stdout]     = note: this method call relies on the `impl<T> Into<T> for T` blanket implementation and type inference, which is a semver hazard as a new `impl Into<_>` that affects your type might be added in the future causing type inference errors
[INFO] [stdout] help: consider removing the conversion call
[INFO] [stdout]     |
[INFO] [stdout] 631 -                 )
[INFO] [stdout] 632 -                 .into())
[INFO] [stdout] 631 +                 ))
[INFO] [stdout]     |
[INFO] [stdout] help: you can use the fully-qualified path to avoid triggering this lint
[INFO] [stdout]     |
[INFO] [stdout] 629 ~                 return Err(<ParseError as Into<_>>::into(crate::error::ParseError::InvalidVectorOp(
[INFO] [stdout] 630 |                     "query expression did not evaluate to a vector".to_string(),
[INFO] [stdout] 631 ~                 )))
[INFO] [stdout]     |
[INFO] [stdout] 
[INFO] [stdout] 
[INFO] [stderr] error: could not compile `manifoldb-query` (lib) due to 3 previous errors
[INFO] [stderr] warning: build failed, waiting for other jobs to finish...
[INFO] [stdout] error: useless conversion to the same type: `error::ParseError`
[INFO] [stdout]    --> src/exec/operators/vector.rs:196:28
[INFO] [stdout]     |
[INFO] [stdout] 196 |                   return Err(crate::error::ParseError::InvalidVectorOp(
[INFO] [stdout]     |  ____________________________^
[INFO] [stdout] 197 | |                     "query expression did not evaluate to a vector".to_string(),
[INFO] [stdout] 198 | |                 )
[INFO] [stdout] 199 | |                 .into())
[INFO] [stdout]     | |_______________________^
[INFO] [stdout]     |
[INFO] [stdout]     = note: this method call relies on the `impl<T> Into<T> for T` blanket implementation and type inference, which is a semver hazard as a new `impl Into<_>` that affects your type might be added in the future causing type inference errors
[INFO] [stdout]     = note: `#[deny(self_type_conversion)]` on by default
[INFO] [stdout] help: consider removing the conversion call
[INFO] [stdout]     |
[INFO] [stdout] 198 -                 )
[INFO] [stdout] 199 -                 .into())
[INFO] [stdout] 198 +                 ))
[INFO] [stdout]     |
[INFO] [stdout] help: you can use the fully-qualified path to avoid triggering this lint
[INFO] [stdout]     |
[INFO] [stdout] 196 ~                 return Err(<error::ParseError as Into<_>>::into(crate::error::ParseError::InvalidVectorOp(
[INFO] [stdout] 197 |                     "query expression did not evaluate to a vector".to_string(),
[INFO] [stdout] 198 ~                 )))
[INFO] [stdout]     |
[INFO] [stdout] 
[INFO] [stdout] 
[INFO] [stdout] error: useless conversion to the same type: `error::ParseError`
[INFO] [stdout]    --> src/exec/operators/vector.rs:217:24
[INFO] [stdout]     |
[INFO] [stdout] 217 |               return Err(crate::error::ParseError::InvalidVectorOp(format!(
[INFO] [stdout]     |  ________________________^
[INFO] [stdout] 218 | |                 "vector index '{}' not found",
[INFO] [stdout] 219 | |                 index_name
[INFO] [stdout] 220 | |             ))
[INFO] [stdout] 221 | |             .into());
[INFO] [stdout]     | |___________________^
[INFO] [stdout]     |
[INFO] [stdout]     = note: this method call relies on the `impl<T> Into<T> for T` blanket implementation and type inference, which is a semver hazard as a new `impl Into<_>` that affects your type might be added in the future causing type inference errors
[INFO] [stdout] help: consider removing the conversion call
[INFO] [stdout]     |
[INFO] [stdout] 220 -             ))
[INFO] [stdout] 221 -             .into());
[INFO] [stdout] 220 +             )));
[INFO] [stdout]     |
[INFO] [stdout] help: you can use the fully-qualified path to avoid triggering this lint
[INFO] [stdout]     |
[INFO] [stdout] 217 ~             return Err(<error::ParseError as Into<_>>::into(crate::error::ParseError::InvalidVectorOp(format!(
[INFO] [stdout] 218 |                 "vector index '{}' not found",
[INFO] [stdout] 219 |                 index_name
[INFO] [stdout] 220 ~             ))));
[INFO] [stdout]     |
[INFO] [stdout] 
[INFO] [stdout] 
[INFO] [stdout] error: useless conversion to the same type: `error::ParseError`
[INFO] [stdout]    --> src/exec/operators/vector.rs:629:28
[INFO] [stdout]     |
[INFO] [stdout] 629 |                   return Err(crate::error::ParseError::InvalidVectorOp(
[INFO] [stdout]     |  ____________________________^
[INFO] [stdout] 630 | |                     "query expression did not evaluate to a vector".to_string(),
[INFO] [stdout] 631 | |                 )
[INFO] [stdout] 632 | |                 .into())
[INFO] [stdout]     | |_______________________^
[INFO] [stdout]     |
[INFO] [stdout]     = note: this method call relies on the `impl<T> Into<T> for T` blanket implementation and type inference, which is a semver hazard as a new `impl Into<_>` that affects your type might be added in the future causing type inference errors
[INFO] [stdout] help: consider removing the conversion call
[INFO] [stdout]     |
[INFO] [stdout] 631 -                 )
[INFO] [stdout] 632 -                 .into())
[INFO] [stdout] 631 +                 ))
[INFO] [stdout]     |
[INFO] [stdout] help: you can use the fully-qualified path to avoid triggering this lint
[INFO] [stdout]     |
[INFO] [stdout] 629 ~                 return Err(<error::ParseError as Into<_>>::into(crate::error::ParseError::InvalidVectorOp(
[INFO] [stdout] 630 |                     "query expression did not evaluate to a vector".to_string(),
[INFO] [stdout] 631 ~                 )))
[INFO] [stdout]     |
[INFO] [stdout] 
[INFO] [stdout] 
[INFO] [stderr] error: could not compile `manifoldb-query` (lib test) due to 3 previous errors
[INFO] running `Command { std: "docker" "inspect" "c16c0338612984d7a04252fd8d8f18a2f526ff95bb2b3b5adbabd2c6ba8b6381", kill_on_drop: false }`
[INFO] running `Command { std: "docker" "rm" "-f" "c16c0338612984d7a04252fd8d8f18a2f526ff95bb2b3b5adbabd2c6ba8b6381", kill_on_drop: false }`
[INFO] [stdout] c16c0338612984d7a04252fd8d8f18a2f526ff95bb2b3b5adbabd2c6ba8b6381
