[INFO] fetching crate devcat 0.1.5...
[INFO] checking devcat-0.1.5 against a5689b034ad287112f709693384a37f1377eb9cc for pr-129249-3
[INFO] extracting crate devcat 0.1.5 into /workspace/builds/worker-1-tc2/source
[INFO] started tweaking crates.io crate devcat 0.1.5
[INFO] finished tweaking crates.io crate devcat 0.1.5
[INFO] tweaked toml for crates.io crate devcat 0.1.5 written to /workspace/builds/worker-1-tc2/source/Cargo.toml
[INFO] validating manifest of crates.io crate devcat 0.1.5 on toolchain a5689b034ad287112f709693384a37f1377eb9cc
[INFO] running `Command { std: CARGO_HOME="/workspace/cargo-home" RUSTUP_HOME="/workspace/rustup-home" "/workspace/cargo-home/bin/cargo" "+a5689b034ad287112f709693384a37f1377eb9cc" "metadata" "--manifest-path" "Cargo.toml" "--no-deps", kill_on_drop: false }`
[INFO] crate crates.io crate devcat 0.1.5 already has a lockfile, it will not be regenerated
[INFO] running `Command { std: CARGO_HOME="/workspace/cargo-home" RUSTUP_HOME="/workspace/rustup-home" "/workspace/cargo-home/bin/cargo" "+a5689b034ad287112f709693384a37f1377eb9cc" "fetch" "--manifest-path" "Cargo.toml", kill_on_drop: false }`
[INFO] [stderr] warning: `package.homepage` is redundant with `package.repository`
[INFO] [stderr]   --> Cargo.toml:65:12
[INFO] [stderr]    |
[INFO] [stderr] 65 | homepage = "https://github.com/gni/devcat"
[INFO] [stderr]    |            ^^^^^^^^^^^^^^^^^^^^^^^^^^^^^^^
[INFO] [stderr] ...
[INFO] [stderr] 70 | repository = "https://github.com/gni/devcat"
[INFO] [stderr]    |              -------------------------------
[INFO] [stderr]    |
[INFO] [stderr]    = note: `cargo::redundant_homepage` is set to `warn` by default
[INFO] [stderr] help: consider removing `package.homepage`
[INFO] [stderr] warning: `devcat` (manifest) generated 1 warning
[INFO] running `Command { std: "docker" "create" "-v" "/var/lib/crater-agent-workspace/builds/worker-1-tc2/source:/opt/rustwide/workdir:ro,Z" "-v" "/var/lib/crater-agent-workspace/builds/worker-1-tc2/target:/opt/rustwide/target:rw,Z" "-v" "/var/lib/crater-agent-workspace/cargo-home:/opt/rustwide/cargo-home:ro,Z" "-v" "/var/lib/crater-agent-workspace/rustup-home:/opt/rustwide/rustup-home:ro,Z" "-m" "1610612736" "--network" "none" "ghcr.io/rust-lang/crates-build-env/linux@sha256:77db811e55d90add9212f6832c23229e3de5f1c1f9905e8cb07319ea15df73ac" "sleep" "infinity", kill_on_drop: false }`
[INFO] [stdout] bbea1ea7a33664c2ffcf65df2d648786845f1b37413caff1d394d46bc6d2014e
[INFO] running `Command { std: "docker" "start" "bbea1ea7a33664c2ffcf65df2d648786845f1b37413caff1d394d46bc6d2014e", kill_on_drop: false }`
[INFO] running `Command { std: "docker" "inspect" "bbea1ea7a33664c2ffcf65df2d648786845f1b37413caff1d394d46bc6d2014e", kill_on_drop: false }`
[INFO] running `Command { std: "docker" "exec" "-e" "SOURCE_DIR=/opt/rustwide/workdir" "-e" "CARGO_HOME=/opt/rustwide/cargo-home" "-e" "RUSTUP_HOME=/opt/rustwide/rustup-home" "-e" "CARGO_TARGET_DIR=/opt/rustwide/target" "-w" "/opt/rustwide/workdir" "--user" "0:0" "bbea1ea7a33664c2ffcf65df2d648786845f1b37413caff1d394d46bc6d2014e" "/opt/rustwide/cargo-home/bin/cargo" "+a5689b034ad287112f709693384a37f1377eb9cc" "metadata" "--no-deps" "--format-version=1", kill_on_drop: false }`
[INFO] running `Command { std: "docker" "inspect" "bbea1ea7a33664c2ffcf65df2d648786845f1b37413caff1d394d46bc6d2014e", kill_on_drop: false }`
[INFO] running `Command { std: "docker" "exec" "-e" "SOURCE_DIR=/opt/rustwide/workdir" "-e" "CARGO_HOME=/opt/rustwide/cargo-home" "-e" "RUSTUP_HOME=/opt/rustwide/rustup-home" "-e" "CARGO_TARGET_DIR=/opt/rustwide/target" "-e" "CARGO_INCREMENTAL=0" "-e" "RUST_BACKTRACE=full" "-e" "RUSTFLAGS=--cap-lints=forbid" "-e" "RUSTDOCFLAGS=--cap-lints=forbid" "-w" "/opt/rustwide/workdir" "--user" "0:0" "bbea1ea7a33664c2ffcf65df2d648786845f1b37413caff1d394d46bc6d2014e" "/opt/rustwide/cargo-home/bin/cargo" "+a5689b034ad287112f709693384a37f1377eb9cc" "check" "--frozen" "--all" "--all-targets" "--message-format=json", kill_on_drop: false }`
[INFO] [stderr] warning: `package.homepage` is redundant with `package.repository`
[INFO] [stderr]   --> Cargo.toml:65:12
[INFO] [stderr]    |
[INFO] [stderr] 65 | homepage = "https://github.com/gni/devcat"
[INFO] [stderr]    |            ^^^^^^^^^^^^^^^^^^^^^^^^^^^^^^^
[INFO] [stderr] ...
[INFO] [stderr] 70 | repository = "https://github.com/gni/devcat"
[INFO] [stderr]    |              -------------------------------
[INFO] [stderr]    |
[INFO] [stderr]    = note: `cargo::redundant_homepage` is set to `warn` by default
[INFO] [stderr] help: consider removing `package.homepage`
[INFO] [stderr] warning: `devcat` (manifest) generated 1 warning
[INFO] [stderr]     Checking regex-automata v0.4.14
[INFO] [stderr]    Compiling num-traits v0.2.19
[INFO] [stderr]     Checking inotify-sys v0.1.5
[INFO] [stderr]    Compiling serde_derive v1.0.228
[INFO] [stderr]     Checking bstr v1.12.1
[INFO] [stderr]     Checking winnow v1.0.0
[INFO] [stderr]    Compiling clap_derive v4.6.0
[INFO] [stderr]     Checking digest v0.10.7
[INFO] [stderr]     Checking inotify v0.11.1
[INFO] [stderr]     Checking notify-types v2.1.0
[INFO] [stderr]     Checking toml_datetime v0.7.5+spec-1.1.0
[INFO] [stderr]     Checking mio v1.1.1
[INFO] [stderr]     Checking toml_parser v1.1.0+spec-1.1.0
[INFO] [stderr]    Compiling thiserror-impl v2.0.18
[INFO] [stderr]     Checking serde_spanned v1.1.0
[INFO] [stderr]     Checking winnow v0.7.15
[INFO] [stderr]     Checking toml_writer v1.1.0+spec-1.1.0
[INFO] [stderr]     Checking jiff v0.2.23
[INFO] [stderr]     Checking sha2 v0.10.9
[INFO] [stderr]     Checking notify v8.2.0
[INFO] [stderr]     Checking similar v2.7.0
[INFO] [stderr]     Checking clap v4.6.0
[INFO] [stderr]     Checking thiserror v2.0.18
[INFO] [stderr]     Checking regex v1.12.3
[INFO] [stderr]     Checking globset v0.4.18
[INFO] [stderr]     Checking ignore v0.4.25
[INFO] [stderr]     Checking env_filter v1.0.1
[INFO] [stderr]     Checking serde v1.0.228
[INFO] [stderr]     Checking toml v0.9.12+spec-1.1.0
[INFO] [stderr]     Checking chrono v0.4.44
[INFO] [stderr]     Checking env_logger v0.11.10
[INFO] [stderr]     Checking devcat v0.1.5 (/opt/rustwide/workdir)
[INFO] [stdout] error: useless conversion to the same type: `error::Error`
[INFO] [stdout]   --> src/apply.rs:36:28
[INFO] [stdout]    |
[INFO] [stdout] 36 |                 return Err(crate::error::Error::Custom(format!("error: input_not_found, path={}", src.display())).into());
[INFO] [stdout]    |                            ^^^^^^^^^^^^^^^^^^^^^^^^^^^^^^^^^^^^^^^^^^^^^^^^^^^^^^^^^^^^^^^^^^^^^^^^^^^^^^^^^^^^^^^^^^^^^
[INFO] [stdout]    |
[INFO] [stdout]    = note: this method call relies on the `impl<T> Into<T> for T` blanket implementation and type inference, which is a semver hazard as a new `impl Into<_>` that affects your type might be added in the future causing type inference errors
[INFO] [stdout]    = note: `#[deny(self_type_conversion)]` on by default
[INFO] [stdout] help: consider removing the conversion call
[INFO] [stdout]    |
[INFO] [stdout] 36 -                 return Err(crate::error::Error::Custom(format!("error: input_not_found, path={}", src.display())).into());
[INFO] [stdout] 36 +                 return Err(crate::error::Error::Custom(format!("error: input_not_found, path={}", src.display())));
[INFO] [stdout]    |
[INFO] [stdout] help: you can use the fully-qualified path to avoid triggering this lint
[INFO] [stdout]    |
[INFO] [stdout] 36 -                 return Err(crate::error::Error::Custom(format!("error: input_not_found, path={}", src.display())).into());
[INFO] [stdout] 36 +                 return Err(<error::Error as Into<_>>::into(crate::error::Error::Custom(format!("error: input_not_found, path={}", src.display()))));
[INFO] [stdout]    |
[INFO] [stdout] 
[INFO] [stdout] 
[INFO] [stdout] error: useless conversion to the same type: `error::Error`
[INFO] [stdout]   --> src/split.rs:38:28
[INFO] [stdout]    |
[INFO] [stdout] 38 |                 return Err(crate::error::Error::Custom(format!("error: input_not_found, path={}", src.display())).into());
[INFO] [stdout]    |                            ^^^^^^^^^^^^^^^^^^^^^^^^^^^^^^^^^^^^^^^^^^^^^^^^^^^^^^^^^^^^^^^^^^^^^^^^^^^^^^^^^^^^^^^^^^^^^
[INFO] [stdout]    |
[INFO] [stdout]    = note: this method call relies on the `impl<T> Into<T> for T` blanket implementation and type inference, which is a semver hazard as a new `impl Into<_>` that affects your type might be added in the future causing type inference errors
[INFO] [stdout] help: consider removing the conversion call
[INFO] [stdout]    |
[INFO] [stdout] 38 -                 return Err(crate::error::Error::Custom(format!("error: input_not_found, path={}", src.display())).into());
[INFO] [stdout] 38 +                 return Err(crate::error::Error::Custom(format!("error: input_not_found, path={}", src.display())));
[INFO] [stdout]    |
[INFO] [stdout] help: you can use the fully-qualified path to avoid triggering this lint
[INFO] [stdout]    |
[INFO] [stdout] 38 -                 return Err(crate::error::Error::Custom(format!("error: input_not_found, path={}", src.display())).into());
[INFO] [stdout] 38 +                 return Err(<error::Error as Into<_>>::into(crate::error::Error::Custom(format!("error: input_not_found, path={}", src.display()))));
[INFO] [stdout]    |
[INFO] [stdout] 
[INFO] [stdout] 
[INFO] [stdout] error: useless conversion to the same type: `error::Error`
[INFO] [stdout]   --> src/split.rs:60:20
[INFO] [stdout]    |
[INFO] [stdout] 60 | ...rr(crate::error::Error::Custom("error: no_valid_file_sections_found. ensure_filename_precedes_code_block".to_string()).into());
[INFO] [stdout]    |       ^^^^^^^^^^^^^^^^^^^^^^^^^^^^^^^^^^^^^^^^^^^^^^^^^^^^^^^^^^^^^^^^^^^^^^^^^^^^^^^^^^^^^^^^^^^^^^^^^^^^^^^^^^^^^^^^^^^^^^^^^^
[INFO] [stdout]    |
[INFO] [stdout]    = note: this method call relies on the `impl<T> Into<T> for T` blanket implementation and type inference, which is a semver hazard as a new `impl Into<_>` that affects your type might be added in the future causing type inference errors
[INFO] [stdout] help: consider removing the conversion call
[INFO] [stdout]    |
[INFO] [stdout] 60 -         return Err(crate::error::Error::Custom("error: no_valid_file_sections_found. ensure_filename_precedes_code_block".to_string()).into());
[INFO] [stdout] 60 +         return Err(crate::error::Error::Custom("error: no_valid_file_sections_found. ensure_filename_precedes_code_block".to_string()));
[INFO] [stdout]    |
[INFO] [stdout] help: you can use the fully-qualified path to avoid triggering this lint
[INFO] [stdout]    |
[INFO] [stdout] 60 -         return Err(crate::error::Error::Custom("error: no_valid_file_sections_found. ensure_filename_precedes_code_block".to_string()).into());
[INFO] [stdout] 60 +         return Err(<error::Error as Into<_>>::into(crate::error::Error::Custom("error: no_valid_file_sections_found. ensure_filename_precedes_code_block".to_string())));
[INFO] [stdout]    |
[INFO] [stdout] 
[INFO] [stdout] 
[INFO] [stderr] error: could not compile `devcat` (bin "devcat" test) due to 3 previous errors
[INFO] [stderr] warning: build failed, waiting for other jobs to finish...
[INFO] [stdout] error: useless conversion to the same type: `error::Error`
[INFO] [stdout]   --> src/apply.rs:36:28
[INFO] [stdout]    |
[INFO] [stdout] 36 |                 return Err(crate::error::Error::Custom(format!("error: input_not_found, path={}", src.display())).into());
[INFO] [stdout]    |                            ^^^^^^^^^^^^^^^^^^^^^^^^^^^^^^^^^^^^^^^^^^^^^^^^^^^^^^^^^^^^^^^^^^^^^^^^^^^^^^^^^^^^^^^^^^^^^
[INFO] [stdout]    |
[INFO] [stdout]    = note: this method call relies on the `impl<T> Into<T> for T` blanket implementation and type inference, which is a semver hazard as a new `impl Into<_>` that affects your type might be added in the future causing type inference errors
[INFO] [stdout]    = note: `#[deny(self_type_conversion)]` on by default
[INFO] [stdout] help: consider removing the conversion call
[INFO] [stdout]    |
[INFO] [stdout] 36 -                 return Err(crate::error::Error::Custom(format!("error: input_not_found, path={}", src.display())).into());
[INFO] [stdout] 36 +                 return Err(crate::error::Error::Custom(format!("error: input_not_found, path={}", src.display())));
[INFO] [stdout]    |
[INFO] [stdout] help: you can use the fully-qualified path to avoid triggering this lint
[INFO] [stdout]    |
[INFO] [stdout] 36 -                 return Err(crate::error::Error::Custom(format!("error: input_not_found, path={}", src.display())).into());
[INFO] [stdout] 36 +                 return Err(<error::Error as Into<_>>::into(crate::error::Error::Custom(format!("error: input_not_found, path={}", src.display()))));
[INFO] [stdout]    |
[INFO] [stdout] 
[INFO] [stdout] 
[INFO] [stdout] error: useless conversion to the same type: `error::Error`
[INFO] [stdout]   --> src/split.rs:38:28
[INFO] [stdout]    |
[INFO] [stdout] 38 |                 return Err(crate::error::Error::Custom(format!("error: input_not_found, path={}", src.display())).into());
[INFO] [stdout]    |                            ^^^^^^^^^^^^^^^^^^^^^^^^^^^^^^^^^^^^^^^^^^^^^^^^^^^^^^^^^^^^^^^^^^^^^^^^^^^^^^^^^^^^^^^^^^^^^
[INFO] [stdout]    |
[INFO] [stdout]    = note: this method call relies on the `impl<T> Into<T> for T` blanket implementation and type inference, which is a semver hazard as a new `impl Into<_>` that affects your type might be added in the future causing type inference errors
[INFO] [stdout] help: consider removing the conversion call
[INFO] [stdout]    |
[INFO] [stdout] 38 -                 return Err(crate::error::Error::Custom(format!("error: input_not_found, path={}", src.display())).into());
[INFO] [stdout] 38 +                 return Err(crate::error::Error::Custom(format!("error: input_not_found, path={}", src.display())));
[INFO] [stdout]    |
[INFO] [stdout] help: you can use the fully-qualified path to avoid triggering this lint
[INFO] [stdout]    |
[INFO] [stdout] 38 -                 return Err(crate::error::Error::Custom(format!("error: input_not_found, path={}", src.display())).into());
[INFO] [stdout] 38 +                 return Err(<error::Error as Into<_>>::into(crate::error::Error::Custom(format!("error: input_not_found, path={}", src.display()))));
[INFO] [stdout]    |
[INFO] [stdout] 
[INFO] [stdout] 
[INFO] [stdout] error: useless conversion to the same type: `error::Error`
[INFO] [stdout]   --> src/split.rs:60:20
[INFO] [stdout]    |
[INFO] [stdout] 60 | ...rr(crate::error::Error::Custom("error: no_valid_file_sections_found. ensure_filename_precedes_code_block".to_string()).into());
[INFO] [stdout]    |       ^^^^^^^^^^^^^^^^^^^^^^^^^^^^^^^^^^^^^^^^^^^^^^^^^^^^^^^^^^^^^^^^^^^^^^^^^^^^^^^^^^^^^^^^^^^^^^^^^^^^^^^^^^^^^^^^^^^^^^^^^^
[INFO] [stdout]    |
[INFO] [stdout]    = note: this method call relies on the `impl<T> Into<T> for T` blanket implementation and type inference, which is a semver hazard as a new `impl Into<_>` that affects your type might be added in the future causing type inference errors
[INFO] [stdout] help: consider removing the conversion call
[INFO] [stdout]    |
[INFO] [stdout] 60 -         return Err(crate::error::Error::Custom("error: no_valid_file_sections_found. ensure_filename_precedes_code_block".to_string()).into());
[INFO] [stdout] 60 +         return Err(crate::error::Error::Custom("error: no_valid_file_sections_found. ensure_filename_precedes_code_block".to_string()));
[INFO] [stdout]    |
[INFO] [stdout] help: you can use the fully-qualified path to avoid triggering this lint
[INFO] [stdout]    |
[INFO] [stdout] 60 -         return Err(crate::error::Error::Custom("error: no_valid_file_sections_found. ensure_filename_precedes_code_block".to_string()).into());
[INFO] [stdout] 60 +         return Err(<error::Error as Into<_>>::into(crate::error::Error::Custom("error: no_valid_file_sections_found. ensure_filename_precedes_code_block".to_string())));
[INFO] [stdout]    |
[INFO] [stdout] 
[INFO] [stdout] 
[INFO] [stderr] error: could not compile `devcat` (bin "devcat") due to 3 previous errors
[INFO] [stderr] warning: unused dependency `humantime`
[INFO] [stderr]   --> Cargo.toml:19:15
[INFO] [stderr]    |
[INFO] [stderr] 19 | [dependencies.humantime]
[INFO] [stderr]    |               ^^^^^^^^^^
[INFO] [stderr]    |
[INFO] [stderr]    = note: `cargo::unused_dependencies` is set to `warn` by default
[INFO] [stderr] help: consider removing the dependency on `humantime`
[INFO] [stderr] warning: `devcat` (manifest) generated 1 warning
[INFO] running `Command { std: "docker" "inspect" "bbea1ea7a33664c2ffcf65df2d648786845f1b37413caff1d394d46bc6d2014e", kill_on_drop: false }`
[INFO] running `Command { std: "docker" "rm" "-f" "bbea1ea7a33664c2ffcf65df2d648786845f1b37413caff1d394d46bc6d2014e", kill_on_drop: false }`
[INFO] [stdout] bbea1ea7a33664c2ffcf65df2d648786845f1b37413caff1d394d46bc6d2014e
