[INFO] fetching crate dameng_rust_sdk 0.1.3...
[INFO] checking dameng_rust_sdk-0.1.3 against a5689b034ad287112f709693384a37f1377eb9cc for pr-129249-3
[INFO] extracting crate dameng_rust_sdk 0.1.3 into /workspace/builds/worker-4-tc2/source
[INFO] started tweaking crates.io crate dameng_rust_sdk 0.1.3
[INFO] finished tweaking crates.io crate dameng_rust_sdk 0.1.3
[INFO] tweaked toml for crates.io crate dameng_rust_sdk 0.1.3 written to /workspace/builds/worker-4-tc2/source/Cargo.toml
[INFO] validating manifest of crates.io crate dameng_rust_sdk 0.1.3 on toolchain a5689b034ad287112f709693384a37f1377eb9cc
[INFO] running `Command { std: CARGO_HOME="/workspace/cargo-home" RUSTUP_HOME="/workspace/rustup-home" "/workspace/cargo-home/bin/cargo" "+a5689b034ad287112f709693384a37f1377eb9cc" "metadata" "--manifest-path" "Cargo.toml" "--no-deps", kill_on_drop: false }`
[INFO] crate crates.io crate dameng_rust_sdk 0.1.3 already has a lockfile, it will not be regenerated
[INFO] running `Command { std: CARGO_HOME="/workspace/cargo-home" RUSTUP_HOME="/workspace/rustup-home" "/workspace/cargo-home/bin/cargo" "+a5689b034ad287112f709693384a37f1377eb9cc" "fetch" "--manifest-path" "Cargo.toml", kill_on_drop: false }`
[INFO] running `Command { std: "docker" "create" "-v" "/var/lib/crater-agent-workspace/builds/worker-4-tc2/source:/opt/rustwide/workdir:ro,Z" "-v" "/var/lib/crater-agent-workspace/builds/worker-4-tc2/target:/opt/rustwide/target:rw,Z" "-v" "/var/lib/crater-agent-workspace/cargo-home:/opt/rustwide/cargo-home:ro,Z" "-v" "/var/lib/crater-agent-workspace/rustup-home:/opt/rustwide/rustup-home:ro,Z" "-m" "1610612736" "--network" "none" "ghcr.io/rust-lang/crates-build-env/linux@sha256:77db811e55d90add9212f6832c23229e3de5f1c1f9905e8cb07319ea15df73ac" "sleep" "infinity", kill_on_drop: false }`
[INFO] [stdout] b9fe47ed6b390b7399a871b0947af4c020097c76c3d80046c93e34cb6cfb1397
[INFO] running `Command { std: "docker" "start" "b9fe47ed6b390b7399a871b0947af4c020097c76c3d80046c93e34cb6cfb1397", kill_on_drop: false }`
[INFO] running `Command { std: "docker" "inspect" "b9fe47ed6b390b7399a871b0947af4c020097c76c3d80046c93e34cb6cfb1397", kill_on_drop: false }`
[INFO] running `Command { std: "docker" "exec" "-e" "SOURCE_DIR=/opt/rustwide/workdir" "-e" "CARGO_HOME=/opt/rustwide/cargo-home" "-e" "RUSTUP_HOME=/opt/rustwide/rustup-home" "-e" "CARGO_TARGET_DIR=/opt/rustwide/target" "-w" "/opt/rustwide/workdir" "--user" "0:0" "b9fe47ed6b390b7399a871b0947af4c020097c76c3d80046c93e34cb6cfb1397" "/opt/rustwide/cargo-home/bin/cargo" "+a5689b034ad287112f709693384a37f1377eb9cc" "metadata" "--no-deps" "--format-version=1", kill_on_drop: false }`
[INFO] running `Command { std: "docker" "inspect" "b9fe47ed6b390b7399a871b0947af4c020097c76c3d80046c93e34cb6cfb1397", kill_on_drop: false }`
[INFO] running `Command { std: "docker" "exec" "-e" "SOURCE_DIR=/opt/rustwide/workdir" "-e" "CARGO_HOME=/opt/rustwide/cargo-home" "-e" "RUSTUP_HOME=/opt/rustwide/rustup-home" "-e" "CARGO_TARGET_DIR=/opt/rustwide/target" "-e" "CARGO_INCREMENTAL=0" "-e" "RUST_BACKTRACE=full" "-e" "RUSTFLAGS=--cap-lints=forbid" "-e" "RUSTDOCFLAGS=--cap-lints=forbid" "-w" "/opt/rustwide/workdir" "--user" "0:0" "b9fe47ed6b390b7399a871b0947af4c020097c76c3d80046c93e34cb6cfb1397" "/opt/rustwide/cargo-home/bin/cargo" "+a5689b034ad287112f709693384a37f1377eb9cc" "check" "--frozen" "--all" "--all-targets" "--message-format=json", kill_on_drop: false }`
[INFO] [stderr]    Compiling unicode-ident v1.0.22
[INFO] [stderr]    Compiling quote v1.0.44
[INFO] [stderr]    Compiling autocfg v1.5.0
[INFO] [stderr]     Checking memchr v2.7.6
[INFO] [stderr]    Compiling libc v0.2.180
[INFO] [stderr]     Checking regex-syntax v0.8.8
[INFO] [stderr]    Compiling zmij v1.0.17
[INFO] [stderr]     Checking log v0.4.29
[INFO] [stderr]    Compiling odbc-sys v0.24.0
[INFO] [stderr]    Compiling anyhow v1.0.100
[INFO] [stderr]    Compiling serde_json v1.0.149
[INFO] [stderr]    Compiling rustix v1.1.3
[INFO] [stderr]    Compiling proc-macro2 v1.0.106
[INFO] [stderr]     Checking linux-raw-sys v0.11.0
[INFO] [stderr]     Checking bitflags v2.10.0
[INFO] [stderr]     Checking anstyle v1.0.13
[INFO] [stderr]     Checking widestring v1.2.1
[INFO] [stderr]     Checking itoa v1.0.17
[INFO] [stderr]     Checking jiff v0.2.18
[INFO] [stderr]     Checking once_cell v1.21.3
[INFO] [stderr]    Compiling num-traits v0.2.19
[INFO] [stderr]     Checking anstream v0.6.21
[INFO] [stderr]     Checking aho-corasick v1.1.4
[INFO] [stderr]    Compiling syn v2.0.114
[INFO] [stderr]     Checking atoi v2.0.0
[INFO] [stderr]     Checking getrandom v0.3.4
[INFO] [stderr]     Checking regex-automata v0.4.13
[INFO] [stderr]     Checking tempfile v3.24.0
[INFO] [stderr]    Compiling serde_derive v1.0.228
[INFO] [stderr]    Compiling thiserror-impl v1.0.69
[INFO] [stderr]    Compiling odbc-api-derive v8.1.4
[INFO] [stderr]     Checking thiserror v1.0.69
[INFO] [stderr]     Checking odbc-api v8.1.4
[INFO] [stderr]     Checking regex v1.12.2
[INFO] [stderr]     Checking env_filter v0.1.4
[INFO] [stderr]     Checking env_logger v0.11.8
[INFO] [stderr]     Checking serde v1.0.228
[INFO] [stderr]     Checking chrono v0.4.43
[INFO] [stderr]     Checking dameng_rust_sdk v0.1.3 (/opt/rustwide/workdir)
[INFO] [stdout] error: useless conversion to the same type: `error::Error`
[INFO] [stdout]    --> src/types.rs:120:38
[INFO] [stdout]     |
[INFO] [stdout] 120 |         value.as_int().ok_or_else(|| Error::type_conversion("Expected integer value").into())
[INFO] [stdout]     |                                      ^^^^^^^^^^^^^^^^^^^^^^^^^^^^^^^^^^^^^^^^^^^^^^^^^^^^^^^
[INFO] [stdout]     |
[INFO] [stdout]     = note: this method call relies on the `impl<T> Into<T> for T` blanket implementation and type inference, which is a semver hazard as a new `impl Into<_>` that affects your type might be added in the future causing type inference errors
[INFO] [stdout]     = note: `#[deny(self_type_conversion)]` on by default
[INFO] [stdout] help: consider removing the conversion call
[INFO] [stdout]     |
[INFO] [stdout] 120 -         value.as_int().ok_or_else(|| Error::type_conversion("Expected integer value").into())
[INFO] [stdout] 120 +         value.as_int().ok_or_else(|| Error::type_conversion("Expected integer value"))
[INFO] [stdout]     |
[INFO] [stdout] help: you can use the fully-qualified path to avoid triggering this lint
[INFO] [stdout]     |
[INFO] [stdout] 120 -         value.as_int().ok_or_else(|| Error::type_conversion("Expected integer value").into())
[INFO] [stdout] 120 +         value.as_int().ok_or_else(|| <error::Error as Into<_>>::into(Error::type_conversion("Expected integer value")))
[INFO] [stdout]     |
[INFO] [stdout] 
[INFO] [stdout] 
[INFO] [stdout] error: useless conversion to the same type: `error::Error`
[INFO] [stdout]    --> src/types.rs:126:42
[INFO] [stdout]     |
[INFO] [stdout] 126 |         value.as_big_int().ok_or_else(|| Error::type_conversion("Expected big integer value").into())
[INFO] [stdout]     |                                          ^^^^^^^^^^^^^^^^^^^^^^^^^^^^^^^^^^^^^^^^^^^^^^^^^^^^^^^^^^^
[INFO] [stdout]     |
[INFO] [stdout]     = note: this method call relies on the `impl<T> Into<T> for T` blanket implementation and type inference, which is a semver hazard as a new `impl Into<_>` that affects your type might be added in the future causing type inference errors
[INFO] [stdout] help: consider removing the conversion call
[INFO] [stdout]     |
[INFO] [stdout] 126 -         value.as_big_int().ok_or_else(|| Error::type_conversion("Expected big integer value").into())
[INFO] [stdout] 126 +         value.as_big_int().ok_or_else(|| Error::type_conversion("Expected big integer value"))
[INFO] [stdout]     |
[INFO] [stdout] help: you can use the fully-qualified path to avoid triggering this lint
[INFO] [stdout]     |
[INFO] [stdout] 126 -         value.as_big_int().ok_or_else(|| Error::type_conversion("Expected big integer value").into())
[INFO] [stdout] 126 +         value.as_big_int().ok_or_else(|| <error::Error as Into<_>>::into(Error::type_conversion("Expected big integer value")))
[INFO] [stdout]     |
[INFO] [stdout] 
[INFO] [stdout] 
[INFO] [stdout] error: useless conversion to the same type: `error::Error`
[INFO] [stdout]    --> src/types.rs:132:40
[INFO] [stdout]     |
[INFO] [stdout] 132 |         value.as_float().ok_or_else(|| Error::type_conversion("Expected float value").into())
[INFO] [stdout]     |                                        ^^^^^^^^^^^^^^^^^^^^^^^^^^^^^^^^^^^^^^^^^^^^^^^^^^^^^
[INFO] [stdout]     |
[INFO] [stdout]     = note: this method call relies on the `impl<T> Into<T> for T` blanket implementation and type inference, which is a semver hazard as a new `impl Into<_>` that affects your type might be added in the future causing type inference errors
[INFO] [stdout] help: consider removing the conversion call
[INFO] [stdout]     |
[INFO] [stdout] 132 -         value.as_float().ok_or_else(|| Error::type_conversion("Expected float value").into())
[INFO] [stdout] 132 +         value.as_float().ok_or_else(|| Error::type_conversion("Expected float value"))
[INFO] [stdout]     |
[INFO] [stdout] help: you can use the fully-qualified path to avoid triggering this lint
[INFO] [stdout]     |
[INFO] [stdout] 132 -         value.as_float().ok_or_else(|| Error::type_conversion("Expected float value").into())
[INFO] [stdout] 132 +         value.as_float().ok_or_else(|| <error::Error as Into<_>>::into(Error::type_conversion("Expected float value")))
[INFO] [stdout]     |
[INFO] [stdout] 
[INFO] [stdout] 
[INFO] [stdout] error: useless conversion to the same type: `error::Error`
[INFO] [stdout]    --> src/types.rs:146:22
[INFO] [stdout]     |
[INFO] [stdout] 146 |             _ => Err(Error::type_conversion("Expected string value").into()),
[INFO] [stdout]     |                      ^^^^^^^^^^^^^^^^^^^^^^^^^^^^^^^^^^^^^^^^^^^^^^^^^^^^^^
[INFO] [stdout]     |
[INFO] [stdout]     = note: this method call relies on the `impl<T> Into<T> for T` blanket implementation and type inference, which is a semver hazard as a new `impl Into<_>` that affects your type might be added in the future causing type inference errors
[INFO] [stdout] help: consider removing the conversion call
[INFO] [stdout]     |
[INFO] [stdout] 146 -             _ => Err(Error::type_conversion("Expected string value").into()),
[INFO] [stdout] 146 +             _ => Err(Error::type_conversion("Expected string value")),
[INFO] [stdout]     |
[INFO] [stdout] help: you can use the fully-qualified path to avoid triggering this lint
[INFO] [stdout]     |
[INFO] [stdout] 146 -             _ => Err(Error::type_conversion("Expected string value").into()),
[INFO] [stdout] 146 +             _ => Err(<error::Error as Into<_>>::into(Error::type_conversion("Expected string value"))),
[INFO] [stdout]     |
[INFO] [stdout] 
[INFO] [stdout] 
[INFO] [stdout] error: useless conversion to the same type: `error::Error`
[INFO] [stdout]    --> src/types.rs:153:39
[INFO] [stdout]     |
[INFO] [stdout] 153 |         value.as_bool().ok_or_else(|| Error::type_conversion("Expected boolean value").into())
[INFO] [stdout]     |                                       ^^^^^^^^^^^^^^^^^^^^^^^^^^^^^^^^^^^^^^^^^^^^^^^^^^^^^^^
[INFO] [stdout]     |
[INFO] [stdout]     = note: this method call relies on the `impl<T> Into<T> for T` blanket implementation and type inference, which is a semver hazard as a new `impl Into<_>` that affects your type might be added in the future causing type inference errors
[INFO] [stdout] help: consider removing the conversion call
[INFO] [stdout]     |
[INFO] [stdout] 153 -         value.as_bool().ok_or_else(|| Error::type_conversion("Expected boolean value").into())
[INFO] [stdout] 153 +         value.as_bool().ok_or_else(|| Error::type_conversion("Expected boolean value"))
[INFO] [stdout]     |
[INFO] [stdout] help: you can use the fully-qualified path to avoid triggering this lint
[INFO] [stdout]     |
[INFO] [stdout] 153 -         value.as_bool().ok_or_else(|| Error::type_conversion("Expected boolean value").into())
[INFO] [stdout] 153 +         value.as_bool().ok_or_else(|| <error::Error as Into<_>>::into(Error::type_conversion("Expected boolean value")))
[INFO] [stdout]     |
[INFO] [stdout] 
[INFO] [stdout] 
[INFO] [stdout] error: useless conversion to the same type: `error::Error`
[INFO] [stdout]    --> src/types.rs:159:48
[INFO] [stdout]     |
[INFO] [stdout] 159 |         value.as_date().cloned().ok_or_else(|| Error::type_conversion("Expected date value").into())
[INFO] [stdout]     |                                                ^^^^^^^^^^^^^^^^^^^^^^^^^^^^^^^^^^^^^^^^^^^^^^^^^^^^
[INFO] [stdout]     |
[INFO] [stdout]     = note: this method call relies on the `impl<T> Into<T> for T` blanket implementation and type inference, which is a semver hazard as a new `impl Into<_>` that affects your type might be added in the future causing type inference errors
[INFO] [stdout] help: consider removing the conversion call
[INFO] [stdout]     |
[INFO] [stdout] 159 -         value.as_date().cloned().ok_or_else(|| Error::type_conversion("Expected date value").into())
[INFO] [stdout] 159 +         value.as_date().cloned().ok_or_else(|| Error::type_conversion("Expected date value"))
[INFO] [stdout]     |
[INFO] [stdout] help: you can use the fully-qualified path to avoid triggering this lint
[INFO] [stdout]     |
[INFO] [stdout] 159 -         value.as_date().cloned().ok_or_else(|| Error::type_conversion("Expected date value").into())
[INFO] [stdout] 159 +         value.as_date().cloned().ok_or_else(|| <error::Error as Into<_>>::into(Error::type_conversion("Expected date value")))
[INFO] [stdout]     |
[INFO] [stdout] 
[INFO] [stdout] 
[INFO] [stdout] error: useless conversion to the same type: `error::Error`
[INFO] [stdout]    --> src/types.rs:165:52
[INFO] [stdout]     |
[INFO] [stdout] 165 |         value.as_datetime().cloned().ok_or_else(|| Error::type_conversion("Expected datetime value").into())
[INFO] [stdout]     |                                                    ^^^^^^^^^^^^^^^^^^^^^^^^^^^^^^^^^^^^^^^^^^^^^^^^^^^^^^^^
[INFO] [stdout]     |
[INFO] [stdout]     = note: this method call relies on the `impl<T> Into<T> for T` blanket implementation and type inference, which is a semver hazard as a new `impl Into<_>` that affects your type might be added in the future causing type inference errors
[INFO] [stdout] help: consider removing the conversion call
[INFO] [stdout]     |
[INFO] [stdout] 165 -         value.as_datetime().cloned().ok_or_else(|| Error::type_conversion("Expected datetime value").into())
[INFO] [stdout] 165 +         value.as_datetime().cloned().ok_or_else(|| Error::type_conversion("Expected datetime value"))
[INFO] [stdout]     |
[INFO] [stdout] help: you can use the fully-qualified path to avoid triggering this lint
[INFO] [stdout]     |
[INFO] [stdout] 165 -         value.as_datetime().cloned().ok_or_else(|| Error::type_conversion("Expected datetime value").into())
[INFO] [stdout] 165 +         value.as_datetime().cloned().ok_or_else(|| <error::Error as Into<_>>::into(Error::type_conversion("Expected datetime value")))
[INFO] [stdout]     |
[INFO] [stdout] 
[INFO] [stdout] 
[INFO] [stderr] error: could not compile `dameng_rust_sdk` (lib test) due to 7 previous errors
[INFO] [stderr] warning: build failed, waiting for other jobs to finish...
[INFO] [stdout] error: useless conversion to the same type: `error::Error`
[INFO] [stdout]    --> src/types.rs:120:38
[INFO] [stdout]     |
[INFO] [stdout] 120 |         value.as_int().ok_or_else(|| Error::type_conversion("Expected integer value").into())
[INFO] [stdout]     |                                      ^^^^^^^^^^^^^^^^^^^^^^^^^^^^^^^^^^^^^^^^^^^^^^^^^^^^^^^
[INFO] [stdout]     |
[INFO] [stdout]     = note: this method call relies on the `impl<T> Into<T> for T` blanket implementation and type inference, which is a semver hazard as a new `impl Into<_>` that affects your type might be added in the future causing type inference errors
[INFO] [stdout]     = note: `#[deny(self_type_conversion)]` on by default
[INFO] [stdout] help: consider removing the conversion call
[INFO] [stdout]     |
[INFO] [stdout] 120 -         value.as_int().ok_or_else(|| Error::type_conversion("Expected integer value").into())
[INFO] [stdout] 120 +         value.as_int().ok_or_else(|| Error::type_conversion("Expected integer value"))
[INFO] [stdout]     |
[INFO] [stdout] help: you can use the fully-qualified path to avoid triggering this lint
[INFO] [stdout]     |
[INFO] [stdout] 120 -         value.as_int().ok_or_else(|| Error::type_conversion("Expected integer value").into())
[INFO] [stdout] 120 +         value.as_int().ok_or_else(|| <error::Error as Into<_>>::into(Error::type_conversion("Expected integer value")))
[INFO] [stdout]     |
[INFO] [stdout] 
[INFO] [stdout] 
[INFO] [stdout] error: useless conversion to the same type: `error::Error`
[INFO] [stdout]    --> src/types.rs:126:42
[INFO] [stdout]     |
[INFO] [stdout] 126 |         value.as_big_int().ok_or_else(|| Error::type_conversion("Expected big integer value").into())
[INFO] [stdout]     |                                          ^^^^^^^^^^^^^^^^^^^^^^^^^^^^^^^^^^^^^^^^^^^^^^^^^^^^^^^^^^^
[INFO] [stdout]     |
[INFO] [stdout]     = note: this method call relies on the `impl<T> Into<T> for T` blanket implementation and type inference, which is a semver hazard as a new `impl Into<_>` that affects your type might be added in the future causing type inference errors
[INFO] [stdout] help: consider removing the conversion call
[INFO] [stdout]     |
[INFO] [stdout] 126 -         value.as_big_int().ok_or_else(|| Error::type_conversion("Expected big integer value").into())
[INFO] [stdout] 126 +         value.as_big_int().ok_or_else(|| Error::type_conversion("Expected big integer value"))
[INFO] [stdout]     |
[INFO] [stdout] help: you can use the fully-qualified path to avoid triggering this lint
[INFO] [stdout]     |
[INFO] [stdout] 126 -         value.as_big_int().ok_or_else(|| Error::type_conversion("Expected big integer value").into())
[INFO] [stdout] 126 +         value.as_big_int().ok_or_else(|| <error::Error as Into<_>>::into(Error::type_conversion("Expected big integer value")))
[INFO] [stdout]     |
[INFO] [stdout] 
[INFO] [stdout] 
[INFO] [stdout] error: useless conversion to the same type: `error::Error`
[INFO] [stdout]    --> src/types.rs:132:40
[INFO] [stdout]     |
[INFO] [stdout] 132 |         value.as_float().ok_or_else(|| Error::type_conversion("Expected float value").into())
[INFO] [stdout]     |                                        ^^^^^^^^^^^^^^^^^^^^^^^^^^^^^^^^^^^^^^^^^^^^^^^^^^^^^
[INFO] [stdout]     |
[INFO] [stdout]     = note: this method call relies on the `impl<T> Into<T> for T` blanket implementation and type inference, which is a semver hazard as a new `impl Into<_>` that affects your type might be added in the future causing type inference errors
[INFO] [stdout] help: consider removing the conversion call
[INFO] [stdout]     |
[INFO] [stdout] 132 -         value.as_float().ok_or_else(|| Error::type_conversion("Expected float value").into())
[INFO] [stdout] 132 +         value.as_float().ok_or_else(|| Error::type_conversion("Expected float value"))
[INFO] [stdout]     |
[INFO] [stdout] help: you can use the fully-qualified path to avoid triggering this lint
[INFO] [stdout]     |
[INFO] [stdout] 132 -         value.as_float().ok_or_else(|| Error::type_conversion("Expected float value").into())
[INFO] [stdout] 132 +         value.as_float().ok_or_else(|| <error::Error as Into<_>>::into(Error::type_conversion("Expected float value")))
[INFO] [stdout]     |
[INFO] [stdout] 
[INFO] [stdout] 
[INFO] [stdout] error: useless conversion to the same type: `error::Error`
[INFO] [stdout]    --> src/types.rs:146:22
[INFO] [stdout]     |
[INFO] [stdout] 146 |             _ => Err(Error::type_conversion("Expected string value").into()),
[INFO] [stdout]     |                      ^^^^^^^^^^^^^^^^^^^^^^^^^^^^^^^^^^^^^^^^^^^^^^^^^^^^^^
[INFO] [stdout]     |
[INFO] [stdout]     = note: this method call relies on the `impl<T> Into<T> for T` blanket implementation and type inference, which is a semver hazard as a new `impl Into<_>` that affects your type might be added in the future causing type inference errors
[INFO] [stdout] help: consider removing the conversion call
[INFO] [stdout]     |
[INFO] [stdout] 146 -             _ => Err(Error::type_conversion("Expected string value").into()),
[INFO] [stdout] 146 +             _ => Err(Error::type_conversion("Expected string value")),
[INFO] [stdout]     |
[INFO] [stdout] help: you can use the fully-qualified path to avoid triggering this lint
[INFO] [stdout]     |
[INFO] [stdout] 146 -             _ => Err(Error::type_conversion("Expected string value").into()),
[INFO] [stdout] 146 +             _ => Err(<error::Error as Into<_>>::into(Error::type_conversion("Expected string value"))),
[INFO] [stdout]     |
[INFO] [stdout] 
[INFO] [stdout] 
[INFO] [stdout] error: useless conversion to the same type: `error::Error`
[INFO] [stdout]    --> src/types.rs:153:39
[INFO] [stdout]     |
[INFO] [stdout] 153 |         value.as_bool().ok_or_else(|| Error::type_conversion("Expected boolean value").into())
[INFO] [stdout]     |                                       ^^^^^^^^^^^^^^^^^^^^^^^^^^^^^^^^^^^^^^^^^^^^^^^^^^^^^^^
[INFO] [stdout]     |
[INFO] [stdout]     = note: this method call relies on the `impl<T> Into<T> for T` blanket implementation and type inference, which is a semver hazard as a new `impl Into<_>` that affects your type might be added in the future causing type inference errors
[INFO] [stdout] help: consider removing the conversion call
[INFO] [stdout]     |
[INFO] [stdout] 153 -         value.as_bool().ok_or_else(|| Error::type_conversion("Expected boolean value").into())
[INFO] [stdout] 153 +         value.as_bool().ok_or_else(|| Error::type_conversion("Expected boolean value"))
[INFO] [stdout]     |
[INFO] [stdout] help: you can use the fully-qualified path to avoid triggering this lint
[INFO] [stdout]     |
[INFO] [stdout] 153 -         value.as_bool().ok_or_else(|| Error::type_conversion("Expected boolean value").into())
[INFO] [stdout] 153 +         value.as_bool().ok_or_else(|| <error::Error as Into<_>>::into(Error::type_conversion("Expected boolean value")))
[INFO] [stdout]     |
[INFO] [stdout] 
[INFO] [stdout] 
[INFO] [stdout] error: useless conversion to the same type: `error::Error`
[INFO] [stdout]    --> src/types.rs:159:48
[INFO] [stdout]     |
[INFO] [stdout] 159 |         value.as_date().cloned().ok_or_else(|| Error::type_conversion("Expected date value").into())
[INFO] [stdout]     |                                                ^^^^^^^^^^^^^^^^^^^^^^^^^^^^^^^^^^^^^^^^^^^^^^^^^^^^
[INFO] [stdout]     |
[INFO] [stdout]     = note: this method call relies on the `impl<T> Into<T> for T` blanket implementation and type inference, which is a semver hazard as a new `impl Into<_>` that affects your type might be added in the future causing type inference errors
[INFO] [stdout] help: consider removing the conversion call
[INFO] [stdout]     |
[INFO] [stdout] 159 -         value.as_date().cloned().ok_or_else(|| Error::type_conversion("Expected date value").into())
[INFO] [stdout] 159 +         value.as_date().cloned().ok_or_else(|| Error::type_conversion("Expected date value"))
[INFO] [stdout]     |
[INFO] [stdout] help: you can use the fully-qualified path to avoid triggering this lint
[INFO] [stdout]     |
[INFO] [stdout] 159 -         value.as_date().cloned().ok_or_else(|| Error::type_conversion("Expected date value").into())
[INFO] [stdout] 159 +         value.as_date().cloned().ok_or_else(|| <error::Error as Into<_>>::into(Error::type_conversion("Expected date value")))
[INFO] [stdout]     |
[INFO] [stdout] 
[INFO] [stdout] 
[INFO] [stdout] error: useless conversion to the same type: `error::Error`
[INFO] [stdout]    --> src/types.rs:165:52
[INFO] [stdout]     |
[INFO] [stdout] 165 |         value.as_datetime().cloned().ok_or_else(|| Error::type_conversion("Expected datetime value").into())
[INFO] [stdout]     |                                                    ^^^^^^^^^^^^^^^^^^^^^^^^^^^^^^^^^^^^^^^^^^^^^^^^^^^^^^^^
[INFO] [stdout]     |
[INFO] [stdout]     = note: this method call relies on the `impl<T> Into<T> for T` blanket implementation and type inference, which is a semver hazard as a new `impl Into<_>` that affects your type might be added in the future causing type inference errors
[INFO] [stdout] help: consider removing the conversion call
[INFO] [stdout]     |
[INFO] [stdout] 165 -         value.as_datetime().cloned().ok_or_else(|| Error::type_conversion("Expected datetime value").into())
[INFO] [stdout] 165 +         value.as_datetime().cloned().ok_or_else(|| Error::type_conversion("Expected datetime value"))
[INFO] [stdout]     |
[INFO] [stdout] help: you can use the fully-qualified path to avoid triggering this lint
[INFO] [stdout]     |
[INFO] [stdout] 165 -         value.as_datetime().cloned().ok_or_else(|| Error::type_conversion("Expected datetime value").into())
[INFO] [stdout] 165 +         value.as_datetime().cloned().ok_or_else(|| <error::Error as Into<_>>::into(Error::type_conversion("Expected datetime value")))
[INFO] [stdout]     |
[INFO] [stdout] 
[INFO] [stdout] 
[INFO] [stderr] error: could not compile `dameng_rust_sdk` (lib) due to 7 previous errors
[INFO] [stderr] warning: unused dependency `anyhow`
[INFO] [stderr]  --> Cargo.toml:6:15
[INFO] [stderr]   |
[INFO] [stderr] 6 | [dependencies.anyhow]
[INFO] [stderr]   |               ^^^^^^^
[INFO] [stderr]   |
[INFO] [stderr]   = note: `cargo::unused_dependencies` is set to `warn` by default
[INFO] [stderr] help: consider removing the dependency on `anyhow`
[INFO] [stderr] warning: unused dependency `serde_json`
[INFO] [stderr]   --> Cargo.toml:32:15
[INFO] [stderr]    |
[INFO] [stderr] 32 | [dependencies.serde_json]
[INFO] [stderr]    |               ^^^^^^^^^^^
[INFO] [stderr]    |
[INFO] [stderr] help: consider removing the dependency on `serde_json`
[INFO] [stderr] warning: `dameng_rust_sdk` (manifest) generated 2 warnings
[INFO] running `Command { std: "docker" "inspect" "b9fe47ed6b390b7399a871b0947af4c020097c76c3d80046c93e34cb6cfb1397", kill_on_drop: false }`
[INFO] running `Command { std: "docker" "rm" "-f" "b9fe47ed6b390b7399a871b0947af4c020097c76c3d80046c93e34cb6cfb1397", kill_on_drop: false }`
[INFO] [stdout] b9fe47ed6b390b7399a871b0947af4c020097c76c3d80046c93e34cb6cfb1397
