[INFO] cloning repository https://github.com/ROBOT-IS-CHILL/macrosia-glue
[INFO] running `Command { std: "git" "-c" "credential.helper=" "-c" "credential.helper=/workspace/cargo-home/bin/git-credential-null" "clone" "--bare" "https://github.com/ROBOT-IS-CHILL/macrosia-glue" "/workspace/cache/git-repos/https%3A%2F%2Fgithub.com%2FROBOT-IS-CHILL%2Fmacrosia-glue", kill_on_drop: false }`
[INFO] [stderr] Cloning into bare repository '/workspace/cache/git-repos/https%3A%2F%2Fgithub.com%2FROBOT-IS-CHILL%2Fmacrosia-glue'...
[INFO] running `Command { std: "git" "rev-parse" "HEAD", kill_on_drop: false }`
[INFO] [stdout] ecad48017add5d0bab18adf927aa024a4be9295c
[INFO] checking ROBOT-IS-CHILL/macrosia-glue against a5689b034ad287112f709693384a37f1377eb9cc for pr-129249-3
[INFO] running `Command { std: "git" "clone" "/workspace/cache/git-repos/https%3A%2F%2Fgithub.com%2FROBOT-IS-CHILL%2Fmacrosia-glue" "/workspace/builds/worker-0-tc2/source", kill_on_drop: false }`
[INFO] [stderr] Cloning into '/workspace/builds/worker-0-tc2/source'...
[INFO] [stderr] done.
[INFO] removed /workspace/builds/worker-0-tc2/source/rust-toolchain.toml
[INFO] started tweaking git repo https://github.com/ROBOT-IS-CHILL/macrosia-glue
[INFO] finished tweaking git repo https://github.com/ROBOT-IS-CHILL/macrosia-glue
[INFO] tweaked toml for git repo https://github.com/ROBOT-IS-CHILL/macrosia-glue written to /workspace/builds/worker-0-tc2/source/Cargo.toml
[INFO] validating manifest of git repo https://github.com/ROBOT-IS-CHILL/macrosia-glue on toolchain a5689b034ad287112f709693384a37f1377eb9cc
[INFO] running `Command { std: CARGO_HOME="/workspace/cargo-home" RUSTUP_HOME="/workspace/rustup-home" "/workspace/cargo-home/bin/cargo" "+a5689b034ad287112f709693384a37f1377eb9cc" "metadata" "--manifest-path" "Cargo.toml" "--no-deps", kill_on_drop: false }`
[INFO] running `Command { std: CARGO_HOME="/workspace/cargo-home" RUSTUP_HOME="/workspace/rustup-home" "/workspace/cargo-home/bin/cargo" "+a5689b034ad287112f709693384a37f1377eb9cc" "generate-lockfile" "--manifest-path" "Cargo.toml", kill_on_drop: false }`
[INFO] [stderr]     Updating crates.io index
[INFO] [stderr]     Updating git repository `https://github.com/ROBOT-IS-CHILL/macrosia.git`
[INFO] [stderr]      Locking 128 packages to highest compatible versions
[INFO] [stderr]       Adding itertools v0.14.0 (available: v0.15.0)
[INFO] [stderr]       Adding pyo3 v0.29.3 (available: v0.30.1)
[INFO] [stderr]       Adding pyo3-async-runtimes v0.29.0 (available: v0.30.0)
[INFO] running `Command { std: CARGO_HOME="/workspace/cargo-home" RUSTUP_HOME="/workspace/rustup-home" "/workspace/cargo-home/bin/cargo" "+a5689b034ad287112f709693384a37f1377eb9cc" "fetch" "--manifest-path" "Cargo.toml", kill_on_drop: false }`
[INFO] running `Command { std: "docker" "create" "-v" "/var/lib/crater-agent-workspace/builds/worker-0-tc2/source:/opt/rustwide/workdir:ro,Z" "-v" "/var/lib/crater-agent-workspace/builds/worker-0-tc2/target:/opt/rustwide/target:rw,Z" "-v" "/var/lib/crater-agent-workspace/cargo-home:/opt/rustwide/cargo-home:ro,Z" "-v" "/var/lib/crater-agent-workspace/rustup-home:/opt/rustwide/rustup-home:ro,Z" "-m" "1610612736" "--network" "none" "ghcr.io/rust-lang/crates-build-env/linux@sha256:77db811e55d90add9212f6832c23229e3de5f1c1f9905e8cb07319ea15df73ac" "sleep" "infinity", kill_on_drop: false }`
[INFO] [stdout] 89ea214b31c6190d3a9308783715f63ff9fabaa7886d9816d3a98106adf2958e
[INFO] running `Command { std: "docker" "start" "89ea214b31c6190d3a9308783715f63ff9fabaa7886d9816d3a98106adf2958e", kill_on_drop: false }`
[INFO] running `Command { std: "docker" "inspect" "89ea214b31c6190d3a9308783715f63ff9fabaa7886d9816d3a98106adf2958e", kill_on_drop: false }`
[INFO] running `Command { std: "docker" "exec" "-e" "SOURCE_DIR=/opt/rustwide/workdir" "-e" "CARGO_HOME=/opt/rustwide/cargo-home" "-e" "RUSTUP_HOME=/opt/rustwide/rustup-home" "-e" "CARGO_TARGET_DIR=/opt/rustwide/target" "-w" "/opt/rustwide/workdir" "--user" "0:0" "89ea214b31c6190d3a9308783715f63ff9fabaa7886d9816d3a98106adf2958e" "/opt/rustwide/cargo-home/bin/cargo" "+a5689b034ad287112f709693384a37f1377eb9cc" "metadata" "--no-deps" "--format-version=1", kill_on_drop: false }`
[INFO] running `Command { std: "docker" "inspect" "89ea214b31c6190d3a9308783715f63ff9fabaa7886d9816d3a98106adf2958e", kill_on_drop: false }`
[INFO] running `Command { std: "docker" "exec" "-e" "SOURCE_DIR=/opt/rustwide/workdir" "-e" "CARGO_HOME=/opt/rustwide/cargo-home" "-e" "RUSTUP_HOME=/opt/rustwide/rustup-home" "-e" "CARGO_TARGET_DIR=/opt/rustwide/target" "-e" "CARGO_INCREMENTAL=0" "-e" "RUST_BACKTRACE=full" "-e" "RUSTFLAGS=--cap-lints=forbid" "-e" "RUSTDOCFLAGS=--cap-lints=forbid" "-w" "/opt/rustwide/workdir" "--user" "0:0" "89ea214b31c6190d3a9308783715f63ff9fabaa7886d9816d3a98106adf2958e" "/opt/rustwide/cargo-home/bin/cargo" "+a5689b034ad287112f709693384a37f1377eb9cc" "check" "--frozen" "--all" "--all-targets" "--message-format=json", kill_on_drop: false }`
[INFO] [stderr]    Compiling find-msvc-tools v0.1.15
[INFO] [stderr]    Compiling proc-macro2 v1.0.107
[INFO] [stderr]    Compiling crossbeam-utils v0.8.23
[INFO] [stderr]    Compiling target-lexicon v0.13.5
[INFO] [stderr]    Compiling rustix v1.1.5
[INFO] [stderr]     Checking futures-lite v2.6.1
[INFO] [stderr]     Checking linux-raw-sys v0.12.1
[INFO] [stderr]    Compiling object v0.39.1
[INFO] [stderr]    Compiling cc v1.9.0
[INFO] [stderr]     Checking event-listener-strategy v0.5.4
[INFO] [stderr]    Compiling async-io v2.6.0
[INFO] [stderr]    Compiling memchr v2.8.3
[INFO] [stderr]     Checking async-task v4.7.1
[INFO] [stderr]     Checking concurrent-queue v2.5.0
[INFO] [stderr]     Checking getrandom v0.3.4
[INFO] [stderr]     Checking async-channel v2.5.0
[INFO] [stderr]     Checking errno v0.3.14
[INFO] [stderr]    Compiling quote v1.0.47
[INFO] [stderr]    Compiling pyo3-build-config v0.29.3
[INFO] [stderr]     Checking piper v0.2.5
[INFO] [stderr]    Compiling syn v2.0.119
[INFO] [stderr]     Checking signal-hook-registry v1.4.8
[INFO] [stderr]     Checking rand_core v0.9.5
[INFO] [stderr]     Checking async-lock v3.4.2
[INFO] [stderr]     Checking value-bag v1.14.1
[INFO] [stderr]     Checking blocking v1.7.0
[INFO] [stderr]     Checking log v0.4.34
[INFO] [stderr]     Checking async-executor v1.14.0
[INFO] [stderr]    Compiling syn v3.0.9
[INFO] [stderr]     Checking aho-corasick v1.1.5
[INFO] [stderr]     Checking regex-syntax v0.8.11
[INFO] [stderr]    Compiling pyo3-ffi v0.29.3
[INFO] [stderr]    Compiling pyo3 v0.29.3
[INFO] [stderr]    Compiling stacker v0.1.25
[INFO] [stderr]    Compiling libsqlite3-sys v0.38.2
[INFO] [stderr]    Compiling libmimalloc-sys v0.1.49
[INFO] [stderr]     Checking event-listener v2.5.3
[INFO] [stderr]     Checking foldhash v0.2.0
[INFO] [stderr]     Checking konst_macro_rules v0.2.19
[INFO] [stderr]     Checking async-channel v1.9.0
[INFO] [stderr]     Checking hashbrown v0.17.1
[INFO] [stderr]     Checking konst v0.2.20
[INFO] [stderr]     Checking regex-automata v0.4.18
[INFO] [stderr]    Compiling const_format_proc_macros v0.2.34
[INFO] [stderr]     Checking kv-log-macro v1.0.7
[INFO] [stderr]     Checking rand_chacha v0.9.0
[INFO] [stderr]     Checking either v1.19.0
[INFO] [stderr]     Checking pin-utils v0.1.1
[INFO] [stderr]     Checking zlib-rs v0.6.8
[INFO] [stderr]     Checking itertools v0.14.0
[INFO] [stderr]    Compiling ar_archive_writer v0.5.3
[INFO] [stderr]    Compiling pyo3-macros-backend v0.29.3
[INFO] [stderr]     Checking flate2 v1.1.10
[INFO] [stderr]     Checking polling v3.11.0
[INFO] [stderr]     Checking regex v1.13.1
[INFO] [stderr]    Compiling futures-macro v0.3.34
[INFO] [stderr]     Checking async-signal v0.2.14
[INFO] [stderr]    Compiling psm v0.1.32
[INFO] [stderr]     Checking async-process v2.5.0
[INFO] [stderr]     Checking async-global-executor v2.4.1
[INFO] [stderr]     Checking const_format v0.2.36
[INFO] [stderr]     Checking num-complex v0.4.6
[INFO] [stderr]    Compiling pyo3-async-runtimes-macros v0.29.0
[INFO] [stderr]     Checking async-std v1.13.2
[INFO] [stderr]     Checking rand v0.9.5
[INFO] [stderr]     Checking futures-util v0.3.34
[INFO] [stderr]     Checking hashlink v0.12.2
[INFO] [stderr]     Checking rand_xoshiro v0.7.0
[INFO] [stderr]     Checking futures-channel v0.3.34
[INFO] [stderr]     Checking seahash v4.1.0
[INFO] [stderr]     Checking fallible-iterator v0.3.0
[INFO] [stderr]     Checking fallible-streaming-iterator v0.1.9
[INFO] [stderr]     Checking smallvec v1.16.3
[INFO] [stderr]     Checking web-time v1.1.0
[INFO] [stderr]     Checking simple-easing v1.1.1
[INFO] [stderr]     Checking mimalloc v0.1.52
[INFO] [stderr]     Checking macrosia v0.5.5 (https://github.com/ROBOT-IS-CHILL/macrosia.git#5b59c85b)
[INFO] [stderr]     Checking descape v3.0.0
[INFO] [stderr]    Compiling pyo3-macros v0.29.3
[INFO] [stderr]     Checking rusqlite v0.40.2
[INFO] [stderr]     Checking pyo3-async-runtimes v0.29.0
[INFO] [stderr]     Checking macrosia-glue v0.1.29 (/opt/rustwide/workdir)
[INFO] [stdout] warning: unused import: `System`
[INFO] [stdout]  --> src/lib.rs:5:26
[INFO] [stdout]   |
[INFO] [stdout] 5 |     alloc::{GlobalAlloc, System}, backtrace::Backtrace, borrow::Cow, 
[INFO] [stdout]   |                          ^^^^^^
[INFO] [stdout]   |
[INFO] [stdout]   = note: `#[warn(unused_imports)]` (part of `#[warn(unused)]`) on by default
[INFO] [stdout] 
[INFO] [stdout] 
[INFO] [stdout] warning: the feature `string_from_utf8_lossy_owned` has been stable since 1.99.0 and no longer requires an attribute to enable
[INFO] [stdout]  --> src/lib.rs:1:27
[INFO] [stdout]   |
[INFO] [stdout] 1 | #![feature(once_cell_try, string_from_utf8_lossy_owned)]
[INFO] [stdout]   |                           ^^^^^^^^^^^^^^^^^^^^^^^^^^^^
[INFO] [stdout]   |
[INFO] [stdout]   = note: `#[warn(stable_features)]` on by default
[INFO] [stdout] 
[INFO] [stdout] 
[INFO] [stdout] warning: unused import: `System`
[INFO] [stdout]  --> src/lib.rs:5:26
[INFO] [stdout]   |
[INFO] [stdout] 5 |     alloc::{GlobalAlloc, System}, backtrace::Backtrace, borrow::Cow, 
[INFO] [stdout]   |                          ^^^^^^
[INFO] [stdout]   |
[INFO] [stdout]   = note: `#[warn(unused_imports)]` (part of `#[warn(unused)]`) on by default
[INFO] [stdout] 
[INFO] [stdout] 
[INFO] [stdout] warning: the feature `string_from_utf8_lossy_owned` has been stable since 1.99.0 and no longer requires an attribute to enable
[INFO] [stdout]  --> src/lib.rs:1:27
[INFO] [stdout]   |
[INFO] [stdout] 1 | #![feature(once_cell_try, string_from_utf8_lossy_owned)]
[INFO] [stdout]   |                           ^^^^^^^^^^^^^^^^^^^^^^^^^^^^
[INFO] [stdout]   |
[INFO] [stdout]   = note: `#[warn(stable_features)]` on by default
[INFO] [stdout] 
[INFO] [stdout] 
[INFO] [stdout] warning: use of deprecated method `std::sync::atomic::Atomic::<usize>::fetch_update`: renamed to `try_update` for consistency
[INFO] [stdout]    --> src/lib.rs:250:13
[INFO] [stdout]     |
[INFO] [stdout] 250 |     ALLOC.0.fetch_update(SeqCst, SeqCst, |v| Some(v.min(4096))).unwrap();
[INFO] [stdout]     |             ^^^^^^^^^^^^
[INFO] [stdout]     |
[INFO] [stdout]     = note: `#[warn(deprecated)]` on by default
[INFO] [stdout] help: replace the use of the deprecated method
[INFO] [stdout]     |
[INFO] [stdout] 250 -     ALLOC.0.fetch_update(SeqCst, SeqCst, |v| Some(v.min(4096))).unwrap();
[INFO] [stdout] 250 +     ALLOC.0.try_update(SeqCst, SeqCst, |v| Some(v.min(4096))).unwrap();
[INFO] [stdout]     |
[INFO] [stdout] 
[INFO] [stdout] 
[INFO] [stdout] warning: use of deprecated method `std::sync::atomic::Atomic::<usize>::fetch_update`: renamed to `try_update` for consistency
[INFO] [stdout]    --> src/lib.rs:250:13
[INFO] [stdout]     |
[INFO] [stdout] 250 |     ALLOC.0.fetch_update(SeqCst, SeqCst, |v| Some(v.min(4096))).unwrap();
[INFO] [stdout]     |             ^^^^^^^^^^^^
[INFO] [stdout]     |
[INFO] [stdout]     = note: `#[warn(deprecated)]` on by default
[INFO] [stdout] help: replace the use of the deprecated method
[INFO] [stdout]     |
[INFO] [stdout] 250 -     ALLOC.0.fetch_update(SeqCst, SeqCst, |v| Some(v.min(4096))).unwrap();
[INFO] [stdout] 250 +     ALLOC.0.try_update(SeqCst, SeqCst, |v| Some(v.min(4096))).unwrap();
[INFO] [stdout]     |
[INFO] [stdout] 
[INFO] [stdout] 
[INFO] [stdout] error: useless conversion to the same type: `pyo3::PyErr`
[INFO] [stdout]    --> src/lib.rs:181:17
[INFO] [stdout]     |
[INFO] [stdout] 181 |                 PyAssertionError::new_err(format!("{err}")).into()
[INFO] [stdout]     |                 ^^^^^^^^^^^^^^^^^^^^^^^^^^^^^^^^^^^^^^^^^^^^^^^^^^
[INFO] [stdout]     |
[INFO] [stdout]     = note: this method call relies on the `impl<T> Into<T> for T` blanket implementation and type inference, which is a semver hazard as a new `impl Into<_>` that affects your type might be added in the future causing type inference errors
[INFO] [stdout]     = note: `#[deny(self_type_conversion)]` on by default
[INFO] [stdout] help: consider removing the conversion call
[INFO] [stdout]     |
[INFO] [stdout] 181 -                 PyAssertionError::new_err(format!("{err}")).into()
[INFO] [stdout] 181 +                 PyAssertionError::new_err(format!("{err}"))
[INFO] [stdout]     |
[INFO] [stdout] help: you can use the fully-qualified path to avoid triggering this lint
[INFO] [stdout]     |
[INFO] [stdout] 181 -                 PyAssertionError::new_err(format!("{err}")).into()
[INFO] [stdout] 181 +                 <pyo3::PyErr as Into<_>>::into(PyAssertionError::new_err(format!("{err}")))
[INFO] [stdout]     |
[INFO] [stdout] 
[INFO] [stdout] 
[INFO] [stdout] error: useless conversion to the same type: `pyo3::PyErr`
[INFO] [stdout]    --> src/lib.rs:169:47
[INFO] [stdout]     |
[INFO] [stdout] 169 | fn connect_to_db(py: Python, path: String) -> PyResult<()> {
[INFO] [stdout]     |                                               ^^^^^^^^^^^^
[INFO] [stdout]     |
[INFO] [stdout]     = note: this method call relies on the `impl<T> Into<T> for T` blanket implementation and type inference, which is a semver hazard as a new `impl Into<_>` that affects your type might be added in the future causing type inference errors
[INFO] [stdout] 
[INFO] [stdout] 
[INFO] [stdout] error: useless conversion to the same type: `pyo3::PyErr`
[INFO] [stdout]    --> src/lib.rs:193:33
[INFO] [stdout]     |
[INFO] [stdout] 193 | fn update_macros(py: Python) -> PyResult<bool> {
[INFO] [stdout]     |                                 ^^^^^^^^^^^^^^
[INFO] [stdout]     |
[INFO] [stdout]     = note: this method call relies on the `impl<T> Into<T> for T` blanket implementation and type inference, which is a semver hazard as a new `impl Into<_>` that affects your type might be added in the future causing type inference errors
[INFO] [stdout] 
[INFO] [stdout] 
[INFO] [stdout] error: useless conversion to the same type: `pyo3::PyErr`
[INFO] [stdout]    --> src/lib.rs:248:6
[INFO] [stdout]     |
[INFO] [stdout] 248 | ) -> PyResult<Bound<'py, PyAny>> {
[INFO] [stdout]     |      ^^^^^^^^^^^^^^^^^^^^^^^^^^^
[INFO] [stdout]     |
[INFO] [stdout]     = note: this method call relies on the `impl<T> Into<T> for T` blanket implementation and type inference, which is a semver hazard as a new `impl Into<_>` that affects your type might be added in the future causing type inference errors
[INFO] [stdout] 
[INFO] [stdout] 
[INFO] [stdout] error: useless conversion to the same type: `pyo3::PyErr`
[INFO] [stdout]    --> src/lib.rs:330:32
[INFO] [stdout]     |
[INFO] [stdout] 330 | fn get_builtins(py: Python) -> PyResult<Py<PyDict>> {
[INFO] [stdout]     |                                ^^^^^^^^^^^^^^^^^^^^
[INFO] [stdout]     |
[INFO] [stdout]     = note: this method call relies on the `impl<T> Into<T> for T` blanket implementation and type inference, which is a semver hazard as a new `impl Into<_>` that affects your type might be added in the future causing type inference errors
[INFO] [stdout] 
[INFO] [stdout] 
[INFO] [stderr] error: could not compile `macrosia-glue` (lib test) due to 5 previous errors; 3 warnings emitted
[INFO] [stderr] warning: build failed, waiting for other jobs to finish...
[INFO] [stdout] error: useless conversion to the same type: `pyo3::PyErr`
[INFO] [stdout]    --> src/lib.rs:181:17
[INFO] [stdout]     |
[INFO] [stdout] 181 |                 PyAssertionError::new_err(format!("{err}")).into()
[INFO] [stdout]     |                 ^^^^^^^^^^^^^^^^^^^^^^^^^^^^^^^^^^^^^^^^^^^^^^^^^^
[INFO] [stdout]     |
[INFO] [stdout]     = note: this method call relies on the `impl<T> Into<T> for T` blanket implementation and type inference, which is a semver hazard as a new `impl Into<_>` that affects your type might be added in the future causing type inference errors
[INFO] [stdout]     = note: `#[deny(self_type_conversion)]` on by default
[INFO] [stdout] help: consider removing the conversion call
[INFO] [stdout]     |
[INFO] [stdout] 181 -                 PyAssertionError::new_err(format!("{err}")).into()
[INFO] [stdout] 181 +                 PyAssertionError::new_err(format!("{err}"))
[INFO] [stdout]     |
[INFO] [stdout] help: you can use the fully-qualified path to avoid triggering this lint
[INFO] [stdout]     |
[INFO] [stdout] 181 -                 PyAssertionError::new_err(format!("{err}")).into()
[INFO] [stdout] 181 +                 <pyo3::PyErr as Into<_>>::into(PyAssertionError::new_err(format!("{err}")))
[INFO] [stdout]     |
[INFO] [stdout] 
[INFO] [stdout] 
[INFO] [stdout] error: useless conversion to the same type: `pyo3::PyErr`
[INFO] [stdout]    --> src/lib.rs:169:47
[INFO] [stdout]     |
[INFO] [stdout] 169 | fn connect_to_db(py: Python, path: String) -> PyResult<()> {
[INFO] [stdout]     |                                               ^^^^^^^^^^^^
[INFO] [stdout]     |
[INFO] [stdout]     = note: this method call relies on the `impl<T> Into<T> for T` blanket implementation and type inference, which is a semver hazard as a new `impl Into<_>` that affects your type might be added in the future causing type inference errors
[INFO] [stdout] 
[INFO] [stdout] 
[INFO] [stdout] error: useless conversion to the same type: `pyo3::PyErr`
[INFO] [stdout]    --> src/lib.rs:193:33
[INFO] [stdout]     |
[INFO] [stdout] 193 | fn update_macros(py: Python) -> PyResult<bool> {
[INFO] [stdout]     |                                 ^^^^^^^^^^^^^^
[INFO] [stdout]     |
[INFO] [stdout]     = note: this method call relies on the `impl<T> Into<T> for T` blanket implementation and type inference, which is a semver hazard as a new `impl Into<_>` that affects your type might be added in the future causing type inference errors
[INFO] [stdout] 
[INFO] [stdout] 
[INFO] [stdout] error: useless conversion to the same type: `pyo3::PyErr`
[INFO] [stdout]    --> src/lib.rs:248:6
[INFO] [stdout]     |
[INFO] [stdout] 248 | ) -> PyResult<Bound<'py, PyAny>> {
[INFO] [stdout]     |      ^^^^^^^^^^^^^^^^^^^^^^^^^^^
[INFO] [stdout]     |
[INFO] [stdout]     = note: this method call relies on the `impl<T> Into<T> for T` blanket implementation and type inference, which is a semver hazard as a new `impl Into<_>` that affects your type might be added in the future causing type inference errors
[INFO] [stdout] 
[INFO] [stdout] 
[INFO] [stdout] error: useless conversion to the same type: `pyo3::PyErr`
[INFO] [stdout]    --> src/lib.rs:330:32
[INFO] [stdout]     |
[INFO] [stdout] 330 | fn get_builtins(py: Python) -> PyResult<Py<PyDict>> {
[INFO] [stdout]     |                                ^^^^^^^^^^^^^^^^^^^^
[INFO] [stdout]     |
[INFO] [stdout]     = note: this method call relies on the `impl<T> Into<T> for T` blanket implementation and type inference, which is a semver hazard as a new `impl Into<_>` that affects your type might be added in the future causing type inference errors
[INFO] [stdout] 
[INFO] [stdout] 
[INFO] [stderr] error: could not compile `macrosia-glue` (lib) due to 5 previous errors; 3 warnings emitted
[INFO] running `Command { std: "docker" "inspect" "89ea214b31c6190d3a9308783715f63ff9fabaa7886d9816d3a98106adf2958e", kill_on_drop: false }`
[INFO] running `Command { std: "docker" "rm" "-f" "89ea214b31c6190d3a9308783715f63ff9fabaa7886d9816d3a98106adf2958e", kill_on_drop: false }`
[INFO] [stdout] 89ea214b31c6190d3a9308783715f63ff9fabaa7886d9816d3a98106adf2958e
