[INFO] cloning repository https://github.com/RAGton/kryonix-installer
[INFO] running `Command { std: "git" "-c" "credential.helper=" "-c" "credential.helper=/workspace/cargo-home/bin/git-credential-null" "clone" "--bare" "https://github.com/RAGton/kryonix-installer" "/workspace/cache/git-repos/https%3A%2F%2Fgithub.com%2FRAGton%2Fkryonix-installer", kill_on_drop: false }`
[INFO] [stderr] Cloning into bare repository '/workspace/cache/git-repos/https%3A%2F%2Fgithub.com%2FRAGton%2Fkryonix-installer'...
[INFO] running `Command { std: "git" "rev-parse" "HEAD", kill_on_drop: false }`
[INFO] [stdout] 9baf8b642bc40e4df16355a5e0f86a141505cef4
[INFO] checking RAGton/kryonix-installer against a5689b034ad287112f709693384a37f1377eb9cc for pr-129249-3
[INFO] running `Command { std: "git" "clone" "/workspace/cache/git-repos/https%3A%2F%2Fgithub.com%2FRAGton%2Fkryonix-installer" "/workspace/builds/worker-2-tc2/source", kill_on_drop: false }`
[INFO] [stderr] Cloning into '/workspace/builds/worker-2-tc2/source'...
[INFO] [stderr] done.
[INFO] removed /workspace/builds/worker-2-tc2/source/rust-toolchain.toml
[INFO] started tweaking git repo https://github.com/RAGton/kryonix-installer
[INFO] finished tweaking git repo https://github.com/RAGton/kryonix-installer
[INFO] tweaked toml for git repo https://github.com/RAGton/kryonix-installer written to /workspace/builds/worker-2-tc2/source/Cargo.toml
[INFO] validating manifest of git repo https://github.com/RAGton/kryonix-installer on toolchain a5689b034ad287112f709693384a37f1377eb9cc
[INFO] running `Command { std: CARGO_HOME="/workspace/cargo-home" RUSTUP_HOME="/workspace/rustup-home" "/workspace/cargo-home/bin/cargo" "+a5689b034ad287112f709693384a37f1377eb9cc" "metadata" "--manifest-path" "Cargo.toml" "--no-deps", kill_on_drop: false }`
[INFO] crate git repo https://github.com/RAGton/kryonix-installer already has a lockfile, it will not be regenerated
[INFO] running `Command { std: CARGO_HOME="/workspace/cargo-home" RUSTUP_HOME="/workspace/rustup-home" "/workspace/cargo-home/bin/cargo" "+a5689b034ad287112f709693384a37f1377eb9cc" "fetch" "--manifest-path" "Cargo.toml", kill_on_drop: false }`
[INFO] running `Command { std: "docker" "create" "-v" "/var/lib/crater-agent-workspace/builds/worker-2-tc2/source:/opt/rustwide/workdir:ro,Z" "-v" "/var/lib/crater-agent-workspace/builds/worker-2-tc2/target:/opt/rustwide/target:rw,Z" "-v" "/var/lib/crater-agent-workspace/cargo-home:/opt/rustwide/cargo-home:ro,Z" "-v" "/var/lib/crater-agent-workspace/rustup-home:/opt/rustwide/rustup-home:ro,Z" "-m" "1610612736" "--network" "none" "ghcr.io/rust-lang/crates-build-env/linux@sha256:77db811e55d90add9212f6832c23229e3de5f1c1f9905e8cb07319ea15df73ac" "sleep" "infinity", kill_on_drop: false }`
[INFO] [stdout] 374787b4f26b217cf5fa3248f6021f9e0fac415296def3ecdb331c638b5831d0
[INFO] running `Command { std: "docker" "start" "374787b4f26b217cf5fa3248f6021f9e0fac415296def3ecdb331c638b5831d0", kill_on_drop: false }`
[INFO] running `Command { std: "docker" "inspect" "374787b4f26b217cf5fa3248f6021f9e0fac415296def3ecdb331c638b5831d0", kill_on_drop: false }`
[INFO] running `Command { std: "docker" "exec" "-e" "SOURCE_DIR=/opt/rustwide/workdir" "-e" "CARGO_HOME=/opt/rustwide/cargo-home" "-e" "RUSTUP_HOME=/opt/rustwide/rustup-home" "-e" "CARGO_TARGET_DIR=/opt/rustwide/target" "-w" "/opt/rustwide/workdir" "--user" "0:0" "374787b4f26b217cf5fa3248f6021f9e0fac415296def3ecdb331c638b5831d0" "/opt/rustwide/cargo-home/bin/cargo" "+a5689b034ad287112f709693384a37f1377eb9cc" "metadata" "--no-deps" "--format-version=1", kill_on_drop: false }`
[INFO] running `Command { std: "docker" "inspect" "374787b4f26b217cf5fa3248f6021f9e0fac415296def3ecdb331c638b5831d0", kill_on_drop: false }`
[INFO] running `Command { std: "docker" "exec" "-e" "SOURCE_DIR=/opt/rustwide/workdir" "-e" "CARGO_HOME=/opt/rustwide/cargo-home" "-e" "RUSTUP_HOME=/opt/rustwide/rustup-home" "-e" "CARGO_TARGET_DIR=/opt/rustwide/target" "-e" "CARGO_INCREMENTAL=0" "-e" "RUST_BACKTRACE=full" "-e" "RUSTFLAGS=--cap-lints=forbid" "-e" "RUSTDOCFLAGS=--cap-lints=forbid" "-w" "/opt/rustwide/workdir" "--user" "0:0" "374787b4f26b217cf5fa3248f6021f9e0fac415296def3ecdb331c638b5831d0" "/opt/rustwide/cargo-home/bin/cargo" "+a5689b034ad287112f709693384a37f1377eb9cc" "check" "--frozen" "--all" "--all-targets" "--message-format=json", kill_on_drop: false }`
[INFO] [stderr]    Compiling glob v0.3.3
[INFO] [stderr]    Compiling serde_core v1.0.228
[INFO] [stderr]     Checking parking_lot_core v0.9.12
[INFO] [stderr]    Compiling serde v1.0.228
[INFO] [stderr]    Compiling ring v0.17.14
[INFO] [stderr]    Compiling libc v0.2.186
[INFO] [stderr]    Compiling displaydoc v0.2.6
[INFO] [stderr]    Compiling futures-macro v0.3.32
[INFO] [stderr]     Checking tracing v0.1.44
[INFO] [stderr]     Checking zerofrom v0.1.8
[INFO] [stderr]    Compiling regex-syntax v0.8.10
[INFO] [stderr]    Compiling nom v7.1.3
[INFO] [stderr]     Checking zerocopy v0.8.50
[INFO] [stderr]    Compiling thiserror-impl v1.0.69
[INFO] [stderr]    Compiling bindgen v0.69.5
[INFO] [stderr]    Compiling either v1.16.0
[INFO] [stderr]     Checking futures-channel v0.3.32
[INFO] [stderr]     Checking parking_lot v0.12.5
[INFO] [stderr]    Compiling rustc-hash v1.1.0
[INFO] [stderr]     Checking yoke v0.8.2
[INFO] [stderr]    Compiling rustls v0.23.40
[INFO] [stderr]    Compiling lazycell v1.3.0
[INFO] [stderr]    Compiling syn v1.0.109
[INFO] [stderr]    Compiling cfg_aliases v0.1.1
[INFO] [stderr]     Checking regex v1.12.3
[INFO] [stderr]     Checking tokio v1.52.3
[INFO] [stderr]    Compiling clang-sys v1.8.1
[INFO] [stderr]    Compiling itertools v0.12.1
[INFO] [stderr]    Compiling nix v0.28.0
[INFO] [stderr]     Checking zerovec v0.11.6
[INFO] [stderr]     Checking webpki-roots v1.0.7
[INFO] [stderr]     Checking sha2 v0.10.9
[INFO] [stderr]     Checking inotify-sys v0.1.5
[INFO] [stderr]     Checking futures-util v0.3.32
[INFO] [stderr]     Checking inotify v0.9.6
[INFO] [stderr]     Checking zerotrie v0.2.4
[INFO] [stderr]     Checking crossbeam-channel v0.5.15
[INFO] [stderr]     Checking tinystr v0.8.3
[INFO] [stderr]     Checking potential_utf v0.1.5
[INFO] [stderr]     Checking icu_collections v2.2.0
[INFO] [stderr]     Checking icu_locale_core v2.2.0
[INFO] [stderr]    Compiling regex-automata v0.4.14
[INFO] [stderr]     Checking thiserror v1.0.69
[INFO] [stderr]    Compiling async-stream-impl v0.3.6
[INFO] [stderr]     Checking filedescriptor v0.8.3
[INFO] [stderr]    Compiling pin-project-internal v1.1.13
[INFO] [stderr]     Checking filetime v0.2.29
[INFO] [stderr]     Checking serial2 v0.2.37
[INFO] [stderr]     Checking mio v0.8.11
[INFO] [stderr]     Checking icu_provider v2.2.0
[INFO] [stderr]     Checking users v0.10.0
[INFO] [stderr]     Checking shell-words v1.1.1
[INFO] [stderr]     Checking async-stream v0.3.6
[INFO] [stderr]     Checking notify v6.1.1
[INFO] [stderr]     Checking uuid v1.23.1
[INFO] [stderr]     Checking users v0.11.0
[INFO] [stderr]     Checking icu_normalizer v2.2.0
[INFO] [stderr]     Checking icu_properties v2.2.0
[INFO] [stderr]     Checking portable-pty v0.9.0
[INFO] [stderr]    Compiling cexpr v0.6.0
[INFO] [stderr]     Checking pin-project v1.1.13
[INFO] [stderr]     Checking axum-core v0.4.5
[INFO] [stderr]     Checking tower v0.4.13
[INFO] [stderr]     Checking serde_json v1.0.149
[INFO] [stderr]     Checking serde_path_to_error v0.1.20
[INFO] [stderr]    Compiling pam-macros v0.0.3
[INFO] [stderr]     Checking idna_adapter v1.2.2
[INFO] [stderr]     Checking idna v1.1.0
[INFO] [stderr]     Checking url v2.5.8
[INFO] [stderr]     Checking serde_urlencoded v0.7.1
[INFO] [stderr]     Checking chrono v0.4.44
[INFO] [stderr]     Checking secrecy v0.10.3
[INFO] [stderr]     Checking rustls-webpki v0.103.13
[INFO] [stderr]     Checking kryx v0.1.0 (/opt/rustwide/workdir/crates/kryx)
[INFO] [stderr]     Checking ppv-lite86 v0.2.21
[INFO] [stdout] warning: variable does not need to be mutable
[INFO] [stdout]     --> crates/kryx/src/domain/config.rs:1220:13
[INFO] [stdout]      |
[INFO] [stdout] 1220 |         let mut base = plan_with_node_think_and_storage(
[INFO] [stdout]      |             ----^^^^
[INFO] [stdout]      |             |
[INFO] [stdout]      |             help: remove this `mut`
[INFO] [stdout]      |
[INFO] [stdout]      = note: `#[warn(unused_mut)]` (part of `#[warn(unused)]`) on by default
[INFO] [stdout] 
[INFO] [stdout] 
[INFO] [stdout] warning: variable does not need to be mutable
[INFO] [stdout]     --> crates/kryx/src/domain/config.rs:1255:13
[INFO] [stdout]      |
[INFO] [stdout] 1255 |         let mut value = plan_with_node_think_and_storage(
[INFO] [stdout]      |             ----^^^^^
[INFO] [stdout]      |             |
[INFO] [stdout]      |             help: remove this `mut`
[INFO] [stdout] 
[INFO] [stdout] 
[INFO] [stderr]     Checking rand_chacha v0.3.1
[INFO] [stderr]     Checking rand v0.8.7
[INFO] [stderr]     Checking hyper v1.9.0
[INFO] [stderr]     Checking tower v0.5.3
[INFO] [stderr]     Checking tokio-util v0.7.19
[INFO] [stderr]     Checking tungstenite v0.24.0
[INFO] [stderr]     Checking tower-http v0.6.11
[INFO] [stderr]     Checking tower-http v0.5.2
[INFO] [stderr]     Checking hyper-util v0.1.20
[INFO] [stderr]     Checking tokio-tungstenite v0.24.0
[INFO] [stderr]     Checking axum v0.7.9
[INFO] [stderr]     Checking tokio-rustls v0.26.4
[INFO] [stderr]     Checking hyper-rustls v0.27.9
[INFO] [stderr]     Checking reqwest v0.12.28
[INFO] [stderr]    Compiling pam-sys v1.0.0-alpha5
[INFO] [stderr]     Checking pam v0.8.0
[INFO] [stderr]     Checking kryxd v0.2.1 (/opt/rustwide/workdir)
[INFO] [stdout] warning: unused import: `services::KveService`
[INFO] [stdout]   --> src/api/v2/kve.rs:26:23
[INFO] [stdout]    |
[INFO] [stdout] 26 | use crate::{AppState, services::KveService};
[INFO] [stdout]    |                       ^^^^^^^^^^^^^^^^^^^^
[INFO] [stdout]    |
[INFO] [stdout]    = note: `#[warn(unused_imports)]` (part of `#[warn(unused)]`) on by default
[INFO] [stdout] 
[INFO] [stdout] 
[INFO] [stdout] warning: type `InstallStatus` is more private than the item `load_install_state`
[INFO] [stdout]    --> src/main.rs:271:1
[INFO] [stdout]     |
[INFO] [stdout] 271 | pub fn load_install_state() -> InstallStatus {
[INFO] [stdout]     | ^^^^^^^^^^^^^^^^^^^^^^^^^^^^^^^^^^^^^^^^^^^^ function `load_install_state` is reachable at visibility `pub`
[INFO] [stdout]     |
[INFO] [stdout] note: but type `InstallStatus` is only usable at visibility `pub(crate)`
[INFO] [stdout]    --> src/main.rs:243:1
[INFO] [stdout]     |
[INFO] [stdout] 243 | struct InstallStatus {
[INFO] [stdout]     | ^^^^^^^^^^^^^^^^^^^^
[INFO] [stdout]     = note: `#[warn(private_interfaces)]` on by default
[INFO] [stdout] 
[INFO] [stdout] 
[INFO] [stdout] warning: function `expected_password` is never used
[INFO] [stdout]    --> src/api/auth.rs:297:4
[INFO] [stdout]     |
[INFO] [stdout] 297 | fn expected_password(uuid: &str) -> String {
[INFO] [stdout]     |    ^^^^^^^^^^^^^^^^^
[INFO] [stdout]     |
[INFO] [stdout]     = note: `#[warn(dead_code)]` (part of `#[warn(unused)]`) on by default
[INFO] [stdout] 
[INFO] [stdout] 
[INFO] [stdout] error: useless conversion to the same type: `std::string::String`
[INFO] [stdout]    --> src/api/console.rs:165:48
[INFO] [stdout]     |
[INFO] [stdout] 165 |         .send(axum::extract::ws::Message::Text(ready.to_string().into()))
[INFO] [stdout]     |                                                ^^^^^^^^^^^^^^^^^^^^^^^^
[INFO] [stdout]     |
[INFO] [stdout]     = note: this method call relies on the `impl<T> Into<T> for T` blanket implementation and type inference, which is a semver hazard as a new `impl Into<_>` that affects your type might be added in the future causing type inference errors
[INFO] [stdout]     = note: `#[deny(self_type_conversion)]` on by default
[INFO] [stdout] help: consider removing the conversion call
[INFO] [stdout]     |
[INFO] [stdout] 165 -         .send(axum::extract::ws::Message::Text(ready.to_string().into()))
[INFO] [stdout] 165 +         .send(axum::extract::ws::Message::Text(ready.to_string()))
[INFO] [stdout]     |
[INFO] [stdout] help: you can use the fully-qualified path to avoid triggering this lint
[INFO] [stdout]     |
[INFO] [stdout] 165 -         .send(axum::extract::ws::Message::Text(ready.to_string().into()))
[INFO] [stdout] 165 +         .send(axum::extract::ws::Message::Text(<std::string::String as Into<_>>::into(ready.to_string())))
[INFO] [stdout]     |
[INFO] [stdout] 
[INFO] [stdout] 
[INFO] [stdout] error: useless conversion to the same type: `std::string::String`
[INFO] [stdout]    --> src/api/console.rs:184:92
[INFO] [stdout]     |
[INFO] [stdout] 184 | ...ge::Text(serde_json::json!({"type":"error","code":"PTY_RESIZE_FAILED","message":error.to_string()}).to_string().into())).await;
[INFO] [stdout]     |             ^^^^^^^^^^^^^^^^^^^^^^^^^^^^^^^^^^^^^^^^^^^^^^^^^^^^^^^^^^^^^^^^^^^^^^^^^^^^^^^^^^^^^^^^^^^^^^^^^^^^^^^^^^^^^
[INFO] [stdout]     |
[INFO] [stdout]     = note: this method call relies on the `impl<T> Into<T> for T` blanket implementation and type inference, which is a semver hazard as a new `impl Into<_>` that affects your type might be added in the future causing type inference errors
[INFO] [stdout] help: consider removing the conversion call
[INFO] [stdout]     |
[INFO] [stdout] 184 -                                         let _ = sink.send(axum::extract::ws::Message::Text(serde_json::json!({"type":"error","code":"PTY_RESIZE_FAILED","message":error.to_string()}).to_string().into())).await;
[INFO] [stdout] 184 +                                         let _ = sink.send(axum::extract::ws::Message::Text(serde_json::json!({"type":"error","code":"PTY_RESIZE_FAILED","message":error.to_string()}).to_string())).await;
[INFO] [stdout]     |
[INFO] [stdout] help: you can use the fully-qualified path to avoid triggering this lint
[INFO] [stdout]     |
[INFO] [stdout] 184 -                                         let _ = sink.send(axum::extract::ws::Message::Text(serde_json::json!({"type":"error","code":"PTY_RESIZE_FAILED","message":error.to_string()}).to_string().into())).await;
[INFO] [stdout] 184 +                                         let _ = sink.send(axum::extract::ws::Message::Text(<std::string::String as Into<_>>::into(serde_json::json!({"type":"error","code":"PTY_RESIZE_FAILED","message":error.to_string()}).to_string()))).await;
[INFO] [stdout]     |
[INFO] [stdout] 
[INFO] [stdout] 
[INFO] [stdout] error: useless conversion to the same type: `std::string::String`
[INFO] [stdout]    --> src/api/console.rs:212:71
[INFO] [stdout]     |
[INFO] [stdout] 212 |                         if sink.send(axum::extract::ws::Message::Text(text.into())).await.is_err() { break; }
[INFO] [stdout]     |                                                                       ^^^^^^^^^^^
[INFO] [stdout]     |
[INFO] [stdout]     = note: this method call relies on the `impl<T> Into<T> for T` blanket implementation and type inference, which is a semver hazard as a new `impl Into<_>` that affects your type might be added in the future causing type inference errors
[INFO] [stdout] help: consider removing the conversion call
[INFO] [stdout]     |
[INFO] [stdout] 212 -                         if sink.send(axum::extract::ws::Message::Text(text.into())).await.is_err() { break; }
[INFO] [stdout] 212 +                         if sink.send(axum::extract::ws::Message::Text(text)).await.is_err() { break; }
[INFO] [stdout]     |
[INFO] [stdout] help: you can use the fully-qualified path to avoid triggering this lint
[INFO] [stdout]     |
[INFO] [stdout] 212 -                         if sink.send(axum::extract::ws::Message::Text(text.into())).await.is_err() { break; }
[INFO] [stdout] 212 +                         if sink.send(axum::extract::ws::Message::Text(<std::string::String as Into<_>>::into(text))).await.is_err() { break; }
[INFO] [stdout]     |
[INFO] [stdout] 
[INFO] [stdout] 
[INFO] [stdout] error: useless conversion to the same type: `std::string::String`
[INFO] [stdout]    --> src/api/console.rs:226:48
[INFO] [stdout]     |
[INFO] [stdout] 226 |         .send(axum::extract::ws::Message::Text(payload.to_string().into()))
[INFO] [stdout]     |                                                ^^^^^^^^^^^^^^^^^^^^^^^^^^
[INFO] [stdout]     |
[INFO] [stdout]     = note: this method call relies on the `impl<T> Into<T> for T` blanket implementation and type inference, which is a semver hazard as a new `impl Into<_>` that affects your type might be added in the future causing type inference errors
[INFO] [stdout] help: consider removing the conversion call
[INFO] [stdout]     |
[INFO] [stdout] 226 -         .send(axum::extract::ws::Message::Text(payload.to_string().into()))
[INFO] [stdout] 226 +         .send(axum::extract::ws::Message::Text(payload.to_string()))
[INFO] [stdout]     |
[INFO] [stdout] help: you can use the fully-qualified path to avoid triggering this lint
[INFO] [stdout]     |
[INFO] [stdout] 226 -         .send(axum::extract::ws::Message::Text(payload.to_string().into()))
[INFO] [stdout] 226 +         .send(axum::extract::ws::Message::Text(<std::string::String as Into<_>>::into(payload.to_string())))
[INFO] [stdout]     |
[INFO] [stdout] 
[INFO] [stdout] 
[INFO] [stderr] error: could not compile `kryxd` (bin "kryxd") due to 4 previous errors; 3 warnings emitted
[INFO] [stderr] warning: build failed, waiting for other jobs to finish...
[INFO] [stdout] warning: type `InstallStatus` is more private than the item `load_install_state`
[INFO] [stdout]    --> src/main.rs:271:1
[INFO] [stdout]     |
[INFO] [stdout] 271 | pub fn load_install_state() -> InstallStatus {
[INFO] [stdout]     | ^^^^^^^^^^^^^^^^^^^^^^^^^^^^^^^^^^^^^^^^^^^^ function `load_install_state` is reachable at visibility `pub`
[INFO] [stdout]     |
[INFO] [stdout] note: but type `InstallStatus` is only usable at visibility `pub(crate)`
[INFO] [stdout]    --> src/main.rs:243:1
[INFO] [stdout]     |
[INFO] [stdout] 243 | struct InstallStatus {
[INFO] [stdout]     | ^^^^^^^^^^^^^^^^^^^^
[INFO] [stdout]     = note: `#[warn(private_interfaces)]` on by default
[INFO] [stdout] 
[INFO] [stdout] 
[INFO] [stdout] error: useless conversion to the same type: `std::string::String`
[INFO] [stdout]    --> src/api/console.rs:165:48
[INFO] [stdout]     |
[INFO] [stdout] 165 |         .send(axum::extract::ws::Message::Text(ready.to_string().into()))
[INFO] [stdout]     |                                                ^^^^^^^^^^^^^^^^^^^^^^^^
[INFO] [stdout]     |
[INFO] [stdout]     = note: this method call relies on the `impl<T> Into<T> for T` blanket implementation and type inference, which is a semver hazard as a new `impl Into<_>` that affects your type might be added in the future causing type inference errors
[INFO] [stdout]     = note: `#[deny(self_type_conversion)]` on by default
[INFO] [stdout] help: consider removing the conversion call
[INFO] [stdout]     |
[INFO] [stdout] 165 -         .send(axum::extract::ws::Message::Text(ready.to_string().into()))
[INFO] [stdout] 165 +         .send(axum::extract::ws::Message::Text(ready.to_string()))
[INFO] [stdout]     |
[INFO] [stdout] help: you can use the fully-qualified path to avoid triggering this lint
[INFO] [stdout]     |
[INFO] [stdout] 165 -         .send(axum::extract::ws::Message::Text(ready.to_string().into()))
[INFO] [stdout] 165 +         .send(axum::extract::ws::Message::Text(<std::string::String as Into<_>>::into(ready.to_string())))
[INFO] [stdout]     |
[INFO] [stdout] 
[INFO] [stdout] 
[INFO] [stdout] error: useless conversion to the same type: `std::string::String`
[INFO] [stdout]    --> src/api/console.rs:184:92
[INFO] [stdout]     |
[INFO] [stdout] 184 | ...ge::Text(serde_json::json!({"type":"error","code":"PTY_RESIZE_FAILED","message":error.to_string()}).to_string().into())).await;
[INFO] [stdout]     |             ^^^^^^^^^^^^^^^^^^^^^^^^^^^^^^^^^^^^^^^^^^^^^^^^^^^^^^^^^^^^^^^^^^^^^^^^^^^^^^^^^^^^^^^^^^^^^^^^^^^^^^^^^^^^^
[INFO] [stdout]     |
[INFO] [stdout]     = note: this method call relies on the `impl<T> Into<T> for T` blanket implementation and type inference, which is a semver hazard as a new `impl Into<_>` that affects your type might be added in the future causing type inference errors
[INFO] [stdout] help: consider removing the conversion call
[INFO] [stdout]     |
[INFO] [stdout] 184 -                                         let _ = sink.send(axum::extract::ws::Message::Text(serde_json::json!({"type":"error","code":"PTY_RESIZE_FAILED","message":error.to_string()}).to_string().into())).await;
[INFO] [stdout] 184 +                                         let _ = sink.send(axum::extract::ws::Message::Text(serde_json::json!({"type":"error","code":"PTY_RESIZE_FAILED","message":error.to_string()}).to_string())).await;
[INFO] [stdout]     |
[INFO] [stdout] help: you can use the fully-qualified path to avoid triggering this lint
[INFO] [stdout]     |
[INFO] [stdout] 184 -                                         let _ = sink.send(axum::extract::ws::Message::Text(serde_json::json!({"type":"error","code":"PTY_RESIZE_FAILED","message":error.to_string()}).to_string().into())).await;
[INFO] [stdout] 184 +                                         let _ = sink.send(axum::extract::ws::Message::Text(<std::string::String as Into<_>>::into(serde_json::json!({"type":"error","code":"PTY_RESIZE_FAILED","message":error.to_string()}).to_string()))).await;
[INFO] [stdout]     |
[INFO] [stdout] 
[INFO] [stdout] 
[INFO] [stdout] error: useless conversion to the same type: `std::string::String`
[INFO] [stdout]    --> src/api/console.rs:212:71
[INFO] [stdout]     |
[INFO] [stdout] 212 |                         if sink.send(axum::extract::ws::Message::Text(text.into())).await.is_err() { break; }
[INFO] [stdout]     |                                                                       ^^^^^^^^^^^
[INFO] [stdout]     |
[INFO] [stdout]     = note: this method call relies on the `impl<T> Into<T> for T` blanket implementation and type inference, which is a semver hazard as a new `impl Into<_>` that affects your type might be added in the future causing type inference errors
[INFO] [stdout] help: consider removing the conversion call
[INFO] [stdout]     |
[INFO] [stdout] 212 -                         if sink.send(axum::extract::ws::Message::Text(text.into())).await.is_err() { break; }
[INFO] [stdout] 212 +                         if sink.send(axum::extract::ws::Message::Text(text)).await.is_err() { break; }
[INFO] [stdout]     |
[INFO] [stdout] help: you can use the fully-qualified path to avoid triggering this lint
[INFO] [stdout]     |
[INFO] [stdout] 212 -                         if sink.send(axum::extract::ws::Message::Text(text.into())).await.is_err() { break; }
[INFO] [stdout] 212 +                         if sink.send(axum::extract::ws::Message::Text(<std::string::String as Into<_>>::into(text))).await.is_err() { break; }
[INFO] [stdout]     |
[INFO] [stdout] 
[INFO] [stdout] 
[INFO] [stdout] error: useless conversion to the same type: `std::string::String`
[INFO] [stdout]    --> src/api/console.rs:226:48
[INFO] [stdout]     |
[INFO] [stdout] 226 |         .send(axum::extract::ws::Message::Text(payload.to_string().into()))
[INFO] [stdout]     |                                                ^^^^^^^^^^^^^^^^^^^^^^^^^^
[INFO] [stdout]     |
[INFO] [stdout]     = note: this method call relies on the `impl<T> Into<T> for T` blanket implementation and type inference, which is a semver hazard as a new `impl Into<_>` that affects your type might be added in the future causing type inference errors
[INFO] [stdout] help: consider removing the conversion call
[INFO] [stdout]     |
[INFO] [stdout] 226 -         .send(axum::extract::ws::Message::Text(payload.to_string().into()))
[INFO] [stdout] 226 +         .send(axum::extract::ws::Message::Text(payload.to_string()))
[INFO] [stdout]     |
[INFO] [stdout] help: you can use the fully-qualified path to avoid triggering this lint
[INFO] [stdout]     |
[INFO] [stdout] 226 -         .send(axum::extract::ws::Message::Text(payload.to_string().into()))
[INFO] [stdout] 226 +         .send(axum::extract::ws::Message::Text(<std::string::String as Into<_>>::into(payload.to_string())))
[INFO] [stdout]     |
[INFO] [stdout] 
[INFO] [stdout] 
[INFO] [stderr] error: could not compile `kryxd` (bin "kryxd" test) due to 4 previous errors; 1 warning emitted
[INFO] [stderr] warning: unused dependency `notify`
[INFO] [stderr]  --> Cargo.toml:5:1
[INFO] [stderr]   |
[INFO] [stderr] 5 | notify = "6"
[INFO] [stderr]   | ^^^^^^^^^^^^
[INFO] [stderr]   |
[INFO] [stderr]   = note: `cargo::unused_dependencies` is set to `warn` by default
[INFO] [stderr] help: consider removing the dependency on `notify`
[INFO] [stderr] warning: `kryxd` (manifest) generated 1 warning
[INFO] running `Command { std: "docker" "inspect" "374787b4f26b217cf5fa3248f6021f9e0fac415296def3ecdb331c638b5831d0", kill_on_drop: false }`
[INFO] running `Command { std: "docker" "rm" "-f" "374787b4f26b217cf5fa3248f6021f9e0fac415296def3ecdb331c638b5831d0", kill_on_drop: false }`
[INFO] [stdout] 374787b4f26b217cf5fa3248f6021f9e0fac415296def3ecdb331c638b5831d0
