[INFO] cloning repository https://github.com/kyunghyunHan/deep_learning
[INFO] running `Command { std: "git" "-c" "credential.helper=" "-c" "credential.helper=/workspace/cargo-home/bin/git-credential-null" "clone" "--bare" "https://github.com/kyunghyunHan/deep_learning" "/workspace/cache/git-repos/https%3A%2F%2Fgithub.com%2FkyunghyunHan%2Fdeep_learning", kill_on_drop: false }`
[INFO] [stderr] Cloning into bare repository '/workspace/cache/git-repos/https%3A%2F%2Fgithub.com%2FkyunghyunHan%2Fdeep_learning'...
[INFO] running `Command { std: "git" "rev-parse" "HEAD", kill_on_drop: false }`
[INFO] [stdout] d3aca58fcc6a8a7e0be11fa3f2f6933cd2bf2325
[INFO] checking kyunghyunHan/deep_learning against a5689b034ad287112f709693384a37f1377eb9cc for pr-129249-3
[INFO] running `Command { std: "git" "clone" "/workspace/cache/git-repos/https%3A%2F%2Fgithub.com%2FkyunghyunHan%2Fdeep_learning" "/workspace/builds/worker-0-tc2/source", kill_on_drop: false }`
[INFO] [stderr] Cloning into '/workspace/builds/worker-0-tc2/source'...
[INFO] [stderr] done.
[INFO] started tweaking git repo https://github.com/kyunghyunHan/deep_learning
[INFO] finished tweaking git repo https://github.com/kyunghyunHan/deep_learning
[INFO] tweaked toml for git repo https://github.com/kyunghyunHan/deep_learning written to /workspace/builds/worker-0-tc2/source/Cargo.toml
[INFO] validating manifest of git repo https://github.com/kyunghyunHan/deep_learning on toolchain a5689b034ad287112f709693384a37f1377eb9cc
[INFO] running `Command { std: CARGO_HOME="/workspace/cargo-home" RUSTUP_HOME="/workspace/rustup-home" "/workspace/cargo-home/bin/cargo" "+a5689b034ad287112f709693384a37f1377eb9cc" "metadata" "--manifest-path" "Cargo.toml" "--no-deps", kill_on_drop: false }`
[INFO] crate git repo https://github.com/kyunghyunHan/deep_learning already has a lockfile, it will not be regenerated
[INFO] running `Command { std: CARGO_HOME="/workspace/cargo-home" RUSTUP_HOME="/workspace/rustup-home" "/workspace/cargo-home/bin/cargo" "+a5689b034ad287112f709693384a37f1377eb9cc" "fetch" "--manifest-path" "Cargo.toml", kill_on_drop: false }`
[INFO] [stderr]     Blocking waiting for file lock on package cache
[ERROR] error running command: no output for 300 seconds
[INFO] checking kyunghyunHan/deep_learning against a5689b034ad287112f709693384a37f1377eb9cc for pr-129249-3
[INFO] running `Command { std: "git" "clone" "/workspace/cache/git-repos/https%3A%2F%2Fgithub.com%2FkyunghyunHan%2Fdeep_learning" "/workspace/builds/worker-0-tc2/source", kill_on_drop: false }`
[INFO] [stderr] Cloning into '/workspace/builds/worker-0-tc2/source'...
[INFO] [stderr] done.
[INFO] started tweaking git repo https://github.com/kyunghyunHan/deep_learning
[INFO] finished tweaking git repo https://github.com/kyunghyunHan/deep_learning
[INFO] tweaked toml for git repo https://github.com/kyunghyunHan/deep_learning written to /workspace/builds/worker-0-tc2/source/Cargo.toml
[INFO] validating manifest of git repo https://github.com/kyunghyunHan/deep_learning on toolchain a5689b034ad287112f709693384a37f1377eb9cc
[INFO] running `Command { std: CARGO_HOME="/workspace/cargo-home" RUSTUP_HOME="/workspace/rustup-home" "/workspace/cargo-home/bin/cargo" "+a5689b034ad287112f709693384a37f1377eb9cc" "metadata" "--manifest-path" "Cargo.toml" "--no-deps", kill_on_drop: false }`
[INFO] crate git repo https://github.com/kyunghyunHan/deep_learning already has a lockfile, it will not be regenerated
[INFO] running `Command { std: CARGO_HOME="/workspace/cargo-home" RUSTUP_HOME="/workspace/rustup-home" "/workspace/cargo-home/bin/cargo" "+a5689b034ad287112f709693384a37f1377eb9cc" "fetch" "--manifest-path" "Cargo.toml", kill_on_drop: false }`
[INFO] [stderr]     Blocking waiting for file lock on package cache
[INFO] [stderr]     Updating crates.io index
[INFO] [stderr]     Blocking waiting for file lock on package cache
[INFO] [stderr]  Downloading crates ...
[INFO] [stderr]   Downloaded proc-macro2 v1.0.82
[INFO] [stderr]   Downloaded serde_derive v1.0.202
[INFO] [stderr]   Downloaded polars-time v0.36.2
[INFO] [stderr]   Downloaded polars-utils v0.36.2
[INFO] [stderr]   Downloaded serde v1.0.202
[INFO] [stderr]   Downloaded polars-error v0.36.2
[INFO] [stderr]   Downloaded arrow-format v0.8.1
[INFO] [stderr]   Downloaded polars v0.36.2
[INFO] [stderr]   Downloaded syn v2.0.46
[INFO] [stderr]   Downloaded hashbrown v0.14.2
[INFO] [stderr]   Downloaded array-init-cursor v0.2.0
[INFO] [stderr]   Downloaded thiserror-impl v1.0.60
[INFO] [stderr]   Downloaded dyn-clone v1.0.16
[INFO] [stderr]   Downloaded thiserror v1.0.60
[INFO] [stderr]   Downloaded ahash v0.8.6
[INFO] [stderr]   Downloaded ethnum v1.5.0
[INFO] [stderr]   Downloaded xxhash-rust v0.8.8
[INFO] [stderr]   Downloaded multiversion v0.7.3
[INFO] [stderr]   Downloaded polars-ops v0.36.2
[INFO] [stderr]   Downloaded polars-compute v0.36.2
[INFO] [stderr]   Downloaded polars-row v0.36.2
[INFO] [stderr]   Downloaded target-features v0.1.5
[INFO] [stderr]   Downloaded foreign_vec v0.1.0
[INFO] [stderr]   Downloaded lz4 v1.24.0
[INFO] [stderr]   Downloaded thread-tree v0.3.3
[INFO] [stderr]   Downloaded zstd-safe v7.0.0
[INFO] [stderr]   Downloaded crossbeam-channel v0.5.10
[INFO] [stderr]   Downloaded zstd v0.13.0
[INFO] [stderr]   Downloaded polars-sql v0.36.2
[INFO] [stderr]   Downloaded zerocopy v0.7.15
[INFO] [stderr]   Downloaded multiversion-macros v0.7.3
[INFO] [stderr]   Downloaded argminmax v0.6.1
[INFO] [stderr]   Downloaded polars-core v0.36.2
[INFO] [stderr]   Downloaded comfy-table v7.1.0
[INFO] [stderr]   Downloaded smallvec v1.11.1
[INFO] [stderr]   Downloaded polars-arrow v0.36.2
[INFO] [stderr]   Downloaded serde_json v1.0.117
[INFO] [stderr]   Downloaded polars-pipe v0.36.2
[INFO] [stderr]   Downloaded lz4-sys v1.9.4
[INFO] [stderr]   Downloaded zerocopy-derive v0.7.15
[INFO] [stderr]   Downloaded polars-lazy v0.36.2
[INFO] [stderr]   Downloaded libc v0.2.154
[INFO] [stderr]   Downloaded ttf-parser v0.17.1
[INFO] [stderr]   Downloaded sqlparser v0.39.0
[INFO] [stderr]   Downloaded polars-plan v0.36.2
[INFO] [stderr]   Downloaded enum_dispatch v0.3.12
[INFO] [stderr]   Downloaded zstd-sys v2.0.9+zstd.1.5.5
[INFO] [stderr]   Downloaded plotters-bitmap v0.3.3
[INFO] [stderr]   Downloaded polars-io v0.36.2
[INFO] [stderr]   Downloaded flume v0.10.14
[INFO] [stderr]   Downloaded fdeflate v0.3.1
[INFO] [stderr]   Downloaded exr v1.6.4
[INFO] [stderr]   Downloaded pathfinder_simd v0.5.2
[INFO] [stderr]   Downloaded semver v1.0.20
[INFO] [stderr]   Downloaded const-cstr v0.3.0
[INFO] [stderr]   Downloaded font-kit v0.11.0
[INFO] [stderr]   Downloaded cmake v0.1.50
[INFO] [stderr]   Downloaded yeslogic-fontconfig-sys v3.2.0
[INFO] [stderr]   Downloaded float-ord v0.2.0
[INFO] [stderr]   Downloaded freetype v0.7.0
[INFO] [stderr]   Downloaded core-graphics-types v0.1.2
[INFO] [stderr]   Downloaded noisy_float v0.2.0
[INFO] [stderr]   Downloaded time-macros v0.2.16
[INFO] [stderr]   Downloaded burn-common v0.13.2
[INFO] [stderr]   Downloaded async-trait v0.1.80
[INFO] [stderr]   Downloaded zerofrom v0.1.3
[INFO] [stderr]   Downloaded ndarray-rand v0.14.0
[INFO] [stderr]   Downloaded inout v0.1.3
[INFO] [stderr]   Downloaded ndarray-stats v0.5.1
[INFO] [stderr]   Downloaded synstructure v0.13.0
[INFO] [stderr]   Downloaded time v0.3.31
[INFO] [stderr]   Downloaded gemm-f64 v0.17.1
[INFO] [stderr]   Downloaded burn-tensor v0.13.2
[INFO] [stderr]   Downloaded burn-import v0.13.2
[INFO] [stderr]   Downloaded freetype-sys v0.13.1
[INFO] [stderr]   Downloaded burn-ndarray v0.13.2
[INFO] [stderr]   Downloaded gif v0.11.4
[INFO] [stderr]   Downloaded burn-autodiff v0.13.2
[INFO] [stderr]   Downloaded aes v0.8.3
[INFO] [stderr]   Downloaded protobuf v3.4.0
[INFO] [stderr]   Downloaded gemm-c64 v0.17.1
[INFO] [stderr]   Downloaded protobuf-parse v3.4.0
[INFO] [stderr]   Downloaded safetensors v0.4.3
[INFO] [stderr]   Downloaded zerofrom-derive v0.1.3
[INFO] [stderr]   Downloaded seq-macro v0.3.5
[INFO] [stderr]   Downloaded cpufeatures v0.2.11
[INFO] [stderr]   Downloaded pulp v0.18.6
[INFO] [stderr]   Downloaded rmp v0.8.12
[INFO] [stderr]   Downloaded rust-format v0.3.4
[INFO] [stderr]   Downloaded burn-train v0.13.2
[INFO] [stderr]   Downloaded gemm-f16 v0.17.1
[INFO] [stderr]   Downloaded systemstat v0.2.3
[INFO] [stderr]   Downloaded enum-as-inner v0.6.0
[INFO] [stderr]   Downloaded gemm-f32 v0.17.1
[INFO] [stderr]   Downloaded burn-core v0.13.2
[INFO] [stderr]   Downloaded dyn-stack v0.10.0
[INFO] [stderr]   Downloaded gemm-c32 v0.17.1
[INFO] [stderr]   Downloaded nvml-wrapper v0.9.0
[INFO] [stderr]   Downloaded burn v0.13.2
[INFO] [stderr]   Downloaded raw-window-handle v0.6.1
[INFO] [stderr]   Downloaded rmp-serde v1.1.2
[INFO] [stderr]   Downloaded gemm-common v0.17.1
[INFO] [stderr]   Downloaded burn-fusion v0.13.2
[INFO] [stderr]   Downloaded torch-sys v0.15.0
[INFO] [stderr]   Downloaded yoke v0.7.3
[INFO] [stderr]   Downloaded nvml-wrapper-sys v0.7.0
[INFO] [stderr]   Downloaded yoke-derive v0.7.3
[INFO] [stderr]   Downloaded candle-core v0.4.1
[INFO] [stderr]   Downloaded burn-wgpu v0.13.2
[INFO] [stderr]   Downloaded ureq v2.9.1
[INFO] [stderr]   Downloaded serde_rusqlite v0.34.0
[INFO] [stderr]   Downloaded slotmap v1.0.6
[INFO] [stderr]   Downloaded raw-cpuid v10.7.0
[INFO] [stderr]   Downloaded protobuf-support v3.4.0
[INFO] [stderr]   Downloaded gemm v0.17.1
[INFO] [stderr]   Downloaded bincode v2.0.0-rc.3
[INFO] [stderr]   Downloaded burn-dataset v0.13.2
[INFO] [stderr]   Downloaded burn-candle v0.13.2
[INFO] [stderr]   Downloaded text_placeholder v0.5.0
[INFO] [stderr]   Downloaded gix-trace v0.1.6
[INFO] [stderr]   Downloaded faster-hex v0.9.0
[INFO] [stderr]   Downloaded r2d2_sqlite v0.23.0
[INFO] [stderr]   Downloaded gix-tempfile v11.0.1
[INFO] [stderr]   Downloaded burn-tch v0.13.2
[INFO] [stderr]   Downloaded wrapcenum-derive v0.4.0
[INFO] [stderr]   Downloaded burn-jit v0.13.2
[INFO] [stderr]   Downloaded tch v0.15.0
[INFO] [stderr]   Downloaded gix-features v0.36.1
[INFO] [stderr]   Downloaded profiling v1.0.11
[INFO] [stderr]   Downloaded burn-compute v0.13.2
[INFO] [stderr]   Downloaded safetensors v0.3.3
[INFO] [stderr]   Downloaded burn-derive v0.13.2
[INFO] [stderr]   Downloaded gix-fs v0.8.1
[INFO] [stderr]   Downloaded sanitize-filename v0.5.0
[INFO] [stderr]   Downloaded gix-hash v0.13.3
[INFO] [stderr]   Downloaded protobuf-codegen v3.4.0
[INFO] running `Command { std: "docker" "create" "-v" "/var/lib/crater-agent-workspace/builds/worker-0-tc2/source:/opt/rustwide/workdir:ro,Z" "-v" "/var/lib/crater-agent-workspace/builds/worker-0-tc2/target:/opt/rustwide/target:rw,Z" "-v" "/var/lib/crater-agent-workspace/cargo-home:/opt/rustwide/cargo-home:ro,Z" "-v" "/var/lib/crater-agent-workspace/rustup-home:/opt/rustwide/rustup-home:ro,Z" "-m" "1610612736" "--network" "none" "ghcr.io/rust-lang/crates-build-env/linux@sha256:77db811e55d90add9212f6832c23229e3de5f1c1f9905e8cb07319ea15df73ac" "sleep" "infinity", kill_on_drop: false }`
[INFO] [stdout] 742c551c4ebfa2d664b8eca17570bbf3dd3d6bc7d322f9f27d275af2515e8796
[INFO] running `Command { std: "docker" "start" "742c551c4ebfa2d664b8eca17570bbf3dd3d6bc7d322f9f27d275af2515e8796", kill_on_drop: false }`
[INFO] running `Command { std: "docker" "inspect" "742c551c4ebfa2d664b8eca17570bbf3dd3d6bc7d322f9f27d275af2515e8796", kill_on_drop: false }`
[INFO] running `Command { std: "docker" "exec" "-e" "SOURCE_DIR=/opt/rustwide/workdir" "-e" "CARGO_HOME=/opt/rustwide/cargo-home" "-e" "RUSTUP_HOME=/opt/rustwide/rustup-home" "-e" "CARGO_TARGET_DIR=/opt/rustwide/target" "-w" "/opt/rustwide/workdir" "--user" "0:0" "742c551c4ebfa2d664b8eca17570bbf3dd3d6bc7d322f9f27d275af2515e8796" "/opt/rustwide/cargo-home/bin/cargo" "+a5689b034ad287112f709693384a37f1377eb9cc" "metadata" "--no-deps" "--format-version=1", kill_on_drop: false }`
[INFO] running `Command { std: "docker" "inspect" "742c551c4ebfa2d664b8eca17570bbf3dd3d6bc7d322f9f27d275af2515e8796", kill_on_drop: false }`
[INFO] running `Command { std: "docker" "exec" "-e" "SOURCE_DIR=/opt/rustwide/workdir" "-e" "CARGO_HOME=/opt/rustwide/cargo-home" "-e" "RUSTUP_HOME=/opt/rustwide/rustup-home" "-e" "CARGO_TARGET_DIR=/opt/rustwide/target" "-e" "CARGO_INCREMENTAL=0" "-e" "RUST_BACKTRACE=full" "-e" "RUSTFLAGS=--cap-lints=forbid" "-e" "RUSTDOCFLAGS=--cap-lints=forbid" "-w" "/opt/rustwide/workdir" "--user" "0:0" "742c551c4ebfa2d664b8eca17570bbf3dd3d6bc7d322f9f27d275af2515e8796" "/opt/rustwide/cargo-home/bin/cargo" "+a5689b034ad287112f709693384a37f1377eb9cc" "check" "--frozen" "--all" "--all-targets" "--message-format=json", kill_on_drop: false }`
[INFO] [stderr]    Compiling proc-macro2 v1.0.82
[INFO] [stderr]    Compiling libc v0.2.154
[INFO] [stderr]    Compiling crossbeam-utils v0.8.18
[INFO] [stderr]    Compiling memoffset v0.9.0
[INFO] [stderr]    Compiling serde v1.0.202
[INFO] [stderr]    Compiling crossbeam-epoch v0.9.15
[INFO] [stderr]     Checking once_cell v1.19.0
[INFO] [stderr]    Compiling rayon-core v1.12.1
[INFO] [stderr]     Checking either v1.9.0
[INFO] [stderr]    Compiling libm v0.2.8
[INFO] [stderr]    Compiling num-traits v0.2.19
[INFO] [stderr]    Compiling ahash v0.8.6
[INFO] [stderr]    Compiling thiserror v1.0.60
[INFO] [stderr]     Checking zerocopy v0.7.15
[INFO] [stderr]    Compiling lock_api v0.4.11
[INFO] [stderr]     Checking smallvec v1.11.1
[INFO] [stderr]     Checking log v0.4.21
[INFO] [stderr]     Checking bitflags v2.4.1
[INFO] [stderr]     Checking itoa v1.0.9
[INFO] [stderr]    Compiling parking_lot_core v0.9.9
[INFO] [stderr]     Checking memchr v2.6.4
[INFO] [stderr]    Compiling syn v1.0.109
[INFO] [stderr]     Checking ryu v1.0.15
[INFO] [stderr]    Compiling num-integer v0.1.45
[INFO] [stderr]    Compiling signal-hook v0.3.17
[INFO] [stderr]     Checking spin v0.9.8
[INFO] [stderr]    Compiling matrixmultiply v0.3.8
[INFO] [stderr]    Compiling crc32fast v1.3.2
[INFO] [stderr]    Compiling rustix v0.38.34
[INFO] [stderr]    Compiling target-features v0.1.5
[INFO] [stderr]     Checking rawpointer v0.2.1
[INFO] [stderr]    Compiling typenum v1.17.0
[INFO] [stderr]    Compiling generic-array v0.14.7
[INFO] [stderr]     Checking miniz_oxide v0.7.1
[INFO] [stderr]    Compiling futures-core v0.3.28
[INFO] [stderr]    Compiling cfg_aliases v0.1.1
[INFO] [stderr]     Checking weezl v0.1.8
[INFO] [stderr]    Compiling smartstring v1.0.1
[INFO] [stderr]    Compiling serde_json v1.0.117
[INFO] [stderr]     Checking iana-time-zone v0.1.58
[INFO] [stderr]    Compiling polars-utils v0.36.2
[INFO] [stderr]     Checking simdutf8 v0.1.4
[INFO] [stderr]    Compiling polars-arrow v0.36.2
[INFO] [stderr]     Checking reborrow v0.5.5
[INFO] [stderr]    Compiling indexmap v1.9.3
[INFO] [stderr]     Checking crossbeam-channel v0.5.10
[INFO] [stderr]     Checking powerfmt v0.2.0
[INFO] [stderr]     Checking futures-sink v0.3.30
[INFO] [stderr]     Checking ethnum v1.5.0
[INFO] [stderr]     Checking fast-float v0.2.0
[INFO] [stderr]     Checking flate2 v1.0.28
[INFO] [stderr]     Checking foreign_vec v0.1.0
[INFO] [stderr]    Compiling khronos-egl v6.0.0
[INFO] [stderr]     Checking streaming-iterator v0.1.9
[INFO] [stderr]    Compiling quote v1.0.35
[INFO] [stderr]     Checking strength_reduce v0.2.4
[INFO] [stderr]     Checking getrandom v0.2.15
[INFO] [stderr]     Checking aho-corasick v1.1.2
[INFO] [stderr]    Compiling jobserver v0.1.27
[INFO] [stderr]     Checking signal-hook-registry v1.4.1
[INFO] [stderr]     Checking crossbeam-deque v0.8.3
[INFO] [stderr]     Checking rand_core v0.6.4
[INFO] [stderr]     Checking num_cpus v1.16.0
[INFO] [stdout] error[E0635]: unknown feature `stdsimd`
[INFO] [stdout]   --> /opt/rustwide/cargo-home/registry/src/index.crates.io-1949cf8c6b5b557f/ahash-0.8.6/src/lib.rs:99:42
[INFO] [stdout]    |
[INFO] [stdout] 99 | #![cfg_attr(feature = "stdsimd", feature(stdsimd))]
[INFO] [stdout]    |                                          ^^^^^^^
[INFO] [stdout] 
[INFO] [stdout] 
[INFO] [stderr]     Checking thread-tree v0.3.3
[INFO] [stderr]    Compiling syn v2.0.46
[INFO] [stdout] For more information about this error, try `rustc --explain E0635`.
[INFO] [stdout] 
[INFO] [stderr] error: could not compile `ahash` (lib) due to 1 previous error
[INFO] [stderr] warning: build failed, waiting for other jobs to finish...
[INFO] [stdout] error[E0512]: cannot transmute between types of different sizes, or dependently-sized types
[INFO] [stdout]   --> /opt/rustwide/cargo-home/registry/src/index.crates.io-1949cf8c6b5b557f/ethnum-1.5.0/src/error.rs:16:14
[INFO] [stdout]    |
[INFO] [stdout] 16 |     unsafe { mem::transmute(()) }
[INFO] [stdout]    |              ^^^^^^^^^^^^^^
[INFO] [stdout]    |
[INFO] [stdout]    = note: source type: `()` (0 bits)
[INFO] [stdout]    = note: target type: `TryFromIntError` (8 bits)
[INFO] [stdout] 
[INFO] [stdout] 
[INFO] [stdout] For more information about this error, try `rustc --explain E0512`.
[INFO] [stdout] 
[INFO] [stderr] error: could not compile `ethnum` (lib) due to 1 previous error
[INFO] running `Command { std: "docker" "inspect" "742c551c4ebfa2d664b8eca17570bbf3dd3d6bc7d322f9f27d275af2515e8796", kill_on_drop: false }`
[INFO] running `Command { std: "docker" "rm" "-f" "742c551c4ebfa2d664b8eca17570bbf3dd3d6bc7d322f9f27d275af2515e8796", kill_on_drop: false }`
[INFO] [stdout] 742c551c4ebfa2d664b8eca17570bbf3dd3d6bc7d322f9f27d275af2515e8796
