[INFO] fetching crate spyc 2.2.0...
[INFO] checking spyc-2.2.0 against 8006091eb71ae7d9e9bccb66c6122c9d68af4466 for pr-129249-3
[INFO] extracting crate spyc 2.2.0 into /workspace/builds/worker-3-tc1/source
[INFO] removed /workspace/builds/worker-3-tc1/source/rust-toolchain.toml
[INFO] started tweaking crates.io crate spyc 2.2.0
[INFO] removed 0 missing examples
[INFO] finished tweaking crates.io crate spyc 2.2.0
[INFO] tweaked toml for crates.io crate spyc 2.2.0 written to /workspace/builds/worker-3-tc1/source/Cargo.toml
[INFO] validating manifest of crates.io crate spyc 2.2.0 on toolchain 8006091eb71ae7d9e9bccb66c6122c9d68af4466
[INFO] running `Command { std: CARGO_HOME="/workspace/cargo-home" RUSTUP_HOME="/workspace/rustup-home" "/workspace/cargo-home/bin/cargo" "+8006091eb71ae7d9e9bccb66c6122c9d68af4466" "metadata" "--manifest-path" "Cargo.toml" "--no-deps", kill_on_drop: false }`
[INFO] crate crates.io crate spyc 2.2.0 already has a lockfile, it will not be regenerated
[INFO] running `Command { std: CARGO_HOME="/workspace/cargo-home" RUSTUP_HOME="/workspace/rustup-home" "/workspace/cargo-home/bin/cargo" "+8006091eb71ae7d9e9bccb66c6122c9d68af4466" "fetch" "--manifest-path" "Cargo.toml", kill_on_drop: false }`
[INFO] [stderr]     Blocking waiting for file lock on package cache
[INFO] [stderr]     Updating crates.io index
[INFO] [stderr]     Blocking waiting for file lock on package cache
[INFO] [stderr]  Downloading crates ...
[INFO] [stderr]   Downloaded num_threads v0.1.7
[INFO] [stderr]   Downloaded vt100 v0.16.2
[INFO] [stderr]   Downloaded uzers v0.12.2
[INFO] [stderr]   Downloaded unicode-truncate v2.0.1
[INFO] [stderr]   Downloaded windows-interface v0.56.0
[INFO] [stderr]   Downloaded windows-implement v0.56.0
[INFO] [stderr]   Downloaded strip-ansi-escapes v0.2.1
[INFO] [stderr]   Downloaded xmlwriter v0.1.0
[INFO] [stderr]   Downloaded float-cmp v0.9.0
[INFO] [stderr]   Downloaded zip v9.0.2
[INFO] [stderr]   Downloaded zstd v0.14.1
[INFO] [stderr]   Downloaded unicode-vo v0.1.0
[INFO] [stderr]   Downloaded strict-num v0.1.1
[INFO] [stderr]   Downloaded unicode-ccc v0.4.0
[INFO] [stderr]   Downloaded pico-args v0.5.0
[INFO] [stderr]   Downloaded unicode-bidi-mirroring v0.4.0
[INFO] [stderr]   Downloaded windows-interface v0.58.0
[INFO] [stderr]   Downloaded vte v0.15.0
[INFO] [stderr]   Downloaded core_maths v0.1.1
[INFO] [stderr]   Downloaded windows-implement v0.58.0
[INFO] [stderr]   Downloaded zstd-safe v8.1.0
[INFO] [stderr]   Downloaded by_address v1.2.1
[INFO] [stderr]   Downloaded toml_edit v0.25.15+spec-1.1.0
[INFO] [stderr]   Downloaded toml v1.1.6+spec-1.1.0
[INFO] [stderr]   Downloaded tiny-skia-path v0.11.4
[INFO] [stderr]   Downloaded svgtypes v0.16.1
[INFO] [stderr]   Downloaded simplecss v0.2.2
[INFO] [stderr]   Downloaded imagesize v0.14.0
[INFO] [stderr]   Downloaded memmap2 v0.9.11
[INFO] [stderr]   Downloaded fontconfig-parser v0.5.8
[INFO] [stderr]   Downloaded data-url v0.3.2
[INFO] [stderr]   Downloaded rgb v0.8.53
[INFO] [stderr]   Downloaded fast-srgb8 v1.0.0
[INFO] [stderr]   Downloaded lru v0.18.0
[INFO] [stderr]   Downloaded kasuari v0.4.12
[INFO] [stderr]   Downloaded line-clipping v0.3.7
[INFO] [stderr]   Downloaded instability v0.3.12
[INFO] [stderr]   Downloaded wezterm-dynamic v0.2.1
[INFO] [stderr]   Downloaded wezterm-dynamic-derive v0.1.1
[INFO] [stderr]   Downloaded wezterm-color-types v0.3.0
[INFO] [stderr]   Downloaded csscolorparser v0.6.2
[INFO] [stderr]   Downloaded lab v0.11.0
[INFO] [stderr]   Downloaded vtparse v0.6.2
[INFO] [stderr]   Downloaded trash v5.2.9
[INFO] [stderr]   Downloaded windows-core v0.56.0
[INFO] [stderr]   Downloaded vte v0.14.1
[INFO] [stderr]   Downloaded resvg v0.46.0
[INFO] [stderr]   Downloaded unicode-script v0.5.8
[INFO] [stderr]   Downloaded roxmltree v0.20.0
[INFO] [stderr]   Downloaded windows-core v0.58.0
[INFO] [stderr]   Downloaded palette_derive v0.7.6
[INFO] [stderr]   Downloaded indoc v2.0.7
[INFO] [stderr]   Downloaded ratatui-termwiz v0.1.2
[INFO] [stderr]   Downloaded wezterm-input-types v0.1.0
[INFO] [stderr]   Downloaded ordered-float v4.6.0
[INFO] [stderr]   Downloaded wezterm-blob-leases v0.1.1
[INFO] [stderr]   Downloaded mac_address v1.1.8
[INFO] [stderr]   Downloaded termios v0.3.3
[INFO] [stderr]   Downloaded memmem v0.1.1
[INFO] [stderr]   Downloaded typed-path v0.12.3
[INFO] [stderr]   Downloaded ratatui v0.30.2
[INFO] [stderr]   Downloaded terminfo v0.9.0
[INFO] [stderr]   Downloaded ntapi v0.4.3
[INFO] [stderr]   Downloaded fontdb v0.23.0
[INFO] [stderr]   Downloaded wezterm-bidi v0.2.3
[INFO] [stderr]   Downloaded filedescriptor v0.8.3
[INFO] [stderr]   Downloaded usvg v0.46.0
[INFO] [stderr]   Downloaded finl_unicode v1.4.0
[INFO] [stderr]   Downloaded ratatui-termina v0.1.0
[INFO] [stderr]   Downloaded zlib-rs v0.6.3
[INFO] [stderr]   Downloaded sysinfo v0.33.1
[INFO] [stderr]   Downloaded ratatui-core v0.1.2
[INFO] [stderr]   Downloaded fancy-regex v0.11.0
[INFO] [stderr]   Downloaded termina v0.3.3
[INFO] [stderr]   Downloaded tiny-skia v0.11.4
[INFO] [stderr]   Downloaded ratatui-widgets v0.3.2
[INFO] [stderr]   Downloaded palette v0.7.6
[INFO] [stderr]   Downloaded ratatui-macros v0.7.2
[INFO] [stderr]   Downloaded ratatui-crossterm v0.1.2
[INFO] [stderr]   Downloaded rustybuzz v0.20.1
[INFO] [stderr]   Downloaded termwiz v0.23.3
[INFO] [stderr]   Downloaded zstd-sys v2.1.1+zstd.1.5.7
[INFO] [stderr]   Downloaded quantette v0.5.1
[INFO] [stderr]   Downloaded safe_arch v0.9.3
[INFO] [stderr]   Downloaded rand_xoshiro v0.7.0
[INFO] [stderr]   Downloaded pretty-hex v0.4.2
[INFO] [stderr]   Downloaded portable-pty v0.9.0
[INFO] [stderr]   Downloaded wide v0.8.3
[INFO] [stderr]   Downloaded winreg v0.10.1
[INFO] [stderr]   Downloaded shared_library v0.1.9
[INFO] [stderr]   Downloaded serial2 v0.2.37
[INFO] [stderr]   Downloaded cfg_aliases v0.1.1
[INFO] [stderr]   Downloaded open v5.4.4
[INFO] [stderr]   Downloaded nucleo-matcher v0.3.1
[INFO] [stderr]   Downloaded notify-rust v4.17.0
[INFO] [stderr]   Downloaded nix v0.28.0
[INFO] [stderr]   Downloaded deltae v0.3.2
[INFO] [stderr]   Downloaded gix-actor v0.42.0
[INFO] [stderr]   Downloaded gix-shallow v0.13.0
[INFO] [stderr]   Downloaded windows-version v0.1.7
[INFO] [stderr]   Downloaded mac-notification-sys v0.6.15
[INFO] [stderr]   Downloaded kqueue v1.1.1
[INFO] [stderr]   Downloaded kqueue-sys v1.0.4
[INFO] [stderr]   Downloaded jiff-static v0.2.38
[INFO] [stderr]   Downloaded infer v0.22.0
[INFO] [stderr]   Downloaded grep-matcher v0.1.9
[INFO] [stderr]   Downloaded nonempty v0.12.0
[INFO] [stderr]   Downloaded gix-zlib v0.1.0
[INFO] [stderr]   Downloaded gix-revwalk v0.35.0
[INFO] [stderr]   Downloaded gix-validate v0.11.4
[INFO] [stderr]   Downloaded gix-utils v0.3.6
[INFO] [stderr]   Downloaded gix-tempfile v24.0.0
[INFO] [stderr]   Downloaded gix-fs v0.22.1
[INFO] [stderr]   Downloaded gix-trace v0.1.21
[INFO] [stderr]   Downloaded gix-features v0.49.1
[INFO] [stderr]   Downloaded gix-hashtable v0.16.0
[INFO] [stderr]   Downloaded gix-hash v0.26.2
[INFO] [stderr]   Downloaded faster-hex v0.10.0
[INFO] [stderr]   Downloaded gix-date v0.16.0
[INFO] [stderr]   Downloaded gix-error v0.3.1
[INFO] [stderr]   Downloaded gix-command v0.10.0
[INFO] [stderr]   Downloaded gix-quote v0.8.0
[INFO] [stderr]   Downloaded gix-chunk v0.8.0
[INFO] [stderr]   Downloaded unicode-bom v2.0.3
[INFO] [stderr]   Downloaded gix-lock v24.0.0
[INFO] [stderr]   Downloaded gix-bitmap v0.4.0
[INFO] [stderr]   Downloaded gix-refspec v0.45.1
[INFO] [stderr]   Downloaded gix-config-value v0.19.1
[INFO] [stderr]   Downloaded gix-sec v0.14.2
[INFO] [stderr]   Downloaded notify v8.2.0
[INFO] [stderr]   Downloaded notify-types v2.1.0
[INFO] [stderr]   Downloaded mlua-sys v0.13.0
[INFO] [stderr]   Downloaded which v8.0.4
[INFO] [stderr]   Downloaded tiny-skia-path v0.12.0
[INFO] [stderr]   Downloaded gix-worktree-stream v0.36.1
[INFO] [stderr]   Downloaded gix-traverse v0.61.0
[INFO] [stderr]   Downloaded gix-path v0.12.5
[INFO] [stderr]   Downloaded gix-commitgraph v0.39.0
[INFO] [stderr]   Downloaded gix-filter v0.34.0
[INFO] [stderr]   Downloaded gix-packetline v0.22.2
[INFO] [stderr]   Downloaded gix-attributes v0.35.0
[INFO] [stderr]   Downloaded gix-glob v0.27.1
[INFO] [stderr]   Downloaded gix-worktree-state v0.34.1
[INFO] [stderr]   Downloaded io-close v0.3.7
[INFO] [stderr]   Downloaded gix-worktree v0.56.0
[INFO] [stderr]   Downloaded gix-ignore v0.22.1
[INFO] [stderr]   Downloaded gix-url v0.38.0
[INFO] [stderr]   Downloaded gix-submodule v0.34.0
[INFO] [stderr]   Downloaded gix-pathspec v0.20.0
[INFO] [stderr]   Downloaded gix-discover v0.55.0
[INFO] [stderr]   Downloaded tauri-winrt-notification v0.7.2
[INFO] [stderr]   Downloaded inotify v0.11.3
[INFO] [stderr]   Downloaded jiff-tzdb v0.1.6
[INFO] [stderr]   Downloaded grep-searcher v0.1.17
[INFO] [stderr]   Downloaded heapless v0.8.0
[INFO] [stderr]   Downloaded gix-dir v0.29.1
[INFO] [stderr]   Downloaded resvg v0.47.0
[INFO] [stderr]   Downloaded json5 v1.3.1
[INFO] [stderr]   Downloaded libproc v0.14.11
[INFO] [stderr]   Downloaded ignore v0.4.33
[INFO] [stderr]   Downloaded gix-object v0.64.1
[INFO] [stderr]   Downloaded prodash v31.0.0
[INFO] [stderr]   Downloaded gix-index v0.55.0
[INFO] [stderr]   Downloaded gix-status v0.34.1
[INFO] [stderr]   Downloaded gix-config v0.60.0
[INFO] [stderr]   Downloaded gix-ref v0.67.1
[INFO] [stderr]   Downloaded insta v1.49.0
[INFO] [stderr]   Downloaded usvg v0.47.0
[INFO] [stderr]   Downloaded tiny-skia v0.12.0
[INFO] [stderr]   Downloaded mlua v0.12.2
[INFO] [stderr]   Downloaded gix v0.87.1
[INFO] [stderr]   Downloaded gix-transport v0.59.1
[INFO] [stderr]   Downloaded gix-protocol v0.65.1
[INFO] [stderr]   Downloaded gix-macros v0.1.6
[INFO] [stderr]   Downloaded gix-note v0.1.1
[INFO] [stderr]   Downloaded gix-revision v0.49.1
[INFO] [stderr]   Downloaded clru v0.6.3
[INFO] [stderr]   Downloaded gix-blame v0.17.1
[INFO] [stderr]   Downloaded clap_derive v4.6.7
[INFO] [stderr]   Downloaded mermaid-rs-renderer v0.3.1
[INFO] [stderr]   Downloaded gix-diff v0.67.1
[INFO] [stderr]   Downloaded ansi-to-tui v8.0.1
[INFO] [stderr]   Downloaded diffy v0.5.2
[INFO] [stderr]   Downloaded clap v4.6.7
[INFO] [stderr]   Downloaded gix-odb v0.84.0
[INFO] [stderr]   Downloaded gix-pack v0.74.2
[INFO] [stderr]   Downloaded jiff v0.2.38
[INFO] [stderr]   Downloaded clap_builder v4.6.7
[INFO] [stderr]   Downloaded sha1-checked v0.10.0
[INFO] [stderr]   Downloaded lua-src v551.0.2
[INFO] [stderr]   Downloaded luajit-src v210.7.2+b925b3e
[INFO] [stderr]   Downloaded two-face v0.5.2+bat-0.26.1
[INFO] [stderr]   Downloaded spyc-vt-sys v0.1.0
[INFO] [stderr]   Downloaded gix-imara-diff v0.2.5
[INFO] [stderr]   Downloaded ratatui-image v11.1.0
[INFO] [stderr]   Downloaded icy_sixel v0.5.0
[INFO] [stderr]   Downloaded windows v0.58.0
[INFO] [stderr]   Downloaded windows v0.56.0
[INFO] running `Command { std: "docker" "create" "-v" "/var/lib/crater-agent-workspace/builds/worker-3-tc1/source:/opt/rustwide/workdir:ro,Z" "-v" "/var/lib/crater-agent-workspace/builds/worker-3-tc1/target:/opt/rustwide/target:rw,Z" "-v" "/var/lib/crater-agent-workspace/cargo-home:/opt/rustwide/cargo-home:ro,Z" "-v" "/var/lib/crater-agent-workspace/rustup-home:/opt/rustwide/rustup-home:ro,Z" "-m" "1610612736" "--network" "none" "ghcr.io/rust-lang/crates-build-env/linux@sha256:77db811e55d90add9212f6832c23229e3de5f1c1f9905e8cb07319ea15df73ac" "sleep" "infinity", kill_on_drop: false }`
[INFO] [stdout] f712e7df296be6a585d672ca74078e45c06b0ad8da131c8920695fa26ab876dd
[INFO] running `Command { std: "docker" "start" "f712e7df296be6a585d672ca74078e45c06b0ad8da131c8920695fa26ab876dd", kill_on_drop: false }`
[INFO] running `Command { std: "docker" "inspect" "f712e7df296be6a585d672ca74078e45c06b0ad8da131c8920695fa26ab876dd", kill_on_drop: false }`
[INFO] running `Command { std: "docker" "exec" "-e" "SOURCE_DIR=/opt/rustwide/workdir" "-e" "CARGO_HOME=/opt/rustwide/cargo-home" "-e" "RUSTUP_HOME=/opt/rustwide/rustup-home" "-e" "CARGO_TARGET_DIR=/opt/rustwide/target" "-w" "/opt/rustwide/workdir" "--user" "0:0" "f712e7df296be6a585d672ca74078e45c06b0ad8da131c8920695fa26ab876dd" "/opt/rustwide/cargo-home/bin/cargo" "+8006091eb71ae7d9e9bccb66c6122c9d68af4466" "metadata" "--no-deps" "--format-version=1", kill_on_drop: false }`
[INFO] running `Command { std: "docker" "inspect" "f712e7df296be6a585d672ca74078e45c06b0ad8da131c8920695fa26ab876dd", kill_on_drop: false }`
[INFO] running `Command { std: "docker" "exec" "-e" "SOURCE_DIR=/opt/rustwide/workdir" "-e" "CARGO_HOME=/opt/rustwide/cargo-home" "-e" "RUSTUP_HOME=/opt/rustwide/rustup-home" "-e" "CARGO_TARGET_DIR=/opt/rustwide/target" "-e" "CARGO_INCREMENTAL=0" "-e" "RUST_BACKTRACE=full" "-e" "RUSTFLAGS=--cap-lints=forbid" "-e" "RUSTDOCFLAGS=--cap-lints=forbid" "-w" "/opt/rustwide/workdir" "--user" "0:0" "f712e7df296be6a585d672ca74078e45c06b0ad8da131c8920695fa26ab876dd" "/opt/rustwide/cargo-home/bin/cargo" "+8006091eb71ae7d9e9bccb66c6122c9d68af4466" "check" "--frozen" "--all" "--all-targets" "--message-format=json", kill_on_drop: false }`
[INFO] [stderr]    Compiling quote v1.0.45
[INFO] [stderr]    Compiling libc v0.2.190
[INFO] [stderr]     Checking cfg-if v1.0.4
[INFO] [stderr]     Checking memchr v2.8.0
[INFO] [stderr]     Checking bitflags v2.13.0
[INFO] [stderr]     Checking regex-syntax v0.8.11
[INFO] [stderr]     Checking smallvec v1.15.1
[INFO] [stderr]     Checking fastrand v2.4.1
[INFO] [stderr]     Checking once_cell v1.21.4
[INFO] [stderr]     Checking tinyvec_macros v0.1.1
[INFO] [stderr]    Compiling crossbeam-utils v0.8.21
[INFO] [stderr]    Compiling thiserror v2.0.18
[INFO] [stderr]    Compiling crc32fast v1.5.0
[INFO] [stderr]     Checking scopeguard v1.2.0
[INFO] [stderr]    Compiling getrandom v0.4.2
[INFO] [stderr]    Compiling parking_lot_core v0.9.12
[INFO] [stderr]     Checking allocator-api2 v0.2.21
[INFO] [stderr]     Checking equivalent v1.0.2
[INFO] [stderr]     Checking tinyvec v1.11.0
[INFO] [stderr]     Checking foldhash v0.2.0
[INFO] [stderr]    Compiling syn v2.0.117
[INFO] [stderr]     Checking lock_api v0.4.14
[INFO] [stderr]    Compiling rustix v1.1.5
[INFO] [stderr]     Checking linux-raw-sys v0.12.1
[INFO] [stderr]     Checking gix-trace v0.1.21
[INFO] [stderr]     Checking same-file v1.0.6
[INFO] [stderr]     Checking itoa v1.0.18
[INFO] [stderr]    Compiling generic-array v0.14.7
[INFO] [stderr]     Checking typenum v1.20.0
[INFO] [stderr]    Compiling heapless v0.8.0
[INFO] [stderr]     Checking byteorder v1.5.0
[INFO] [stderr]     Checking walkdir v2.5.0
[INFO] [stderr]     Checking stable_deref_trait v1.2.1
[INFO] [stderr]     Checking cpufeatures v0.2.17
[INFO] [stderr]     Checking log v0.4.29
[INFO] [stderr]     Checking hashbrown v0.14.5
[INFO] [stderr]     Checking unicode-normalization v0.1.25
[INFO] [stderr]    Compiling libm v0.2.16
[INFO] [stderr]    Compiling syn v3.0.2
[INFO] [stderr]     Checking jiff-core v0.1.0
[INFO] [stderr]     Checking hash32 v0.3.1
[INFO] [stderr]     Checking shell-words v1.1.1
[INFO] [stderr]     Checking zlib-rs v0.6.3
[INFO] [stderr]     Checking simd-adler32 v0.3.9
[INFO] [stderr]     Checking hashbrown v0.17.1
[INFO] [stderr]     Checking crossbeam-channel v0.5.15
[INFO] [stderr]     Checking aho-corasick v1.1.4
[INFO] [stderr]    Compiling serde_core v1.0.229
[INFO] [stderr]    Compiling serde v1.0.229
[INFO] [stderr]     Checking adler2 v2.0.1
[INFO] [stderr]     Checking miniz_oxide v0.9.1
[INFO] [stderr]     Checking faster-hex v0.10.0
[INFO] [stderr]     Checking pin-project-lite v0.2.17
[INFO] [stderr]     Checking nonempty v0.12.0
[INFO] [stderr]    Compiling num-traits v0.2.19
[INFO] [stderr]     Checking unicode-bom v2.0.3
[INFO] [stderr]     Checking parking v2.2.1
[INFO] [stderr]     Checking either v1.15.0
[INFO] [stderr]     Checking jiff v0.2.38
[INFO] [stderr]     Checking miniz_oxide v0.8.9
[INFO] [stderr]     Checking fdeflate v0.3.7
[INFO] [stderr]     Checking concurrent-queue v2.5.0
[INFO] [stderr]     Checking hashbrown v0.16.1
[INFO] [stderr]    Compiling crossbeam-epoch v0.9.20
[INFO] [stderr]     Checking arrayvec v0.7.6
[INFO] [stderr]     Checking futures-core v0.3.32
[INFO] [stderr]    Compiling getrandom v0.3.4
[INFO] [stderr]     Checking regex-automata v0.4.18
[INFO] [stderr]    Compiling toml_parser v1.1.3+spec-1.1.0
[INFO] [stderr]     Checking fnv v1.0.7
[INFO] [stderr]    Compiling proc-macro2 v1.0.107
[INFO] [stderr]     Checking float-cmp v0.9.0
[INFO] [stderr]     Checking flate2 v1.1.10
[INFO] [stderr]     Checking strict-num v0.1.1
[INFO] [stderr]     Checking crossbeam-deque v0.8.6
[INFO] [stderr]     Checking unicode-width v0.2.2
[INFO] [stderr]     Checking futures-io v0.3.32
[INFO] [stderr]     Checking block-buffer v0.10.4
[INFO] [stderr]     Checking crypto-common v0.1.7
[INFO] [stderr]     Checking unicode-segmentation v1.13.3
[INFO] [stderr]     Checking arrayref v0.3.9
[INFO] [stderr]     Checking digest v0.10.7
[INFO] [stderr]    Compiling toml_edit v0.25.15+spec-1.1.0
[INFO] [stderr]     Checking powerfmt v0.2.0
[INFO] [stderr]     Checking memmap2 v0.9.11
[INFO] [stderr]     Checking errno v0.3.14
[INFO] [stderr]     Checking signal-hook-registry v1.4.8
[INFO] [stderr]     Checking sha1 v0.10.6
[INFO] [stderr]     Checking filetime v0.2.29
[INFO] [stderr]     Checking unicode-ident v1.0.24
[INFO] [stderr]     Checking sha1-checked v0.10.0
[INFO] [stderr]     Checking png v0.18.1
[INFO] [stderr]     Checking parking_lot v0.12.5
[INFO] [stderr]     Checking dashmap v6.2.1
[INFO] [stderr]     Checking deranged v0.5.8
[INFO] [stderr]     Checking rand_core v0.9.5
[INFO] [stderr]     Checking gix-sec v0.14.2
[INFO] [stderr]     Checking prodash v31.0.0
[INFO] [stderr]     Checking core_maths v0.1.1
[INFO] [stderr]     Checking event-listener v5.4.1
[INFO] [stderr]     Checking castaway v0.2.4
[INFO] [stderr]     Checking itertools v0.14.0
[INFO] [stderr]    Compiling slotmap v1.1.1
[INFO] [stderr]    Compiling jobserver v0.1.34
[INFO] [stderr]     Checking encoding_rs v0.8.35
[INFO] [stderr]     Checking weezl v0.1.12
[INFO] [stderr]     Checking zune-core v0.5.1
[INFO] [stderr]     Checking ryu v1.0.23
[INFO] [stderr]     Checking winnow v1.0.3
[INFO] [stderr]     Checking time-core v0.1.8
[INFO] [stderr]     Checking byteorder-lite v0.1.0
[INFO] [stderr]    Compiling cc v1.2.61
[INFO] [stderr]     Checking base64 v0.22.1
[INFO] [stderr]     Checking quick-error v2.0.1
[INFO] [stderr]     Checking num-conv v0.2.2
[INFO] [stderr]    Compiling proc-macro-crate v3.5.0
[INFO] [stderr]     Checking num_threads v0.1.7
[INFO] [stderr]     Checking static_assertions v1.1.0
[INFO] [stderr]     Checking color_quant v1.1.0
[INFO] [stderr]     Checking compact_str v0.9.0
[INFO] [stderr]     Checking gif v0.14.2
[INFO] [stderr]     Checking image-webp v0.2.4
[INFO] [stderr]    Compiling zerocopy v0.8.48
[INFO] [stderr]     Checking zune-jpeg v0.5.15
[INFO] [stderr]     Checking event-listener-strategy v0.5.4
[INFO] [stderr]     Checking ttf-parser v0.25.1
[INFO] [stderr]     Checking futures-lite v2.6.1
[INFO] [stderr]     Checking polycool v0.4.0
[INFO] [stderr]     Checking lru v0.18.0
[INFO] [stderr]     Checking indexmap v2.14.0
[INFO] [stderr]     Checking critical-section v1.2.0
[INFO] [stderr]    Compiling instability v0.3.12
[INFO] [stderr]    Compiling signal-hook v0.3.18
[INFO] [stderr]     Checking roxmltree v0.20.0
[INFO] [stderr]     Checking time v0.3.47
[INFO] [stderr]     Checking kurbo v0.13.1
[INFO] [stderr]     Checking unicode-truncate v2.0.1
[INFO] [stderr]     Checking bstr v1.12.1
[INFO] [stderr]    Compiling zstd-sys v2.1.1+zstd.1.5.7
[INFO] [stderr]     Checking mio v1.2.0
[INFO] [stderr]     Checking fontconfig-parser v0.5.8
[INFO] [stderr]    Compiling async-io v2.6.0
[INFO] [stderr]    Compiling rayon-core v1.13.0
[INFO] [stderr]    Compiling radium v0.7.0
[INFO] [stderr]     Checking unicode-bidi-mirroring v0.4.0
[INFO] [stderr]     Checking unicode-ccc v0.4.0
[INFO] [stderr]     Checking siphasher v1.0.3
[INFO] [stderr]    Compiling indoc v2.0.7
[INFO] [stderr]     Checking pxfm v0.1.29
[INFO] [stderr]     Checking unicode-script v0.5.8
[INFO] [stderr]    Compiling serde_derive v1.0.229
[INFO] [stderr]     Checking percent-encoding v2.3.2
[INFO] [stderr]     Checking slab v0.4.12
[INFO] [stderr]     Checking unicode-properties v0.1.4
[INFO] [stderr]    Compiling zmij v1.0.21
[INFO] [stderr]     Checking gix-validate v0.11.4
[INFO] [stderr]     Checking gix-utils v0.3.6
[INFO] [stderr]     Checking gix-error v0.3.1
[INFO] [stderr]    Compiling darling_core v0.23.0
[INFO] [stderr]    Compiling which v8.0.4
[INFO] [stderr]     Checking roxmltree v0.21.1
[INFO] [stderr]     Checking simplecss v0.2.2
[INFO] [stderr]    Compiling ref-cast v1.0.25
[INFO] [stderr]     Checking svgtypes v0.16.1
[INFO] [stderr]    Compiling litrs v1.0.0
[INFO] [stderr]     Checking gix-quote v0.8.0
[INFO] [stderr]     Checking gix-date v0.16.0
[INFO] [stderr]     Checking gix-chunk v0.8.0
[INFO] [stderr]     Checking gix-bitmap v0.4.0
[INFO] [stderr]     Checking imagesize v0.14.0
[INFO] [stderr]    Compiling by_address v1.2.1
[INFO] [stderr]     Checking unicode-bidi v0.3.18
[INFO] [stderr]     Checking gix-actor v0.42.0
[INFO] [stderr]     Checking async-task v4.7.1
[INFO] [stderr]     Checking data-url v0.3.2
[INFO] [stderr]     Checking tap v1.0.1
[INFO] [stderr]    Compiling palette v0.7.6
[INFO] [stderr]    Compiling serde_json v1.0.151
[INFO] [stderr]    Compiling endi v1.1.1
[INFO] [stderr]     Checking unicode-vo v0.1.0
[INFO] [stderr]     Checking xmlwriter v0.1.0
[INFO] [stderr]     Checking pico-args v0.5.0
[INFO] [stderr]    Compiling document-features v0.2.12
[INFO] [stderr]     Checking wyz v0.5.1
[INFO] [stderr]    Compiling thiserror v1.0.69
[INFO] [stderr]    Compiling luajit-src v210.7.2+b925b3e
[INFO] [stderr]     Checking signal-hook-mio v0.2.5
[INFO] [stderr]     Checking gix-imara-diff v0.2.5
[INFO] [stderr]     Checking fontdb v0.23.0
[INFO] [stderr]    Compiling lua-src v551.0.2
[INFO] [stderr]     Checking async-channel v2.5.0
[INFO] [stderr]     Checking rand v0.9.4
[INFO] [stderr]     Checking getrandom v0.2.17
[INFO] [stderr]     Checking line-clipping v0.3.7
[INFO] [stderr]     Checking funty v2.0.0
[INFO] [stderr]     Checking utf8parse v0.2.2
[INFO] [stderr]     Checking atomic-waker v1.1.2
[INFO] [stderr]     Checking fast-srgb8 v1.0.0
[INFO] [stderr]    Compiling cfg_aliases v0.1.1
[INFO] [stderr]     Checking bit-vec v0.8.0
[INFO] [stderr]    Compiling zstd-safe v8.1.0
[INFO] [stderr]    Compiling inotify-sys v0.1.8
[INFO] [stderr]    Compiling nix v0.28.0
[INFO] [stderr]     Checking piper v0.2.5
[INFO] [stderr]    Compiling mlua-sys v0.13.0
[INFO] [stderr]     Checking anstyle-parse v1.0.0
[INFO] [stderr]     Checking rand_core v0.6.4
[INFO] [stderr]    Compiling anyhow v1.0.104
[INFO] [stderr]     Checking rayon v1.12.0
[INFO] [stderr]     Checking bit-set v0.8.0
[INFO] [stderr]     Checking async-lock v3.4.2
[INFO] [stderr]     Checking rand_xoshiro v0.7.0
[INFO] [stderr]     Checking ordered-float v5.3.0
[INFO] [stderr]    Compiling thiserror-impl v2.0.18
[INFO] [stderr]    Compiling bytemuck_derive v1.10.2
[INFO] [stderr]    Compiling enumflags2_derive v0.7.12
[INFO] [stderr]    Compiling strum_macros v0.28.0
[INFO] [stderr]     Checking moxcms v0.8.1
[INFO] [stderr]    Compiling derive_more-impl v2.1.1
[INFO] [stderr]    Compiling palette_derive v0.7.6
[INFO] [stderr]    Compiling ref-cast-impl v1.0.25
[INFO] [stderr]    Compiling thiserror-impl v1.0.69
[INFO] [stderr]     Checking bitvec v1.0.1
[INFO] [stderr]     Checking tempfile v3.27.0
[INFO] [stderr]     Checking polling v3.11.0
[INFO] [stderr]    Compiling tracing-attributes v0.1.31
[INFO] [stderr]     Checking derive_more v2.1.1
[INFO] [stderr]     Checking crossterm v0.29.0
[INFO] [stderr]     Checking bytemuck v1.25.0
[INFO] [stderr]     Checking clru v0.6.3
[INFO] [stderr]     Checking quick-xml v0.38.4
[INFO] [stderr]     Checking rustybuzz v0.20.1
[INFO] [stderr]     Checking gix-path v0.12.5
[INFO] [stderr]     Checking gix-packetline v0.22.2
[INFO] [stderr]     Checking gix-features v0.49.1
[INFO] [stderr]     Checking gix-command v0.10.0
[INFO] [stderr]     Checking gix-config-value v0.19.1
[INFO] [stderr]    Compiling darling_macro v0.23.0
[INFO] [stderr]     Checking kasuari v0.4.12
[INFO] [stderr]     Checking gix-hash v0.26.2
[INFO] [stderr]     Checking gix-fs v0.22.1
[INFO] [stderr]     Checking gix-glob v0.27.1
[INFO] [stderr]    Compiling darling v0.23.0
[INFO] [stderr]     Checking gix-hashtable v0.16.0
[INFO] [stderr]     Checking gix-commitgraph v0.39.0
[INFO] [stderr]     Checking gix-url v0.38.0
[INFO] [stderr]     Checking safe_arch v0.9.3
[INFO] [stderr]     Checking tiny-skia-path v0.12.0
[INFO] [stderr]     Checking gix-tempfile v24.0.0
[INFO] [stderr]     Checking gix-attributes v0.35.0
[INFO] [stderr]     Checking gix-object v0.64.1
[INFO] [stderr]     Checking gix-lock v24.0.0
[INFO] [stderr]     Checking gix-ignore v0.22.1
[INFO] [stderr]     Checking wide v0.8.3
[INFO] [stderr]     Checking gix-pathspec v0.20.0
[INFO] [stderr]     Checking async-signal v0.2.14
[INFO] [stderr]     Checking gix-zlib v0.1.0
[INFO] [stderr]     Checking tiny-skia-path v0.11.4
[INFO] [stderr]     Checking strum v0.28.0
[INFO] [stderr]     Checking rgb v0.8.53
[INFO] [stderr]     Checking ratatui-core v0.1.2
[INFO] [stderr]     Checking tracing-core v0.1.36
[INFO] [stderr]     Checking anstyle v1.0.14
[INFO] [stderr]     Checking anstyle-query v1.1.5
[INFO] [stderr]     Checking colorchoice v1.0.5
[INFO] [stderr]     Checking linked-hash-map v0.5.6
[INFO] [stderr]    Compiling spyc-vt-sys v0.1.0
[INFO] [stderr]     Checking bitflags v1.3.2
[INFO] [stderr]    Compiling rustix v0.38.44
[INFO] [stderr]     Checking is_terminal_polyfill v1.70.2
[INFO] [stderr]     Checking anstream v1.0.0
[INFO] [stderr]     Checking yaml-rust v0.4.5
[INFO] [stderr]     Checking png v0.17.16
[INFO] [stderr]     Checking enumflags2 v0.7.12
[INFO] [stderr]     Checking zvariant_utils v3.4.0
[INFO] [stderr]     Checking gix-revwalk v0.35.0
[INFO] [stderr]     Checking gix-ref v0.67.1
[INFO] [stderr]     Checking gix-filter v0.34.0
[INFO] [stderr]     Checking gix-pack v0.74.2
[INFO] [stderr]     Checking gix-traverse v0.61.0
[INFO] [stderr]     Checking bincode v1.3.3
[INFO] [stderr]     Checking plist v1.8.0
[INFO] [stderr]     Checking gix-index v0.55.0
[INFO] [stderr]     Checking ratatui-widgets v0.3.2
[INFO] [stderr]     Checking usvg v0.47.0
[INFO] [stderr]    Compiling zvariant_derive v5.12.0
[INFO] [stderr]     Checking ratatui-crossterm v0.1.2
[INFO] [stderr]     Checking tracing v0.1.44
[INFO] [stderr]     Checking ppv-lite86 v0.2.21
[INFO] [stderr]     Checking tiny-skia v0.12.0
[INFO] [stderr]     Checking async-process v2.5.0
[INFO] [stderr]     Checking gix-transport v0.59.1
[INFO] [stderr]     Checking gix-shallow v0.13.0
[INFO] [stderr]     Checking gix-refspec v0.45.1
[INFO] [stderr]     Checking gethostname v1.1.0
[INFO] [stderr]     Checking fancy-regex v0.16.2
[INFO] [stderr]    Compiling serde_repr v0.1.20
[INFO] [stderr]     Checking gix-discover v0.55.0
[INFO] [stderr]     Checking image v0.25.10
[INFO] [stderr]     Checking gix-config v0.60.0
[INFO] [stderr]     Checking rand_chacha v0.3.1
[INFO] [stderr]    Compiling async-recursion v1.1.1
[INFO] [stderr]    Compiling async-trait v0.1.89
[INFO] [stderr]    Compiling gix-macros v0.1.6
[INFO] [stderr]     Checking ratatui-macros v0.7.2
[INFO] [stderr]     Checking blocking v1.6.2
[INFO] [stderr]     Checking async-executor v1.14.0
[INFO] [stderr]     Checking gix-worktree v0.56.0
[INFO] [stderr]     Checking async-broadcast v0.7.2
[INFO] [stderr]     Checking uuid v1.26.1
[INFO] [stderr]     Checking toml_datetime v1.1.1+spec-1.1.0
[INFO] [stderr]     Checking io-close v0.3.7
[INFO] [stderr]    Compiling zvariant v5.12.0
[INFO] [stderr]     Checking ordered-stream v0.2.0
[INFO] [stderr]     Checking gix-diff v0.67.1
[INFO] [stderr]     Checking gix-dir v0.29.1
[INFO] [stderr]     Checking arc-swap v1.9.1
[INFO] [stderr]     Checking grep-matcher v0.1.9
[INFO] [stderr]     Checking is-docker v0.2.0
[INFO] [stderr]     Checking toml_writer v1.1.2+spec-1.1.0
[INFO] [stderr]     Checking linux-raw-sys v0.4.15
[INFO] [stderr]     Checking clap_lex v1.1.0
[INFO] [stderr]     Checking strsim v0.11.1
[INFO] [stderr]    Compiling ratatui-image v11.1.0
[INFO] [stderr]     Checking vsimd v0.8.0
[INFO] [stderr]     Checking iana-time-zone v0.1.65
[INFO] [stderr]     Checking ucd-trie v0.1.7
[INFO] [stderr]     Checking outref v0.5.2
[INFO] [stderr]     Checking x11rb-protocol v0.13.2
[INFO] [stderr]     Checking hex v0.4.3
[INFO] [stderr]     Checking chrono v0.4.44
[INFO] [stderr]     Checking json5 v1.3.1
[INFO] [stderr]     Checking resvg v0.47.0
[INFO] [stderr]     Checking clap_builder v4.6.7
[INFO] [stderr]    Compiling pulldown-cmark v0.13.4
[INFO] [stderr]     Checking gix-odb v0.84.0
[INFO] [stderr]     Checking base64-simd v0.8.0
[INFO] [stderr]     Checking is-wsl v0.4.0
[INFO] [stderr]     Checking gix-submodule v0.34.0
[INFO] [stderr]     Checking gix-worktree-state v0.34.1
[INFO] [stderr]     Checking gix-protocol v0.65.1
[INFO] [stderr]     Checking gix-status v0.34.1
[INFO] [stderr]     Checking gix-blame v0.17.1
[INFO] [stderr]     Checking inotify v0.11.3
[INFO] [stderr]     Checking ratatui v0.30.2
[INFO] [stderr]     Checking syntect v5.3.0
[INFO] [stderr]     Checking rand v0.8.6
[INFO] [stderr]     Checking tiny-skia v0.11.4
[INFO] [stderr]     Checking usvg v0.46.0
[INFO] [stderr]     Checking gix-revision v0.49.1
[INFO] [stderr]     Checking filedescriptor v0.8.3
[INFO] [stderr]     Checking xattr v1.6.1
[INFO] [stderr]     Checking globset v0.4.18
[INFO] [stderr]    Compiling clap_derive v4.6.7
[INFO] [stderr]     Checking regex v1.13.1
[INFO] [stderr]     Checking encoding_rs_io v0.1.7
[INFO] [stderr]     Checking serde_spanned v1.1.1
[INFO] [stderr]     Checking serial2 v0.2.37
[INFO] [stderr]     Checking vte v0.15.0
[INFO] [stderr]     Checking vte v0.14.1
[INFO] [stderr]     Checking nom v8.0.0
[INFO] [stderr]     Checking notify-types v2.1.0
[INFO] [stderr]     Checking typed-path v0.12.3
[INFO] [stderr]     Checking downcast-rs v1.2.1
[INFO] [stderr]     Checking self_cell v1.2.2
[INFO] [stderr]     Checking rustc-hash v2.1.2
[INFO] [stderr]    Compiling spyc v2.2.0 (/opt/rustwide/workdir)
[INFO] [stderr]     Checking zbus_names v4.3.2
[INFO] [stderr]     Checking simdutf8 v0.1.5
[INFO] [stderr]     Checking urlencoding v2.1.3
[INFO] [stderr]     Checking unicase v2.9.0
[INFO] [stderr]     Checking portable-pty v0.9.0
[INFO] [stderr]     Checking trash v5.2.9
[INFO] [stderr]     Checking notify v8.2.0
[INFO] [stderr]     Checking mermaid-rs-renderer v0.3.1
[INFO] [stderr]     Checking two-face v0.5.2+bat-0.26.1
[INFO] [stderr]     Checking strip-ansi-escapes v0.2.1
[INFO] [stderr]     Checking vt100 v0.16.2
[INFO] [stderr]     Checking toml v1.1.6+spec-1.1.0
[INFO] [stderr]     Checking resvg v0.46.0
[INFO] [stderr]     Checking ignore v0.4.33
[INFO] [stderr]     Checking grep-searcher v0.1.17
[INFO] [stderr]     Checking gix v0.87.1
[INFO] [stderr]     Checking tar v0.4.46
[INFO] [stderr]     Checking open v5.4.4
[INFO] [stderr]     Checking grep-regex v0.1.14
[INFO] [stderr]    Compiling zbus_macros v5.16.0
[INFO] [stderr]     Checking clap v4.6.7
[INFO] [stderr]     Checking nucleo-matcher v0.3.1
[INFO] [stderr]     Checking sysinfo v0.33.1
[INFO] [stderr]     Checking uzers v0.12.2
[INFO] [stderr]     Checking diffy v0.5.2
[INFO] [stderr]     Checking x11rb v0.13.2
[INFO] [stderr]     Checking base64 v0.23.1
[INFO] [stderr]     Checking infer v0.22.0
[INFO] [stderr]     Checking mlua v0.12.2
[INFO] [stderr]     Checking quantette v0.5.1
[INFO] [stderr]     Checking glob v0.3.4
[INFO] [stderr]     Checking shellexpand v3.1.2
[INFO] [stderr]     Checking pretty-hex v0.4.2
[INFO] [stderr]     Checking shlex v2.0.1
[INFO] [stderr]     Checking rand_chacha v0.9.0
[INFO] [stderr]     Checking rand_xorshift v0.4.0
[INFO] [stderr]     Checking console v0.16.3
[INFO] [stderr]     Checking unarray v0.1.4
[INFO] [stderr]     Checking similar v2.7.0
[INFO] [stderr]     Checking proptest v1.11.0
[INFO] [stderr]     Checking arboard v3.6.1
[INFO] [stderr]     Checking insta v1.49.0
[INFO] [stderr]     Checking zstd v0.14.1
[INFO] [stderr]     Checking icy_sixel v0.5.0
[INFO] [stderr]     Checking zip v9.0.2
[INFO] [stderr]     Checking zbus v5.16.0
[INFO] [stderr]     Checking ansi-to-tui v8.0.1
[INFO] [stderr]     Checking notify-rust v4.17.0
[INFO] [stdout] error: couldn't read `src/agent/chrome/../../../tests/fixtures/codex-output/draft.txt`: No such file or directory (os error 2)
[INFO] [stdout]   --> src/agent/chrome/codex_tests.rs:15:13
[INFO] [stdout]    |
[INFO] [stdout] 15 |             include_str!("../../../tests/fixtures/codex-output/draft.txt"),
[INFO] [stdout]    |             ^^^^^^^^^^^^^^^^^^^^^^^^^^^^^^^^^^^^^^^^^^^^^^^^^^^^^^^^^^^^^^
[INFO] [stdout] 
[INFO] [stdout] 
[INFO] [stdout] error: couldn't read `src/agent/chrome/../../../tests/fixtures/codex-output/vim.txt`: No such file or directory (os error 2)
[INFO] [stdout]   --> src/agent/chrome/codex_tests.rs:19:13
[INFO] [stdout]    |
[INFO] [stdout] 19 |             include_str!("../../../tests/fixtures/codex-output/vim.txt"),
[INFO] [stdout]    |             ^^^^^^^^^^^^^^^^^^^^^^^^^^^^^^^^^^^^^^^^^^^^^^^^^^^^^^^^^^^^
[INFO] [stdout] 
[INFO] [stdout] 
[INFO] [stdout] error: couldn't read `src/agent/chrome/../../../tests/fixtures/codex-output/statusline.txt`: No such file or directory (os error 2)
[INFO] [stdout]   --> src/agent/chrome/codex_tests.rs:23:13
[INFO] [stdout]    |
[INFO] [stdout] 23 |             include_str!("../../../tests/fixtures/codex-output/statusline.txt"),
[INFO] [stdout]    |             ^^^^^^^^^^^^^^^^^^^^^^^^^^^^^^^^^^^^^^^^^^^^^^^^^^^^^^^^^^^^^^^^^^^
[INFO] [stdout] 
[INFO] [stdout] 
[INFO] [stdout] error: couldn't read `src/agent/chrome/../../../tests/fixtures/codex-output/approval-exec.txt`: No such file or directory (os error 2)
[INFO] [stdout]   --> src/agent/chrome/codex_tests.rs:71:9
[INFO] [stdout]    |
[INFO] [stdout] 71 |         include_str!("../../../tests/fixtures/codex-output/approval-exec.txt"),
[INFO] [stdout]    |         ^^^^^^^^^^^^^^^^^^^^^^^^^^^^^^^^^^^^^^^^^^^^^^^^^^^^^^^^^^^^^^^^^^^^^^
[INFO] [stdout] 
[INFO] [stdout] 
[INFO] [stdout] error: couldn't read `src/agent/chrome/../../../tests/fixtures/codex-output/approval-edit.txt`: No such file or directory (os error 2)
[INFO] [stdout]   --> src/agent/chrome/codex_tests.rs:72:9
[INFO] [stdout]    |
[INFO] [stdout] 72 |         include_str!("../../../tests/fixtures/codex-output/approval-edit.txt"),
[INFO] [stdout]    |         ^^^^^^^^^^^^^^^^^^^^^^^^^^^^^^^^^^^^^^^^^^^^^^^^^^^^^^^^^^^^^^^^^^^^^^
[INFO] [stdout] 
[INFO] [stdout] 
[INFO] [stdout] error: couldn't read `src/agent/chrome/../../../tests/fixtures/codex-output/approval-mcp.txt`: No such file or directory (os error 2)
[INFO] [stdout]   --> src/agent/chrome/codex_tests.rs:73:9
[INFO] [stdout]    |
[INFO] [stdout] 73 |         include_str!("../../../tests/fixtures/codex-output/approval-mcp.txt"),
[INFO] [stdout]    |         ^^^^^^^^^^^^^^^^^^^^^^^^^^^^^^^^^^^^^^^^^^^^^^^^^^^^^^^^^^^^^^^^^^^^^
[INFO] [stdout] 
[INFO] [stdout] 
[INFO] [stdout] error: couldn't read `src/agent/chrome/../../../tests/fixtures/codex-approval-exec-narrow.txt`: No such file or directory (os error 2)
[INFO] [stdout]   --> src/agent/chrome/codex_tests.rs:74:9
[INFO] [stdout]    |
[INFO] [stdout] 74 |         include_str!("../../../tests/fixtures/codex-approval-exec-narrow.txt"),
[INFO] [stdout]    |         ^^^^^^^^^^^^^^^^^^^^^^^^^^^^^^^^^^^^^^^^^^^^^^^^^^^^^^^^^^^^^^^^^^^^^^
[INFO] [stdout] 
[INFO] [stdout] 
[INFO] [stdout] error: couldn't read `src/agent/chrome/../../../tests/fixtures/codex-approval-network.txt`: No such file or directory (os error 2)
[INFO] [stdout]   --> src/agent/chrome/codex_tests.rs:75:9
[INFO] [stdout]    |
[INFO] [stdout] 75 |         include_str!("../../../tests/fixtures/codex-approval-network.txt"),
[INFO] [stdout]    |         ^^^^^^^^^^^^^^^^^^^^^^^^^^^^^^^^^^^^^^^^^^^^^^^^^^^^^^^^^^^^^^^^^^
[INFO] [stdout] 
[INFO] [stdout] 
[INFO] [stdout] error: couldn't read `src/agent/chrome/../../../tests/fixtures/codex-output/approval-exec.txt`: No such file or directory (os error 2)
[INFO] [stdout]   --> src/agent/chrome/codex_tests.rs:91:20
[INFO] [stdout]    |
[INFO] [stdout] 91 |     let approval = include_str!("../../../tests/fixtures/codex-output/approval-exec.txt");
[INFO] [stdout]    |                    ^^^^^^^^^^^^^^^^^^^^^^^^^^^^^^^^^^^^^^^^^^^^^^^^^^^^^^^^^^^^^^^^^^^^^^
[INFO] [stdout] 
[INFO] [stdout] 
[INFO] [stdout] error: couldn't read `src/agent/chrome/../../../tests/fixtures/codex-output/shortcuts.txt`: No such file or directory (os error 2)
[INFO] [stdout]    --> src/agent/chrome/codex_tests.rs:103:19
[INFO] [stdout]     |
[INFO] [stdout] 103 |     let fixture = include_str!("../../../tests/fixtures/codex-output/shortcuts.txt");
[INFO] [stdout]     |                   ^^^^^^^^^^^^^^^^^^^^^^^^^^^^^^^^^^^^^^^^^^^^^^^^^^^^^^^^^^^^^^^^^^
[INFO] [stdout] 
[INFO] [stdout] 
[INFO] [stdout] error: couldn't read `src/agent/../../tests/fixtures/codex-questions/expanded-options.txt`: No such file or directory (os error 2)
[INFO] [stdout]    --> src/agent/codex_questions.rs:103:13
[INFO] [stdout]     |
[INFO] [stdout] 103 |             include_str!("../../tests/fixtures/codex-questions/expanded-options.txt"),
[INFO] [stdout]     |             ^^^^^^^^^^^^^^^^^^^^^^^^^^^^^^^^^^^^^^^^^^^^^^^^^^^^^^^^^^^^^^^^^^^^^^^^^
[INFO] [stdout] 
[INFO] [stdout] 
[INFO] [stdout] error: couldn't read `src/agent/../../tests/fixtures/codex-questions/expanded-freeform.txt`: No such file or directory (os error 2)
[INFO] [stdout]    --> src/agent/codex_questions.rs:104:13
[INFO] [stdout]     |
[INFO] [stdout] 104 |             include_str!("../../tests/fixtures/codex-questions/expanded-freeform.txt"),
[INFO] [stdout]     |             ^^^^^^^^^^^^^^^^^^^^^^^^^^^^^^^^^^^^^^^^^^^^^^^^^^^^^^^^^^^^^^^^^^^^^^^^^^
[INFO] [stdout] 
[INFO] [stdout] 
[INFO] [stdout] error: couldn't read `src/agent/../../tests/fixtures/codex-questions/expanded-wrapped.txt`: No such file or directory (os error 2)
[INFO] [stdout]    --> src/agent/codex_questions.rs:105:13
[INFO] [stdout]     |
[INFO] [stdout] 105 |             include_str!("../../tests/fixtures/codex-questions/expanded-wrapped.txt"),
[INFO] [stdout]     |             ^^^^^^^^^^^^^^^^^^^^^^^^^^^^^^^^^^^^^^^^^^^^^^^^^^^^^^^^^^^^^^^^^^^^^^^^^
[INFO] [stdout] 
[INFO] [stdout] 
[INFO] [stdout] error: couldn't read `src/agent/../../tests/fixtures/codex-questions/collapsed.txt`: No such file or directory (os error 2)
[INFO] [stdout]    --> src/agent/codex_questions.rs:106:13
[INFO] [stdout]     |
[INFO] [stdout] 106 |             include_str!("../../tests/fixtures/codex-questions/collapsed.txt"),
[INFO] [stdout]     |             ^^^^^^^^^^^^^^^^^^^^^^^^^^^^^^^^^^^^^^^^^^^^^^^^^^^^^^^^^^^^^^^^^^
[INFO] [stdout] 
[INFO] [stdout] 
[INFO] [stdout] error: couldn't read `src/agent/../../tests/fixtures/codex-questions/expanded-options.txt`: No such file or directory (os error 2)
[INFO] [stdout]    --> src/agent/codex_questions.rs:121:24
[INFO] [stdout]     |
[INFO] [stdout] 121 |         let expanded = include_str!("../../tests/fixtures/codex-questions/expanded-options.txt");
[INFO] [stdout]     |                        ^^^^^^^^^^^^^^^^^^^^^^^^^^^^^^^^^^^^^^^^^^^^^^^^^^^^^^^^^^^^^^^^^^^^^^^^^
[INFO] [stdout] 
[INFO] [stdout] 
[INFO] [stdout] error: couldn't read `src/agent/../../tests/fixtures/codex-questions/collapsed.txt`: No such file or directory (os error 2)
[INFO] [stdout]    --> src/agent/codex_questions.rs:122:25
[INFO] [stdout]     |
[INFO] [stdout] 122 |         let collapsed = include_str!("../../tests/fixtures/codex-questions/collapsed.txt");
[INFO] [stdout]     |                         ^^^^^^^^^^^^^^^^^^^^^^^^^^^^^^^^^^^^^^^^^^^^^^^^^^^^^^^^^^^^^^^^^^
[INFO] [stdout] 
[INFO] [stdout] 
[INFO] [stdout] error: couldn't read `src/agent/../../tests/fixtures/codex-questions/expanded-clipped.txt`: No such file or directory (os error 2)
[INFO] [stdout]    --> src/agent/codex_questions.rs:136:13
[INFO] [stdout]     |
[INFO] [stdout] 136 |             include_str!("../../tests/fixtures/codex-questions/expanded-clipped.txt").into(),
[INFO] [stdout]     |             ^^^^^^^^^^^^^^^^^^^^^^^^^^^^^^^^^^^^^^^^^^^^^^^^^^^^^^^^^^^^^^^^^^^^^^^^^
[INFO] [stdout] 
[INFO] [stdout] 
[INFO] [stdout] error: couldn't read `src/agent/../../tests/fixtures/codex-questions/expanded-options.txt`: No such file or directory (os error 2)
[INFO] [stdout]    --> src/agent/codex_questions.rs:204:21
[INFO] [stdout]     |
[INFO] [stdout] 204 |         let lines = include_str!("../../tests/fixtures/codex-questions/expanded-options.txt")
[INFO] [stdout]     |                     ^^^^^^^^^^^^^^^^^^^^^^^^^^^^^^^^^^^^^^^^^^^^^^^^^^^^^^^^^^^^^^^^^^^^^^^^^
[INFO] [stdout] 
[INFO] [stdout] 
[INFO] [stdout] error: couldn't read `src/app/harness_tests/../../../tests/fixtures/codex-approval-exec.txt`: No such file or directory (os error 2)
[INFO] [stdout]    --> src/app/harness_tests/agent_approval.rs:194:16
[INFO] [stdout]     |
[INFO] [stdout] 194 |     let text = include_str!("../../../tests/fixtures/codex-approval-exec.txt");
[INFO] [stdout]     |                ^^^^^^^^^^^^^^^^^^^^^^^^^^^^^^^^^^^^^^^^^^^^^^^^^^^^^^^^^^^^^^^
[INFO] [stdout] 
[INFO] [stdout] 
[INFO] [stdout] error: couldn't read `src/app/harness_tests/../../../tests/fixtures/codex-approval-edit.txt`: No such file or directory (os error 2)
[INFO] [stdout]    --> src/app/harness_tests/agent_approval.rs:256:16
[INFO] [stdout]     |
[INFO] [stdout] 256 |     let text = include_str!("../../../tests/fixtures/codex-approval-edit.txt");
[INFO] [stdout]     |                ^^^^^^^^^^^^^^^^^^^^^^^^^^^^^^^^^^^^^^^^^^^^^^^^^^^^^^^^^^^^^^^
[INFO] [stdout] 
[INFO] [stdout] 
[INFO] [stdout] error: couldn't read `src/app/harness_tests/../../../tests/fixtures/codex-approval-mcp.txt`: No such file or directory (os error 2)
[INFO] [stdout]    --> src/app/harness_tests/agent_approval.rs:299:13
[INFO] [stdout]     |
[INFO] [stdout] 299 |             include_str!("../../../tests/fixtures/codex-approval-mcp.txt"),
[INFO] [stdout]     |             ^^^^^^^^^^^^^^^^^^^^^^^^^^^^^^^^^^^^^^^^^^^^^^^^^^^^^^^^^^^^^^
[INFO] [stdout] 
[INFO] [stdout] 
[INFO] [stdout] error: couldn't read `src/app/harness_tests/../../../tests/fixtures/codex-approval-mcp-narrow.txt`: No such file or directory (os error 2)
[INFO] [stdout]    --> src/app/harness_tests/agent_approval.rs:309:13
[INFO] [stdout]     |
[INFO] [stdout] 309 |             include_str!("../../../tests/fixtures/codex-approval-mcp-narrow.txt"),
[INFO] [stdout]     |             ^^^^^^^^^^^^^^^^^^^^^^^^^^^^^^^^^^^^^^^^^^^^^^^^^^^^^^^^^^^^^^^^^^^^^
[INFO] [stdout] 
[INFO] [stdout] 
[INFO] [stdout] error: couldn't read `src/app/harness_tests/../../../tests/fixtures/codex-approval-mcp-session.txt`: No such file or directory (os error 2)
[INFO] [stdout]    --> src/app/harness_tests/agent_approval.rs:319:13
[INFO] [stdout]     |
[INFO] [stdout] 319 |             include_str!("../../../tests/fixtures/codex-approval-mcp-session.txt"),
[INFO] [stdout]     |             ^^^^^^^^^^^^^^^^^^^^^^^^^^^^^^^^^^^^^^^^^^^^^^^^^^^^^^^^^^^^^^^^^^^^^^
[INFO] [stdout] 
[INFO] [stdout] 
[INFO] [stdout] error: couldn't read `src/app/harness_tests/../../../tests/fixtures/codex-approval-network.txt`: No such file or directory (os error 2)
[INFO] [stdout]    --> src/app/harness_tests/agent_approval.rs:329:13
[INFO] [stdout]     |
[INFO] [stdout] 329 |             include_str!("../../../tests/fixtures/codex-approval-network.txt"),
[INFO] [stdout]     |             ^^^^^^^^^^^^^^^^^^^^^^^^^^^^^^^^^^^^^^^^^^^^^^^^^^^^^^^^^^^^^^^^^^
[INFO] [stdout] 
[INFO] [stdout] 
[INFO] [stdout] error: couldn't read `src/app/harness_tests/../../../tests/fixtures/codex-approval-exec.txt`: No such file or directory (os error 2)
[INFO] [stdout]    --> src/app/harness_tests/agent_approval.rs:385:23
[INFO] [stdout]     |
[INFO] [stdout] 385 |         let fixture = include_str!("../../../tests/fixtures/codex-approval-exec.txt");
[INFO] [stdout]     |                       ^^^^^^^^^^^^^^^^^^^^^^^^^^^^^^^^^^^^^^^^^^^^^^^^^^^^^^^^^^^^^^^
[INFO] [stdout] 
[INFO] [stdout] 
[INFO] [stdout] error: couldn't read `src/app/harness_tests/../../../tests/fixtures/codex-approval-exec-narrow.txt`: No such file or directory (os error 2)
[INFO] [stdout]    --> src/app/harness_tests/agent_approval.rs:431:16
[INFO] [stdout]     |
[INFO] [stdout] 431 |     let text = include_str!("../../../tests/fixtures/codex-approval-exec-narrow.txt");
[INFO] [stdout]     |                ^^^^^^^^^^^^^^^^^^^^^^^^^^^^^^^^^^^^^^^^^^^^^^^^^^^^^^^^^^^^^^^^^^^^^^
[INFO] [stdout] 
[INFO] [stdout] 
[INFO] [stdout] error: couldn't read `src/app/harness_tests/../../../tests/fixtures/codex-questions/expanded-options.txt`: No such file or directory (os error 2)
[INFO] [stdout]  --> src/app/harness_tests/codex_questions.rs:7:20
[INFO] [stdout]   |
[INFO] [stdout] 7 | const OPEN: &str = include_str!("../../../tests/fixtures/codex-questions/expanded-options.txt");
[INFO] [stdout]   |                    ^^^^^^^^^^^^^^^^^^^^^^^^^^^^^^^^^^^^^^^^^^^^^^^^^^^^^^^^^^^^^^^^^^^^^^^^^^^^
[INFO] [stdout] 
[INFO] [stdout] 
[INFO] [stdout] error: couldn't read `src/app/harness_tests/../../../tests/fixtures/codex-questions/collapsed.txt`: No such file or directory (os error 2)
[INFO] [stdout]  --> src/app/harness_tests/codex_questions.rs:8:25
[INFO] [stdout]   |
[INFO] [stdout] 8 | const COLLAPSED: &str = include_str!("../../../tests/fixtures/codex-questions/collapsed.txt");
[INFO] [stdout]   |                         ^^^^^^^^^^^^^^^^^^^^^^^^^^^^^^^^^^^^^^^^^^^^^^^^^^^^^^^^^^^^^^^^^^^^^
[INFO] [stdout] 
[INFO] [stdout] 
[INFO] [stdout] error: couldn't read `src/state/../../tests/fixtures/codex-shell-rollout.jsonl`: No such file or directory (os error 2)
[INFO] [stdout]    --> src/state/codex_transcript_tests.rs:119:26
[INFO] [stdout]     |
[INFO] [stdout] 119 |       serde_json::from_str(include_str!(
[INFO] [stdout]     |  __________________________^
[INFO] [stdout] 120 | |         "../../tests/fixtures/codex-shell-rollout.jsonl"
[INFO] [stdout] 121 | |     ))
[INFO] [stdout]     | |_____^
[INFO] [stdout] 
[INFO] [stdout] 
[INFO] [stdout] error[E0277]: the size for values of type `str` cannot be known at compilation time
[INFO] [stdout]    --> src/agent/codex_questions.rs:123:13
[INFO] [stdout]     |
[INFO] [stdout] 123 |         for text in [
[INFO] [stdout]     |             ^^^^ doesn't have a size known at compile-time
[INFO] [stdout]     |
[INFO] [stdout]     = help: the trait `Sized` is not implemented for `str`
[INFO] [stdout]     = note: all local variables must have a statically known size
[INFO] [stdout] 
[INFO] [stdout] 
[INFO] [stdout] error[E0277]: the size for values of type `str` cannot be known at compilation time
[INFO] [stdout]    --> src/agent/codex_questions.rs:138:44
[INFO] [stdout]     |
[INFO] [stdout] 138 |             assert_eq!(scan(&text), None, "{text}");
[INFO] [stdout]     |                                            ^^^^^^ doesn't have a size known at compile-time
[INFO] [stdout]     |
[INFO] [stdout]     = help: the trait `Sized` is not implemented for `str`
[INFO] [stdout] 
[INFO] [stdout] 
[INFO] [stdout] warning: use of deprecated method `std::sync::atomic::Atomic::<usize>::fetch_update`: renamed to `try_update` for consistency
[INFO] [stdout]    --> src/pane/pty_host/input_writer.rs:107:10
[INFO] [stdout]     |
[INFO] [stdout] 107 |         .fetch_update(Ordering::AcqRel, Ordering::Acquire, |used| {
[INFO] [stdout]     |          ^^^^^^^^^^^^
[INFO] [stdout]     |
[INFO] [stdout]     = note: `#[warn(deprecated)]` on by default
[INFO] [stdout] help: replace the use of the deprecated method
[INFO] [stdout]     |
[INFO] [stdout] 107 -         .fetch_update(Ordering::AcqRel, Ordering::Acquire, |used| {
[INFO] [stdout] 107 +         .try_update(Ordering::AcqRel, Ordering::Acquire, |used| {
[INFO] [stdout]     |
[INFO] [stdout] 
[INFO] [stdout] 
[INFO] [stdout] error[E0277]: the size for values of type `str` cannot be known at compilation time
[INFO] [stdout]    --> src/app/harness_tests/agent_approval.rs:211:9
[INFO] [stdout]     |
[INFO] [stdout] 211 |     for rejected in [
[INFO] [stdout]     |         ^^^^^^^^ doesn't have a size known at compile-time
[INFO] [stdout]     |
[INFO] [stdout]     = help: the trait `Sized` is not implemented for `str`
[INFO] [stdout]     = note: all local variables must have a statically known size
[INFO] [stdout] 
[INFO] [stdout] 
[INFO] [stdout] error[E0277]: the size for values of type `str` cannot be known at compilation time
[INFO] [stdout]    --> src/app/harness_tests/agent_approval.rs:221:14
[INFO] [stdout]     |
[INFO] [stdout] 221 |             "{rejected}"
[INFO] [stdout]     |              ^^^^^^^^^^ doesn't have a size known at compile-time
[INFO] [stdout]     |
[INFO] [stdout]     = help: the trait `Sized` is not implemented for `str`
[INFO] [stdout] 
[INFO] [stdout] 
[INFO] [stdout] warning: use of deprecated method `std::sync::atomic::Atomic::<usize>::fetch_update`: renamed to `try_update` for consistency
[INFO] [stdout]    --> src/pane/pty_host/input_writer.rs:107:10
[INFO] [stdout]     |
[INFO] [stdout] 107 |         .fetch_update(Ordering::AcqRel, Ordering::Acquire, |used| {
[INFO] [stdout]     |          ^^^^^^^^^^^^
[INFO] [stdout]     |
[INFO] [stdout]     = note: `#[warn(deprecated)]` on by default
[INFO] [stdout] help: replace the use of the deprecated method
[INFO] [stdout]     |
[INFO] [stdout] 107 -         .fetch_update(Ordering::AcqRel, Ordering::Acquire, |used| {
[INFO] [stdout] 107 +         .try_update(Ordering::AcqRel, Ordering::Acquire, |used| {
[INFO] [stdout]     |
[INFO] [stdout] 
[INFO] [stdout] 
[INFO] [stdout] For more information about this error, try `rustc --explain E0277`.
[INFO] [stdout] 
[INFO] [stderr] error: could not compile `spyc` (lib test) due to 33 previous errors; 1 warning emitted
[INFO] running `Command { std: "docker" "inspect" "f712e7df296be6a585d672ca74078e45c06b0ad8da131c8920695fa26ab876dd", kill_on_drop: false }`
[INFO] running `Command { std: "docker" "rm" "-f" "f712e7df296be6a585d672ca74078e45c06b0ad8da131c8920695fa26ab876dd", kill_on_drop: false }`
[INFO] [stdout] f712e7df296be6a585d672ca74078e45c06b0ad8da131c8920695fa26ab876dd
