[INFO] fetching crate spate-clickhouse 0.3.0...
[INFO] checking spate-clickhouse-0.3.0 against 8006091eb71ae7d9e9bccb66c6122c9d68af4466 for pr-129249-3
[INFO] extracting crate spate-clickhouse 0.3.0 into /workspace/builds/worker-6-tc1/source
[INFO] started tweaking crates.io crate spate-clickhouse 0.3.0
[INFO] removed 0 missing tests
[INFO] finished tweaking crates.io crate spate-clickhouse 0.3.0
[INFO] tweaked toml for crates.io crate spate-clickhouse 0.3.0 written to /workspace/builds/worker-6-tc1/source/Cargo.toml
[INFO] validating manifest of crates.io crate spate-clickhouse 0.3.0 on toolchain 8006091eb71ae7d9e9bccb66c6122c9d68af4466
[INFO] running `Command { std: CARGO_HOME="/workspace/cargo-home" RUSTUP_HOME="/workspace/rustup-home" "/workspace/cargo-home/bin/cargo" "+8006091eb71ae7d9e9bccb66c6122c9d68af4466" "metadata" "--manifest-path" "Cargo.toml" "--no-deps", kill_on_drop: false }`
[INFO] crate crates.io crate spate-clickhouse 0.3.0 already has a lockfile, it will not be regenerated
[INFO] running `Command { std: CARGO_HOME="/workspace/cargo-home" RUSTUP_HOME="/workspace/rustup-home" "/workspace/cargo-home/bin/cargo" "+8006091eb71ae7d9e9bccb66c6122c9d68af4466" "fetch" "--manifest-path" "Cargo.toml", kill_on_drop: false }`
[INFO] [stderr]     Blocking waiting for file lock on package cache
[INFO] [stderr]     Updating crates.io index
[INFO] [stderr]     Blocking waiting for file lock on package cache
[INFO] [stderr]  Downloading crates ...
[INFO] [stderr]   Downloaded testcontainers v0.27.3
[INFO] [stderr]   Downloaded parse-display v0.9.1
[INFO] [stderr]   Downloaded parse-display-derive v0.9.1
[INFO] [stderr]   Downloaded hyper-named-pipe v0.1.0
[INFO] [stderr]   Downloaded testcontainers-modules v0.15.0
[INFO] [stderr]   Downloaded bollard-stubs v1.52.1-rc.29.1.3
[INFO] [stderr]   Downloaded sketches-ddsketch v0.3.1
[INFO] [stderr]   Downloaded metrics-process v2.4.3
[INFO] [stderr]   Downloaded bollard v0.20.2
[INFO] [stderr]   Downloaded spate-clickhouse-derive v0.3.0
[INFO] [stderr]   Downloaded hashbag v0.1.13
[INFO] [stderr]   Downloaded spate-test v0.3.0
[INFO] [stderr]   Downloaded core_affinity v0.8.3
[INFO] [stderr]   Downloaded procfs v0.18.0
[INFO] [stderr]   Downloaded metrics-util v0.20.4
[INFO] [stderr]   Downloaded evmap v11.0.0
[INFO] [stderr]   Downloaded procfs-core v0.18.0
[INFO] [stderr]   Downloaded libproc v0.14.11
[INFO] [stderr]   Downloaded left-right v0.11.7
[INFO] [stderr]   Downloaded proc-macro-error-attr3 v3.1.0
[INFO] [stderr]   Downloaded bollard-buildkit-proto v0.7.0
[INFO] [stderr]   Downloaded astral-tokio-tar v0.6.3
[INFO] [stderr]   Downloaded metrics-exporter-prometheus v0.18.3
[INFO] [stderr]   Downloaded borsh-derive v1.7.0
[INFO] [stderr]   Downloaded proc-macro-error3 v3.1.0
[INFO] [stderr]   Downloaded gungraun-macros v0.9.1
[INFO] [stderr]   Downloaded either-or-both v0.3.1
[INFO] [stderr]   Downloaded gungraun v0.19.4
[INFO] [stderr]   Downloaded rust_decimal v1.43.0
[INFO] [stderr]   Downloaded gungraun-runner v0.19.4
[INFO] [stderr]   Downloaded spate-core v0.3.0
[INFO] running `Command { std: "docker" "create" "-v" "/var/lib/crater-agent-workspace/builds/worker-6-tc1/source:/opt/rustwide/workdir:ro,Z" "-v" "/var/lib/crater-agent-workspace/builds/worker-6-tc1/target:/opt/rustwide/target:rw,Z" "-v" "/var/lib/crater-agent-workspace/cargo-home:/opt/rustwide/cargo-home:ro,Z" "-v" "/var/lib/crater-agent-workspace/rustup-home:/opt/rustwide/rustup-home:ro,Z" "-m" "1610612736" "--network" "none" "ghcr.io/rust-lang/crates-build-env/linux@sha256:77db811e55d90add9212f6832c23229e3de5f1c1f9905e8cb07319ea15df73ac" "sleep" "infinity", kill_on_drop: false }`
[INFO] [stdout] c5715f90d86f1c99547a90c1dfdc76928db869e0fed84d58c5fddb03a894f449
[INFO] running `Command { std: "docker" "start" "c5715f90d86f1c99547a90c1dfdc76928db869e0fed84d58c5fddb03a894f449", kill_on_drop: false }`
[INFO] running `Command { std: "docker" "inspect" "c5715f90d86f1c99547a90c1dfdc76928db869e0fed84d58c5fddb03a894f449", kill_on_drop: false }`
[INFO] running `Command { std: "docker" "exec" "-e" "SOURCE_DIR=/opt/rustwide/workdir" "-e" "CARGO_HOME=/opt/rustwide/cargo-home" "-e" "RUSTUP_HOME=/opt/rustwide/rustup-home" "-e" "CARGO_TARGET_DIR=/opt/rustwide/target" "-w" "/opt/rustwide/workdir" "--user" "0:0" "c5715f90d86f1c99547a90c1dfdc76928db869e0fed84d58c5fddb03a894f449" "/opt/rustwide/cargo-home/bin/cargo" "+8006091eb71ae7d9e9bccb66c6122c9d68af4466" "metadata" "--no-deps" "--format-version=1", kill_on_drop: false }`
[INFO] running `Command { std: "docker" "inspect" "c5715f90d86f1c99547a90c1dfdc76928db869e0fed84d58c5fddb03a894f449", kill_on_drop: false }`
[INFO] running `Command { std: "docker" "exec" "-e" "SOURCE_DIR=/opt/rustwide/workdir" "-e" "CARGO_HOME=/opt/rustwide/cargo-home" "-e" "RUSTUP_HOME=/opt/rustwide/rustup-home" "-e" "CARGO_TARGET_DIR=/opt/rustwide/target" "-e" "CARGO_INCREMENTAL=0" "-e" "RUST_BACKTRACE=full" "-e" "RUSTFLAGS=--cap-lints=forbid" "-e" "RUSTDOCFLAGS=--cap-lints=forbid" "-w" "/opt/rustwide/workdir" "--user" "0:0" "c5715f90d86f1c99547a90c1dfdc76928db869e0fed84d58c5fddb03a894f449" "/opt/rustwide/cargo-home/bin/cargo" "+8006091eb71ae7d9e9bccb66c6122c9d68af4466" "check" "--frozen" "--all" "--all-targets" "--message-format=json", kill_on_drop: false }`
[INFO] [stderr]    Compiling serde_core v1.0.229
[INFO] [stderr]    Compiling zerocopy v0.8.52
[INFO] [stderr]    Compiling syn v3.0.6
[INFO] [stderr]    Compiling jobserver v0.1.34
[INFO] [stderr]     Checking errno v0.3.14
[INFO] [stderr]     Checking socket2 v0.6.4
[INFO] [stderr]     Checking mio v1.2.1
[INFO] [stderr]     Checking indexmap v2.14.0
[INFO] [stderr]    Compiling tokio-macros v2.7.0
[INFO] [stderr]    Compiling zerocopy-derive v0.8.52
[INFO] [stderr]     Checking tracing v0.1.44
[INFO] [stderr]     Checking rustls-pki-types v1.15.0
[INFO] [stderr]     Checking getrandom v0.3.4
[INFO] [stderr]     Checking getrandom v0.2.17
[INFO] [stderr]    Compiling rustix v1.1.4
[INFO] [stderr]     Checking linux-raw-sys v0.12.1
[INFO] [stderr]     Checking signal-hook-registry v1.4.8
[INFO] [stderr]     Checking rand_core v0.9.5
[INFO] [stderr]    Compiling rustls v0.23.45
[INFO] [stderr]    Compiling cc v1.2.66
[INFO] [stderr]    Compiling anyhow v1.0.103
[INFO] [stderr]     Checking regex-automata v0.4.14
[INFO] [stderr]    Compiling either v1.16.0
[INFO] [stderr]    Compiling memchr v2.8.2
[INFO] [stderr]     Checking rapidhash v4.5.1
[INFO] [stderr]     Checking crossbeam-epoch v0.9.20
[INFO] [stderr]    Compiling pin-project-internal v1.1.13
[INFO] [stderr]     Checking getrandom v0.4.3
[INFO] [stderr]    Compiling itertools v0.14.0
[INFO] [stderr]     Checking num-integer v0.1.46
[INFO] [stderr]    Compiling darling_core v0.23.0
[INFO] [stderr]     Checking metrics v0.24.6
[INFO] [stderr]     Checking rustls-native-certs v0.8.4
[INFO] [stderr]     Checking raw-cpuid v11.6.0
[INFO] [stderr]    Compiling procfs v0.18.0
[INFO] [stderr]    Compiling bollard-buildkit-proto v0.7.0
[INFO] [stderr]     Checking utf8-zero v0.8.1
[INFO] [stderr]    Compiling portable-atomic v1.13.1
[INFO] [stderr]     Checking num-bigint v0.4.8
[INFO] [stderr]     Checking rand_xoshiro v0.7.0
[INFO] [stderr]     Checking procfs-core v0.18.0
[INFO] [stderr]    Compiling aho-corasick v1.1.4
[INFO] [stderr]     Checking left-right v0.11.7
[INFO] [stderr]    Compiling structmeta-derive v0.3.0
[INFO] [stderr]     Checking hashbrown v0.16.1
[INFO] [stderr]    Compiling metrics-exporter-prometheus v0.18.3
[INFO] [stderr]     Checking hashbag v0.1.13
[INFO] [stderr]     Checking pin-project v1.1.13
[INFO] [stderr]     Checking sketches-ddsketch v0.3.1
[INFO] [stderr]    Compiling rustix v0.38.44
[INFO] [stderr]    Compiling winnow v1.0.3
[INFO] [stderr]    Compiling cmake v0.1.58
[INFO] [stderr]    Compiling zstd-safe v7.2.4
[INFO] [stderr]     Checking chacha20 v0.10.2
[INFO] [stderr]     Checking evmap v11.0.0
[INFO] [stderr]    Compiling structmeta v0.3.0
[INFO] [stderr]    Compiling aws-lc-sys v0.45.0
[INFO] [stderr]    Compiling ring v0.17.14
[INFO] [stderr]    Compiling zstd-sys v2.0.16+zstd.1.5.7
[INFO] [stderr]     Checking quanta v0.12.6
[INFO] [stderr]     Checking num-rational v0.4.2
[INFO] [stderr]    Compiling prost-derive v0.14.4
[INFO] [stderr]     Checking num-iter v0.1.45
[INFO] [stderr]    Compiling async-stream-impl v0.3.6
[INFO] [stderr]    Compiling toml_parser v1.1.5+spec-1.1.0
[INFO] [stderr]     Checking matchers v0.2.0
[INFO] [stderr]     Checking regex v1.12.4
[INFO] [stderr]     Checking serde_json v1.0.151
[INFO] [stderr]     Checking deranged v0.5.8
[INFO] [stderr]    Compiling derive_more-impl v2.1.1
[INFO] [stderr]     Checking linux-raw-sys v0.4.15
[INFO] [stderr]     Checking libyaml-rs v0.3.0
[INFO] [stderr]     Checking humantime v2.4.0
[INFO] [stderr]    Compiling toml_edit v0.25.12+spec-1.1.0
[INFO] [stderr]     Checking xattr v1.6.1
[INFO] [stderr]    Compiling darling_macro v0.23.0
[INFO] [stderr]    Compiling serde v1.0.229
[INFO] [stderr]     Checking core_affinity v0.8.3
[INFO] [stderr]     Checking async-stream v0.3.6
[INFO] [stderr]     Checking bytesize v2.7.0
[INFO] [stderr]    Compiling darling v0.23.0
[INFO] [stderr]     Checking serde_path_to_error v0.1.20
[INFO] [stderr]     Checking time v0.3.55
[INFO] [stderr]    Compiling serde_with_macros v3.21.0
[INFO] [stderr]     Checking num v0.4.3
[INFO] [stderr]    Compiling alloca v0.4.0
[INFO] [stderr]     Checking rand v0.10.2
[INFO] [stderr]    Compiling gungraun-macros v0.9.1
[INFO] [stderr]     Checking crossbeam-deque v0.8.6
[INFO] [stderr]     Checking metrics-process v2.4.3
[INFO] [stderr]     Checking crossbeam-channel v0.5.17
[INFO] [stderr]    Compiling serde_derive_internals v0.29.1
[INFO] [stderr]    Compiling proc-macro-error-attr3 v3.1.0
[INFO] [stderr]    Compiling serde_derive v1.0.229
[INFO] [stderr]    Compiling futures-macro v0.3.34
[INFO] [stderr]    Compiling thiserror-impl v2.0.21
[INFO] [stderr]    Compiling async-trait v0.1.92
[INFO] [stderr]    Compiling serde_repr v0.1.21
[INFO] [stderr]    Compiling bincode-next v3.1.1
[INFO] [stderr]     Checking futures-util v0.3.34
[INFO] [stderr]     Checking clap_builder v4.6.7
[INFO] [stderr]     Checking tempfile v3.27.0
[INFO] [stderr]     Checking serde_with v3.21.0
[INFO] [stderr]     Checking ferroid v2.0.0
[INFO] [stderr]    Compiling clickhouse-macros v0.3.0
[INFO] [stderr]    Compiling proc-macro-error3 v3.1.0
[INFO] [stderr]    Compiling proc-macro-crate v3.5.0
[INFO] [stderr]     Checking rayon-core v1.13.0
[INFO] [stderr]    Compiling parse-display-derive v0.9.1
[INFO] [stderr]    Compiling derive_more v2.1.1
[INFO] [stderr]     Checking itertools v0.13.0
[INFO] [stderr]     Checking wait-timeout v0.2.1
[INFO] [stderr]     Checking ppv-lite86 v0.2.21
[INFO] [stderr]     Checking half v2.7.1
[INFO] [stderr]     Checking etcetera v0.11.0
[INFO] [stderr]     Checking bstr v1.12.3
[INFO] [stderr]     Checking thiserror v2.0.21
[INFO] [stderr]     Checking ciborium-ll v0.2.2
[INFO] [stderr]    Compiling pastey v0.2.3
[INFO] [stderr]    Compiling gungraun v0.19.4
[INFO] [stderr]     Checking rand_chacha v0.9.0
[INFO] [stderr]     Checking bnum v0.13.0
[INFO] [stderr]     Checking lz4_flex v0.11.6
[INFO] [stderr]     Checking cityhash-rs v1.0.1
[INFO] [stderr]     Checking rand v0.9.4
[INFO] [stderr]     Checking unty-next v0.1.2
[INFO] [stderr]     Checking rusty-fork v0.3.1
[INFO] [stderr]    Compiling spate-clickhouse-derive v0.3.0
[INFO] [stderr]     Checking rayon v1.12.0
[INFO] [stderr]     Checking plotters v0.3.7
[INFO] [stderr]     Checking webpki-roots v1.0.9
[INFO] [stderr]     Checking rand_xorshift v0.4.0
[INFO] [stderr]     Checking page_size v0.6.0
[INFO] [stderr]     Checking twox-hash v2.1.5
[INFO] [stderr]     Checking parse-display v0.9.1
[INFO] [stderr]     Checking metrics-util v0.20.4
[INFO] [stderr]     Checking criterion-plot v0.8.2
[INFO] [stderr]     Checking clap v4.6.7
[INFO] [stderr]     Checking proptest v1.11.0
[INFO] [stderr]     Checking bytes v1.12.1
[INFO] [stderr]     Checking url v2.5.8
[INFO] [stderr]     Checking tracing-serde v0.2.0
[INFO] [stderr]     Checking yaml_serde v0.10.4
[INFO] [stderr]     Checking humantime-serde v1.1.1
[INFO] [stderr]     Checking serde_urlencoded v0.7.1
[INFO] [stderr]     Checking docker_credential v1.4.0
[INFO] [stderr]     Checking either-or-both v0.3.1
[INFO] [stderr]     Checking tracing-subscriber v0.3.23
[INFO] [stderr]     Checking ciborium v0.2.2
[INFO] [stderr]     Checking tinytemplate v1.2.1
[INFO] [stderr]     Checking tokio v1.53.2
[INFO] [stderr]     Checking http v1.4.2
[INFO] [stderr]     Checking prost v0.14.4
[INFO] [stderr]     Checking clickhouse-types v0.1.3
[INFO] [stderr]     Checking gungraun-runner v0.19.4
[INFO] [stderr]     Checking prost-types v0.14.4
[INFO] [stderr]     Checking futures-executor v0.3.32
[INFO] [stderr]     Checking criterion v0.8.2
[INFO] [stderr]     Checking futures v0.3.32
[INFO] [stderr]     Checking zstd v0.13.3
[INFO] [stderr]     Checking http-body v1.0.1
[INFO] [stderr]     Checking ureq-proto v0.6.0
[INFO] [stderr]     Checking http-body-util v0.1.5
[INFO] [stderr]     Checking axum-core v0.5.6
[INFO] [stderr]     Checking tokio-util v0.7.18
[INFO] [stderr]     Checking tokio-stream v0.1.18
[INFO] [stderr]     Checking astral-tokio-tar v0.6.3
[INFO] [stderr]     Checking h2 v0.4.16
[INFO] [stderr]     Checking tower v0.5.3
[INFO] [stderr]     Checking axum v0.8.9
[INFO] [stderr]     Checking tower-http v0.6.11
[INFO] [stderr]     Checking hyper v1.11.1
[INFO] [stderr]     Checking hyper-util v0.1.21
[INFO] [stderr]    Compiling aws-lc-rs v1.18.1
[INFO] [stderr]     Checking hyper-timeout v0.5.2
[INFO] [stderr]     Checking hyperlocal v0.9.1
[INFO] [stderr]     Checking spate-core v0.3.0
[INFO] [stderr]     Checking clickhouse v0.15.2
[INFO] [stderr]     Checking tonic v0.14.6
[INFO] [stderr]     Checking rustls-webpki v0.103.15
[INFO] [stderr]     Checking tonic-prost v0.14.6
[INFO] [stderr]     Checking spate-test v0.3.0
[INFO] [stderr]     Checking tokio-rustls v0.26.6
[INFO] [stderr]     Checking ureq v3.3.0
[INFO] [stderr]     Checking rustls-platform-verifier v0.7.0
[INFO] [stderr]     Checking hyper-rustls v0.27.10
[INFO] [stderr]     Checking reqwest v0.13.5
[INFO] [stderr]     Checking spate-clickhouse v0.3.0 (/opt/rustwide/workdir)
[INFO] [stderr]     Checking bollard-stubs v1.52.1-rc.29.1.3
[INFO] [stderr]     Checking bollard v0.20.2
[INFO] [stderr]     Checking testcontainers v0.27.3
[INFO] [stderr]     Checking testcontainers-modules v0.15.0
[INFO] [stdout] error[E0599]: no associated function or constant named `unchecked` found for struct `ClickHouseEncoder<F>` in the current scope
[INFO] [stdout]   --> benches/encode.rs:82:50
[INFO] [stdout]    |
[INFO] [stdout] 82 |     let mut enc = ClickHouseEncoder::<Owned<T>>::unchecked();
[INFO] [stdout]    |                                                  ^^^^^^^^^ associated function or constant not found in `ClickHouseEncoder<spate_core::deser::Owned<T>>`
[INFO] [stdout]    |
[INFO] [stdout] note: if you're trying to build a new `ClickHouseEncoder<spate_core::deser::Owned<T>>`, consider using `ClickHouseEncoder::<F>::with_schema` which returns `ClickHouseEncoder<_>`
[INFO] [stdout]   --> src/encoder.rs:44:5
[INFO] [stdout]    |
[INFO] [stdout] 44 |     pub fn with_schema(expected: Arc<RowSchema>) -> Self {
[INFO] [stdout]    |     ^^^^^^^^^^^^^^^^^^^^^^^^^^^^^^^^^^^^^^^^^^^^^^^^^^^^
[INFO] [stdout] 
[INFO] [stdout] 
[INFO] [stdout] error[E0599]: no associated function or constant named `unchecked` found for struct `ClickHouseEncoder<F>` in the current scope
[INFO] [stdout]   --> tests/bench_fixtures.rs:68:44
[INFO] [stdout]    |
[INFO] [stdout] 68 |             ClickHouseEncoder::<Owned<_>>::unchecked(),
[INFO] [stdout]    |                                            ^^^^^^^^^ associated function or constant not found in `ClickHouseEncoder<spate_core::deser::Owned<_>>`
[INFO] [stdout]    |
[INFO] [stdout] note: if you're trying to build a new `ClickHouseEncoder<spate_core::deser::Owned<_>>`, consider using `ClickHouseEncoder::<F>::with_schema` which returns `ClickHouseEncoder<_>`
[INFO] [stdout]   --> src/encoder.rs:44:5
[INFO] [stdout]    |
[INFO] [stdout] 44 |     pub fn with_schema(expected: Arc<RowSchema>) -> Self {
[INFO] [stdout]    |     ^^^^^^^^^^^^^^^^^^^^^^^^^^^^^^^^^^^^^^^^^^^^^^^^^^^^
[INFO] [stdout] 
[INFO] [stdout] 
[INFO] [stdout] error[E0599]: no associated function or constant named `unchecked` found for struct `ClickHouseEncoder<F>` in the current scope
[INFO] [stdout]   --> tests/bench_fixtures.rs:74:44
[INFO] [stdout]    |
[INFO] [stdout] 74 |             ClickHouseEncoder::<Owned<_>>::unchecked(),
[INFO] [stdout]    |                                            ^^^^^^^^^ associated function or constant not found in `ClickHouseEncoder<spate_core::deser::Owned<_>>`
[INFO] [stdout]    |
[INFO] [stdout] note: if you're trying to build a new `ClickHouseEncoder<spate_core::deser::Owned<_>>`, consider using `ClickHouseEncoder::<F>::with_schema` which returns `ClickHouseEncoder<_>`
[INFO] [stdout]   --> src/encoder.rs:44:5
[INFO] [stdout]    |
[INFO] [stdout] 44 |     pub fn with_schema(expected: Arc<RowSchema>) -> Self {
[INFO] [stdout]    |     ^^^^^^^^^^^^^^^^^^^^^^^^^^^^^^^^^^^^^^^^^^^^^^^^^^^^
[INFO] [stdout] 
[INFO] [stdout] 
[INFO] [stdout] error[E0432]: unresolved import `spate_clickhouse::testing`
[INFO] [stdout]    --> tests/mock.rs:22:23
[INFO] [stdout]     |
[INFO] [stdout]  22 | use spate_clickhouse::testing::{ColumnRow, system_columns};
[INFO] [stdout]     |                       ^^^^^^^ could not find `testing` in `spate_clickhouse`
[INFO] [stdout]     |
[INFO] [stdout] note: found an item that was configured out
[INFO] [stdout]    --> src/lib.rs:146:9
[INFO] [stdout]     |
[INFO] [stdout] 144 | #[cfg(feature = "testing")]
[INFO] [stdout]     |       ------------------- the item is gated behind the `testing` feature
[INFO] [stdout] 145 | #[doc(hidden)]
[INFO] [stdout] 146 | pub mod testing;
[INFO] [stdout]     |         ^^^^^^^
[INFO] [stdout] 
[INFO] [stdout] 
[INFO] [stdout] error[E0599]: no associated function or constant named `unchecked` found for struct `ClickHouseEncoder<F>` in the current scope
[INFO] [stdout]   --> tests/bench_fixtures.rs:80:44
[INFO] [stdout]    |
[INFO] [stdout] 80 |             ClickHouseEncoder::<Owned<_>>::unchecked(),
[INFO] [stdout]    |                                            ^^^^^^^^^ associated function or constant not found in `ClickHouseEncoder<spate_core::deser::Owned<_>>`
[INFO] [stdout]    |
[INFO] [stdout] note: if you're trying to build a new `ClickHouseEncoder<spate_core::deser::Owned<_>>`, consider using `ClickHouseEncoder::<F>::with_schema` which returns `ClickHouseEncoder<_>`
[INFO] [stdout]   --> src/encoder.rs:44:5
[INFO] [stdout]    |
[INFO] [stdout] 44 |     pub fn with_schema(expected: Arc<RowSchema>) -> Self {
[INFO] [stdout]    |     ^^^^^^^^^^^^^^^^^^^^^^^^^^^^^^^^^^^^^^^^^^^^^^^^^^^^
[INFO] [stdout] 
[INFO] [stdout] 
[INFO] [stdout] error[E0599]: no associated function or constant named `unchecked` found for struct `ClickHouseEncoder<F>` in the current scope
[INFO] [stdout]    --> tests/bench_fixtures.rs:112:44
[INFO] [stdout]     |
[INFO] [stdout] 112 |             ClickHouseEncoder::<Owned<_>>::unchecked(),
[INFO] [stdout]     |                                            ^^^^^^^^^ associated function or constant not found in `ClickHouseEncoder<spate_core::deser::Owned<_>>`
[INFO] [stdout]     |
[INFO] [stdout] note: if you're trying to build a new `ClickHouseEncoder<spate_core::deser::Owned<_>>`, consider using `ClickHouseEncoder::<F>::with_schema` which returns `ClickHouseEncoder<_>`
[INFO] [stdout]    --> src/encoder.rs:44:5
[INFO] [stdout]     |
[INFO] [stdout]  44 |     pub fn with_schema(expected: Arc<RowSchema>) -> Self {
[INFO] [stdout]     |     ^^^^^^^^^^^^^^^^^^^^^^^^^^^^^^^^^^^^^^^^^^^^^^^^^^^^
[INFO] [stdout] 
[INFO] [stdout] 
[INFO] [stdout] error[E0599]: no associated function or constant named `unchecked` found for struct `ClickHouseEncoder<F>` in the current scope
[INFO] [stdout]    --> tests/bench_fixtures.rs:128:44
[INFO] [stdout]     |
[INFO] [stdout] 128 |             ClickHouseEncoder::<Owned<_>>::unchecked(),
[INFO] [stdout]     |                                            ^^^^^^^^^ associated function or constant not found in `ClickHouseEncoder<spate_core::deser::Owned<_>>`
[INFO] [stdout]     |
[INFO] [stdout] note: if you're trying to build a new `ClickHouseEncoder<spate_core::deser::Owned<_>>`, consider using `ClickHouseEncoder::<F>::with_schema` which returns `ClickHouseEncoder<_>`
[INFO] [stdout]    --> src/encoder.rs:44:5
[INFO] [stdout]     |
[INFO] [stdout]  44 |     pub fn with_schema(expected: Arc<RowSchema>) -> Self {
[INFO] [stdout]     |     ^^^^^^^^^^^^^^^^^^^^^^^^^^^^^^^^^^^^^^^^^^^^^^^^^^^^
[INFO] [stdout] 
[INFO] [stdout] 
[INFO] [stdout] error[E0599]: no associated function or constant named `unchecked` found for struct `ClickHouseEncoder<F>` in the current scope
[INFO] [stdout]    --> tests/bench_fixtures.rs:144:44
[INFO] [stdout]     |
[INFO] [stdout] 144 |             ClickHouseEncoder::<Owned<_>>::unchecked(),
[INFO] [stdout]     |                                            ^^^^^^^^^ associated function or constant not found in `ClickHouseEncoder<spate_core::deser::Owned<_>>`
[INFO] [stdout]     |
[INFO] [stdout] note: if you're trying to build a new `ClickHouseEncoder<spate_core::deser::Owned<_>>`, consider using `ClickHouseEncoder::<F>::with_schema` which returns `ClickHouseEncoder<_>`
[INFO] [stdout]    --> src/encoder.rs:44:5
[INFO] [stdout]     |
[INFO] [stdout]  44 |     pub fn with_schema(expected: Arc<RowSchema>) -> Self {
[INFO] [stdout]     |     ^^^^^^^^^^^^^^^^^^^^^^^^^^^^^^^^^^^^^^^^^^^^^^^^^^^^
[INFO] [stdout] 
[INFO] [stdout] 
[INFO] [stdout] For more information about this error, try `rustc --explain E0599`.
[INFO] [stdout] 
[INFO] [stdout] For more information about this error, try `rustc --explain E0599`.
[INFO] [stdout] 
[INFO] [stderr] error: could not compile `spate-clickhouse` (test "bench_fixtures") due to 6 previous errors
[INFO] [stderr] warning: build failed, waiting for other jobs to finish...
[INFO] [stderr] error: could not compile `spate-clickhouse` (bench "encode") due to 1 previous error
[INFO] [stdout] error[E0432]: unresolved import `spate_test_support`
[INFO] [stdout]   --> tests/container.rs:14:5
[INFO] [stdout]    |
[INFO] [stdout] 14 | use spate_test_support::container_image;
[INFO] [stdout]    |     ^^^^^^^^^^^^^^^^^^ use of unresolved module or unlinked crate `spate_test_support`
[INFO] [stdout]    |
[INFO] [stdout]    = help: if you wanted to use a crate named `spate_test_support`, use `cargo add spate_test_support` to add it to your `Cargo.toml`
[INFO] [stdout] 
[INFO] [stdout] 
[INFO] [stdout] error[E0599]: no associated function or constant named `unchecked` found for struct `spate_clickhouse::ClickHouseEncoder<F>` in the current scope
[INFO] [stdout]    --> benches/encode_gungraun.rs:121:45
[INFO] [stdout]     |
[INFO] [stdout] 121 |         enc: ClickHouseEncoder::<Owned<T>>::unchecked(),
[INFO] [stdout]     |                                             ^^^^^^^^^ associated function or constant not found in `spate_clickhouse::ClickHouseEncoder<spate_core::deser::Owned<T>>`
[INFO] [stdout]     |
[INFO] [stdout] note: if you're trying to build a new `spate_clickhouse::ClickHouseEncoder<spate_core::deser::Owned<T>>`, consider using `spate_clickhouse::ClickHouseEncoder::<F>::with_schema` which returns `spate_clickhouse::ClickHouseEncoder<_>`
[INFO] [stdout]    --> src/encoder.rs:44:5
[INFO] [stdout]     |
[INFO] [stdout]  44 |     pub fn with_schema(expected: Arc<RowSchema>) -> Self {
[INFO] [stdout]     |     ^^^^^^^^^^^^^^^^^^^^^^^^^^^^^^^^^^^^^^^^^^^^^^^^^^^^
[INFO] [stdout] 
[INFO] [stdout] 
[INFO] [stdout] error[E0432]: unresolved import `spate_test_support`
[INFO] [stdout]   --> src/test_tls.rs:12:16
[INFO] [stdout]    |
[INFO] [stdout] 12 | pub(crate) use spate_test_support::TestCa;
[INFO] [stdout]    |                ^^^^^^^^^^^^^^^^^^ use of unresolved module or unlinked crate `spate_test_support`
[INFO] [stdout]    |
[INFO] [stdout]    = help: if you wanted to use a crate named `spate_test_support`, use `cargo add spate_test_support` to add it to your `Cargo.toml`
[INFO] [stdout] 
[INFO] [stdout] 
[INFO] [stdout] error[E0432]: unresolved import `spate_test_support`
[INFO] [stdout]    --> src/http.rs:123:9
[INFO] [stdout]     |
[INFO] [stdout] 123 |     use spate_test_support::native_certs;
[INFO] [stdout]     |         ^^^^^^^^^^^^^^^^^^ use of unresolved module or unlinked crate `spate_test_support`
[INFO] [stdout]     |
[INFO] [stdout]     = help: if you wanted to use a crate named `spate_test_support`, use `cargo add spate_test_support` to add it to your `Cargo.toml`
[INFO] [stdout] 
[INFO] [stdout] 
[INFO] [stdout] For more information about this error, try `rustc --explain E0599`.
[INFO] [stdout] 
[INFO] [stderr] error: could not compile `spate-clickhouse` (bench "encode_gungraun") due to 1 previous error
[INFO] [stdout] For more information about this error, try `rustc --explain E0432`.
[INFO] [stdout] 
[INFO] [stderr] error: could not compile `spate-clickhouse` (test "mock") due to 1 previous error
[INFO] [stdout] error[E0433]: cannot find module or crate `spate_test_support` in this scope
[INFO] [stdout]   --> src/test_tls.rs:18:16
[INFO] [stdout]    |
[INFO] [stdout] 18 |     let addr = spate_test_support::serve_tls(ca.server_config(clients), |tls| async move {
[INFO] [stdout]    |                ^^^^^^^^^^^^^^^^^^ use of unresolved module or unlinked crate `spate_test_support`
[INFO] [stdout]    |
[INFO] [stdout]    = help: if you wanted to use a crate named `spate_test_support`, use `cargo add spate_test_support` to add it to your `Cargo.toml`
[INFO] [stdout] 
[INFO] [stdout] 
[INFO] [stdout] error[E0433]: cannot find module or crate `spate_test_support` in this scope
[INFO] [stdout]     --> src/config.rs:1506:13
[INFO] [stdout]      |
[INFO] [stdout] 1506 |             spate_test_support::run_in_child(NAME, |child| {
[INFO] [stdout]      |             ^^^^^^^^^^^^^^^^^^ use of unresolved module or unlinked crate `spate_test_support`
[INFO] [stdout]      |
[INFO] [stdout]      = help: if you wanted to use a crate named `spate_test_support`, use `cargo add spate_test_support` to add it to your `Cargo.toml`
[INFO] [stdout] 
[INFO] [stdout] 
[INFO] [stdout] error[E0599]: no associated function or constant named `unchecked` found for struct `encoder::ClickHouseEncoder<F>` in the current scope
[INFO] [stdout]    --> src/encoder.rs:194:52
[INFO] [stdout]     |
[INFO] [stdout]  30 | pub struct ClickHouseEncoder<F> {
[INFO] [stdout]     | ------------------------------- associated function or constant `unchecked` not found for this struct
[INFO] [stdout] ...
[INFO] [stdout] 194 |         let err = ClickHouseEncoder::<Owned<Bad>>::unchecked()
[INFO] [stdout]     |                                                    ^^^^^^^^^ associated function or constant not found in `ClickHouseEncoder<Owned<Bad>>`
[INFO] [stdout]     |
[INFO] [stdout] note: if you're trying to build a new `encoder::ClickHouseEncoder<spate_core::deser::Owned<encoder::tests::encoding_failures_are_record_level::Bad>>`, consider using `encoder::ClickHouseEncoder::<F>::with_schema` which returns `encoder::ClickHouseEncoder<_>`
[INFO] [stdout]    --> src/encoder.rs:44:5
[INFO] [stdout]     |
[INFO] [stdout]  44 |     pub fn with_schema(expected: Arc<RowSchema>) -> Self {
[INFO] [stdout]     |     ^^^^^^^^^^^^^^^^^^^^^^^^^^^^^^^^^^^^^^^^^^^^^^^^^^^^
[INFO] [stdout]     = note: the full name for the type has been written to '/opt/rustwide/target/debug/build/spate-clickhouse/3c2296ad093e2712/out/spate_clickhouse-3c2296ad093e2712.long-type-5734553039192924801.txt'
[INFO] [stdout]     = note: consider using `--verbose` to print the full type name to the console
[INFO] [stdout] 
[INFO] [stdout] 
[INFO] [stdout] For more information about this error, try `rustc --explain E0432`.
[INFO] [stdout] 
[INFO] [stderr] error: could not compile `spate-clickhouse` (test "container") due to 1 previous error
[INFO] [stdout] Some errors have detailed explanations: E0432, E0433, E0599.
[INFO] [stdout] 
[INFO] [stdout] For more information about an error, try `rustc --explain E0432`.
[INFO] [stdout] 
[INFO] [stderr] error: could not compile `spate-clickhouse` (lib test) due to 5 previous errors
[INFO] running `Command { std: "docker" "inspect" "c5715f90d86f1c99547a90c1dfdc76928db869e0fed84d58c5fddb03a894f449", kill_on_drop: false }`
[INFO] running `Command { std: "docker" "rm" "-f" "c5715f90d86f1c99547a90c1dfdc76928db869e0fed84d58c5fddb03a894f449", kill_on_drop: false }`
[INFO] [stdout] c5715f90d86f1c99547a90c1dfdc76928db869e0fed84d58c5fddb03a894f449
