[INFO] fetching crate perf-gauge 0.1.20...
[INFO] checking perf-gauge-0.1.20 against 8006091eb71ae7d9e9bccb66c6122c9d68af4466 for pr-129249-3
[INFO] extracting crate perf-gauge 0.1.20 into /workspace/builds/worker-7-tc1/source
[INFO] started tweaking crates.io crate perf-gauge 0.1.20
[INFO] finished tweaking crates.io crate perf-gauge 0.1.20
[INFO] tweaked toml for crates.io crate perf-gauge 0.1.20 written to /workspace/builds/worker-7-tc1/source/Cargo.toml
[INFO] validating manifest of crates.io crate perf-gauge 0.1.20 on toolchain 8006091eb71ae7d9e9bccb66c6122c9d68af4466
[INFO] running `Command { std: CARGO_HOME="/workspace/cargo-home" RUSTUP_HOME="/workspace/rustup-home" "/workspace/cargo-home/bin/cargo" "+8006091eb71ae7d9e9bccb66c6122c9d68af4466" "metadata" "--manifest-path" "Cargo.toml" "--no-deps", kill_on_drop: false }`
[INFO] crate crates.io crate perf-gauge 0.1.20 already has a lockfile, it will not be regenerated
[INFO] running `Command { std: CARGO_HOME="/workspace/cargo-home" RUSTUP_HOME="/workspace/rustup-home" "/workspace/cargo-home/bin/cargo" "+8006091eb71ae7d9e9bccb66c6122c9d68af4466" "fetch" "--manifest-path" "Cargo.toml", kill_on_drop: false }`
[INFO] [stderr] warning: `package.homepage` is redundant with `package.repository`
[INFO] [stderr]    --> Cargo.toml:114:12
[INFO] [stderr]     |
[INFO] [stderr] 114 | homepage = "https://github.com/xnuter/perf-gauge"
[INFO] [stderr]     |            ^^^^^^^^^^^^^^^^^^^^^^^^^^^^^^^^^^^^^^
[INFO] [stderr] ...
[INFO] [stderr] 119 | repository = "https://github.com/xnuter/perf-gauge"
[INFO] [stderr]     |              --------------------------------------
[INFO] [stderr]     |
[INFO] [stderr]     = note: `cargo::redundant_homepage` is set to `warn` by default
[INFO] [stderr] help: consider removing `package.homepage`
[INFO] [stderr] warning: `perf-gauge` (manifest) generated 1 warning
[INFO] [stderr]     Updating crates.io index
[INFO] [stderr]  Downloading crates ...
[INFO] [stderr]   Downloaded quote v1.0.15
[INFO] [stderr]   Downloaded tokio-stream v0.1.8
[INFO] [stderr]   Downloaded proc-macro2 v1.0.36
[INFO] [stderr]   Downloaded tokio-test v0.4.2
[INFO] [stderr]   Downloaded pin-project-lite v0.2.8
[INFO] [stderr]   Downloaded syn v1.0.86
[INFO] [stderr]   Downloaded libc v0.2.119
[INFO] [stderr]   Downloaded parking_lot_core v0.9.1
[INFO] [stderr]   Downloaded redox_syscall v0.2.11
[INFO] [stderr]   Downloaded lock_api v0.4.6
[INFO] [stderr]   Downloaded smallvec v1.8.0
[INFO] [stderr]   Downloaded async-stream v0.3.2
[INFO] [stderr]   Downloaded async-stream-impl v0.3.2
[INFO] [stderr]   Downloaded mio v0.8.0
[INFO] [stderr]   Downloaded serde_yaml v0.8.23
[INFO] [stderr]   Downloaded indexmap v1.8.0
[INFO] [stderr]   Downloaded windows_x86_64_msvc v0.32.0
[INFO] [stderr]   Downloaded windows_x86_64_gnu v0.32.0
[INFO] [stderr]   Downloaded windows_i686_msvc v0.32.0
[INFO] [stderr]   Downloaded windows_i686_gnu v0.32.0
[INFO] [stderr]   Downloaded windows_aarch64_msvc v0.32.0
[INFO] [stderr]   Downloaded getrandom v0.2.5
[INFO] [stderr]   Downloaded prometheus v0.13.0
[INFO] [stderr]   Downloaded wasm-bindgen-shared v0.2.79
[INFO] [stderr]   Downloaded wasm-bindgen-backend v0.2.79
[INFO] [stderr]   Downloaded wasm-bindgen-futures v0.4.29
[INFO] [stderr]   Downloaded wasm-bindgen v0.2.79
[INFO] [stderr]   Downloaded wasm-bindgen-macro v0.2.79
[INFO] [stderr]   Downloaded wasm-bindgen-macro-support v0.2.79
[INFO] [stderr]   Downloaded js-sys v0.3.56
[INFO] [stderr]   Downloaded windows-sys v0.32.0
[INFO] [stderr]   Downloaded hyper v0.14.17
[INFO] [stderr]   Downloaded tracing-core v0.1.23
[INFO] [stderr]   Downloaded httparse v1.6.0
[INFO] [stderr]   Downloaded web-sys v0.3.56
[INFO] [stderr]   Downloaded ipnet v2.4.0
[INFO] [stderr]   Downloaded tracing v0.1.32
[INFO] [stderr]   Downloaded http v0.2.6
[INFO] [stderr]   Downloaded h2 v0.3.12
[INFO] [stderr]   Downloaded futures-macro v0.3.21
[INFO] [stderr]   Downloaded futures-io v0.3.21
[INFO] [stderr]   Downloaded protobuf v2.27.1
[INFO] [stderr]   Downloaded serde_urlencoded v0.6.1
[INFO] [stderr]   Downloaded assert-json-diff v1.1.0
[INFO] [stderr]   Downloaded extend v0.1.2
[INFO] [stderr]   Downloaded typemap v0.3.3
[INFO] [stderr]   Downloaded hyper-boring v2.1.1
[INFO] [stderr]   Downloaded mockito v0.28.0
[INFO] [stderr]   Downloaded colored v1.9.3
[INFO] [stderr]   Downloaded log4rs v1.0.0
[INFO] [stderr]   Downloaded unsafe-any v0.4.2
[INFO] [stderr]   Downloaded traitobject v0.1.0
[INFO] [stderr]   Downloaded ordered-float v2.10.0
[INFO] [stderr]   Downloaded arc-swap v0.4.8
[INFO] [stderr]   Downloaded anyhow v1.0.56
[INFO] [stderr]   Downloaded leaky-bucket v0.12.1
[INFO] [stderr]   Downloaded tokio-boring v2.1.4
[INFO] [stderr]   Downloaded cmake v0.1.48
[INFO] [stderr]   Downloaded bindgen v0.59.2
[INFO] [stderr]   Downloaded foreign-types-shared v0.3.0
[INFO] [stderr]   Downloaded libloading v0.7.3
[INFO] [stderr]   Downloaded nom v7.1.0
[INFO] [stderr]   Downloaded boring v2.0.0
[INFO] [stderr]   Downloaded foreign-types-macros v0.2.1
[INFO] [stderr]   Downloaded clang-sys v1.3.1
[INFO] [stderr]   Downloaded antidote v1.0.0
[INFO] [stderr]   Downloaded clap v3.1.6
[INFO] [stderr]   Downloaded clap_derive v3.1.4
[INFO] [stderr]   Downloaded async-trait v0.1.52
[INFO] [stderr]   Downloaded bytesize v1.1.0
[INFO] [stderr]   Downloaded boring v1.0.1
[INFO] [stderr]   Downloaded boring-sys v2.0.0
[INFO] [stderr]   Downloaded boring-sys v1.0.1
[INFO] running `Command { std: "docker" "create" "-v" "/var/lib/crater-agent-workspace/builds/worker-7-tc1/source:/opt/rustwide/workdir:ro,Z" "-v" "/var/lib/crater-agent-workspace/builds/worker-7-tc1/target:/opt/rustwide/target:rw,Z" "-v" "/var/lib/crater-agent-workspace/cargo-home:/opt/rustwide/cargo-home:ro,Z" "-v" "/var/lib/crater-agent-workspace/rustup-home:/opt/rustwide/rustup-home:ro,Z" "-m" "1610612736" "--network" "none" "ghcr.io/rust-lang/crates-build-env/linux@sha256:77db811e55d90add9212f6832c23229e3de5f1c1f9905e8cb07319ea15df73ac" "sleep" "infinity", kill_on_drop: false }`
[INFO] [stdout] 5a3d3c88bfd1847c5b588ecb71080442d5fbd0b8c0b0e41ec7ba1e2d02867621
[INFO] running `Command { std: "docker" "start" "5a3d3c88bfd1847c5b588ecb71080442d5fbd0b8c0b0e41ec7ba1e2d02867621", kill_on_drop: false }`
[INFO] running `Command { std: "docker" "inspect" "5a3d3c88bfd1847c5b588ecb71080442d5fbd0b8c0b0e41ec7ba1e2d02867621", kill_on_drop: false }`
[INFO] running `Command { std: "docker" "exec" "-e" "SOURCE_DIR=/opt/rustwide/workdir" "-e" "CARGO_HOME=/opt/rustwide/cargo-home" "-e" "RUSTUP_HOME=/opt/rustwide/rustup-home" "-e" "CARGO_TARGET_DIR=/opt/rustwide/target" "-w" "/opt/rustwide/workdir" "--user" "0:0" "5a3d3c88bfd1847c5b588ecb71080442d5fbd0b8c0b0e41ec7ba1e2d02867621" "/opt/rustwide/cargo-home/bin/cargo" "+8006091eb71ae7d9e9bccb66c6122c9d68af4466" "metadata" "--no-deps" "--format-version=1", kill_on_drop: false }`
[INFO] running `Command { std: "docker" "inspect" "5a3d3c88bfd1847c5b588ecb71080442d5fbd0b8c0b0e41ec7ba1e2d02867621", kill_on_drop: false }`
[INFO] running `Command { std: "docker" "exec" "-e" "SOURCE_DIR=/opt/rustwide/workdir" "-e" "CARGO_HOME=/opt/rustwide/cargo-home" "-e" "RUSTUP_HOME=/opt/rustwide/rustup-home" "-e" "CARGO_TARGET_DIR=/opt/rustwide/target" "-e" "CARGO_INCREMENTAL=0" "-e" "RUST_BACKTRACE=full" "-e" "RUSTFLAGS=--cap-lints=forbid" "-e" "RUSTDOCFLAGS=--cap-lints=forbid" "-w" "/opt/rustwide/workdir" "--user" "0:0" "5a3d3c88bfd1847c5b588ecb71080442d5fbd0b8c0b0e41ec7ba1e2d02867621" "/opt/rustwide/cargo-home/bin/cargo" "+8006091eb71ae7d9e9bccb66c6122c9d68af4466" "check" "--frozen" "--all" "--all-targets" "--message-format=json", kill_on_drop: false }`
[INFO] [stderr] warning: `package.homepage` is redundant with `package.repository`
[INFO] [stderr]    --> Cargo.toml:114:12
[INFO] [stderr]     |
[INFO] [stderr] 114 | homepage = "https://github.com/xnuter/perf-gauge"
[INFO] [stderr]     |            ^^^^^^^^^^^^^^^^^^^^^^^^^^^^^^^^^^^^^^
[INFO] [stderr] ...
[INFO] [stderr] 119 | repository = "https://github.com/xnuter/perf-gauge"
[INFO] [stderr]     |              --------------------------------------
[INFO] [stderr]     |
[INFO] [stderr]     = note: `cargo::redundant_homepage` is set to `warn` by default
[INFO] [stderr] help: consider removing `package.homepage`
[INFO] [stderr] warning: `perf-gauge` (manifest) generated 1 warning
[INFO] [stderr]    Compiling proc-macro2 v1.0.36
[INFO] [stderr]    Compiling unicode-xid v0.2.2
[INFO] [stderr]    Compiling syn v1.0.86
[INFO] [stderr]    Compiling libc v0.2.119
[INFO] [stderr]    Compiling serde_derive v1.0.136
[INFO] [stderr]    Compiling serde v1.0.136
[INFO] [stderr]    Compiling memchr v2.4.1
[INFO] [stderr]    Compiling log v0.4.14
[INFO] [stderr]     Checking smallvec v1.8.0
[INFO] [stderr]    Compiling futures-core v0.3.21
[INFO] [stderr]    Compiling parking_lot_core v0.9.1
[INFO] [stderr]     Checking pin-project-lite v0.2.8
[INFO] [stderr]     Checking lock_api v0.4.6
[INFO] [stderr]     Checking bytes v1.1.0
[INFO] [stderr]     Checking itoa v1.0.1
[INFO] [stderr]    Compiling num-traits v0.2.14
[INFO] [stderr]    Compiling indexmap v1.8.0
[INFO] [stderr]     Checking once_cell v1.10.0
[INFO] [stderr]     Checking hashbrown v0.11.2
[INFO] [stderr]     Checking ryu v1.0.9
[INFO] [stderr]    Compiling futures-task v0.3.21
[INFO] [stderr]    Compiling strsim v0.9.3
[INFO] [stderr]     Checking ppv-lite86 v0.2.16
[INFO] [stderr]    Compiling serde_json v1.0.79
[INFO] [stderr]     Checking tinyvec_macros v0.1.0
[INFO] [stderr]     Checking tracing-core v0.1.23
[INFO] [stderr]    Compiling num-integer v0.1.44
[INFO] [stderr]    Compiling parking_lot_core v0.8.5
[INFO] [stderr]     Checking tinyvec v1.5.1
[INFO] [stderr]    Compiling futures-util v0.3.21
[INFO] [stderr]    Compiling httparse v1.6.0
[INFO] [stderr]     Checking matches v0.1.9
[INFO] [stderr]     Checking http v0.2.6
[INFO] [stderr]     Checking instant v0.1.12
[INFO] [stderr]    Compiling anyhow v1.0.56
[INFO] [stderr]    Compiling futures-channel v0.3.21
[INFO] [stderr]     Checking futures-sink v0.3.21
[INFO] [stderr]     Checking slab v0.4.5
[INFO] [stderr]     Checking unicode-bidi v0.3.7
[INFO] [stderr]     Checking traitobject v0.1.0
[INFO] [stderr]     Checking regex-syntax v0.6.25
[INFO] [stdout] error[E0119]: conflicting implementations of trait `Trait` for type `(dyn Send + Sync + 'static)`
[INFO] [stdout]   --> /opt/rustwide/cargo-home/registry/src/index.crates.io-1949cf8c6b5b557f/traitobject-0.1.0/src/impls.rs:72:1
[INFO] [stdout]    |
[INFO] [stdout] 71 | unsafe impl Trait for ::std::marker::Send + Sync { }
[INFO] [stdout]    | ------------------------------------------------ first implementation here
[INFO] [stdout] 72 | unsafe impl Trait for ::std::marker::Send + Send + Sync { }
[INFO] [stdout]    | ^^^^^^^^^^^^^^^^^^^^^^^^^^^^^^^^^^^^^^^^^^^^^^^^^^^^^^^ conflicting implementation for `(dyn Send + Sync + 'static)`
[INFO] [stdout] 
[INFO] [stdout] 
[INFO] [stderr]     Checking form_urlencoded v1.0.1
[INFO] [stdout] error[E0119]: conflicting implementations of trait `Trait` for type `(dyn Send + Sync + 'static)`
[INFO] [stdout]   --> /opt/rustwide/cargo-home/registry/src/index.crates.io-1949cf8c6b5b557f/traitobject-0.1.0/src/impls.rs:73:1
[INFO] [stdout]    |
[INFO] [stdout] 71 | unsafe impl Trait for ::std::marker::Send + Sync { }
[INFO] [stdout]    | ------------------------------------------------ first implementation here
[INFO] [stdout] 72 | unsafe impl Trait for ::std::marker::Send + Send + Sync { }
[INFO] [stdout] 73 | unsafe impl Trait for ::std::marker::Sync + Send { }
[INFO] [stdout]    | ^^^^^^^^^^^^^^^^^^^^^^^^^^^^^^^^^^^^^^^^^^^^^^^^ conflicting implementation for `(dyn Send + Sync + 'static)`
[INFO] [stdout] 
[INFO] [stdout] 
[INFO] [stderr] error: could not compile `traitobject` (lib) due to 3 previous errors
[INFO] [stdout] error[E0119]: conflicting implementations of trait `Trait` for type `(dyn Send + Sync + 'static)`
[INFO] [stdout]   --> /opt/rustwide/cargo-home/registry/src/index.crates.io-1949cf8c6b5b557f/traitobject-0.1.0/src/impls.rs:75:1
[INFO] [stdout]    |
[INFO] [stdout] 71 | unsafe impl Trait for ::std::marker::Send + Sync { }
[INFO] [stdout]    | ------------------------------------------------ first implementation here
[INFO] [stdout] ...
[INFO] [stdout] 75 | unsafe impl Trait for ::std::marker::Sync + Send + Sync { }
[INFO] [stdout]    | ^^^^^^^^^^^^^^^^^^^^^^^^^^^^^^^^^^^^^^^^^^^^^^^^^^^^^^^ conflicting implementation for `(dyn Send + Sync + 'static)`
[INFO] [stdout] 
[INFO] [stdout] 
[INFO] [stderr] warning: build failed, waiting for other jobs to finish...
[INFO] [stdout] For more information about this error, try `rustc --explain E0119`.
[INFO] [stdout] 
[INFO] running `Command { std: "docker" "inspect" "5a3d3c88bfd1847c5b588ecb71080442d5fbd0b8c0b0e41ec7ba1e2d02867621", kill_on_drop: false }`
[INFO] running `Command { std: "docker" "rm" "-f" "5a3d3c88bfd1847c5b588ecb71080442d5fbd0b8c0b0e41ec7ba1e2d02867621", kill_on_drop: false }`
[INFO] [stdout] 5a3d3c88bfd1847c5b588ecb71080442d5fbd0b8c0b0e41ec7ba1e2d02867621
