[INFO] fetching crate nexo-plugin-voice 0.3.1...
[INFO] checking nexo-plugin-voice-0.3.1 against 8006091eb71ae7d9e9bccb66c6122c9d68af4466 for pr-129249-3
[INFO] extracting crate nexo-plugin-voice 0.3.1 into /workspace/builds/worker-7-tc1/source
[INFO] started tweaking crates.io crate nexo-plugin-voice 0.3.1
[INFO] removed 0 missing tests
[INFO] finished tweaking crates.io crate nexo-plugin-voice 0.3.1
[INFO] tweaked toml for crates.io crate nexo-plugin-voice 0.3.1 written to /workspace/builds/worker-7-tc1/source/Cargo.toml
[INFO] validating manifest of crates.io crate nexo-plugin-voice 0.3.1 on toolchain 8006091eb71ae7d9e9bccb66c6122c9d68af4466
[INFO] running `Command { std: CARGO_HOME="/workspace/cargo-home" RUSTUP_HOME="/workspace/rustup-home" "/workspace/cargo-home/bin/cargo" "+8006091eb71ae7d9e9bccb66c6122c9d68af4466" "metadata" "--manifest-path" "Cargo.toml" "--no-deps", kill_on_drop: false }`
[INFO] crate crates.io crate nexo-plugin-voice 0.3.1 already has a lockfile, it will not be regenerated
[INFO] running `Command { std: CARGO_HOME="/workspace/cargo-home" RUSTUP_HOME="/workspace/rustup-home" "/workspace/cargo-home/bin/cargo" "+8006091eb71ae7d9e9bccb66c6122c9d68af4466" "fetch" "--manifest-path" "Cargo.toml", kill_on_drop: false }`
[INFO] [stderr]     Updating crates.io index
[INFO] [stderr]  Downloading crates ...
[INFO] [stderr]   Downloaded value-bag v1.12.0
[INFO] [stderr]   Downloaded sherpa-rs v0.6.8
[INFO] [stderr]   Downloaded serial_test v3.4.0
[INFO] [stderr]   Downloaded serial_test_derive v3.4.0
[INFO] [stderr]   Downloaded cookie_store v0.22.1
[INFO] [stderr]   Downloaded sherpa-rs-sys v0.6.8
[INFO] [stderr]   Downloaded psl-types v2.0.11
[INFO] [stderr]   Downloaded publicsuffix v2.3.0
[INFO] [stderr]   Downloaded ort v2.0.0-rc.12
[INFO] [stderr]   Downloaded openssl-sys v0.9.115
[INFO] [stderr]   Downloaded openssl v0.10.79
[INFO] [stderr]   Downloaded nexo-llm v0.1.5
[INFO] [stderr]   Downloaded nexo-config v0.1.9
[INFO] [stderr]   Downloaded nexo-webhook-receiver v0.1.7
[INFO] [stderr]   Downloaded hmac-sha256 v1.1.14
[INFO] [stderr]   Downloaded nexo-resilience v0.1.3
[INFO] [stderr]   Downloaded nexo-plugin-manifest v0.1.5
[INFO] [stderr]   Downloaded nexo-memory v0.1.5
[INFO] [stderr]   Downloaded fancy-regex v0.13.0
[INFO] [stderr]   Downloaded ogg v0.9.2
[INFO] [stderr]   Downloaded nexo-broker v0.1.5
[INFO] [stderr]   Downloaded ort-sys v2.0.0-rc.12
[INFO] [stderr]   Downloaded lzma-rust2 v0.15.7
[INFO] [stderr]   Downloaded nexo-tool-meta v0.1.15
[INFO] [stderr]   Downloaded nexo-driver-types v0.1.7
[INFO] [stderr]   Downloaded sqlite-vec v0.1.9
[INFO] [stderr]   Downloaded async-nats v0.35.1
[INFO] [stderr]   Downloaded nexo-web-search v0.1.2
[INFO] [stderr]   Downloaded nexo-core v0.1.19
[INFO] [stderr]   Downloaded opus-wave v3.0.1
[INFO] [stderr]   Downloaded nexo-microapp-sdk v0.1.18
[INFO] [stderr]   Downloaded tiktoken-rs v0.6.0
[INFO] [stderr]   Downloaded nexo-team-store v0.1.2
[INFO] [stderr]   Downloaded nexo-taskflow v0.1.2
[INFO] [stderr]   Downloaded nexo-project-tracker v0.1.7
[INFO] [stderr]   Downloaded nexo-pairing v0.1.6
[INFO] [stderr]   Downloaded nexo-memory-snapshot v0.1.4
[INFO] [stderr]   Downloaded nexo-llm-auth v0.1.1
[INFO] [stderr]   Downloaded nexo-driver-loop v0.1.7
[INFO] [stderr]   Downloaded nexo-driver-claude v0.1.7
[INFO] [stderr]   Downloaded nexo-dispatch-tools v0.1.7
[INFO] [stderr]   Downloaded nexo-lsp v0.1.2
[INFO] [stderr]   Downloaded libz-sys v1.1.28
[INFO] [stderr]   Downloaded nexo-extensions v0.1.4
[INFO] [stderr]   Downloaded nexo-mcp v0.1.5
[INFO] [stderr]   Downloaded nexo-assistant v0.1.7
[INFO] [stderr]   Downloaded cron v0.12.1
[INFO] [stderr]   Downloaded mockito v1.7.2
[INFO] [stderr]   Downloaded nexo-driver-permission v0.1.7
[INFO] [stderr]   Downloaded nexo-agent-registry v0.1.7
[INFO] [stderr]   Downloaded lru v0.17.0
[INFO] [stderr]   Downloaded iso8601 v0.6.3
[INFO] [stderr]   Downloaded async-tungstenite v0.32.1
[INFO] [stderr]   Downloaded sluice v0.6.0
[INFO] [stderr]   Downloaded nexo-auth v0.1.8
[INFO] [stderr]   Downloaded isahc v1.8.2
[INFO] [stderr]   Downloaded msedge-tts v0.3.0
[INFO] [stderr]   Downloaded curl v0.4.49
[INFO] [stderr]   Downloaded jsonschema v0.20.0
[INFO] [stderr]   Downloaded async-native-tls v0.5.0
[INFO] [stderr]   Downloaded curl-sys v0.4.87+curl-8.19.0
[INFO] running `Command { std: "docker" "create" "-v" "/var/lib/crater-agent-workspace/builds/worker-7-tc1/source:/opt/rustwide/workdir:ro,Z" "-v" "/var/lib/crater-agent-workspace/builds/worker-7-tc1/target:/opt/rustwide/target:rw,Z" "-v" "/var/lib/crater-agent-workspace/cargo-home:/opt/rustwide/cargo-home:ro,Z" "-v" "/var/lib/crater-agent-workspace/rustup-home:/opt/rustwide/rustup-home:ro,Z" "-m" "1610612736" "--network" "none" "ghcr.io/rust-lang/crates-build-env/linux@sha256:77db811e55d90add9212f6832c23229e3de5f1c1f9905e8cb07319ea15df73ac" "sleep" "infinity", kill_on_drop: false }`
[INFO] [stdout] fa5c1f24d0fee362d8e3e7c0403426aeb89ce672c60ec7889d859d5dab9e1f58
[INFO] running `Command { std: "docker" "start" "fa5c1f24d0fee362d8e3e7c0403426aeb89ce672c60ec7889d859d5dab9e1f58", kill_on_drop: false }`
[INFO] running `Command { std: "docker" "inspect" "fa5c1f24d0fee362d8e3e7c0403426aeb89ce672c60ec7889d859d5dab9e1f58", kill_on_drop: false }`
[INFO] running `Command { std: "docker" "exec" "-e" "SOURCE_DIR=/opt/rustwide/workdir" "-e" "CARGO_HOME=/opt/rustwide/cargo-home" "-e" "RUSTUP_HOME=/opt/rustwide/rustup-home" "-e" "CARGO_TARGET_DIR=/opt/rustwide/target" "-w" "/opt/rustwide/workdir" "--user" "0:0" "fa5c1f24d0fee362d8e3e7c0403426aeb89ce672c60ec7889d859d5dab9e1f58" "/opt/rustwide/cargo-home/bin/cargo" "+8006091eb71ae7d9e9bccb66c6122c9d68af4466" "metadata" "--no-deps" "--format-version=1", kill_on_drop: false }`
[INFO] running `Command { std: "docker" "inspect" "fa5c1f24d0fee362d8e3e7c0403426aeb89ce672c60ec7889d859d5dab9e1f58", kill_on_drop: false }`
[INFO] running `Command { std: "docker" "exec" "-e" "SOURCE_DIR=/opt/rustwide/workdir" "-e" "CARGO_HOME=/opt/rustwide/cargo-home" "-e" "RUSTUP_HOME=/opt/rustwide/rustup-home" "-e" "CARGO_TARGET_DIR=/opt/rustwide/target" "-e" "CARGO_INCREMENTAL=0" "-e" "RUST_BACKTRACE=full" "-e" "RUSTFLAGS=--cap-lints=forbid" "-e" "RUSTDOCFLAGS=--cap-lints=forbid" "-w" "/opt/rustwide/workdir" "--user" "0:0" "fa5c1f24d0fee362d8e3e7c0403426aeb89ce672c60ec7889d859d5dab9e1f58" "/opt/rustwide/cargo-home/bin/cargo" "+8006091eb71ae7d9e9bccb66c6122c9d68af4466" "check" "--frozen" "--all" "--all-targets" "--message-format=json", kill_on_drop: false }`
[INFO] [stderr]     Checking value-bag v1.12.0
[INFO] [stderr]    Compiling cc v1.2.62
[INFO] [stderr]     Checking futures-io v0.3.32
[INFO] [stderr]     Checking stable_deref_trait v1.2.1
[INFO] [stderr]     Checking zerofrom v0.1.8
[INFO] [stderr]    Compiling num-traits v0.2.19
[INFO] [stderr]     Checking tokio v1.52.3
[INFO] [stderr]    Compiling getrandom v0.2.17
[INFO] [stderr]     Checking serde_json v1.0.149
[INFO] [stderr]     Checking yoke v0.8.2
[INFO] [stderr]     Checking futures-util v0.3.32
[INFO] [stderr]     Checking log v0.4.29
[INFO] [stderr]     Checking digest v0.10.7
[INFO] [stderr]     Checking zerovec v0.11.6
[INFO] [stderr]     Checking zerotrie v0.2.4
[INFO] [stderr]     Checking tracing v0.1.44
[INFO] [stderr]     Checking hashbrown v0.17.1
[INFO] [stderr]     Checking rustls-pki-types v1.14.1
[INFO] [stderr]     Checking tinystr v0.8.3
[INFO] [stderr]     Checking potential_utf v0.1.5
[INFO] [stderr]     Checking rand_core v0.10.1
[INFO] [stderr]     Checking icu_collections v2.2.0
[INFO] [stderr]     Checking icu_locale_core v2.2.0
[INFO] [stderr]     Checking getrandom v0.4.2
[INFO] [stderr]     Checking indexmap v2.14.0
[INFO] [stderr]     Checking concurrent-queue v2.5.0
[INFO] [stderr]     Checking chacha20 v0.10.0
[INFO] [stderr]     Checking sha2 v0.10.9
[INFO] [stderr]     Checking rand v0.10.1
[INFO] [stderr]     Checking chrono v0.4.44
[INFO] [stderr]    Compiling ring v0.17.14
[INFO] [stderr]     Checking event-listener v5.4.1
[INFO] [stderr]     Checking icu_provider v2.2.0
[INFO] [stderr]     Checking icu_properties v2.2.0
[INFO] [stderr]     Checking icu_normalizer v2.2.0
[INFO] [stderr]     Checking uuid v1.23.1
[INFO] [stderr]    Compiling writeable v0.6.3
[INFO] [stderr]    Compiling litemap v0.8.2
[INFO] [stderr]    Compiling rustls v0.23.40
[INFO] [stderr]    Compiling pin-project-lite v0.2.17
[INFO] [stderr]    Compiling futures-core v0.3.32
[INFO] [stderr]    Compiling typenum v1.20.0
[INFO] [stderr]    Compiling crossbeam-utils v0.8.21
[INFO] [stderr]     Checking sha1 v0.10.6
[INFO] [stderr]     Checking idna_adapter v1.2.2
[INFO] [stderr]     Checking idna v1.1.0
[INFO] [stderr]    Compiling icu_normalizer_data v2.2.0
[INFO] [stderr]    Compiling icu_properties_data v2.2.0
[INFO] [stderr]     Checking url v2.5.8
[INFO] [stderr]    Compiling serde_core v1.0.228
[INFO] [stderr]    Compiling futures-sink v0.3.32
[INFO] [stderr]    Compiling generic-array v0.14.7
[INFO] [stderr]     Checking webpki-roots v1.0.7
[INFO] [stderr]    Compiling once_cell v1.21.4
[INFO] [stderr]    Compiling form_urlencoded v1.2.2
[INFO] [stderr]    Compiling crypto-common v0.1.7
[INFO] [stderr]    Compiling block-buffer v0.10.4
[INFO] [stderr]     Checking regex-automata v0.4.14
[INFO] [stderr]     Checking futures-executor v0.3.32
[INFO] [stderr]    Compiling parking_lot_core v0.9.12
[INFO] [stderr]    Compiling mio v1.2.0
[INFO] [stderr]    Compiling socket2 v0.6.3
[INFO] [stderr]     Checking tokio-util v0.7.18
[INFO] [stderr]    Compiling slab v0.4.12
[INFO] [stderr]    Compiling futures-task v0.3.32
[INFO] [stderr]    Compiling parking_lot v0.12.5
[INFO] [stderr]     Checking rustls-webpki v0.103.13
[INFO] [stderr]    Compiling serde v1.0.228
[INFO] [stderr]    Compiling tracing-core v0.1.36
[INFO] [stderr]    Compiling libsqlite3-sys v0.30.1
[INFO] [stderr]    Compiling rustix v1.1.4
[INFO] [stderr]    Compiling num-conv v0.2.1
[INFO] [stderr]    Compiling crc-catalog v2.5.0
[INFO] [stderr]    Compiling time-macros v0.2.27
[INFO] [stderr]    Compiling crc v3.4.0
[INFO] [stderr]    Compiling either v1.15.0
[INFO] [stderr]     Checking deranged v0.5.8
[INFO] [stderr]    Compiling webpki-roots v0.26.11
[INFO] [stderr]    Compiling futures-intrusive v0.5.0
[INFO] [stderr]    Compiling crossbeam-queue v0.3.12
[INFO] [stderr]    Compiling spin v0.9.8
[INFO] [stderr]    Compiling thiserror v2.0.18
[INFO] [stderr]    Compiling ryu v1.0.23
[INFO] [stderr]     Checking linux-raw-sys v0.12.1
[INFO] [stderr]    Compiling serde_urlencoded v0.7.1
[INFO] [stderr]     Checking time v0.3.47
[INFO] [stderr]    Compiling flume v0.11.1
[INFO] [stderr]    Compiling atoi v2.0.0
[INFO] [stderr]    Compiling futures-channel v0.3.32
[INFO] [stderr]    Compiling rand_core v0.6.4
[INFO] [stderr]     Checking humantime v2.3.0
[INFO] [stderr]     Checking serde_yaml v0.9.34+deprecated
[INFO] [stderr]     Checking humantime-serde v1.1.1
[INFO] [stderr]    Compiling rand_chacha v0.3.1
[INFO] [stderr]     Checking tokio-stream v0.1.18
[INFO] [stderr]     Checking nexo-tool-meta v0.1.15
[INFO] [stderr]     Checking hmac v0.12.1
[INFO] [stderr]     Checking ipnetwork v0.20.0
[INFO] [stderr]     Checking dashmap v6.1.0
[INFO] [stderr]     Checking sqlx-core v0.8.6
[INFO] [stderr]    Compiling rand v0.8.6
[INFO] [stderr]     Checking regex v1.12.3
[INFO] [stderr]     Checking h2 v0.4.14
[INFO] [stderr] error: could not compile `rustls` (lib)
[INFO] [stderr] 
[INFO] [stderr] Caused by:
[INFO] [stderr]   process didn't exit successfully: `/opt/rustwide/rustup-home/toolchains/8006091eb71ae7d9e9bccb66c6122c9d68af4466/bin/rustc --crate-name rustls --edition=2021 /opt/rustwide/cargo-home/registry/src/index.crates.io-1949cf8c6b5b557f/rustls-0.23.40/src/lib.rs --error-format=json --json=diagnostic-rendered-ansi,artifacts,future-incompat,unused-externs-silent --crate-type lib --emit=dep-info,metadata,link -Z embed-metadata=no -C embed-bitcode=no --cfg 'feature="ring"' --cfg 'feature="std"' --cfg 'feature="tls12"' --check-cfg 'cfg(docsrs,test)' --check-cfg 'cfg(feature, values("aws-lc-rs", "aws_lc_rs", "brotli", "custom-provider", "default", "fips", "hashbrown", "log", "logging", "prefer-post-quantum", "read_buf", "ring", "rustversion", "std", "tls12", "zlib"))' -C metadata=f3843fd27b6a8494 -C extra-filename=-437c2d045d11b96c --out-dir /opt/rustwide/target/debug/build/rustls/437c2d045d11b96c/out -L dependency=/opt/rustwide/target/debug/build/cfg-if/9c7f9eb9639deea5/out -L dependency=/opt/rustwide/target/debug/build/getrandom/d3979d87b9490661/out -L dependency=/opt/rustwide/target/debug/build/libc/9c12716ac42b770e/out -L dependency=/opt/rustwide/target/debug/build/ring/1f2d5c401a3b9c14/out -L dependency=/opt/rustwide/target/debug/build/rustls-pki-types/06720903d5e1b186/out -L dependency=/opt/rustwide/target/debug/build/untrusted/5f38b2c4125c2298/out -L dependency=/opt/rustwide/target/debug/build/zeroize/65c526df20b90c35/out --extern once_cell=/opt/rustwide/target/debug/build/once_cell/e7324593321ca94b/out/libonce_cell-e7324593321ca94b.rmeta --extern ring=/opt/rustwide/target/debug/build/ring/1f2d5c401a3b9c14/out/libring-1f2d5c401a3b9c14.rmeta --extern pki_types=/opt/rustwide/target/debug/build/rustls-pki-types/06720903d5e1b186/out/librustls_pki_types-06720903d5e1b186.rmeta --extern webpki=/opt/rustwide/target/debug/build/rustls-webpki/0a400d334de3bdd8/out/libwebpki-0a400d334de3bdd8.rmeta --extern subtle=/opt/rustwide/target/debug/build/subtle/e2a2f8b3e184e502/out/libsubtle-e2a2f8b3e184e502.rmeta --extern zeroize=/opt/rustwide/target/debug/build/zeroize/65c526df20b90c35/out/libzeroize-65c526df20b90c35.rmeta --cap-lints allow --cap-lints=forbid --force-warn=unused_crate_dependencies -L native=/opt/rustwide/target/debug/build/ring/5e0bc8f2719875f4/out` (signal: 9, SIGKILL: kill)
[INFO] [stderr] warning: build failed, waiting for other jobs to finish...
[INFO] [stderr] warning: libsqlite3-sys@0.30.1: cc: fatal error: Killed signal terminated program cc1
[INFO] [stderr] warning: libsqlite3-sys@0.30.1: compilation terminated.
[INFO] [stderr] error: failed to run custom build command for `libsqlite3-sys v0.30.1`
[INFO] [stderr] note: To improve backtraces for build dependencies, set the CARGO_PROFILE_DEV_BUILD_OVERRIDE_DEBUG=true environment variable to enable debug information generation.
[INFO] [stderr] 
[INFO] [stderr] Caused by:
[INFO] [stderr]   process didn't exit successfully: `/opt/rustwide/target/debug/build/libsqlite3-sys/7e55d6a4cf152b4d/out/build_script_build` (exit status: 1)
[INFO] [stderr]   --- stdout
[INFO] [stderr]   cargo:rerun-if-env-changed=LIBSQLITE3_SYS_USE_PKG_CONFIG
[INFO] [stderr]   cargo:include=/opt/rustwide/cargo-home/registry/src/index.crates.io-1949cf8c6b5b557f/libsqlite3-sys-0.30.1/sqlite3
[INFO] [stderr]   cargo:rerun-if-changed=sqlite3/sqlite3.c
[INFO] [stderr]   cargo:rerun-if-changed=sqlite3/wasm32-wasi-vfs.c
[INFO] [stderr]   cargo:rerun-if-env-changed=SQLITE_MAX_VARIABLE_NUMBER
[INFO] [stderr]   cargo:rerun-if-env-changed=SQLITE_MAX_EXPR_DEPTH
[INFO] [stderr]   cargo:rerun-if-env-changed=SQLITE_MAX_COLUMN
[INFO] [stderr]   cargo:rerun-if-env-changed=LIBSQLITE3_FLAGS
[INFO] [stderr]   cargo:rerun-if-env-changed=CC_FORCE_DISABLE
[INFO] [stderr]   CC_FORCE_DISABLE = None
[INFO] [stderr]   cargo:rerun-if-env-changed=CC_x86_64-unknown-linux-gnu
[INFO] [stderr]   CC_x86_64-unknown-linux-gnu = None
[INFO] [stderr]   cargo:rerun-if-env-changed=CC_x86_64_unknown_linux_gnu
[INFO] [stderr]   CC_x86_64_unknown_linux_gnu = None
[INFO] [stderr]   cargo:rerun-if-env-changed=HOST_CC
[INFO] [stderr]   HOST_CC = None
[INFO] [stderr]   cargo:rerun-if-env-changed=CC
[INFO] [stderr]   CC = None
[INFO] [stderr]   cargo:rerun-if-env-changed=CC_ENABLE_DEBUG_OUTPUT
[INFO] [stderr]   cargo:rerun-if-env-changed=CRATE_CC_NO_DEFAULTS
[INFO] [stderr]   CRATE_CC_NO_DEFAULTS = None
[INFO] [stderr]   cargo:rerun-if-env-changed=CFLAGS
[INFO] [stderr]   CFLAGS = None
[INFO] [stderr]   cargo:rerun-if-env-changed=HOST_CFLAGS
[INFO] [stderr]   HOST_CFLAGS = None
[INFO] [stderr]   cargo:rerun-if-env-changed=CFLAGS_x86_64_unknown_linux_gnu
[INFO] [stderr]   CFLAGS_x86_64_unknown_linux_gnu = None
[INFO] [stderr]   cargo:rerun-if-env-changed=CFLAGS_x86_64-unknown-linux-gnu
[INFO] [stderr]   CFLAGS_x86_64-unknown-linux-gnu = None
[INFO] [stderr]   cargo:warning=cc: fatal error: Killed signal terminated program cc1
[INFO] [stderr]   cargo:warning=compilation terminated.
[INFO] [stderr] 
[INFO] [stderr]   --- stderr
[INFO] [stderr] 
[INFO] [stderr] 
[INFO] [stderr]   error occurred in cc-rs: command did not execute successfully (status code exit status: 1): LC_ALL="C" "cc" "-O0" "-ffunction-sections" "-fdata-sections" "-fPIC" "-g" "-gdwarf-4" "-fno-omit-frame-pointer" "-m64" "-w" "-DSQLITE_CORE" "-DSQLITE_DEFAULT_FOREIGN_KEYS=1" "-DSQLITE_ENABLE_API_ARMOR" "-DSQLITE_ENABLE_COLUMN_METADATA" "-DSQLITE_ENABLE_DBSTAT_VTAB" "-DSQLITE_ENABLE_FTS3" "-DSQLITE_ENABLE_FTS3_PARENTHESIS" "-DSQLITE_ENABLE_FTS5" "-DSQLITE_ENABLE_JSON1" "-DSQLITE_ENABLE_LOAD_EXTENSION=1" "-DSQLITE_ENABLE_MEMORY_MANAGEMENT" "-DSQLITE_ENABLE_RTREE" "-DSQLITE_ENABLE_STAT4" "-DSQLITE_SOUNDEX" "-DSQLITE_THREADSAFE=1" "-DSQLITE_USE_URI" "-DHAVE_USLEEP=1" "-DHAVE_ISNAN" "-D_POSIX_THREAD_SAFE_FUNCTIONS" "-DHAVE_LOCALTIME_R" "-DSQLITE_ENABLE_UNLOCK_NOTIFY" "-o" "/opt/rustwide/target/debug/build/libsqlite3-sys/ff333e9509703c07/out/c877a2978823c39d-sqlite3.o" "-c" "sqlite3/sqlite3.c"
[INFO] [stderr] 
[INFO] [stderr] 
[INFO] [stderr] warning: libsqlite3-sys@0.30.1: cc: fatal error: Killed signal terminated program cc1
[INFO] [stderr] warning: libsqlite3-sys@0.30.1: compilation terminated.
[INFO] [stderr] error: failed to run custom build command for `libsqlite3-sys v0.30.1`
[INFO] [stderr] note: To improve backtraces for build dependencies, set the CARGO_PROFILE_DEV_BUILD_OVERRIDE_DEBUG=true environment variable to enable debug information generation.
[INFO] [stderr] 
[INFO] [stderr] Caused by:
[INFO] [stderr]   process didn't exit successfully: `/opt/rustwide/target/debug/build/libsqlite3-sys/c23f01db5dc842cd/out/build_script_build` (exit status: 1)
[INFO] [stderr]   --- stdout
[INFO] [stderr]   cargo:rerun-if-env-changed=LIBSQLITE3_SYS_USE_PKG_CONFIG
[INFO] [stderr]   cargo:include=/opt/rustwide/cargo-home/registry/src/index.crates.io-1949cf8c6b5b557f/libsqlite3-sys-0.30.1/sqlite3
[INFO] [stderr]   cargo:rerun-if-changed=sqlite3/sqlite3.c
[INFO] [stderr]   cargo:rerun-if-changed=sqlite3/wasm32-wasi-vfs.c
[INFO] [stderr]   cargo:rerun-if-env-changed=SQLITE_MAX_VARIABLE_NUMBER
[INFO] [stderr]   cargo:rerun-if-env-changed=SQLITE_MAX_EXPR_DEPTH
[INFO] [stderr]   cargo:rerun-if-env-changed=SQLITE_MAX_COLUMN
[INFO] [stderr]   cargo:rerun-if-env-changed=LIBSQLITE3_FLAGS
[INFO] [stderr]   cargo:rerun-if-env-changed=CC_FORCE_DISABLE
[INFO] [stderr]   CC_FORCE_DISABLE = None
[INFO] [stderr]   cargo:rerun-if-env-changed=CC_x86_64-unknown-linux-gnu
[INFO] [stderr]   CC_x86_64-unknown-linux-gnu = None
[INFO] [stderr]   cargo:rerun-if-env-changed=CC_x86_64_unknown_linux_gnu
[INFO] [stderr]   CC_x86_64_unknown_linux_gnu = None
[INFO] [stderr]   cargo:rerun-if-env-changed=HOST_CC
[INFO] [stderr]   HOST_CC = None
[INFO] [stderr]   cargo:rerun-if-env-changed=CC
[INFO] [stderr]   CC = None
[INFO] [stderr]   cargo:rerun-if-env-changed=CC_ENABLE_DEBUG_OUTPUT
[INFO] [stderr]   cargo:rerun-if-env-changed=CRATE_CC_NO_DEFAULTS
[INFO] [stderr]   CRATE_CC_NO_DEFAULTS = None
[INFO] [stderr]   cargo:rerun-if-env-changed=CFLAGS
[INFO] [stderr]   CFLAGS = None
[INFO] [stderr]   cargo:rerun-if-env-changed=HOST_CFLAGS
[INFO] [stderr]   HOST_CFLAGS = None
[INFO] [stderr]   cargo:rerun-if-env-changed=CFLAGS_x86_64_unknown_linux_gnu
[INFO] [stderr]   CFLAGS_x86_64_unknown_linux_gnu = None
[INFO] [stderr]   cargo:rerun-if-env-changed=CFLAGS_x86_64-unknown-linux-gnu
[INFO] [stderr]   CFLAGS_x86_64-unknown-linux-gnu = None
[INFO] [stderr]   cargo:warning=cc: fatal error: Killed signal terminated program cc1
[INFO] [stderr]   cargo:warning=compilation terminated.
[INFO] [stderr] 
[INFO] [stderr]   --- stderr
[INFO] [stderr] 
[INFO] [stderr] 
[INFO] [stderr]   error occurred in cc-rs: command did not execute successfully (status code exit status: 1): LC_ALL="C" "cc" "-O0" "-ffunction-sections" "-fdata-sections" "-fPIC" "-m64" "-w" "-DSQLITE_CORE" "-DSQLITE_DEFAULT_FOREIGN_KEYS=1" "-DSQLITE_ENABLE_API_ARMOR" "-DSQLITE_ENABLE_COLUMN_METADATA" "-DSQLITE_ENABLE_DBSTAT_VTAB" "-DSQLITE_ENABLE_FTS3" "-DSQLITE_ENABLE_FTS3_PARENTHESIS" "-DSQLITE_ENABLE_FTS5" "-DSQLITE_ENABLE_JSON1" "-DSQLITE_ENABLE_LOAD_EXTENSION=1" "-DSQLITE_ENABLE_MEMORY_MANAGEMENT" "-DSQLITE_ENABLE_RTREE" "-DSQLITE_ENABLE_STAT4" "-DSQLITE_SOUNDEX" "-DSQLITE_THREADSAFE=1" "-DSQLITE_USE_URI" "-DHAVE_USLEEP=1" "-DHAVE_ISNAN" "-D_POSIX_THREAD_SAFE_FUNCTIONS" "-DHAVE_LOCALTIME_R" "-DSQLITE_ENABLE_UNLOCK_NOTIFY" "-o" "/opt/rustwide/target/debug/build/libsqlite3-sys/043a0352d57872fb/out/c877a2978823c39d-sqlite3.o" "-c" "sqlite3/sqlite3.c"
[INFO] [stderr] 
[INFO] [stderr] 
[INFO] running `Command { std: "docker" "inspect" "fa5c1f24d0fee362d8e3e7c0403426aeb89ce672c60ec7889d859d5dab9e1f58", kill_on_drop: false }`
[INFO] running `Command { std: "docker" "rm" "-f" "fa5c1f24d0fee362d8e3e7c0403426aeb89ce672c60ec7889d859d5dab9e1f58", kill_on_drop: false }`
[INFO] [stdout] fa5c1f24d0fee362d8e3e7c0403426aeb89ce672c60ec7889d859d5dab9e1f58
