[INFO] fetching crate ast-grep-lsp 0.51.0...
[INFO] checking ast-grep-lsp-0.51.0 against 8006091eb71ae7d9e9bccb66c6122c9d68af4466 for pr-129249-3
[INFO] extracting crate ast-grep-lsp 0.51.0 into /workspace/builds/worker-3-tc1/source
[INFO] started tweaking crates.io crate ast-grep-lsp 0.51.0
[INFO] removed 0 missing tests
[INFO] finished tweaking crates.io crate ast-grep-lsp 0.51.0
[INFO] tweaked toml for crates.io crate ast-grep-lsp 0.51.0 written to /workspace/builds/worker-3-tc1/source/Cargo.toml
[INFO] validating manifest of crates.io crate ast-grep-lsp 0.51.0 on toolchain 8006091eb71ae7d9e9bccb66c6122c9d68af4466
[INFO] running `Command { std: CARGO_HOME="/workspace/cargo-home" RUSTUP_HOME="/workspace/rustup-home" "/workspace/cargo-home/bin/cargo" "+8006091eb71ae7d9e9bccb66c6122c9d68af4466" "metadata" "--manifest-path" "Cargo.toml" "--no-deps", kill_on_drop: false }`
[INFO] crate crates.io crate ast-grep-lsp 0.51.0 already has a lockfile, it will not be regenerated
[INFO] running `Command { std: CARGO_HOME="/workspace/cargo-home" RUSTUP_HOME="/workspace/rustup-home" "/workspace/cargo-home/bin/cargo" "+8006091eb71ae7d9e9bccb66c6122c9d68af4466" "fetch" "--manifest-path" "Cargo.toml", kill_on_drop: false }`
[INFO] [stderr]     Updating crates.io index
[INFO] [stderr]  Downloading crates ...
[INFO] [stderr]   Downloaded ls-types v0.0.6
[INFO] [stderr]   Downloaded ast-grep-language v0.51.0
[INFO] [stderr]   Downloaded tree-sitter-json v0.24.8
[INFO] [stderr]   Downloaded tower-lsp-server v0.23.0
[INFO] [stderr]   Downloaded tree-sitter-html v0.23.2
[INFO] [stderr]   Downloaded tree-sitter-lua v0.5.0
[INFO] [stderr]   Downloaded tree-sitter-nix v0.3.0
[INFO] [stderr]   Downloaded ast-grep-core v0.51.0
[INFO] [stderr]   Downloaded tree-sitter-yaml v0.7.2
[INFO] [stderr]   Downloaded tree-sitter-css v0.25.0
[INFO] [stderr]   Downloaded tree-sitter-hcl v1.1.0
[INFO] [stderr]   Downloaded ast-grep-config v0.51.0
[INFO] [stderr]   Downloaded tree-sitter-javascript v0.25.0
[INFO] [stderr]   Downloaded tree-sitter-zig v1.1.2
[INFO] [stderr]   Downloaded tree-sitter-solidity v1.2.13
[INFO] [stderr]   Downloaded tree-sitter v0.27.0
[INFO] [stderr]   Downloaded tree-sitter-c v0.24.2
[INFO] [stderr]   Downloaded granit-parser v2.0.0
[INFO] [stderr]   Downloaded tree-sitter-md v0.5.3
[INFO] [stderr]   Downloaded tree-sitter-dart v0.2.0
[INFO] [stderr]   Downloaded tree-sitter-elixir v0.3.5
[INFO] [stderr]   Downloaded tree-sitter-php v0.24.2
[INFO] [stderr]   Downloaded serde-saphyr v2.0.0
[INFO] [stderr]   Downloaded tree-sitter-haskell v0.24.1
[INFO] [stderr]   Downloaded tree-sitter-cpp v0.23.4
[INFO] [stderr]   Downloaded tree-sitter-swift v0.7.3
[INFO] [stderr]   Downloaded tree-sitter-scala v0.26.2
[INFO] [stderr]   Downloaded tree-sitter-kotlin-sg v0.4.1
[INFO] running `Command { std: "docker" "create" "-v" "/var/lib/crater-agent-workspace/builds/worker-3-tc1/source:/opt/rustwide/workdir:ro,Z" "-v" "/var/lib/crater-agent-workspace/builds/worker-3-tc1/target:/opt/rustwide/target:rw,Z" "-v" "/var/lib/crater-agent-workspace/cargo-home:/opt/rustwide/cargo-home:ro,Z" "-v" "/var/lib/crater-agent-workspace/rustup-home:/opt/rustwide/rustup-home:ro,Z" "-m" "1610612736" "--network" "none" "ghcr.io/rust-lang/crates-build-env/linux@sha256:77db811e55d90add9212f6832c23229e3de5f1c1f9905e8cb07319ea15df73ac" "sleep" "infinity", kill_on_drop: false }`
[INFO] [stdout] 32bbf00e9757b165c8787313cd1eba7ef55d49e35194cc35599f5b2eef3bf6b5
[INFO] running `Command { std: "docker" "start" "32bbf00e9757b165c8787313cd1eba7ef55d49e35194cc35599f5b2eef3bf6b5", kill_on_drop: false }`
[INFO] running `Command { std: "docker" "inspect" "32bbf00e9757b165c8787313cd1eba7ef55d49e35194cc35599f5b2eef3bf6b5", kill_on_drop: false }`
[INFO] running `Command { std: "docker" "exec" "-e" "SOURCE_DIR=/opt/rustwide/workdir" "-e" "CARGO_HOME=/opt/rustwide/cargo-home" "-e" "RUSTUP_HOME=/opt/rustwide/rustup-home" "-e" "CARGO_TARGET_DIR=/opt/rustwide/target" "-w" "/opt/rustwide/workdir" "--user" "0:0" "32bbf00e9757b165c8787313cd1eba7ef55d49e35194cc35599f5b2eef3bf6b5" "/opt/rustwide/cargo-home/bin/cargo" "+8006091eb71ae7d9e9bccb66c6122c9d68af4466" "metadata" "--no-deps" "--format-version=1", kill_on_drop: false }`
[INFO] running `Command { std: "docker" "inspect" "32bbf00e9757b165c8787313cd1eba7ef55d49e35194cc35599f5b2eef3bf6b5", kill_on_drop: false }`
[INFO] running `Command { std: "docker" "exec" "-e" "SOURCE_DIR=/opt/rustwide/workdir" "-e" "CARGO_HOME=/opt/rustwide/cargo-home" "-e" "RUSTUP_HOME=/opt/rustwide/rustup-home" "-e" "CARGO_TARGET_DIR=/opt/rustwide/target" "-e" "CARGO_INCREMENTAL=0" "-e" "RUST_BACKTRACE=full" "-e" "RUSTFLAGS=--cap-lints=forbid" "-e" "RUSTDOCFLAGS=--cap-lints=forbid" "-w" "/opt/rustwide/workdir" "--user" "0:0" "32bbf00e9757b165c8787313cd1eba7ef55d49e35194cc35599f5b2eef3bf6b5" "/opt/rustwide/cargo-home/bin/cargo" "+8006091eb71ae7d9e9bccb66c6122c9d68af4466" "check" "--frozen" "--all" "--all-targets" "--message-format=json", kill_on_drop: false }`
[INFO] [stderr]    Compiling tree-sitter-language v0.1.8
[INFO] [stderr]    Compiling serde v1.0.229
[INFO] [stderr]    Compiling serde_json v1.0.151
[INFO] [stderr]     Checking smallvec v1.16.2
[INFO] [stderr]     Checking regex v1.13.1
[INFO] [stderr]     Checking futures-channel v0.3.34
[INFO] [stderr]    Compiling ref-cast-impl v1.0.27
[INFO] [stderr]    Compiling futures-macro v0.3.34
[INFO] [stderr]    Compiling thiserror-impl v2.0.21
[INFO] [stderr]     Checking encoding_rs v0.8.42
[INFO] [stderr]     Checking tokio v1.53.2
[INFO] [stderr]     Checking globset v0.4.20
[INFO] [stderr]    Compiling serde_derive_internals v0.30.0
[INFO] [stderr]    Compiling syn v2.0.119
[INFO] [stderr]     Checking borrow-or-share v0.2.4
[INFO] [stderr]     Checking arraydeque v0.5.1
[INFO] [stderr]     Checking anstyle v1.0.14
[INFO] [stderr]     Checking parking_lot_core v0.9.12
[INFO] [stderr]     Checking granit-parser v2.0.0
[INFO] [stderr]     Checking crossbeam-epoch v0.9.20
[INFO] [stderr]     Checking ordered-float v2.10.1
[INFO] [stderr]     Checking annotate-snippets v0.12.16
[INFO] [stderr]    Compiling tree-sitter-bash v0.25.1
[INFO] [stderr]    Compiling tree-sitter-lua v0.5.0
[INFO] [stderr]    Compiling tree-sitter-md v0.5.3
[INFO] [stderr]    Compiling tree-sitter-nix v0.3.0
[INFO] [stderr]    Compiling tree-sitter-php v0.24.2
[INFO] [stderr]    Compiling tree-sitter-c-sharp v0.23.5
[INFO] [stderr]    Compiling tree-sitter-python v0.25.0
[INFO] [stderr]    Compiling tree-sitter-cpp v0.23.4
[INFO] [stderr]     Checking ref-cast v1.0.27
[INFO] [stderr]    Compiling tree-sitter-ruby v0.23.1
[INFO] [stderr]     Checking fluent-uri v0.4.1
[INFO] [stderr]    Compiling tree-sitter-css v0.25.0
[INFO] [stderr]    Compiling tree-sitter-rust v0.24.2
[INFO] [stderr]    Compiling tree-sitter-dart v0.2.0
[INFO] [stderr]    Compiling tree-sitter-scala v0.26.2
[INFO] [stderr]    Compiling tree-sitter-elixir v0.3.5
[INFO] [stderr]    Compiling tree-sitter-solidity v1.2.13
[INFO] [stderr]    Compiling tree-sitter-go v0.25.0
[INFO] [stderr]    Compiling tree-sitter-haskell v0.24.1
[INFO] [stderr]    Compiling schemars_derive v1.2.2
[INFO] [stderr]    Compiling tree-sitter-hcl v1.1.0
[INFO] [stderr]    Compiling tree-sitter-html v0.23.2
[INFO] [stderr]    Compiling tree-sitter-java v0.23.5
[INFO] [stderr]    Compiling tree-sitter-javascript v0.25.0
[INFO] [stderr]    Compiling tree-sitter-json v0.24.8
[INFO] [stderr]     Checking futures-util v0.3.34
[INFO] [stderr]    Compiling tree-sitter-kotlin-sg v0.4.1
[INFO] [stderr]    Compiling tree-sitter-typescript v0.23.2
[INFO] [stderr]    Compiling tree-sitter-yaml v0.7.2
[INFO] [stderr]    Compiling tree-sitter-zig v1.1.2
[INFO] [stderr]     Checking encoding_rs_io v0.1.8
[INFO] [stderr]    Compiling tree-sitter-swift v0.7.3
[INFO] [stderr]    Compiling tree-sitter-c v0.24.2
[INFO] [stderr]     Checking dashmap v6.2.1
[INFO] [stderr]     Checking serde-saphyr v2.0.0
[INFO] [stderr]     Checking ls-types v0.0.6
[INFO] [stderr]     Checking thiserror v2.0.21
[INFO] [stderr]    Compiling tree-sitter v0.27.0
[INFO] [stderr]     Checking schemars v1.2.2
[INFO] [stderr]     Checking tokio-util v0.7.19
[INFO] [stderr]     Checking serde-value v0.7.0
[INFO] [stderr]     Checking serde_regex v1.2.0
[INFO] [stderr]     Checking ast-grep-core v0.51.0
[INFO] [stderr]     Checking futures-executor v0.3.34
[INFO] [stderr]     Checking tower v0.5.3
[INFO] [stderr]     Checking futures v0.3.34
[INFO] [stderr]     Checking crossbeam-deque v0.8.7
[INFO] [stderr]     Checking ignore v0.4.33
[INFO] [stderr]     Checking ast-grep-config v0.51.0
[INFO] [stderr] warning: tree-sitter-scala@0.26.2: cc: fatal error: Killed signal terminated program cc1
[INFO] [stderr] warning: tree-sitter-scala@0.26.2: compilation terminated.
[INFO] [stderr] error: failed to run custom build command for `tree-sitter-scala v0.26.2`
[INFO] [stderr] note: To improve backtraces for build dependencies, set the CARGO_PROFILE_DEV_BUILD_OVERRIDE_DEBUG=true environment variable to enable debug information generation.
[INFO] [stderr] 
[INFO] [stderr] Caused by:
[INFO] [stderr]   process didn't exit successfully: `/opt/rustwide/target/debug/build/tree-sitter-scala/9111548a147561f7/out/build_script_build` (exit status: 1)
[INFO] [stderr]   --- stdout
[INFO] [stderr]   cargo:rerun-if-changed=src/parser.c
[INFO] [stderr]   cargo:rerun-if-changed=src/scanner.c
[INFO] [stderr]   cargo:rerun-if-env-changed=CC_FORCE_DISABLE
[INFO] [stderr]   CC_FORCE_DISABLE = None
[INFO] [stderr]   cargo:rerun-if-env-changed=CC_x86_64-unknown-linux-gnu
[INFO] [stderr]   CC_x86_64-unknown-linux-gnu = None
[INFO] [stderr]   cargo:rerun-if-env-changed=CC_x86_64_unknown_linux_gnu
[INFO] [stderr]   CC_x86_64_unknown_linux_gnu = None
[INFO] [stderr]   cargo:rerun-if-env-changed=HOST_CC
[INFO] [stderr]   HOST_CC = None
[INFO] [stderr]   cargo:rerun-if-env-changed=CC
[INFO] [stderr]   CC = None
[INFO] [stderr]   cargo:rerun-if-env-changed=CC_ENABLE_DEBUG_OUTPUT
[INFO] [stderr]   cargo:rerun-if-env-changed=CRATE_CC_NO_DEFAULTS
[INFO] [stderr]   CRATE_CC_NO_DEFAULTS = None
[INFO] [stderr]   cargo:rerun-if-env-changed=CRATE_CC_NO_DEFAULTS
[INFO] [stderr]   CRATE_CC_NO_DEFAULTS = None
[INFO] [stderr]   cargo:rerun-if-env-changed=CFLAGS
[INFO] [stderr]   CFLAGS = None
[INFO] [stderr]   cargo:rerun-if-env-changed=HOST_CFLAGS
[INFO] [stderr]   HOST_CFLAGS = None
[INFO] [stderr]   cargo:rerun-if-env-changed=CFLAGS_x86_64_unknown_linux_gnu
[INFO] [stderr]   CFLAGS_x86_64_unknown_linux_gnu = None
[INFO] [stderr]   cargo:rerun-if-env-changed=CFLAGS_x86_64-unknown-linux-gnu
[INFO] [stderr]   CFLAGS_x86_64-unknown-linux-gnu = None
[INFO] [stderr]   cargo:rerun-if-env-changed=CFLAGS
[INFO] [stderr]   CFLAGS = None
[INFO] [stderr]   cargo:rerun-if-env-changed=HOST_CFLAGS
[INFO] [stderr]   HOST_CFLAGS = None
[INFO] [stderr]   cargo:rerun-if-env-changed=CFLAGS_x86_64_unknown_linux_gnu
[INFO] [stderr]   CFLAGS_x86_64_unknown_linux_gnu = None
[INFO] [stderr]   cargo:rerun-if-env-changed=CFLAGS_x86_64-unknown-linux-gnu
[INFO] [stderr]   CFLAGS_x86_64-unknown-linux-gnu = None
[INFO] [stderr]   cargo:rerun-if-env-changed=CRATE_CC_NO_DEFAULTS
[INFO] [stderr]   CRATE_CC_NO_DEFAULTS = None
[INFO] [stderr]   cargo:rerun-if-env-changed=CFLAGS
[INFO] [stderr]   CFLAGS = None
[INFO] [stderr]   cargo:rerun-if-env-changed=HOST_CFLAGS
[INFO] [stderr]   HOST_CFLAGS = None
[INFO] [stderr]   cargo:rerun-if-env-changed=CFLAGS_x86_64_unknown_linux_gnu
[INFO] [stderr]   CFLAGS_x86_64_unknown_linux_gnu = None
[INFO] [stderr]   cargo:rerun-if-env-changed=CFLAGS_x86_64-unknown-linux-gnu
[INFO] [stderr]   CFLAGS_x86_64-unknown-linux-gnu = None
[INFO] [stderr]   cargo:warning=cc: fatal error: Killed signal terminated program cc1
[INFO] [stderr]   cargo:warning=compilation terminated.
[INFO] [stderr] 
[INFO] [stderr]   --- stderr
[INFO] [stderr] 
[INFO] [stderr] 
[INFO] [stderr]   error occurred in cc-rs: command did not execute successfully (status code exit status: 1): LC_ALL="C" "cc" "-O0" "-ffunction-sections" "-fdata-sections" "-fPIC" "-g" "-gdwarf-4" "-fno-omit-frame-pointer" "-mno-omit-leaf-frame-pointer" "-m64" "-std=c11" "-I" "src" "-Wall" "-Wextra" "-Wno-unused" "-o" "/opt/rustwide/target/debug/build/tree-sitter-scala/67c48c8af7c1d388/out/ea708c7824d36062-parser.o" "-c" "src/parser.c"
[INFO] [stderr] 
[INFO] [stderr] 
[INFO] [stderr] warning: build failed, waiting for other jobs to finish...
[INFO] [stderr] warning: tree-sitter-swift@0.7.3: cc: fatal error: Killed signal terminated program cc1
[INFO] [stderr] warning: tree-sitter-swift@0.7.3: compilation terminated.
[INFO] [stderr] error: failed to run custom build command for `tree-sitter-swift v0.7.3`
[INFO] [stderr] note: To improve backtraces for build dependencies, set the CARGO_PROFILE_DEV_BUILD_OVERRIDE_DEBUG=true environment variable to enable debug information generation.
[INFO] [stderr] 
[INFO] [stderr] Caused by:
[INFO] [stderr]   process didn't exit successfully: `/opt/rustwide/target/debug/build/tree-sitter-swift/f65a572a8a05fd98/out/build_script_build` (exit status: 1)
[INFO] [stderr]   --- stdout
[INFO] [stderr]   cargo:rerun-if-changed=src/parser.c
[INFO] [stderr]   cargo:rerun-if-changed=src/scanner.c
[INFO] [stderr]   cargo:rerun-if-env-changed=CC_FORCE_DISABLE
[INFO] [stderr]   CC_FORCE_DISABLE = None
[INFO] [stderr]   cargo:rerun-if-env-changed=CC_x86_64-unknown-linux-gnu
[INFO] [stderr]   CC_x86_64-unknown-linux-gnu = None
[INFO] [stderr]   cargo:rerun-if-env-changed=CC_x86_64_unknown_linux_gnu
[INFO] [stderr]   CC_x86_64_unknown_linux_gnu = None
[INFO] [stderr]   cargo:rerun-if-env-changed=HOST_CC
[INFO] [stderr]   HOST_CC = None
[INFO] [stderr]   cargo:rerun-if-env-changed=CC
[INFO] [stderr]   CC = None
[INFO] [stderr]   cargo:rerun-if-env-changed=CC_ENABLE_DEBUG_OUTPUT
[INFO] [stderr]   cargo:rerun-if-env-changed=CRATE_CC_NO_DEFAULTS
[INFO] [stderr]   CRATE_CC_NO_DEFAULTS = None
[INFO] [stderr]   cargo:rerun-if-env-changed=CRATE_CC_NO_DEFAULTS
[INFO] [stderr]   CRATE_CC_NO_DEFAULTS = None
[INFO] [stderr]   cargo:rerun-if-env-changed=CFLAGS
[INFO] [stderr]   CFLAGS = None
[INFO] [stderr]   cargo:rerun-if-env-changed=HOST_CFLAGS
[INFO] [stderr]   HOST_CFLAGS = None
[INFO] [stderr]   cargo:rerun-if-env-changed=CFLAGS_x86_64_unknown_linux_gnu
[INFO] [stderr]   CFLAGS_x86_64_unknown_linux_gnu = None
[INFO] [stderr]   cargo:rerun-if-env-changed=CFLAGS_x86_64-unknown-linux-gnu
[INFO] [stderr]   CFLAGS_x86_64-unknown-linux-gnu = None
[INFO] [stderr]   cargo:rerun-if-env-changed=CFLAGS
[INFO] [stderr]   CFLAGS = None
[INFO] [stderr]   cargo:rerun-if-env-changed=HOST_CFLAGS
[INFO] [stderr]   HOST_CFLAGS = None
[INFO] [stderr]   cargo:rerun-if-env-changed=CFLAGS_x86_64_unknown_linux_gnu
[INFO] [stderr]   CFLAGS_x86_64_unknown_linux_gnu = None
[INFO] [stderr]   cargo:rerun-if-env-changed=CFLAGS_x86_64-unknown-linux-gnu
[INFO] [stderr]   CFLAGS_x86_64-unknown-linux-gnu = None
[INFO] [stderr]   cargo:warning=cc: fatal error: Killed signal terminated program cc1
[INFO] [stderr]   cargo:warning=compilation terminated.
[INFO] [stderr] 
[INFO] [stderr]   --- stderr
[INFO] [stderr] 
[INFO] [stderr] 
[INFO] [stderr]   error occurred in cc-rs: command did not execute successfully (status code exit status: 1): LC_ALL="C" "cc" "-O0" "-ffunction-sections" "-fdata-sections" "-fPIC" "-g" "-gdwarf-4" "-fno-omit-frame-pointer" "-mno-omit-leaf-frame-pointer" "-m64" "-std=c11" "-I" "src" "-Wall" "-Wextra" "-o" "/opt/rustwide/target/debug/build/tree-sitter-swift/acaf749c080f7016/out/ea708c7824d36062-parser.o" "-c" "src/parser.c"
[INFO] [stderr] 
[INFO] [stderr] 
[INFO] [stderr] error: could not compile `ls-types` (lib)
[INFO] [stderr] 
[INFO] [stderr] Caused by:
[INFO] [stderr]   process didn't exit successfully: `/opt/rustwide/rustup-home/toolchains/8006091eb71ae7d9e9bccb66c6122c9d68af4466/bin/rustc --crate-name ls_types --edition=2024 /opt/rustwide/cargo-home/registry/src/index.crates.io-1949cf8c6b5b557f/ls-types-0.0.6/src/lib.rs --error-format=json --json=diagnostic-rendered-ansi,artifacts,future-incompat,unused-externs-silent --crate-type lib --emit=dep-info,metadata -C embed-bitcode=no -C debuginfo=2 --check-cfg 'cfg(docsrs,test)' --check-cfg 'cfg(feature, values())' -C metadata=345b4f57b88643f9 -C extra-filename=-9e8d7387e75f0ae2 --out-dir /opt/rustwide/target/debug/build/ls-types/9e8d7387e75f0ae2/out -L dependency=/opt/rustwide/target/debug/build/borrow-or-share/0a256d5c208b4659/out -L dependency=/opt/rustwide/target/debug/build/itoa/488dcf4f13423b18/out -L dependency=/opt/rustwide/target/debug/build/memchr/b924193483665774/out -L dependency=/opt/rustwide/target/debug/build/ref-cast-impl/9d964c5530d9c002/out -L dependency=/opt/rustwide/target/debug/build/ref-cast/c38db6cc076a301d/out -L dependency=/opt/rustwide/target/debug/build/serde_core/0a1ba5c7e6f8457f/out -L dependency=/opt/rustwide/target/debug/build/serde_derive/2de73cf2358e7261/out -L dependency=/opt/rustwide/target/debug/build/zmij/93cb3e10a525d438/out --extern bitflags=/opt/rustwide/target/debug/build/bitflags/8c15c6a7257a7294/out/libbitflags-8c15c6a7257a7294.rmeta --extern fluent_uri=/opt/rustwide/target/debug/build/fluent-uri/038e154ad9248cc9/out/libfluent_uri-038e154ad9248cc9.rmeta --extern percent_encoding=/opt/rustwide/target/debug/build/percent-encoding/f0f3780066f274e0/out/libpercent_encoding-f0f3780066f274e0.rmeta --extern serde=/opt/rustwide/target/debug/build/serde/c40dad4f83276fd2/out/libserde-c40dad4f83276fd2.rmeta --extern serde_json=/opt/rustwide/target/debug/build/serde_json/4f35f7f82c0a642a/out/libserde_json-4f35f7f82c0a642a.rmeta --cap-lints allow --cap-lints=forbid --force-warn=unused_crate_dependencies` (signal: 9, SIGKILL: kill)
[INFO] [stderr] warning: tree-sitter-kotlin-sg@0.4.1: cc: fatal error: Killed signal terminated program cc1
[INFO] [stderr] warning: tree-sitter-kotlin-sg@0.4.1: compilation terminated.
[INFO] [stderr] error: failed to run custom build command for `tree-sitter-kotlin-sg v0.4.1`
[INFO] [stderr] note: To improve backtraces for build dependencies, set the CARGO_PROFILE_DEV_BUILD_OVERRIDE_DEBUG=true environment variable to enable debug information generation.
[INFO] [stderr] 
[INFO] [stderr] Caused by:
[INFO] [stderr]   process didn't exit successfully: `/opt/rustwide/target/debug/build/tree-sitter-kotlin-sg/9ac900b005bc3052/out/build_script_build` (exit status: 1)
[INFO] [stderr]   --- stdout
[INFO] [stderr]   cargo:rerun-if-changed=src/parser.c
[INFO] [stderr]   cargo:rerun-if-changed=src/scanner.c
[INFO] [stderr]   cargo:rerun-if-env-changed=CC_FORCE_DISABLE
[INFO] [stderr]   CC_FORCE_DISABLE = None
[INFO] [stderr]   cargo:rerun-if-env-changed=CC_x86_64-unknown-linux-gnu
[INFO] [stderr]   CC_x86_64-unknown-linux-gnu = None
[INFO] [stderr]   cargo:rerun-if-env-changed=CC_x86_64_unknown_linux_gnu
[INFO] [stderr]   CC_x86_64_unknown_linux_gnu = None
[INFO] [stderr]   cargo:rerun-if-env-changed=HOST_CC
[INFO] [stderr]   HOST_CC = None
[INFO] [stderr]   cargo:rerun-if-env-changed=CC
[INFO] [stderr]   CC = None
[INFO] [stderr]   cargo:rerun-if-env-changed=CC_ENABLE_DEBUG_OUTPUT
[INFO] [stderr]   cargo:rerun-if-env-changed=CRATE_CC_NO_DEFAULTS
[INFO] [stderr]   CRATE_CC_NO_DEFAULTS = None
[INFO] [stderr]   cargo:rerun-if-env-changed=CRATE_CC_NO_DEFAULTS
[INFO] [stderr]   CRATE_CC_NO_DEFAULTS = None
[INFO] [stderr]   cargo:rerun-if-env-changed=CFLAGS
[INFO] [stderr]   CFLAGS = None
[INFO] [stderr]   cargo:rerun-if-env-changed=HOST_CFLAGS
[INFO] [stderr]   HOST_CFLAGS = None
[INFO] [stderr]   cargo:rerun-if-env-changed=CFLAGS_x86_64_unknown_linux_gnu
[INFO] [stderr]   CFLAGS_x86_64_unknown_linux_gnu = None
[INFO] [stderr]   cargo:rerun-if-env-changed=CFLAGS_x86_64-unknown-linux-gnu
[INFO] [stderr]   CFLAGS_x86_64-unknown-linux-gnu = None
[INFO] [stderr]   cargo:rerun-if-env-changed=CFLAGS
[INFO] [stderr]   CFLAGS = None
[INFO] [stderr]   cargo:rerun-if-env-changed=HOST_CFLAGS
[INFO] [stderr]   HOST_CFLAGS = None
[INFO] [stderr]   cargo:rerun-if-env-changed=CFLAGS_x86_64_unknown_linux_gnu
[INFO] [stderr]   CFLAGS_x86_64_unknown_linux_gnu = None
[INFO] [stderr]   cargo:rerun-if-env-changed=CFLAGS_x86_64-unknown-linux-gnu
[INFO] [stderr]   CFLAGS_x86_64-unknown-linux-gnu = None
[INFO] [stderr]   cargo:warning=cc: fatal error: Killed signal terminated program cc1
[INFO] [stderr]   cargo:warning=compilation terminated.
[INFO] [stderr] 
[INFO] [stderr]   --- stderr
[INFO] [stderr] 
[INFO] [stderr] 
[INFO] [stderr]   error occurred in cc-rs: command did not execute successfully (status code exit status: 1): LC_ALL="C" "cc" "-O0" "-ffunction-sections" "-fdata-sections" "-fPIC" "-g" "-gdwarf-4" "-fno-omit-frame-pointer" "-mno-omit-leaf-frame-pointer" "-m64" "-std=c11" "-I" "src" "-Wall" "-Wextra" "-o" "/opt/rustwide/target/debug/build/tree-sitter-kotlin-sg/b08816ba717f4331/out/ea708c7824d36062-parser.o" "-c" "src/parser.c"
[INFO] [stderr] 
[INFO] [stderr] 
[INFO] [stderr] error: could not compile `syn` (lib)
[INFO] [stderr] 
[INFO] [stderr] Caused by:
[INFO] [stderr]   process didn't exit successfully: `/opt/rustwide/rustup-home/toolchains/8006091eb71ae7d9e9bccb66c6122c9d68af4466/bin/rustc --crate-name syn --edition=2021 /opt/rustwide/cargo-home/registry/src/index.crates.io-1949cf8c6b5b557f/syn-2.0.119/src/lib.rs --error-format=json --json=diagnostic-rendered-ansi,artifacts,future-incompat,unused-externs-silent --crate-type lib --emit=dep-info,metadata,link -Z embed-metadata=no -C embed-bitcode=no --cfg 'feature="clone-impls"' --cfg 'feature="extra-traits"' --cfg 'feature="full"' --cfg 'feature="parsing"' --cfg 'feature="printing"' --cfg 'feature="proc-macro"' --cfg 'feature="visit-mut"' --check-cfg 'cfg(docsrs,test)' --check-cfg 'cfg(feature, values("clone-impls", "default", "derive", "extra-traits", "fold", "full", "parsing", "printing", "proc-macro", "test", "visit", "visit-mut"))' -C metadata=60b730304564fcad -C extra-filename=-3ff4f575f5a24872 --out-dir /opt/rustwide/target/debug/build/syn/3ff4f575f5a24872/out -L dependency=/opt/rustwide/target/debug/build/proc-macro2/ee684499ef27f3b8/out -L dependency=/opt/rustwide/target/debug/build/unicode-ident/8c98a1a0e58216a9/out --extern proc_macro2=/opt/rustwide/target/debug/build/proc-macro2/ee684499ef27f3b8/out/libproc_macro2-ee684499ef27f3b8.rmeta --extern quote=/opt/rustwide/target/debug/build/quote/97307b84563a2c10/out/libquote-97307b84563a2c10.rmeta --extern unicode_ident=/opt/rustwide/target/debug/build/unicode-ident/8c98a1a0e58216a9/out/libunicode_ident-8c98a1a0e58216a9.rmeta --cap-lints allow --cap-lints=forbid --force-warn=unused_crate_dependencies` (signal: 9, SIGKILL: kill)
[INFO] running `Command { std: "docker" "inspect" "32bbf00e9757b165c8787313cd1eba7ef55d49e35194cc35599f5b2eef3bf6b5", kill_on_drop: false }`
[INFO] running `Command { std: "docker" "rm" "-f" "32bbf00e9757b165c8787313cd1eba7ef55d49e35194cc35599f5b2eef3bf6b5", kill_on_drop: false }`
[INFO] [stdout] 32bbf00e9757b165c8787313cd1eba7ef55d49e35194cc35599f5b2eef3bf6b5
