[INFO] cloning repository https://github.com/mrpandacozyp-netizen/neoos
[INFO] running `Command { std: "git" "-c" "credential.helper=" "-c" "credential.helper=/workspace/cargo-home/bin/git-credential-null" "clone" "--bare" "https://github.com/mrpandacozyp-netizen/neoos" "/workspace/cache/git-repos/https%3A%2F%2Fgithub.com%2Fmrpandacozyp-netizen%2Fneoos", kill_on_drop: false }`
[INFO] [stderr] Cloning into bare repository '/workspace/cache/git-repos/https%3A%2F%2Fgithub.com%2Fmrpandacozyp-netizen%2Fneoos'...
[INFO] running `Command { std: "git" "rev-parse" "HEAD", kill_on_drop: false }`
[INFO] [stdout] 257ba4d8819d809dc9387e47b2131ae052a37373
[INFO] checking mrpandacozyp-netizen/neoos against a5689b034ad287112f709693384a37f1377eb9cc for pr-129249-3
[INFO] running `Command { std: "git" "clone" "/workspace/cache/git-repos/https%3A%2F%2Fgithub.com%2Fmrpandacozyp-netizen%2Fneoos" "/workspace/builds/worker-7-tc2/source", kill_on_drop: false }`
[INFO] [stderr] Cloning into '/workspace/builds/worker-7-tc2/source'...
[INFO] [stderr] done.
[INFO] started tweaking git repo https://github.com/mrpandacozyp-netizen/neoos
[INFO] finished tweaking git repo https://github.com/mrpandacozyp-netizen/neoos
[INFO] tweaked toml for git repo https://github.com/mrpandacozyp-netizen/neoos written to /workspace/builds/worker-7-tc2/source/Cargo.toml
[INFO] validating manifest of git repo https://github.com/mrpandacozyp-netizen/neoos on toolchain a5689b034ad287112f709693384a37f1377eb9cc
[INFO] running `Command { std: CARGO_HOME="/workspace/cargo-home" RUSTUP_HOME="/workspace/rustup-home" "/workspace/cargo-home/bin/cargo" "+a5689b034ad287112f709693384a37f1377eb9cc" "metadata" "--manifest-path" "Cargo.toml" "--no-deps", kill_on_drop: false }`
[INFO] crate git repo https://github.com/mrpandacozyp-netizen/neoos already has a lockfile, it will not be regenerated
[INFO] running `Command { std: CARGO_HOME="/workspace/cargo-home" RUSTUP_HOME="/workspace/rustup-home" "/workspace/cargo-home/bin/cargo" "+a5689b034ad287112f709693384a37f1377eb9cc" "fetch" "--manifest-path" "Cargo.toml", kill_on_drop: false }`
[INFO] [stderr] warning: profiles for the non root package will be ignored, specify profiles at the workspace root:
[INFO] [stderr] package:   /workspace/builds/worker-7-tc2/source/kernel/Cargo.toml
[INFO] [stderr] workspace: /workspace/builds/worker-7-tc2/source/Cargo.toml
[INFO] running `Command { std: "docker" "create" "-v" "/var/lib/crater-agent-workspace/builds/worker-7-tc2/source:/opt/rustwide/workdir:ro,Z" "-v" "/var/lib/crater-agent-workspace/builds/worker-7-tc2/target:/opt/rustwide/target:rw,Z" "-v" "/var/lib/crater-agent-workspace/cargo-home:/opt/rustwide/cargo-home:ro,Z" "-v" "/var/lib/crater-agent-workspace/rustup-home:/opt/rustwide/rustup-home:ro,Z" "-m" "1610612736" "--network" "none" "ghcr.io/rust-lang/crates-build-env/linux@sha256:77db811e55d90add9212f6832c23229e3de5f1c1f9905e8cb07319ea15df73ac" "sleep" "infinity", kill_on_drop: false }`
[INFO] [stdout] 5ef824d83f245065e5d8e2b6e4556183f4503e70e932aa0311350b6040673766
[INFO] running `Command { std: "docker" "start" "5ef824d83f245065e5d8e2b6e4556183f4503e70e932aa0311350b6040673766", kill_on_drop: false }`
[INFO] running `Command { std: "docker" "inspect" "5ef824d83f245065e5d8e2b6e4556183f4503e70e932aa0311350b6040673766", kill_on_drop: false }`
[INFO] running `Command { std: "docker" "exec" "-e" "SOURCE_DIR=/opt/rustwide/workdir" "-e" "CARGO_HOME=/opt/rustwide/cargo-home" "-e" "RUSTUP_HOME=/opt/rustwide/rustup-home" "-e" "CARGO_TARGET_DIR=/opt/rustwide/target" "-w" "/opt/rustwide/workdir" "--user" "0:0" "5ef824d83f245065e5d8e2b6e4556183f4503e70e932aa0311350b6040673766" "/opt/rustwide/cargo-home/bin/cargo" "+a5689b034ad287112f709693384a37f1377eb9cc" "metadata" "--no-deps" "--format-version=1", kill_on_drop: false }`
[INFO] running `Command { std: "docker" "inspect" "5ef824d83f245065e5d8e2b6e4556183f4503e70e932aa0311350b6040673766", kill_on_drop: false }`
[INFO] running `Command { std: "docker" "exec" "-e" "SOURCE_DIR=/opt/rustwide/workdir" "-e" "CARGO_HOME=/opt/rustwide/cargo-home" "-e" "RUSTUP_HOME=/opt/rustwide/rustup-home" "-e" "CARGO_TARGET_DIR=/opt/rustwide/target" "-e" "CARGO_INCREMENTAL=0" "-e" "RUST_BACKTRACE=full" "-e" "RUSTFLAGS=--cap-lints=forbid" "-e" "RUSTDOCFLAGS=--cap-lints=forbid" "-w" "/opt/rustwide/workdir" "--user" "0:0" "5ef824d83f245065e5d8e2b6e4556183f4503e70e932aa0311350b6040673766" "/opt/rustwide/cargo-home/bin/cargo" "+a5689b034ad287112f709693384a37f1377eb9cc" "check" "--frozen" "--all" "--all-targets" "--message-format=json", kill_on_drop: false }`
[INFO] [stderr] warning: profiles for the non root package will be ignored, specify profiles at the workspace root:
[INFO] [stderr] package:   /opt/rustwide/workdir/kernel/Cargo.toml
[INFO] [stderr] workspace: /opt/rustwide/workdir/Cargo.toml
[INFO] [stderr]    Compiling syn v2.0.117
[INFO] [stderr]     Checking bitflags v2.11.0
[INFO] [stderr]    Compiling const_fn v0.4.12
[INFO] [stderr]    Compiling llvm-tools v0.1.1
[INFO] [stderr]     Checking libc v0.2.183
[INFO] [stderr]     Checking tap v1.0.1
[INFO] [stderr]    Compiling bootloader_api v0.11.15
[INFO] [stderr]     Checking radium v0.7.0
[INFO] [stderr]     Checking volatile v0.4.6
[INFO] [stderr]     Checking bit_field v0.10.3
[INFO] [stderr]     Checking getrandom v0.4.2
[INFO] [stderr]     Checking linux-raw-sys v0.12.1
[INFO] [stderr]     Checking funty v2.0.0
[INFO] [stderr]     Checking crc-catalog v2.4.0
[INFO] [stderr]     Checking scopeguard v1.2.0
[INFO] [stderr]     Checking rustix v1.1.4
[INFO] [stderr]     Checking crc v3.4.0
[INFO] [stderr]     Checking lock_api v0.4.14
[INFO] [stderr]     Checking memchr v2.8.0
[INFO] [stderr]     Checking wyz v0.5.1
[INFO] [stderr]     Checking fastrand v2.3.0
[INFO] [stderr]     Checking uuid v1.22.0
[INFO] [stderr]    Compiling bootloader v0.11.15
[INFO] [stderr]     Checking byteorder v1.5.0
[INFO] [stderr]     Checking itoa v1.0.18
[INFO] [stderr]     Checking bitflags v1.3.2
[INFO] [stderr]     Checking once_cell v1.21.4
[INFO] [stderr]     Checking fatfs v0.3.6
[INFO] [stderr]     Checking x86_64 v0.14.13
[INFO] [stderr]     Checking spin v0.9.8
[INFO] [stderr]     Checking bitvec v1.0.1
[INFO] [stderr]     Checking anyhow v1.0.102
[INFO] [stderr]     Checking gpt v3.1.0
[INFO] [stderr]     Checking lazy_static v1.5.0
[INFO] [stderr]     Checking x86_64 v0.15.4
[INFO] [stderr]     Checking pc-keyboard v0.7.0
[INFO] [stderr]     Checking serde_json v1.0.149
[INFO] [stdout] error[E0046]: not all trait items implemented, missing: `forward_overflowing`, `backward_overflowing`
[INFO] [stdout]    --> /opt/rustwide/cargo-home/registry/src/index.crates.io-1949cf8c6b5b557f/x86_64-0.15.4/src/addr.rs:474:1
[INFO] [stdout]     |
[INFO] [stdout] 474 | impl Step for VirtAddr {
[INFO] [stdout]     | ^^^^^^^^^^^^^^^^^^^^^^ missing `forward_overflowing`, `backward_overflowing` in implementation
[INFO] [stdout]     |
[INFO] [stdout]     = help: implement the missing item: `fn forward_overflowing(_: Self, _: usize) -> (Self, bool) { todo!() }`
[INFO] [stdout]     = help: implement the missing item: `fn backward_overflowing(_: Self, _: usize) -> (Self, bool) { todo!() }`
[INFO] [stdout] 
[INFO] [stdout] 
[INFO] [stdout] error[E0046]: not all trait items implemented, missing: `forward_overflowing`, `backward_overflowing`
[INFO] [stdout]    --> /opt/rustwide/cargo-home/registry/src/index.crates.io-1949cf8c6b5b557f/x86_64-0.15.4/src/addr.rs:474:1
[INFO] [stdout]     |
[INFO] [stdout] 474 | impl Step for VirtAddr {
[INFO] [stdout]     | ^^^^^^^^^^^^^^^^^^^^^^ missing `forward_overflowing`, `backward_overflowing` in implementation
[INFO] [stdout]     |
[INFO] [stdout]     = help: implement the missing item: `fn forward_overflowing(_: Self, _: usize) -> (Self, bool) { todo!() }`
[INFO] [stdout]     = help: implement the missing item: `fn backward_overflowing(_: Self, _: usize) -> (Self, bool) { todo!() }`
[INFO] [stdout] 
[INFO] [stdout] 
[INFO] [stdout] error[E0046]: not all trait items implemented, missing: `forward_overflowing`, `backward_overflowing`
[INFO] [stdout]    --> /opt/rustwide/cargo-home/registry/src/index.crates.io-1949cf8c6b5b557f/x86_64-0.15.4/src/structures/paging/page.rs:306:1
[INFO] [stdout]     |
[INFO] [stdout] 306 | impl<S: PageSize> Step for Page<S> {
[INFO] [stdout]     | ^^^^^^^^^^^^^^^^^^^^^^^^^^^^^^^^^^ missing `forward_overflowing`, `backward_overflowing` in implementation
[INFO] [stdout]     |
[INFO] [stdout]     = help: implement the missing item: `fn forward_overflowing(_: Self, _: usize) -> (Self, bool) { todo!() }`
[INFO] [stdout]     = help: implement the missing item: `fn backward_overflowing(_: Self, _: usize) -> (Self, bool) { todo!() }`
[INFO] [stdout] 
[INFO] [stdout] 
[INFO] [stdout] error[E0046]: not all trait items implemented, missing: `forward_overflowing`, `backward_overflowing`
[INFO] [stdout]    --> /opt/rustwide/cargo-home/registry/src/index.crates.io-1949cf8c6b5b557f/x86_64-0.15.4/src/structures/paging/page.rs:306:1
[INFO] [stdout]     |
[INFO] [stdout] 306 | impl<S: PageSize> Step for Page<S> {
[INFO] [stdout]     | ^^^^^^^^^^^^^^^^^^^^^^^^^^^^^^^^^^ missing `forward_overflowing`, `backward_overflowing` in implementation
[INFO] [stdout]     |
[INFO] [stdout]     = help: implement the missing item: `fn forward_overflowing(_: Self, _: usize) -> (Self, bool) { todo!() }`
[INFO] [stdout]     = help: implement the missing item: `fn backward_overflowing(_: Self, _: usize) -> (Self, bool) { todo!() }`
[INFO] [stdout] 
[INFO] [stdout] 
[INFO] [stdout] error[E0046]: not all trait items implemented, missing: `forward_overflowing`, `backward_overflowing`
[INFO] [stdout]    --> /opt/rustwide/cargo-home/registry/src/index.crates.io-1949cf8c6b5b557f/x86_64-0.15.4/src/structures/paging/page_table.rs:374:1
[INFO] [stdout]     |
[INFO] [stdout] 374 | impl Step for PageTableIndex {
[INFO] [stdout]     | ^^^^^^^^^^^^^^^^^^^^^^^^^^^^ missing `forward_overflowing`, `backward_overflowing` in implementation
[INFO] [stdout]     |
[INFO] [stdout]     = help: implement the missing item: `fn forward_overflowing(_: Self, _: usize) -> (Self, bool) { todo!() }`
[INFO] [stdout]     = help: implement the missing item: `fn backward_overflowing(_: Self, _: usize) -> (Self, bool) { todo!() }`
[INFO] [stdout] 
[INFO] [stdout] 
[INFO] [stdout] error[E0046]: not all trait items implemented, missing: `forward_overflowing`, `backward_overflowing`
[INFO] [stdout]    --> /opt/rustwide/cargo-home/registry/src/index.crates.io-1949cf8c6b5b557f/x86_64-0.15.4/src/structures/paging/page_table.rs:374:1
[INFO] [stdout]     |
[INFO] [stdout] 374 | impl Step for PageTableIndex {
[INFO] [stdout]     | ^^^^^^^^^^^^^^^^^^^^^^^^^^^^ missing `forward_overflowing`, `backward_overflowing` in implementation
[INFO] [stdout]     |
[INFO] [stdout]     = help: implement the missing item: `fn forward_overflowing(_: Self, _: usize) -> (Self, bool) { todo!() }`
[INFO] [stdout]     = help: implement the missing item: `fn backward_overflowing(_: Self, _: usize) -> (Self, bool) { todo!() }`
[INFO] [stdout] 
[INFO] [stdout] 
[INFO] [stderr]     Checking pic8259 v0.10.4
[INFO] [stderr]     Checking tempfile v3.27.0
[INFO] [stdout] For more information about this error, try `rustc --explain E0046`.
[INFO] [stdout] 
[INFO] [stderr] error: could not compile `x86_64` (lib) due to 3 previous errors
[INFO] [stderr] warning: build failed, waiting for other jobs to finish...
[INFO] [stdout] For more information about this error, try `rustc --explain E0046`.
[INFO] [stdout] 
[INFO] [stderr] error: could not compile `x86_64` (lib) due to 3 previous errors
[INFO] [stderr] error: failed to run custom build command for `bootloader v0.11.15`
[INFO] [stderr] note: To improve backtraces for build dependencies, set the CARGO_PROFILE_DEV_BUILD_OVERRIDE_DEBUG=true environment variable to enable debug information generation.
[INFO] [stderr] 
[INFO] [stderr] Caused by:
[INFO] [stderr]   process didn't exit successfully: `/opt/rustwide/target/debug/build/bootloader/d8c529fdc7ee08d0/out/build_script_build` (exit status: 101)
[INFO] [stderr]   --- stderr
[INFO] [stderr]       Updating crates.io index
[INFO] [stderr]       Updating crates.io index
[INFO] [stderr]       Updating crates.io index
[INFO] [stderr]   warning: spurious network error (3 tries remaining): [6] Could not resolve hostname (Could not resolve host: index.crates.io)
[INFO] [stderr]   warning: spurious network error (3 tries remaining): [6] Could not resolve hostname (Could not resolve host: index.crates.io)
[INFO] [stderr]   warning: spurious network error (3 tries remaining): [6] Could not resolve hostname (Could not resolve host: index.crates.io)
[INFO] [stderr]       Updating crates.io index
[INFO] [stderr]   warning: spurious network error (3 tries remaining): [6] Could not resolve hostname (Could not resolve host: index.crates.io)
[INFO] [stderr]       Updating crates.io index
[INFO] [stderr]   warning: spurious network error (3 tries remaining): [6] Could not resolve hostname (Could not resolve host: index.crates.io)
[INFO] [stderr]   warning: spurious network error (2 tries remaining): [6] Could not resolve hostname (Could not resolve host: index.crates.io)
[INFO] [stderr]   warning: spurious network error (2 tries remaining): [6] Could not resolve hostname (Could not resolve host: index.crates.io)
[INFO] [stderr]   warning: spurious network error (2 tries remaining): [6] Could not resolve hostname (Could not resolve host: index.crates.io)
[INFO] [stderr]   warning: spurious network error (2 tries remaining): [6] Could not resolve hostname (Could not resolve host: index.crates.io)
[INFO] [stderr]   warning: spurious network error (2 tries remaining): [6] Could not resolve hostname (Could not resolve host: index.crates.io)
[INFO] [stderr]   warning: spurious network error (1 try remaining): [6] Could not resolve hostname (Could not resolve host: index.crates.io)
[INFO] [stderr]   warning: spurious network error (1 try remaining): [6] Could not resolve hostname (Could not resolve host: index.crates.io)
[INFO] [stderr]   warning: spurious network error (1 try remaining): [6] Could not resolve hostname (Could not resolve host: index.crates.io)
[INFO] [stderr]   warning: spurious network error (1 try remaining): [6] Could not resolve hostname (Could not resolve host: index.crates.io)
[INFO] [stderr]   warning: spurious network error (1 try remaining): [6] Could not resolve hostname (Could not resolve host: index.crates.io)
[INFO] [stderr]   warning: spurious network error (3 tries remaining): [6] Could not resolve hostname (Could not resolve host: index.crates.io)
[INFO] [stderr]   warning: spurious network error (3 tries remaining): [6] Could not resolve hostname (Could not resolve host: index.crates.io)
[INFO] [stderr]   warning: spurious network error (3 tries remaining): [6] Could not resolve hostname (Could not resolve host: index.crates.io)
[INFO] [stderr]   warning: spurious network error (3 tries remaining): [6] Could not resolve hostname (Could not resolve host: index.crates.io)
[INFO] [stderr]   warning: spurious network error (3 tries remaining): [6] Could not resolve hostname (Could not resolve host: index.crates.io)
[INFO] [stderr]   warning: spurious network error (2 tries remaining): [6] Could not resolve hostname (Could not resolve host: index.crates.io)
[INFO] [stderr]   warning: spurious network error (2 tries remaining): [6] Could not resolve hostname (Could not resolve host: index.crates.io)
[INFO] [stderr]   warning: spurious network error (2 tries remaining): [6] Could not resolve hostname (Could not resolve host: index.crates.io)
[INFO] [stderr]   warning: spurious network error (2 tries remaining): [6] Could not resolve hostname (Could not resolve host: index.crates.io)
[INFO] [stderr]   warning: spurious network error (2 tries remaining): [6] Could not resolve hostname (Could not resolve host: index.crates.io)
[INFO] [stderr]   warning: spurious network error (1 try remaining): [6] Could not resolve hostname (Could not resolve host: index.crates.io)
[INFO] [stderr]   warning: spurious network error (1 try remaining): [6] Could not resolve hostname (Could not resolve host: index.crates.io)
[INFO] [stderr]   warning: spurious network error (1 try remaining): [6] Could not resolve hostname (Could not resolve host: index.crates.io)
[INFO] [stderr]   warning: spurious network error (1 try remaining): [6] Could not resolve hostname (Could not resolve host: index.crates.io)
[INFO] [stderr]   warning: spurious network error (1 try remaining): [6] Could not resolve hostname (Could not resolve host: index.crates.io)
[INFO] [stderr]   error: download of config.json failed
[INFO] [stderr] 
[INFO] [stderr]   Caused by:
[INFO] [stderr]     [6] Could not resolve hostname (Could not resolve host: index.crates.io)
[INFO] [stderr] 
[INFO] [stderr]   thread '<unnamed>' (293) panicked at /opt/rustwide/cargo-home/registry/src/index.crates.io-1949cf8c6b5b557f/bootloader-0.11.15/build.rs:100:9:
[INFO] [stderr]   failed to build uefi bootloader
[INFO] [stderr]   stack backtrace:
[INFO] [stderr]      0:     0x61e7361ff971 - std[6c2a0dbef48b3596]::backtrace_rs::backtrace::libunwind::trace
[INFO] [stderr]                                  at /rustc/a5689b034ad287112f709693384a37f1377eb9cc/library/std/src/../../backtrace/src/backtrace/libunwind.rs:117:9
[INFO] [stderr]      1:     0x61e7361ff971 - std[6c2a0dbef48b3596]::backtrace_rs::backtrace::trace_unsynchronized::<std[6c2a0dbef48b3596]::sys::backtrace::_print_fmt::{closure#1}>
[INFO] [stderr]                                  at /rustc/a5689b034ad287112f709693384a37f1377eb9cc/library/std/src/../../backtrace/src/backtrace/mod.rs:66:14
[INFO] [stderr]      2:     0x61e7361ff971 - std[6c2a0dbef48b3596]::sys::backtrace::_print_fmt
[INFO] [stderr]                                  at /rustc/a5689b034ad287112f709693384a37f1377eb9cc/library/std/src/sys/backtrace.rs:74:9
[INFO] [stderr]      3:     0x61e7361ff971 - <<std[6c2a0dbef48b3596]::sys::backtrace::BacktraceLock>::print::DisplayBacktrace as core[5cfedd726a2aab80]::fmt::Display>::fmt
[INFO] [stderr]                                  at /rustc/a5689b034ad287112f709693384a37f1377eb9cc/library/std/src/sys/backtrace.rs:44:26
[INFO] [stderr]      4:     0x61e73621296a - <core[5cfedd726a2aab80]::fmt::rt::Argument>::fmt
[INFO] [stderr]                                  at /rustc/a5689b034ad287112f709693384a37f1377eb9cc/library/core/src/fmt/rt.rs:152:76
[INFO] [stderr]      5:     0x61e73621296a - core[5cfedd726a2aab80]::fmt::write
[INFO] [stderr]      6:     0x61e73620521c - core[5cfedd726a2aab80]::io::write::default_write_fmt::<std[6c2a0dbef48b3596]::sys::stdio::unix::Stderr>
[INFO] [stderr]                                  at /rustc/a5689b034ad287112f709693384a37f1377eb9cc/library/core/src/io/write.rs:402:11
[INFO] [stderr]      7:     0x61e73620521c - <std[6c2a0dbef48b3596]::sys::stdio::unix::Stderr as core[5cfedd726a2aab80]::io::write::Write>::write_fmt
[INFO] [stderr]                                  at /rustc/a5689b034ad287112f709693384a37f1377eb9cc/library/core/src/io/write.rs:335:13
[INFO] [stderr]      8:     0x61e7361df7f6 - <std[6c2a0dbef48b3596]::sys::backtrace::BacktraceLock>::print
[INFO] [stderr]                                  at /rustc/a5689b034ad287112f709693384a37f1377eb9cc/library/std/src/sys/backtrace.rs:47:9
[INFO] [stderr]      9:     0x61e7361df7f6 - std[6c2a0dbef48b3596]::panicking::default_hook::{closure#0}
[INFO] [stderr]                                  at /rustc/a5689b034ad287112f709693384a37f1377eb9cc/library/std/src/panicking.rs:289:27
[INFO] [stderr]     10:     0x61e7361fad71 - std[6c2a0dbef48b3596]::panicking::default_hook
[INFO] [stderr]                                  at /rustc/a5689b034ad287112f709693384a37f1377eb9cc/library/std/src/panicking.rs:316:9
[INFO] [stderr]     11:     0x61e7361faf2b - std[6c2a0dbef48b3596]::panicking::panic_with_hook
[INFO] [stderr]                                  at /rustc/a5689b034ad287112f709693384a37f1377eb9cc/library/std/src/panicking.rs:811:13
[INFO] [stderr]     12:     0x61e7361df8d4 - std[6c2a0dbef48b3596]::panicking::panic_handler::{closure#0}
[INFO] [stderr]                                  at /rustc/a5689b034ad287112f709693384a37f1377eb9cc/library/std/src/panicking.rs:678:13
[INFO] [stderr]     13:     0x61e7361d8669 - std[6c2a0dbef48b3596]::sys::backtrace::__rust_end_short_backtrace::<std[6c2a0dbef48b3596]::panicking::panic_handler::{closure#0}, !>
[INFO] [stderr]                                  at /rustc/a5689b034ad287112f709693384a37f1377eb9cc/library/std/src/sys/backtrace.rs:182:18
[INFO] [stderr]     14:     0x61e7361e00bd - __rustc[e78853b1b03fd772]::rust_begin_unwind
[INFO] [stderr]                                  at /rustc/a5689b034ad287112f709693384a37f1377eb9cc/library/std/src/panicking.rs:676:5
[INFO] [stderr]     15:     0x61e73621307c - core[5cfedd726a2aab80]::panicking::panic_fmt
[INFO] [stderr]                                  at /rustc/a5689b034ad287112f709693384a37f1377eb9cc/library/core/src/panicking.rs:80:14
[INFO] [stderr]     16:     0x61e7361c1adc - build_script_build[f68e72a058c9d088]::build_uefi_bootloader
[INFO] [stderr]     17:     0x61e7361c2fd6 - build_script_build[f68e72a058c9d088]::uefi_main
[INFO] [stderr]     18:     0x61e7361c52be - <build_script_build[f68e72a058c9d088]::uefi_main as core[5cfedd726a2aab80]::ops::function::FnOnce<()>>::call_once
[INFO] [stderr]     19:     0x61e7361b99be - std[6c2a0dbef48b3596]::sys::backtrace::__rust_begin_short_backtrace::<build_script_build[f68e72a058c9d088]::uefi_main, ()>
[INFO] [stderr]     20:     0x61e7361bef6d - std[6c2a0dbef48b3596]::thread::lifecycle::spawn_unchecked::<build_script_build[f68e72a058c9d088]::uefi_main, ()>::{closure#1}::{closure#0}
[INFO] [stderr]     21:     0x61e7361c4fe1 - <core[5cfedd726a2aab80]::panic::unwind_safe::AssertUnwindSafe<std[6c2a0dbef48b3596]::thread::lifecycle::spawn_unchecked<build_script_build[f68e72a058c9d088]::uefi_main, ()>::{closure#1}::{closure#0}> as core[5cfedd726a2aab80]::ops::function::FnOnce<()>>::call_once
[INFO] [stderr]     22:     0x61e7361bcf91 - std[6c2a0dbef48b3596]::panicking::catch_unwind::do_call::<core[5cfedd726a2aab80]::panic::unwind_safe::AssertUnwindSafe<std[6c2a0dbef48b3596]::thread::lifecycle::spawn_unchecked<build_script_build[f68e72a058c9d088]::uefi_main, ()>::{closure#1}::{closure#0}>, ()>
[INFO] [stderr]     23:     0x61e7361c52db - __rust_try
[INFO] [stderr]     24:     0x61e7361be57e - std[6c2a0dbef48b3596]::thread::lifecycle::spawn_unchecked::<build_script_build[f68e72a058c9d088]::uefi_main, ()>::{closure#1}
[INFO] [stderr]     25:     0x61e7361bf46e - <std[6c2a0dbef48b3596]::thread::lifecycle::spawn_unchecked<build_script_build[f68e72a058c9d088]::uefi_main, ()>::{closure#1} as core[5cfedd726a2aab80]::ops::function::FnOnce<()>>::call_once::{shim:vtable#0}
[INFO] [stderr]     26:     0x61e7361ff18f - <alloc[3a400c05744ba83b]::boxed::Box<dyn core[5cfedd726a2aab80]::ops::function::FnOnce<(), Output = ()> + core[5cfedd726a2aab80]::marker::Send> as core[5cfedd726a2aab80]::ops::function::FnOnce<()>>::call_once
[INFO] [stderr]                                  at /rustc/a5689b034ad287112f709693384a37f1377eb9cc/library/alloc/src/boxed.rs:2468:9
[INFO] [stderr]     27:     0x61e7361ff18f - <std[6c2a0dbef48b3596]::sys::thread::unix::Thread>::new::thread_start
[INFO] [stderr]                                  at /rustc/a5689b034ad287112f709693384a37f1377eb9cc/library/std/src/sys/thread/unix.rs:127:17
[INFO] [stderr]     28:     0x740fefed0dfa - <unknown>
[INFO] [stderr]     29:     0x740feff643d4 - clone
[INFO] [stderr]     30:                0x0 - <unknown>
[INFO] [stderr] 
[INFO] [stderr]   thread 'main' (292) panicked at /opt/rustwide/cargo-home/registry/src/index.crates.io-1949cf8c6b5b557f/bootloader-0.11.15/build.rs:16:29:
[INFO] [stderr]   called `Result::unwrap()` on an `Err` value: Any { .. }
[INFO] [stderr]   stack backtrace:
[INFO] [stderr]      0:     0x61e7361ff971 - std[6c2a0dbef48b3596]::backtrace_rs::backtrace::libunwind::trace
[INFO] [stderr]                                  at /rustc/a5689b034ad287112f709693384a37f1377eb9cc/library/std/src/../../backtrace/src/backtrace/libunwind.rs:117:9
[INFO] [stderr]      1:     0x61e7361ff971 - std[6c2a0dbef48b3596]::backtrace_rs::backtrace::trace_unsynchronized::<std[6c2a0dbef48b3596]::sys::backtrace::_print_fmt::{closure#1}>
[INFO] [stderr]                                  at /rustc/a5689b034ad287112f709693384a37f1377eb9cc/library/std/src/../../backtrace/src/backtrace/mod.rs:66:14
[INFO] [stderr]      2:     0x61e7361ff971 - std[6c2a0dbef48b3596]::sys::backtrace::_print_fmt
[INFO] [stderr]                                  at /rustc/a5689b034ad287112f709693384a37f1377eb9cc/library/std/src/sys/backtrace.rs:74:9
[INFO] [stderr]      3:     0x61e7361ff971 - <<std[6c2a0dbef48b3596]::sys::backtrace::BacktraceLock>::print::DisplayBacktrace as core[5cfedd726a2aab80]::fmt::Display>::fmt
[INFO] [stderr]                                  at /rustc/a5689b034ad287112f709693384a37f1377eb9cc/library/std/src/sys/backtrace.rs:44:26
[INFO] [stderr]      4:     0x61e73621296a - <core[5cfedd726a2aab80]::fmt::rt::Argument>::fmt
[INFO] [stderr]                                  at /rustc/a5689b034ad287112f709693384a37f1377eb9cc/library/core/src/fmt/rt.rs:152:76
[INFO] [stderr]      5:     0x61e73621296a - core[5cfedd726a2aab80]::fmt::write
[INFO] [stderr]      6:     0x61e73620521c - core[5cfedd726a2aab80]::io::write::default_write_fmt::<std[6c2a0dbef48b3596]::sys::stdio::unix::Stderr>
[INFO] [stderr]                                  at /rustc/a5689b034ad287112f709693384a37f1377eb9cc/library/core/src/io/write.rs:402:11
[INFO] [stderr]      7:     0x61e73620521c - <std[6c2a0dbef48b3596]::sys::stdio::unix::Stderr as core[5cfedd726a2aab80]::io::write::Write>::write_fmt
[INFO] [stderr]                                  at /rustc/a5689b034ad287112f709693384a37f1377eb9cc/library/core/src/io/write.rs:335:13
[INFO] [stderr]      8:     0x61e7361df7f6 - <std[6c2a0dbef48b3596]::sys::backtrace::BacktraceLock>::print
[INFO] [stderr]                                  at /rustc/a5689b034ad287112f709693384a37f1377eb9cc/library/std/src/sys/backtrace.rs:47:9
[INFO] [stderr]      9:     0x61e7361df7f6 - std[6c2a0dbef48b3596]::panicking::default_hook::{closure#0}
[INFO] [stderr]                                  at /rustc/a5689b034ad287112f709693384a37f1377eb9cc/library/std/src/panicking.rs:289:27
[INFO] [stderr]     10:     0x61e7361fad71 - std[6c2a0dbef48b3596]::panicking::default_hook
[INFO] [stderr]                                  at /rustc/a5689b034ad287112f709693384a37f1377eb9cc/library/std/src/panicking.rs:316:9
[INFO] [stderr]     11:     0x61e7361faf2b - std[6c2a0dbef48b3596]::panicking::panic_with_hook
[INFO] [stderr]                                  at /rustc/a5689b034ad287112f709693384a37f1377eb9cc/library/std/src/panicking.rs:811:13
[INFO] [stderr]     12:     0x61e7361df8a2 - std[6c2a0dbef48b3596]::panicking::panic_handler::{closure#0}
[INFO] [stderr]                                  at /rustc/a5689b034ad287112f709693384a37f1377eb9cc/library/std/src/panicking.rs:685:13
[INFO] [stderr]     13:     0x61e7361d8669 - std[6c2a0dbef48b3596]::sys::backtrace::__rust_end_short_backtrace::<std[6c2a0dbef48b3596]::panicking::panic_handler::{closure#0}, !>
[INFO] [stderr]                                  at /rustc/a5689b034ad287112f709693384a37f1377eb9cc/library/std/src/sys/backtrace.rs:182:18
[INFO] [stderr]     14:     0x61e7361e00bd - __rustc[e78853b1b03fd772]::rust_begin_unwind
[INFO] [stderr]                                  at /rustc/a5689b034ad287112f709693384a37f1377eb9cc/library/std/src/panicking.rs:676:5
[INFO] [stderr]     15:     0x61e73621307c - core[5cfedd726a2aab80]::panicking::panic_fmt
[INFO] [stderr]                                  at /rustc/a5689b034ad287112f709693384a37f1377eb9cc/library/core/src/panicking.rs:80:14
[INFO] [stderr]     16:     0x61e736214172 - core[5cfedd726a2aab80]::result::unwrap_failed::unwrap_failed_inner
[INFO] [stderr]                                  at /rustc/a5689b034ad287112f709693384a37f1377eb9cc/library/core/src/result.rs:1876:9
[INFO] [stderr]     17:     0x61e7361b9183 - core[5cfedd726a2aab80]::result::unwrap_failed::<alloc[3a400c05744ba83b]::boxed::Box<dyn core[5cfedd726a2aab80]::any::Any + core[5cfedd726a2aab80]::marker::Send>>
[INFO] [stderr]     18:     0x61e7361c267f - build_script_build[f68e72a058c9d088]::main
[INFO] [stderr]     19:     0x61e7361c51cb - <fn() as core[5cfedd726a2aab80]::ops::function::FnOnce<()>>::call_once
[INFO] [stderr]     20:     0x61e7361b98fe - std[6c2a0dbef48b3596]::sys::backtrace::__rust_begin_short_backtrace::<fn(), ()>
[INFO] [stderr]     21:     0x61e7361bd249 - std[6c2a0dbef48b3596]::rt::lang_start::<()>::{closure#0}
[INFO] [stderr]     22:     0x61e7361fa1e8 - <&dyn core[5cfedd726a2aab80]::ops::function::Fn<(), Output = i32> + core[5cfedd726a2aab80]::marker::Sync + core[5cfedd726a2aab80]::panic::unwind_safe::RefUnwindSafe as core[5cfedd726a2aab80]::ops::function::FnOnce<()>>::call_once
[INFO] [stderr]                                  at /rustc/a5689b034ad287112f709693384a37f1377eb9cc/library/core/src/ops/function.rs:287:21
[INFO] [stderr]     23:     0x61e7361fa1e8 - std[6c2a0dbef48b3596]::panicking::catch_unwind::do_call::<&dyn core[5cfedd726a2aab80]::ops::function::Fn<(), Output = i32> + core[5cfedd726a2aab80]::marker::Sync + core[5cfedd726a2aab80]::panic::unwind_safe::RefUnwindSafe, i32>
[INFO] [stderr]                                  at /rustc/a5689b034ad287112f709693384a37f1377eb9cc/library/std/src/panicking.rs:573:43
[INFO] [stderr]     24:     0x61e7361fa1e8 - std[6c2a0dbef48b3596]::panicking::catch_unwind::<i32, &dyn core[5cfedd726a2aab80]::ops::function::Fn<(), Output = i32> + core[5cfedd726a2aab80]::marker::Sync + core[5cfedd726a2aab80]::panic::unwind_safe::RefUnwindSafe>
[INFO] [stderr]                                  at /rustc/a5689b034ad287112f709693384a37f1377eb9cc/library/std/src/panicking.rs:541:19
[INFO] [stderr]     25:     0x61e7361fa1e8 - std[6c2a0dbef48b3596]::panic::catch_unwind::<&dyn core[5cfedd726a2aab80]::ops::function::Fn<(), Output = i32> + core[5cfedd726a2aab80]::marker::Sync + core[5cfedd726a2aab80]::panic::unwind_safe::RefUnwindSafe, i32>
[INFO] [stderr]                                  at /rustc/a5689b034ad287112f709693384a37f1377eb9cc/library/std/src/panic.rs:359:14
[INFO] [stderr]     26:     0x61e7361fa1e8 - std[6c2a0dbef48b3596]::rt::lang_start_internal::{closure#0}
[INFO] [stderr]                                  at /rustc/a5689b034ad287112f709693384a37f1377eb9cc/library/std/src/rt.rs:175:24
[INFO] [stderr]     27:     0x61e7361fa1e8 - std[6c2a0dbef48b3596]::panicking::catch_unwind::do_call::<std[6c2a0dbef48b3596]::rt::lang_start_internal::{closure#0}, isize>
[INFO] [stderr]                                  at /rustc/a5689b034ad287112f709693384a37f1377eb9cc/library/std/src/panicking.rs:573:43
[INFO] [stderr]     28:     0x61e7361fa1e8 - std[6c2a0dbef48b3596]::panicking::catch_unwind::<isize, std[6c2a0dbef48b3596]::rt::lang_start_internal::{closure#0}>
[INFO] [stderr]                                  at /rustc/a5689b034ad287112f709693384a37f1377eb9cc/library/std/src/panicking.rs:541:19
[INFO] [stderr]     29:     0x61e7361fa1e8 - std[6c2a0dbef48b3596]::panic::catch_unwind::<std[6c2a0dbef48b3596]::rt::lang_start_internal::{closure#0}, isize>
[INFO] [stderr]                                  at /rustc/a5689b034ad287112f709693384a37f1377eb9cc/library/std/src/panic.rs:359:14
[INFO] [stderr]     30:     0x61e7361fa1e8 - std[6c2a0dbef48b3596]::rt::lang_start_internal
[INFO] [stderr]                                  at /rustc/a5689b034ad287112f709693384a37f1377eb9cc/library/std/src/rt.rs:171:5
[INFO] [stderr]     31:     0x61e7361b92d1 - std[6c2a0dbef48b3596]::rt::lang_start::<()>
[INFO] [stderr]     32:     0x61e7361c5315 - main
[INFO] [stderr]     33:     0x740fefe57601 - <unknown>
[INFO] [stderr]     34:     0x740fefe57718 - __libc_start_main
[INFO] [stderr]     35:     0x61e7361b7775 - _start
[INFO] [stderr]     36:                0x0 - <unknown>
[INFO] [stderr]   error: download of config.json failed
[INFO] [stderr] 
[INFO] [stderr]   Caused by:
[INFO] [stderr]     [6] Could not resolve hostname (Could not resolve host: index.crates.io)
[INFO] [stderr]   error: download of config.json failed
[INFO] [stderr] 
[INFO] [stderr]   Caused by:
[INFO] [stderr]     [6] Could not resolve hostname (Could not resolve host: index.crates.io)
[INFO] [stderr]   error: download of config.json failed
[INFO] [stderr] 
[INFO] [stderr]   Caused by:
[INFO] [stderr]     [6] Could not resolve hostname (Could not resolve host: index.crates.io)
[INFO] [stderr]   error: download of config.json failed
[INFO] [stderr] 
[INFO] [stderr]   Caused by:
[INFO] [stderr]     [6] Could not resolve hostname (Could not resolve host: index.crates.io)
[INFO] running `Command { std: "docker" "inspect" "5ef824d83f245065e5d8e2b6e4556183f4503e70e932aa0311350b6040673766", kill_on_drop: false }`
[INFO] running `Command { std: "docker" "rm" "-f" "5ef824d83f245065e5d8e2b6e4556183f4503e70e932aa0311350b6040673766", kill_on_drop: false }`
[INFO] [stdout] 5ef824d83f245065e5d8e2b6e4556183f4503e70e932aa0311350b6040673766
