[INFO] cloning repository https://github.com/Threatwise/hpfeeds-rs
[INFO] running `Command { std: "git" "-c" "credential.helper=" "-c" "credential.helper=/workspace/cargo-home/bin/git-credential-null" "clone" "--bare" "https://github.com/Threatwise/hpfeeds-rs" "/workspace/cache/git-repos/https%3A%2F%2Fgithub.com%2FThreatwise%2Fhpfeeds-rs", kill_on_drop: false }`
[INFO] [stderr] Cloning into bare repository '/workspace/cache/git-repos/https%3A%2F%2Fgithub.com%2FThreatwise%2Fhpfeeds-rs'...
[INFO] running `Command { std: "git" "rev-parse" "HEAD", kill_on_drop: false }`
[INFO] [stdout] 649c96dd6ec4c1bfbeadf86e8609ed78258fd4b1
[INFO] checking Threatwise/hpfeeds-rs against 8006091eb71ae7d9e9bccb66c6122c9d68af4466 for pr-129249-3
[INFO] running `Command { std: "git" "clone" "/workspace/cache/git-repos/https%3A%2F%2Fgithub.com%2FThreatwise%2Fhpfeeds-rs" "/workspace/builds/worker-1-tc1/source", kill_on_drop: false }`
[INFO] [stderr] Cloning into '/workspace/builds/worker-1-tc1/source'...
[INFO] [stderr] done.
[INFO] removed /workspace/builds/worker-1-tc1/source/rust-toolchain
[INFO] started tweaking git repo https://github.com/Threatwise/hpfeeds-rs
[INFO] finished tweaking git repo https://github.com/Threatwise/hpfeeds-rs
[INFO] tweaked toml for git repo https://github.com/Threatwise/hpfeeds-rs written to /workspace/builds/worker-1-tc1/source/Cargo.toml
[INFO] validating manifest of git repo https://github.com/Threatwise/hpfeeds-rs on toolchain 8006091eb71ae7d9e9bccb66c6122c9d68af4466
[INFO] running `Command { std: CARGO_HOME="/workspace/cargo-home" RUSTUP_HOME="/workspace/rustup-home" "/workspace/cargo-home/bin/cargo" "+8006091eb71ae7d9e9bccb66c6122c9d68af4466" "metadata" "--manifest-path" "Cargo.toml" "--no-deps", kill_on_drop: false }`
[INFO] crate git repo https://github.com/Threatwise/hpfeeds-rs already has a lockfile, it will not be regenerated
[INFO] running `Command { std: CARGO_HOME="/workspace/cargo-home" RUSTUP_HOME="/workspace/rustup-home" "/workspace/cargo-home/bin/cargo" "+8006091eb71ae7d9e9bccb66c6122c9d68af4466" "fetch" "--manifest-path" "Cargo.toml", kill_on_drop: false }`
[INFO] [stderr]     Updating crates.io index
[INFO] [stderr]  Downloading crates ...
[INFO] [stderr]   Downloaded postgres-types v0.2.12
[INFO] [stderr]   Downloaded postgres-protocol v0.6.10
[INFO] [stderr]   Downloaded integer-encoding v4.1.0
[INFO] [stderr]   Downloaded tokio-postgres v0.7.16
[INFO] [stderr]   Downloaded rsasl v2.2.1
[INFO] [stderr]   Downloaded compression-codecs v0.4.36
[INFO] [stderr]   Downloaded rskafka v0.6.0
[INFO] [stderr]   Downloaded async-compression v0.4.39
[INFO] [stderr]   Downloaded typed-builder v0.22.0
[INFO] [stderr]   Downloaded typed-builder-macro v0.22.0
[INFO] [stderr]   Downloaded mongodb v3.5.1
[INFO] [stderr]   Downloaded macro_magic_core v0.5.1
[INFO] [stderr]   Downloaded macro_magic_macros v0.5.1
[INFO] [stderr]   Downloaded macro_magic v0.5.1
[INFO] [stderr]   Downloaded macro_magic_core_macros v0.5.1
[INFO] [stderr]   Downloaded mongodb-internal-macros v3.5.1
[INFO] [stderr]   Downloaded mongocrypt v0.3.2
[INFO] [stderr]   Downloaded mongocrypt-sys v0.1.5+1.15.1
[INFO] [stderr]   Downloaded bson v2.15.0
[INFO] [stderr]   Downloaded tokio-rusqlite v0.7.0
[INFO] [stderr]   Downloaded elasticsearch v9.1.0-alpha.1
[INFO] running `Command { std: "docker" "create" "-v" "/var/lib/crater-agent-workspace/builds/worker-1-tc1/source:/opt/rustwide/workdir:ro,Z" "-v" "/var/lib/crater-agent-workspace/builds/worker-1-tc1/target:/opt/rustwide/target:rw,Z" "-v" "/var/lib/crater-agent-workspace/cargo-home:/opt/rustwide/cargo-home:ro,Z" "-v" "/var/lib/crater-agent-workspace/rustup-home:/opt/rustwide/rustup-home:ro,Z" "-m" "1610612736" "--network" "none" "ghcr.io/rust-lang/crates-build-env/linux@sha256:77db811e55d90add9212f6832c23229e3de5f1c1f9905e8cb07319ea15df73ac" "sleep" "infinity", kill_on_drop: false }`
[INFO] [stdout] 6c5a60078b5f84594cc0a9525015299c33fb329221e1180905ec3b48b66776eb
[INFO] running `Command { std: "docker" "start" "6c5a60078b5f84594cc0a9525015299c33fb329221e1180905ec3b48b66776eb", kill_on_drop: false }`
[INFO] running `Command { std: "docker" "inspect" "6c5a60078b5f84594cc0a9525015299c33fb329221e1180905ec3b48b66776eb", kill_on_drop: false }`
[INFO] running `Command { std: "docker" "exec" "-e" "SOURCE_DIR=/opt/rustwide/workdir" "-e" "CARGO_HOME=/opt/rustwide/cargo-home" "-e" "RUSTUP_HOME=/opt/rustwide/rustup-home" "-e" "CARGO_TARGET_DIR=/opt/rustwide/target" "-w" "/opt/rustwide/workdir" "--user" "0:0" "6c5a60078b5f84594cc0a9525015299c33fb329221e1180905ec3b48b66776eb" "/opt/rustwide/cargo-home/bin/cargo" "+8006091eb71ae7d9e9bccb66c6122c9d68af4466" "metadata" "--no-deps" "--format-version=1", kill_on_drop: false }`
[INFO] running `Command { std: "docker" "inspect" "6c5a60078b5f84594cc0a9525015299c33fb329221e1180905ec3b48b66776eb", kill_on_drop: false }`
[INFO] running `Command { std: "docker" "exec" "-e" "SOURCE_DIR=/opt/rustwide/workdir" "-e" "CARGO_HOME=/opt/rustwide/cargo-home" "-e" "RUSTUP_HOME=/opt/rustwide/rustup-home" "-e" "CARGO_TARGET_DIR=/opt/rustwide/target" "-e" "CARGO_INCREMENTAL=0" "-e" "RUST_BACKTRACE=full" "-e" "RUSTFLAGS=--cap-lints=forbid" "-e" "RUSTDOCFLAGS=--cap-lints=forbid" "-w" "/opt/rustwide/workdir" "--user" "0:0" "6c5a60078b5f84594cc0a9525015299c33fb329221e1180905ec3b48b66776eb" "/opt/rustwide/cargo-home/bin/cargo" "+8006091eb71ae7d9e9bccb66c6122c9d68af4466" "check" "--frozen" "--all" "--all-targets" "--message-format=json", kill_on_drop: false }`
[INFO] [stderr]     Checking critical-section v1.2.0
[INFO] [stderr]    Compiling fs_extra v1.3.0
[INFO] [stderr]    Compiling aws-lc-rs v1.15.4
[INFO] [stderr]    Compiling syn v2.0.116
[INFO] [stderr]     Checking parking_lot_core v0.9.12
[INFO] [stderr]     Checking mio v1.1.1
[INFO] [stderr]    Compiling rustls v0.23.36
[INFO] [stderr]     Checking once_cell v1.21.3
[INFO] [stderr]    Compiling cmake v0.1.57
[INFO] [stderr]     Checking digest v0.10.7
[INFO] [stderr]    Compiling serde_json v1.0.149
[INFO] [stderr]     Checking crossbeam-channel v0.5.15
[INFO] [stderr]    Compiling anyhow v1.0.101
[INFO] [stderr]    Compiling libsqlite3-sys v0.35.0
[INFO] [stderr]    Compiling time-macros v0.2.27
[INFO] [stderr]     Checking clap_builder v4.5.58
[INFO] [stderr]     Checking deranged v0.5.6
[INFO] [stderr]     Checking parking_lot v0.12.5
[INFO] [stderr]     Checking tracing-core v0.1.36
[INFO] [stderr]     Checking time-core v0.1.8
[INFO] [stderr]     Checking hashlink v0.10.0
[INFO] [stderr]     Checking sha1 v0.10.6
[INFO] [stderr]     Checking compression-core v0.4.31
[INFO] [stderr]     Checking fallible-iterator v0.3.0
[INFO] [stderr]     Checking fallible-streaming-iterator v0.1.9
[INFO] [stderr]     Checking http-body-util v0.1.3
[INFO] [stderr]    Compiling protobuf v3.7.2
[INFO] [stderr]     Checking compression-codecs v0.4.36
[INFO] [stderr]    Compiling prometheus v0.14.0
[INFO] [stderr]     Checking dashmap v6.1.0
[INFO] [stderr]    Compiling aws-lc-sys v0.37.1
[INFO] [stderr]    Compiling getrandom v0.2.17
[INFO] [stderr]     Checking sha2 v0.10.9
[INFO] [stderr]     Checking hmac v0.12.1
[INFO] [stderr]     Checking tracing-log v0.2.0
[INFO] [stderr]    Compiling radium v0.7.0
[INFO] [stderr]     Checking uuid v1.20.0
[INFO] [stderr]     Checking md-5 v0.10.6
[INFO] [stderr]    Compiling lz4-sys v1.11.1+lz4-1.10.0
[INFO] [stderr]     Checking wyz v0.5.1
[INFO] [stderr]    Compiling crc32c v0.6.8
[INFO] [stderr]    Compiling rustc_version_runtime v0.3.0
[INFO] [stderr]     Checking pbkdf2 v0.12.2
[INFO] [stderr]    Compiling const-random-macro v0.1.16
[INFO] [stderr]     Checking tagptr v0.2.0
[INFO] [stderr]    Compiling snap v1.1.1
[INFO] [stderr]     Checking siphasher v1.0.2
[INFO] [stderr]     Checking fallible-iterator v0.2.0
[INFO] [stderr]     Checking funty v2.0.0
[INFO] [stderr]     Checking semver v1.0.27
[INFO] [stderr]     Checking data-encoding v2.10.0
[INFO] [stderr]    Compiling const-random v0.1.18
[INFO] [stderr]     Checking phf_shared v0.13.1
[INFO] [stderr]     Checking moka v0.12.13
[INFO] [stderr]     Checking rand v0.8.5
[INFO] [stderr]     Checking ahash v0.8.12
[INFO] [stderr]     Checking rustc_version v0.4.1
[INFO] [stderr]    Compiling elasticsearch v9.1.0-alpha.1
[INFO] [stderr]     Checking serde_bytes v0.11.19
[INFO] [stderr]     Checking core2 v0.4.0
[INFO] [stderr]     Checking resolv-conf v0.7.6
[INFO] [stderr]     Checking postgres-protocol v0.6.10
[INFO] [stderr]     Checking phf v0.13.1
[INFO] [stderr]     Checking whoami v2.1.1
[INFO] [stderr]     Checking take_mut v0.2.2
[INFO] [stderr]     Checking integer-encoding v4.1.0
[INFO] [stderr]     Checking hpfeeds-entrypoint v0.1.0 (/opt/rustwide/workdir/crates/hpfeeds-entrypoint)
[INFO] [stderr]     Checking time v0.3.47
[INFO] [stderr]     Checking bitvec v1.0.1
[INFO] [stderr]     Checking yasna v0.5.2
[INFO] [stderr]    Compiling synstructure v0.13.2
[INFO] [stderr]    Compiling darling_core v0.21.3
[INFO] [stderr]    Compiling tokio-macros v2.6.0
[INFO] [stderr]    Compiling futures-macro v0.3.31
[INFO] [stderr]    Compiling zerofrom-derive v0.1.6
[INFO] [stderr]    Compiling yoke-derive v0.8.1
[INFO] [stderr]    Compiling zerovec-derive v0.11.2
[INFO] [stderr]    Compiling displaydoc v0.2.5
[INFO] [stderr]    Compiling thiserror-impl v2.0.18
[INFO] [stderr]    Compiling serde_derive v1.0.228
[INFO] [stderr]    Compiling tracing-attributes v0.1.31
[INFO] [stderr]    Compiling thiserror-impl v1.0.69
[INFO] [stderr]    Compiling clap_derive v4.5.55
[INFO] [stderr]     Checking tokio v1.49.0
[INFO] [stderr]     Checking thiserror v2.0.18
[INFO] [stderr]     Checking futures-util v0.3.31
[INFO] [stderr]    Compiling async-trait v0.1.89
[INFO] [stderr]     Checking tracing v0.1.44
[INFO] [stderr]     Checking zerofrom v0.1.6
[INFO] [stderr]     Checking yoke v0.8.1
[INFO] [stderr]    Compiling macro_magic_core_macros v0.5.1
[INFO] [stderr]    Compiling derive-syn-parse v0.2.0
[INFO] [stderr]     Checking zerovec v0.11.5
[INFO] [stderr]     Checking zerotrie v0.2.3
[INFO] [stderr] warning: libsqlite3-sys@0.35.0: cc: fatal error: Killed signal terminated program cc1
[INFO] [stderr] warning: libsqlite3-sys@0.35.0: compilation terminated.
[INFO] [stderr] error: failed to run custom build command for `libsqlite3-sys v0.35.0`
[INFO] [stderr] note: To improve backtraces for build dependencies, set the CARGO_PROFILE_DEV_BUILD_OVERRIDE_DEBUG=true environment variable to enable debug information generation.
[INFO] [stderr] 
[INFO] [stderr] Caused by:
[INFO] [stderr]   process didn't exit successfully: `/opt/rustwide/target/debug/build/libsqlite3-sys/212ad6a69b98a5c0/out/build_script_build` (exit status: 1)
[INFO] [stderr]   --- stdout
[INFO] [stderr]   cargo:rerun-if-env-changed=LIBSQLITE3_SYS_USE_PKG_CONFIG
[INFO] [stderr]   cargo:include=/opt/rustwide/cargo-home/registry/src/index.crates.io-1949cf8c6b5b557f/libsqlite3-sys-0.35.0/sqlite3
[INFO] [stderr]   cargo:rerun-if-changed=sqlite3/sqlite3.c
[INFO] [stderr]   cargo:rerun-if-changed=sqlite3/wasm32-wasi-vfs.c
[INFO] [stderr]   cargo:rerun-if-env-changed=SQLITE_MAX_VARIABLE_NUMBER
[INFO] [stderr]   cargo:rerun-if-env-changed=SQLITE_MAX_EXPR_DEPTH
[INFO] [stderr]   cargo:rerun-if-env-changed=SQLITE_MAX_COLUMN
[INFO] [stderr]   cargo:rerun-if-env-changed=LIBSQLITE3_FLAGS
[INFO] [stderr]   OUT_DIR = Some(/opt/rustwide/target/debug/build/libsqlite3-sys/ee7c2ce5b55bf6ff/out)
[INFO] [stderr]   OPT_LEVEL = Some(0)
[INFO] [stderr]   TARGET = Some(x86_64-unknown-linux-gnu)
[INFO] [stderr]   CARGO_ENCODED_RUSTFLAGS = Some(--cap-lints=forbid)
[INFO] [stderr]   HOST = Some(x86_64-unknown-linux-gnu)
[INFO] [stderr]   cargo:rerun-if-env-changed=CC_x86_64-unknown-linux-gnu
[INFO] [stderr]   CC_x86_64-unknown-linux-gnu = None
[INFO] [stderr]   cargo:rerun-if-env-changed=CC_x86_64_unknown_linux_gnu
[INFO] [stderr]   CC_x86_64_unknown_linux_gnu = None
[INFO] [stderr]   cargo:rerun-if-env-changed=HOST_CC
[INFO] [stderr]   HOST_CC = None
[INFO] [stderr]   cargo:rerun-if-env-changed=CC
[INFO] [stderr]   CC = None
[INFO] [stderr]   cargo:rerun-if-env-changed=CC_ENABLE_DEBUG_OUTPUT
[INFO] [stderr]   RUSTC_WRAPPER = None
[INFO] [stderr]   cargo:rerun-if-env-changed=CRATE_CC_NO_DEFAULTS
[INFO] [stderr]   CRATE_CC_NO_DEFAULTS = None
[INFO] [stderr]   DEBUG = Some(true)
[INFO] [stderr]   CARGO_CFG_TARGET_FEATURE = Some(fxsr,sse,sse2,x87)
[INFO] [stderr]   cargo:rerun-if-env-changed=CFLAGS
[INFO] [stderr]   CFLAGS = None
[INFO] [stderr]   cargo:rerun-if-env-changed=HOST_CFLAGS
[INFO] [stderr]   HOST_CFLAGS = None
[INFO] [stderr]   cargo:rerun-if-env-changed=CFLAGS_x86_64_unknown_linux_gnu
[INFO] [stderr]   CFLAGS_x86_64_unknown_linux_gnu = None
[INFO] [stderr]   cargo:rerun-if-env-changed=CFLAGS_x86_64-unknown-linux-gnu
[INFO] [stderr]   CFLAGS_x86_64-unknown-linux-gnu = None
[INFO] [stderr]   cargo:warning=cc: fatal error: Killed signal terminated program cc1
[INFO] [stderr]   cargo:warning=compilation terminated.
[INFO] [stderr] 
[INFO] [stderr]   --- stderr
[INFO] [stderr] 
[INFO] [stderr] 
[INFO] [stderr]   error occurred in cc-rs: command did not execute successfully (status code exit status: 1): LC_ALL="C" "cc" "-O0" "-ffunction-sections" "-fdata-sections" "-fPIC" "-g" "-gdwarf-4" "-fno-omit-frame-pointer" "-m64" "-w" "-DSQLITE_CORE" "-DSQLITE_DEFAULT_FOREIGN_KEYS=1" "-DSQLITE_ENABLE_API_ARMOR" "-DSQLITE_ENABLE_COLUMN_METADATA" "-DSQLITE_ENABLE_DBSTAT_VTAB" "-DSQLITE_ENABLE_FTS3" "-DSQLITE_ENABLE_FTS3_PARENTHESIS" "-DSQLITE_ENABLE_FTS5" "-DSQLITE_ENABLE_JSON1" "-DSQLITE_ENABLE_LOAD_EXTENSION=1" "-DSQLITE_ENABLE_MEMORY_MANAGEMENT" "-DSQLITE_ENABLE_RTREE" "-DSQLITE_ENABLE_STAT4" "-DSQLITE_SOUNDEX" "-DSQLITE_THREADSAFE=1" "-DSQLITE_USE_URI" "-DHAVE_USLEEP=1" "-DHAVE_ISNAN" "-D_POSIX_THREAD_SAFE_FUNCTIONS" "-DHAVE_LOCALTIME_R" "-o" "/opt/rustwide/target/debug/build/libsqlite3-sys/ee7c2ce5b55bf6ff/out/c877a2978823c39d-sqlite3.o" "-c" "sqlite3/sqlite3.c"
[INFO] [stderr] 
[INFO] [stderr] 
[INFO] [stderr] warning: build failed, waiting for other jobs to finish...
[INFO] [stderr] warning: aws-lc-sys@0.37.1: Environment Variable found 'CARGO_ENCODED_RUSTFLAGS': '--cap-lints=forbid'
[INFO] [stderr] warning: aws-lc-sys@0.37.1: Emitting configuration: cargo:rustc-cfg=universal
[INFO] [stderr] warning: aws-lc-sys@0.37.1: Building with: CC
[INFO] [stderr] warning: aws-lc-sys@0.37.1: Symbol Prefix: Some("aws_lc_0_37_1")
[INFO] [stderr] warning: aws-lc-sys@0.37.1: Target platform: 'x86_64-unknown-linux-gnu'
[INFO] [stderr] warning: aws-lc-sys@0.37.1: Compilation of 'c11.c' succeeded - Ok(["/opt/rustwide/target/debug/build/aws-lc-sys/4171d1de2a269c77/out/out-c11/7dfda64fdf5a526c-c11.o"]).
[INFO] [stderr] warning: aws-lc-sys@0.37.1: Compilation of 'stdalign_check.c' succeeded - Ok(["/opt/rustwide/target/debug/build/aws-lc-sys/4171d1de2a269c77/out/out-stdalign_check/7dfda64fdf5a526c-stdalign_check.o"]).
[INFO] [stderr] warning: aws-lc-sys@0.37.1: Compilation of 'builtin_swap_check.c' succeeded - Ok(["/opt/rustwide/target/debug/build/aws-lc-sys/4171d1de2a269c77/out/out-builtin_swap_check/7dfda64fdf5a526c-builtin_swap_check.o"]).
[INFO] [stderr] warning: aws-lc-sys@0.37.1: Compilation of 'linux_random_h.c' succeeded - Ok(["/opt/rustwide/target/debug/build/aws-lc-sys/4171d1de2a269c77/out/out-linux_random_h/7dfda64fdf5a526c-linux_random_h.o"]).
[INFO] [stderr] warning: aws-lc-sys@0.37.1: In file included from /opt/rustwide/cargo-home/registry/src/index.crates.io-1949cf8c6b5b557f/aws-lc-sys-0.37.1/aws-lc/crypto/fipsmodule/bcm.c:42:
[INFO] [stderr] warning: aws-lc-sys@0.37.1: /opt/rustwide/cargo-home/registry/src/index.crates.io-1949cf8c6b5b557f/aws-lc-sys-0.37.1/aws-lc/crypto/fipsmodule/../internal.h: In function 'OPENSSL_memchr':
[INFO] [stderr] warning: aws-lc-sys@0.37.1: /opt/rustwide/cargo-home/registry/src/index.crates.io-1949cf8c6b5b557f/aws-lc-sys-0.37.1/aws-lc/crypto/fipsmodule/../internal.h:939:10: warning: return discards 'const' qualifier from pointer target type [-Wdiscarded-qualifiers]
[INFO] [stderr] warning: aws-lc-sys@0.37.1:   939 |   return memchr(s, c, n);
[INFO] [stderr] warning: aws-lc-sys@0.37.1:       |          ^~~~~~
[INFO] [stderr] warning: aws-lc-sys@0.37.1: In file included from /opt/rustwide/cargo-home/registry/src/index.crates.io-1949cf8c6b5b557f/aws-lc-sys-0.37.1/aws-lc/crypto/rand_extra/urandom.c:70:
[INFO] [stderr] warning: aws-lc-sys@0.37.1: /opt/rustwide/cargo-home/registry/src/index.crates.io-1949cf8c6b5b557f/aws-lc-sys-0.37.1/aws-lc/crypto/rand_extra/../internal.h: In function 'OPENSSL_memchr':
[INFO] [stderr] warning: aws-lc-sys@0.37.1: /opt/rustwide/cargo-home/registry/src/index.crates.io-1949cf8c6b5b557f/aws-lc-sys-0.37.1/aws-lc/crypto/rand_extra/../internal.h:939:10: warning: return discards 'const' qualifier from pointer target type [-Wdiscarded-qualifiers]
[INFO] [stderr] warning: aws-lc-sys@0.37.1:   939 |   return memchr(s, c, n);
[INFO] [stderr] warning: aws-lc-sys@0.37.1:       |          ^~~~~~
[INFO] [stderr] warning: aws-lc-sys@0.37.1: In file included from /opt/rustwide/cargo-home/registry/src/index.crates.io-1949cf8c6b5b557f/aws-lc-sys-0.37.1/aws-lc/crypto/ube/fork_ube_detect.c:44:
[INFO] [stderr] warning: aws-lc-sys@0.37.1: /opt/rustwide/cargo-home/registry/src/index.crates.io-1949cf8c6b5b557f/aws-lc-sys-0.37.1/aws-lc/crypto/ube/../internal.h: In function 'OPENSSL_memchr':
[INFO] [stderr] warning: aws-lc-sys@0.37.1: /opt/rustwide/cargo-home/registry/src/index.crates.io-1949cf8c6b5b557f/aws-lc-sys-0.37.1/aws-lc/crypto/ube/../internal.h:939:10: warning: return discards 'const' qualifier from pointer target type [-Wdiscarded-qualifiers]
[INFO] [stderr] warning: aws-lc-sys@0.37.1:   939 |   return memchr(s, c, n);
[INFO] [stderr] warning: aws-lc-sys@0.37.1:       |          ^~~~~~
[INFO] [stderr] warning: aws-lc-sys@0.37.1: cc: fatal error: Killed signal terminated program cc1
[INFO] [stderr] warning: aws-lc-sys@0.37.1: compilation terminated.
[INFO] [stderr] warning: aws-lc-sys@0.37.1: ToolExecError: command did not execute successfully (status code exit status: 1): LC_ALL="C" "cc" "-O0" "-ffunction-sections" "-fdata-sections" "-fPIC" "-g" "-gdwarf-4" "-fno-omit-frame-pointer" "-m64" "-std=c11" "-I" "/opt/rustwide/cargo-home/registry/src/index.crates.io-1949cf8c6b5b557f/aws-lc-sys-0.37.1/generated-include" "-I" "/opt/rustwide/cargo-home/registry/src/index.crates.io-1949cf8c6b5b557f/aws-lc-sys-0.37.1/include" "-I" "/opt/rustwide/cargo-home/registry/src/index.crates.io-1949cf8c6b5b557f/aws-lc-sys-0.37.1/aws-lc/include" "-I" "/opt/rustwide/cargo-home/registry/src/index.crates.io-1949cf8c6b5b557f/aws-lc-sys-0.37.1/aws-lc/third_party/s2n-bignum/include" "-I" "/opt/rustwide/cargo-home/registry/src/index.crates.io-1949cf8c6b5b557f/aws-lc-sys-0.37.1/aws-lc/third_party/s2n-bignum/s2n-bignum-imported/include" "-I" "/opt/rustwide/cargo-home/registry/src/index.crates.io-1949cf8c6b5b557f/aws-lc-sys-0.37.1/aws-lc/third_party/jitterentropy/jitterentropy-library" "-Wall" "-Wextra" "-Wno-unused-parameter" "-pthread" "-D_XOPEN_SOURCE=700" "-DBORINGSSL_IMPLEMENTATION=1" "-DBORINGSSL_PREFIX=aws_lc_0_37_1" "-DAWS_LC_STDALIGN_AVAILABLE=1" "-DAWS_LC_BUILTIN_SWAP_SUPPORTED=1" "-DHAVE_LINUX_RANDOM_H=1" "-o" "/opt/rustwide/target/debug/build/aws-lc-sys/4171d1de2a269c77/out/f8e4fd781484bd36-bcm.o" "-c" "/opt/rustwide/cargo-home/registry/src/index.crates.io-1949cf8c6b5b557f/aws-lc-sys-0.37.1/aws-lc/crypto/fipsmodule/bcm.c"
[INFO] [stderr] error: failed to run custom build command for `aws-lc-sys v0.37.1`
[INFO] [stderr] note: To improve backtraces for build dependencies, set the CARGO_PROFILE_DEV_BUILD_OVERRIDE_DEBUG=true environment variable to enable debug information generation.
[INFO] [stderr] 
[INFO] [stderr] Caused by:
[INFO] [stderr]   process didn't exit successfully: `/opt/rustwide/target/debug/build/aws-lc-sys/bd66c4df046e8065/out/build_script_main` (exit status: 1)
[INFO] [stderr]   --- stdout
[INFO] [stderr]   cargo:rerun-if-env-changed=AWS_LC_SYS_NO_PREFIX_x86_64_unknown_linux_gnu
[INFO] [stderr]   cargo:rerun-if-env-changed=AWS_LC_SYS_NO_PREFIX
[INFO] [stderr]   cargo:rerun-if-env-changed=AWS_LC_SYS_PREGENERATING_BINDINGS_x86_64_unknown_linux_gnu
[INFO] [stderr]   cargo:rerun-if-env-changed=AWS_LC_SYS_PREGENERATING_BINDINGS
[INFO] [stderr]   cargo:rerun-if-env-changed=AWS_LC_SYS_EXTERNAL_BINDGEN_x86_64_unknown_linux_gnu
[INFO] [stderr]   cargo:rerun-if-env-changed=AWS_LC_SYS_EXTERNAL_BINDGEN
[INFO] [stderr]   cargo:rerun-if-env-changed=AWS_LC_SYS_NO_ASM_x86_64_unknown_linux_gnu
[INFO] [stderr]   cargo:rerun-if-env-changed=AWS_LC_SYS_NO_ASM
[INFO] [stderr]   cargo:rerun-if-env-changed=AWS_LC_SYS_PREBUILT_NASM_x86_64_unknown_linux_gnu
[INFO] [stderr]   cargo:rerun-if-env-changed=AWS_LC_SYS_PREBUILT_NASM
[INFO] [stderr]   cargo:rerun-if-env-changed=AWS_LC_SYS_C_STD_x86_64_unknown_linux_gnu
[INFO] [stderr]   cargo:rerun-if-env-changed=AWS_LC_SYS_C_STD
[INFO] [stderr]   cargo:rerun-if-env-changed=AWS_LC_SYS_CMAKE_BUILDER_x86_64_unknown_linux_gnu
[INFO] [stderr]   cargo:rerun-if-env-changed=AWS_LC_SYS_CMAKE_BUILDER
[INFO] [stderr]   cargo:rerun-if-env-changed=AWS_LC_SYS_NO_PREGENERATED_SRC_x86_64_unknown_linux_gnu
[INFO] [stderr]   cargo:rerun-if-env-changed=AWS_LC_SYS_NO_PREGENERATED_SRC
[INFO] [stderr]   cargo:rerun-if-env-changed=AWS_LC_SYS_EFFECTIVE_TARGET_x86_64_unknown_linux_gnu
[INFO] [stderr]   cargo:rerun-if-env-changed=AWS_LC_SYS_EFFECTIVE_TARGET
[INFO] [stderr]   cargo:rerun-if-env-changed=AWS_LC_SYS_NO_JITTER_ENTROPY_x86_64_unknown_linux_gnu
[INFO] [stderr]   cargo:rerun-if-env-changed=AWS_LC_SYS_NO_JITTER_ENTROPY
[INFO] [stderr]   cargo:rerun-if-env-changed=AWS_LC_SYS_NO_U1_BINDINGS_x86_64_unknown_linux_gnu
[INFO] [stderr]   cargo:rerun-if-env-changed=AWS_LC_SYS_NO_U1_BINDINGS
[INFO] [stderr]   cargo:rerun-if-env-changed=CARGO_ENCODED_RUSTFLAGS
[INFO] [stderr]   cargo:warning=Environment Variable found 'CARGO_ENCODED_RUSTFLAGS': '--cap-lints=forbid'
[INFO] [stderr]   cargo:warning=Emitting configuration: cargo:rustc-cfg=universal
[INFO] [stderr]   cargo:rustc-cfg=universal
[INFO] [stderr]   cargo:rerun-if-env-changed=AWS_LC_SYS_STATIC_x86_64_unknown_linux_gnu
[INFO] [stderr]   cargo:rerun-if-env-changed=AWS_LC_SYS_STATIC
[INFO] [stderr]   cargo:rerun-if-env-changed=CARGO_FEATURE_SSL
[INFO] [stderr]   cargo:warning=Building with: CC
[INFO] [stderr]   cargo:warning=Symbol Prefix: Some("aws_lc_0_37_1")
[INFO] [stderr]   cargo:rerun-if-env-changed=CARGO_FEATURE_SSL
[INFO] [stderr]   cargo:warning=Target platform: 'x86_64-unknown-linux-gnu'
[INFO] [stderr]   cargo:root=/opt/rustwide/target/debug/build/aws-lc-sys/4171d1de2a269c77/out
[INFO] [stderr]   cargo:rerun-if-env-changed=AWS_LC_SYS_TARGET_CFLAGS_x86_64_unknown_linux_gnu
[INFO] [stderr]   cargo:rerun-if-env-changed=AWS_LC_SYS_TARGET_CFLAGS
[INFO] [stderr]   cargo:rerun-if-env-changed=TARGET_CFLAGS_x86_64_unknown_linux_gnu
[INFO] [stderr]   cargo:rerun-if-env-changed=TARGET_CFLAGS
[INFO] [stderr]   cargo:rerun-if-env-changed=AWS_LC_SYS_CFLAGS_x86_64_unknown_linux_gnu
[INFO] [stderr]   cargo:rerun-if-env-changed=AWS_LC_SYS_CFLAGS
[INFO] [stderr]   cargo:rerun-if-env-changed=CFLAGS_x86_64_unknown_linux_gnu
[INFO] [stderr]   cargo:rerun-if-env-changed=CFLAGS
[INFO] [stderr]   OPT_LEVEL = Some(0)
[INFO] [stderr]   OUT_DIR = Some(/opt/rustwide/target/debug/build/aws-lc-sys/4171d1de2a269c77/out)
[INFO] [stderr]   TARGET = Some(x86_64-unknown-linux-gnu)
[INFO] [stderr]   CARGO_ENCODED_RUSTFLAGS = Some(--cap-lints=forbid)
[INFO] [stderr]   HOST = Some(x86_64-unknown-linux-gnu)
[INFO] [stderr]   cargo:rerun-if-env-changed=CC_x86_64-unknown-linux-gnu
[INFO] [stderr]   CC_x86_64-unknown-linux-gnu = None
[INFO] [stderr]   cargo:rerun-if-env-changed=CC_x86_64_unknown_linux_gnu
[INFO] [stderr]   CC_x86_64_unknown_linux_gnu = None
[INFO] [stderr]   cargo:rerun-if-env-changed=HOST_CC
[INFO] [stderr]   HOST_CC = None
[INFO] [stderr]   cargo:rerun-if-env-changed=CC
[INFO] [stderr]   CC = None
[INFO] [stderr]   cargo:rerun-if-env-changed=CC_ENABLE_DEBUG_OUTPUT
[INFO] [stderr]   RUSTC_WRAPPER = None
[INFO] [stderr]   cargo:rerun-if-env-changed=CRATE_CC_NO_DEFAULTS
[INFO] [stderr]   CRATE_CC_NO_DEFAULTS = None
[INFO] [stderr]   DEBUG = Some(true)
[INFO] [stderr]   CARGO_CFG_TARGET_FEATURE = Some(fxsr,sse,sse2,x87)
[INFO] [stderr]   cargo:rerun-if-env-changed=CFLAGS
[INFO] [stderr]   CFLAGS = None
[INFO] [stderr]   cargo:rerun-if-env-changed=HOST_CFLAGS
[INFO] [stderr]   HOST_CFLAGS = None
[INFO] [stderr]   cargo:rerun-if-env-changed=CFLAGS_x86_64_unknown_linux_gnu
[INFO] [stderr]   CFLAGS_x86_64_unknown_linux_gnu = None
[INFO] [stderr]   cargo:rerun-if-env-changed=CFLAGS_x86_64-unknown-linux-gnu
[INFO] [stderr]   CFLAGS_x86_64-unknown-linux-gnu = None
[INFO] [stderr]   OPT_LEVEL = Some(0)
[INFO] [stderr]   TARGET = Some(x86_64-unknown-linux-gnu)
[INFO] [stderr]   CARGO_ENCODED_RUSTFLAGS = Some(--cap-lints=forbid)
[INFO] [stderr]   HOST = Some(x86_64-unknown-linux-gnu)
[INFO] [stderr]   cargo:rerun-if-env-changed=CC_x86_64-unknown-linux-gnu
[INFO] [stderr]   CC_x86_64-unknown-linux-gnu = None
[INFO] [stderr]   cargo:rerun-if-env-changed=CC_x86_64_unknown_linux_gnu
[INFO] [stderr]   CC_x86_64_unknown_linux_gnu = None
[INFO] [stderr]   cargo:rerun-if-env-changed=HOST_CC
[INFO] [stderr]   HOST_CC = None
[INFO] [stderr]   cargo:rerun-if-env-changed=CC
[INFO] [stderr]   CC = None
[INFO] [stderr]   cargo:rerun-if-env-changed=CC_ENABLE_DEBUG_OUTPUT
[INFO] [stderr]   RUSTC_WRAPPER = None
[INFO] [stderr]   cargo:rerun-if-env-changed=CRATE_CC_NO_DEFAULTS
[INFO] [stderr]   CRATE_CC_NO_DEFAULTS = None
[INFO] [stderr]   DEBUG = Some(true)
[INFO] [stderr]   CARGO_CFG_TARGET_FEATURE = Some(fxsr,sse,sse2,x87)
[INFO] [stderr]   cargo:rerun-if-env-changed=CFLAGS
[INFO] [stderr]   CFLAGS = None
[INFO] [stderr]   cargo:rerun-if-env-changed=HOST_CFLAGS
[INFO] [stderr]   HOST_CFLAGS = None
[INFO] [stderr]   cargo:rerun-if-env-changed=CFLAGS_x86_64_unknown_linux_gnu
[INFO] [stderr]   CFLAGS_x86_64_unknown_linux_gnu = None
[INFO] [stderr]   cargo:rerun-if-env-changed=CFLAGS_x86_64-unknown-linux-gnu
[INFO] [stderr]   CFLAGS_x86_64-unknown-linux-gnu = None
[INFO] [stderr]   cargo:warning=Compilation of 'c11.c' succeeded - Ok(["/opt/rustwide/target/debug/build/aws-lc-sys/4171d1de2a269c77/out/out-c11/7dfda64fdf5a526c-c11.o"]).
[INFO] [stderr]   cargo:rerun-if-env-changed=AWS_LC_SYS_TARGET_CC_x86_64_unknown_linux_gnu
[INFO] [stderr]   cargo:rerun-if-env-changed=AWS_LC_SYS_TARGET_CC
[INFO] [stderr]   cargo:rerun-if-env-changed=TARGET_CC_x86_64_unknown_linux_gnu
[INFO] [stderr]   cargo:rerun-if-env-changed=TARGET_CC
[INFO] [stderr]   cargo:rerun-if-env-changed=AWS_LC_SYS_CC_x86_64_unknown_linux_gnu
[INFO] [stderr]   cargo:rerun-if-env-changed=AWS_LC_SYS_CC
[INFO] [stderr]   cargo:rerun-if-env-changed=CC_x86_64_unknown_linux_gnu
[INFO] [stderr]   cargo:rerun-if-env-changed=CC
[INFO] [stderr]   cargo:rerun-if-env-changed=AWS_LC_SYS_TARGET_CXX_x86_64_unknown_linux_gnu
[INFO] [stderr]   cargo:rerun-if-env-changed=AWS_LC_SYS_TARGET_CXX
[INFO] [stderr]   cargo:rerun-if-env-changed=TARGET_CXX_x86_64_unknown_linux_gnu
[INFO] [stderr]   cargo:rerun-if-env-changed=TARGET_CXX
[INFO] [stderr]   cargo:rerun-if-env-changed=AWS_LC_SYS_CXX_x86_64_unknown_linux_gnu
[INFO] [stderr]   cargo:rerun-if-env-changed=AWS_LC_SYS_CXX
[INFO] [stderr]   cargo:rerun-if-env-changed=CXX_x86_64_unknown_linux_gnu
[INFO] [stderr]   cargo:rerun-if-env-changed=CXX
[INFO] [stderr]   OPT_LEVEL = Some(0)
[INFO] [stderr]   TARGET = Some(x86_64-unknown-linux-gnu)
[INFO] [stderr]   CARGO_ENCODED_RUSTFLAGS = Some(--cap-lints=forbid)
[INFO] [stderr]   HOST = Some(x86_64-unknown-linux-gnu)
[INFO] [stderr]   cargo:rerun-if-env-changed=CC_x86_64-unknown-linux-gnu
[INFO] [stderr]   CC_x86_64-unknown-linux-gnu = None
[INFO] [stderr]   cargo:rerun-if-env-changed=CC_x86_64_unknown_linux_gnu
[INFO] [stderr]   CC_x86_64_unknown_linux_gnu = None
[INFO] [stderr]   cargo:rerun-if-env-changed=HOST_CC
[INFO] [stderr]   HOST_CC = None
[INFO] [stderr]   cargo:rerun-if-env-changed=CC
[INFO] [stderr]   CC = None
[INFO] [stderr]   cargo:rerun-if-env-changed=CC_ENABLE_DEBUG_OUTPUT
[INFO] [stderr]   RUSTC_WRAPPER = None
[INFO] [stderr]   cargo:rerun-if-env-changed=CRATE_CC_NO_DEFAULTS
[INFO] [stderr]   CRATE_CC_NO_DEFAULTS = None
[INFO] [stderr]   DEBUG = Some(true)
[INFO] [stderr]   CARGO_CFG_TARGET_FEATURE = Some(fxsr,sse,sse2,x87)
[INFO] [stderr]   cargo:rerun-if-env-changed=CFLAGS
[INFO] [stderr]   CFLAGS = None
[INFO] [stderr]   cargo:rerun-if-env-changed=HOST_CFLAGS
[INFO] [stderr]   HOST_CFLAGS = None
[INFO] [stderr]   cargo:rerun-if-env-changed=CFLAGS_x86_64_unknown_linux_gnu
[INFO] [stderr]   CFLAGS_x86_64_unknown_linux_gnu = None
[INFO] [stderr]   cargo:rerun-if-env-changed=CFLAGS_x86_64-unknown-linux-gnu
[INFO] [stderr]   CFLAGS_x86_64-unknown-linux-gnu = None
[INFO] [stderr]   cargo:warning=Compilation of 'stdalign_check.c' succeeded - Ok(["/opt/rustwide/target/debug/build/aws-lc-sys/4171d1de2a269c77/out/out-stdalign_check/7dfda64fdf5a526c-stdalign_check.o"]).
[INFO] [stderr]   OPT_LEVEL = Some(0)
[INFO] [stderr]   TARGET = Some(x86_64-unknown-linux-gnu)
[INFO] [stderr]   CARGO_ENCODED_RUSTFLAGS = Some(--cap-lints=forbid)
[INFO] [stderr]   HOST = Some(x86_64-unknown-linux-gnu)
[INFO] [stderr]   cargo:rerun-if-env-changed=CC_x86_64-unknown-linux-gnu
[INFO] [stderr]   CC_x86_64-unknown-linux-gnu = None
[INFO] [stderr]   cargo:rerun-if-env-changed=CC_x86_64_unknown_linux_gnu
[INFO] [stderr]   CC_x86_64_unknown_linux_gnu = None
[INFO] [stderr]   cargo:rerun-if-env-changed=HOST_CC
[INFO] [stderr]   HOST_CC = None
[INFO] [stderr]   cargo:rerun-if-env-changed=CC
[INFO] [stderr]   CC = None
[INFO] [stderr]   cargo:rerun-if-env-changed=CC_ENABLE_DEBUG_OUTPUT
[INFO] [stderr]   RUSTC_WRAPPER = None
[INFO] [stderr]   cargo:rerun-if-env-changed=CRATE_CC_NO_DEFAULTS
[INFO] [stderr]   CRATE_CC_NO_DEFAULTS = None
[INFO] [stderr]   DEBUG = Some(true)
[INFO] [stderr]   CARGO_CFG_TARGET_FEATURE = Some(fxsr,sse,sse2,x87)
[INFO] [stderr]   cargo:rerun-if-env-changed=CFLAGS
[INFO] [stderr]   CFLAGS = None
[INFO] [stderr]   cargo:rerun-if-env-changed=HOST_CFLAGS
[INFO] [stderr]   HOST_CFLAGS = None
[INFO] [stderr]   cargo:rerun-if-env-changed=CFLAGS_x86_64_unknown_linux_gnu
[INFO] [stderr]   CFLAGS_x86_64_unknown_linux_gnu = None
[INFO] [stderr]   cargo:rerun-if-env-changed=CFLAGS_x86_64-unknown-linux-gnu
[INFO] [stderr]   CFLAGS_x86_64-unknown-linux-gnu = None
[INFO] [stderr]   cargo:warning=Compilation of 'builtin_swap_check.c' succeeded - Ok(["/opt/rustwide/target/debug/build/aws-lc-sys/4171d1de2a269c77/out/out-builtin_swap_check/7dfda64fdf5a526c-builtin_swap_check.o"]).
[INFO] [stderr]   OPT_LEVEL = Some(0)
[INFO] [stderr]   TARGET = Some(x86_64-unknown-linux-gnu)
[INFO] [stderr]   CARGO_ENCODED_RUSTFLAGS = Some(--cap-lints=forbid)
[INFO] [stderr]   HOST = Some(x86_64-unknown-linux-gnu)
[INFO] [stderr]   cargo:rerun-if-env-changed=CC_x86_64-unknown-linux-gnu
[INFO] [stderr]   CC_x86_64-unknown-linux-gnu = None
[INFO] [stderr]   cargo:rerun-if-env-changed=CC_x86_64_unknown_linux_gnu
[INFO] [stderr]   CC_x86_64_unknown_linux_gnu = None
[INFO] [stderr]   cargo:rerun-if-env-changed=HOST_CC
[INFO] [stderr]   HOST_CC = None
[INFO] [stderr]   cargo:rerun-if-env-changed=CC
[INFO] [stderr]   CC = None
[INFO] [stderr]   cargo:rerun-if-env-changed=CC_ENABLE_DEBUG_OUTPUT
[INFO] [stderr]   RUSTC_WRAPPER = None
[INFO] [stderr]   cargo:rerun-if-env-changed=CRATE_CC_NO_DEFAULTS
[INFO] [stderr]   CRATE_CC_NO_DEFAULTS = None
[INFO] [stderr]   DEBUG = Some(true)
[INFO] [stderr]   CARGO_CFG_TARGET_FEATURE = Some(fxsr,sse,sse2,x87)
[INFO] [stderr]   cargo:rerun-if-env-changed=CFLAGS
[INFO] [stderr]   CFLAGS = None
[INFO] [stderr]   cargo:rerun-if-env-changed=HOST_CFLAGS
[INFO] [stderr]   HOST_CFLAGS = None
[INFO] [stderr]   cargo:rerun-if-env-changed=CFLAGS_x86_64_unknown_linux_gnu
[INFO] [stderr]   CFLAGS_x86_64_unknown_linux_gnu = None
[INFO] [stderr]   cargo:rerun-if-env-changed=CFLAGS_x86_64-unknown-linux-gnu
[INFO] [stderr]   CFLAGS_x86_64-unknown-linux-gnu = None
[INFO] [stderr]   cargo:warning=Compilation of 'linux_random_h.c' succeeded - Ok(["/opt/rustwide/target/debug/build/aws-lc-sys/4171d1de2a269c77/out/out-linux_random_h/7dfda64fdf5a526c-linux_random_h.o"]).
[INFO] [stderr]   OPT_LEVEL = Some(0)
[INFO] [stderr]   OUT_DIR = Some(/opt/rustwide/target/debug/build/aws-lc-sys/4171d1de2a269c77/out)
[INFO] [stderr]   TARGET = Some(x86_64-unknown-linux-gnu)
[INFO] [stderr]   CARGO_ENCODED_RUSTFLAGS = Some(--cap-lints=forbid)
[INFO] [stderr]   HOST = Some(x86_64-unknown-linux-gnu)
[INFO] [stderr]   cargo:rerun-if-env-changed=CC_x86_64-unknown-linux-gnu
[INFO] [stderr]   CC_x86_64-unknown-linux-gnu = None
[INFO] [stderr]   cargo:rerun-if-env-changed=CC_x86_64_unknown_linux_gnu
[INFO] [stderr]   CC_x86_64_unknown_linux_gnu = None
[INFO] [stderr]   cargo:rerun-if-env-changed=HOST_CC
[INFO] [stderr]   HOST_CC = None
[INFO] [stderr]   cargo:rerun-if-env-changed=CC
[INFO] [stderr]   CC = None
[INFO] [stderr]   cargo:rerun-if-env-changed=CC_ENABLE_DEBUG_OUTPUT
[INFO] [stderr]   RUSTC_WRAPPER = None
[INFO] [stderr]   cargo:rerun-if-env-changed=CRATE_CC_NO_DEFAULTS
[INFO] [stderr]   CRATE_CC_NO_DEFAULTS = None
[INFO] [stderr]   DEBUG = Some(true)
[INFO] [stderr]   CARGO_CFG_TARGET_FEATURE = Some(fxsr,sse,sse2,x87)
[INFO] [stderr]   cargo:rerun-if-env-changed=CFLAGS
[INFO] [stderr]   CFLAGS = None
[INFO] [stderr]   cargo:rerun-if-env-changed=HOST_CFLAGS
[INFO] [stderr]   HOST_CFLAGS = None
[INFO] [stderr]   cargo:rerun-if-env-changed=CFLAGS_x86_64_unknown_linux_gnu
[INFO] [stderr]   CFLAGS_x86_64_unknown_linux_gnu = None
[INFO] [stderr]   cargo:rerun-if-env-changed=CFLAGS_x86_64-unknown-linux-gnu
[INFO] [stderr]   CFLAGS_x86_64-unknown-linux-gnu = None
[INFO] [stderr]   cargo:rerun-if-env-changed=AWS_LC_SYS_TARGET_CFLAGS_x86_64_unknown_linux_gnu
[INFO] [stderr]   cargo:rerun-if-env-changed=AWS_LC_SYS_TARGET_CFLAGS
[INFO] [stderr]   cargo:rerun-if-env-changed=TARGET_CFLAGS_x86_64_unknown_linux_gnu
[INFO] [stderr]   cargo:rerun-if-env-changed=TARGET_CFLAGS
[INFO] [stderr]   cargo:rerun-if-env-changed=AWS_LC_SYS_CFLAGS_x86_64_unknown_linux_gnu
[INFO] [stderr]   cargo:rerun-if-env-changed=AWS_LC_SYS_CFLAGS
[INFO] [stderr]   cargo:rerun-if-env-changed=CFLAGS_x86_64_unknown_linux_gnu
[INFO] [stderr]   cargo:rerun-if-env-changed=CFLAGS
[INFO] [stderr]   exit status: 0
[INFO] [stderr]   exit status: 0
[INFO] [stderr]   exit status: 0
[INFO] [stderr]   exit status: 0
[INFO] [stderr]   exit status: 0
[INFO] [stderr]   exit status: 0
[INFO] [stderr]   exit status: 0
[INFO] [stderr]   exit status: 0
[INFO] [stderr]   exit status: 0
[INFO] [stderr]   exit status: 0
[INFO] [stderr]   exit status: 0
[INFO] [stderr]   exit status: 0
[INFO] [stderr]   exit status: 0
[INFO] [stderr]   exit status: 0
[INFO] [stderr]   exit status: 0
[INFO] [stderr]   exit status: 0
[INFO] [stderr]   exit status: 0
[INFO] [stderr]   exit status: 0
[INFO] [stderr]   exit status: 0
[INFO] [stderr]   exit status: 0
[INFO] [stderr]   exit status: 0
[INFO] [stderr]   exit status: 0
[INFO] [stderr]   exit status: 0
[INFO] [stderr]   exit status: 0
[INFO] [stderr]   exit status: 0
[INFO] [stderr]   exit status: 0
[INFO] [stderr]   exit status: 0
[INFO] [stderr]   exit status: 0
[INFO] [stderr]   exit status: 0
[INFO] [stderr]   exit status: 0
[INFO] [stderr]   exit status: 0
[INFO] [stderr]   exit status: 0
[INFO] [stderr]   exit status: 0
[INFO] [stderr]   exit status: 0
[INFO] [stderr]   exit status: 0
[INFO] [stderr]   exit status: 0
[INFO] [stderr]   exit status: 0
[INFO] [stderr]   exit status: 0
[INFO] [stderr]   exit status: 0
[INFO] [stderr]   exit status: 0
[INFO] [stderr]   exit status: 0
[INFO] [stderr]   exit status: 0
[INFO] [stderr]   exit status: 0
[INFO] [stderr]   exit status: 0
[INFO] [stderr]   exit status: 0
[INFO] [stderr]   exit status: 0
[INFO] [stderr]   exit status: 0
[INFO] [stderr]   exit status: 0
[INFO] [stderr]   exit status: 0
[INFO] [stderr]   exit status: 0
[INFO] [stderr]   exit status: 0
[INFO] [stderr]   OUT_DIR = Some(/opt/rustwide/target/debug/build/aws-lc-sys/4171d1de2a269c77/out)
[INFO] [stderr]   OPT_LEVEL = Some(0)
[INFO] [stderr]   TARGET = Some(x86_64-unknown-linux-gnu)
[INFO] [stderr]   CARGO_ENCODED_RUSTFLAGS = Some(--cap-lints=forbid)
[INFO] [stderr]   HOST = Some(x86_64-unknown-linux-gnu)
[INFO] [stderr]   cargo:rerun-if-env-changed=CC_x86_64-unknown-linux-gnu
[INFO] [stderr]   CC_x86_64-unknown-linux-gnu = None
[INFO] [stderr]   cargo:rerun-if-env-changed=CC_x86_64_unknown_linux_gnu
[INFO] [stderr]   CC_x86_64_unknown_linux_gnu = None
[INFO] [stderr]   cargo:rerun-if-env-changed=HOST_CC
[INFO] [stderr]   HOST_CC = None
[INFO] [stderr]   cargo:rerun-if-env-changed=CC
[INFO] [stderr]   CC = None
[INFO] [stderr]   cargo:rerun-if-env-changed=CC_ENABLE_DEBUG_OUTPUT
[INFO] [stderr]   RUSTC_WRAPPER = None
[INFO] [stderr]   cargo:rerun-if-env-changed=CRATE_CC_NO_DEFAULTS
[INFO] [stderr]   CRATE_CC_NO_DEFAULTS = None
[INFO] [stderr]   DEBUG = Some(true)
[INFO] [stderr]   CARGO_CFG_TARGET_FEATURE = Some(fxsr,sse,sse2,x87)
[INFO] [stderr]   cargo:rerun-if-env-changed=CFLAGS
[INFO] [stderr]   CFLAGS = None
[INFO] [stderr]   cargo:rerun-if-env-changed=HOST_CFLAGS
[INFO] [stderr]   HOST_CFLAGS = None
[INFO] [stderr]   cargo:rerun-if-env-changed=CFLAGS_x86_64_unknown_linux_gnu
[INFO] [stderr]   CFLAGS_x86_64_unknown_linux_gnu = None
[INFO] [stderr]   cargo:rerun-if-env-changed=CFLAGS_x86_64-unknown-linux-gnu
[INFO] [stderr]   CFLAGS_x86_64-unknown-linux-gnu = None
[INFO] [stderr]   exit status: 0
[INFO] [stderr]   exit status: 0
[INFO] [stderr]   exit status: 0
[INFO] [stderr]   exit status: 0
[INFO] [stderr]   exit status: 0
[INFO] [stderr]   exit status: 0
[INFO] [stderr]   exit status: 0
[INFO] [stderr]   exit status: 0
[INFO] [stderr]   exit status: 0
[INFO] [stderr]   exit status: 0
[INFO] [stderr]   exit status: 0
[INFO] [stderr]   exit status: 0
[INFO] [stderr]   exit status: 0
[INFO] [stderr]   exit status: 0
[INFO] [stderr]   exit status: 0
[INFO] [stderr]   exit status: 0
[INFO] [stderr]   exit status: 0
[INFO] [stderr]   exit status: 0
[INFO] [stderr]   exit status: 0
[INFO] [stderr]   exit status: 0
[INFO] [stderr]   exit status: 0
[INFO] [stderr]   exit status: 0
[INFO] [stderr]   exit status: 0
[INFO] [stderr]   exit status: 0
[INFO] [stderr]   exit status: 0
[INFO] [stderr]   exit status: 0
[INFO] [stderr]   exit status: 0
[INFO] [stderr]   exit status: 0
[INFO] [stderr]   exit status: 0
[INFO] [stderr]   exit status: 0
[INFO] [stderr]   exit status: 0
[INFO] [stderr]   exit status: 0
[INFO] [stderr]   exit status: 0
[INFO] [stderr]   exit status: 0
[INFO] [stderr]   exit status: 0
[INFO] [stderr]   exit status: 0
[INFO] [stderr]   exit status: 0
[INFO] [stderr]   exit status: 0
[INFO] [stderr]   exit status: 0
[INFO] [stderr]   exit status: 0
[INFO] [stderr]   exit status: 0
[INFO] [stderr]   exit status: 0
[INFO] [stderr]   exit status: 0
[INFO] [stderr]   exit status: 0
[INFO] [stderr]   exit status: 0
[INFO] [stderr]   exit status: 0
[INFO] [stderr]   exit status: 0
[INFO] [stderr]   exit status: 0
[INFO] [stderr]   exit status: 0
[INFO] [stderr]   exit status: 0
[INFO] [stderr]   exit status: 0
[INFO] [stderr]   exit status: 0
[INFO] [stderr]   exit status: 0
[INFO] [stderr]   exit status: 0
[INFO] [stderr]   exit status: 0
[INFO] [stderr]   exit status: 0
[INFO] [stderr]   exit status: 0
[INFO] [stderr]   exit status: 0
[INFO] [stderr]   exit status: 0
[INFO] [stderr]   exit status: 0
[INFO] [stderr]   exit status: 0
[INFO] [stderr]   exit status: 0
[INFO] [stderr]   exit status: 0
[INFO] [stderr]   exit status: 0
[INFO] [stderr]   exit status: 0
[INFO] [stderr]   exit status: 0
[INFO] [stderr]   exit status: 0
[INFO] [stderr]   exit status: 0
[INFO] [stderr]   exit status: 0
[INFO] [stderr]   exit status: 0
[INFO] [stderr]   exit status: 0
[INFO] [stderr]   exit status: 0
[INFO] [stderr]   exit status: 0
[INFO] [stderr]   exit status: 0
[INFO] [stderr]   exit status: 0
[INFO] [stderr]   exit status: 0
[INFO] [stderr]   exit status: 0
[INFO] [stderr]   exit status: 0
[INFO] [stderr]   exit status: 0
[INFO] [stderr]   exit status: 0
[INFO] [stderr]   exit status: 0
[INFO] [stderr]   exit status: 0
[INFO] [stderr]   exit status: 0
[INFO] [stderr]   exit status: 0
[INFO] [stderr]   exit status: 0
[INFO] [stderr]   exit status: 0
[INFO] [stderr]   exit status: 0
[INFO] [stderr]   exit status: 0
[INFO] [stderr]   exit status: 0
[INFO] [stderr]   exit status: 0
[INFO] [stderr]   exit status: 0
[INFO] [stderr]   exit status: 0
[INFO] [stderr]   exit status: 0
[INFO] [stderr]   exit status: 0
[INFO] [stderr]   exit status: 0
[INFO] [stderr]   exit status: 0
[INFO] [stderr]   exit status: 0
[INFO] [stderr]   exit status: 0
[INFO] [stderr]   exit status: 0
[INFO] [stderr]   exit status: 0
[INFO] [stderr]   exit status: 0
[INFO] [stderr]   exit status: 0
[INFO] [stderr]   exit status: 0
[INFO] [stderr]   exit status: 0
[INFO] [stderr]   exit status: 0
[INFO] [stderr]   exit status: 0
[INFO] [stderr]   exit status: 0
[INFO] [stderr]   exit status: 0
[INFO] [stderr]   exit status: 0
[INFO] [stderr]   exit status: 0
[INFO] [stderr]   cargo:warning=In file included from /opt/rustwide/cargo-home/registry/src/index.crates.io-1949cf8c6b5b557f/aws-lc-sys-0.37.1/aws-lc/crypto/fipsmodule/bcm.c:42:
[INFO] [stderr]   cargo:warning=/opt/rustwide/cargo-home/registry/src/index.crates.io-1949cf8c6b5b557f/aws-lc-sys-0.37.1/aws-lc/crypto/fipsmodule/../internal.h: In function 'OPENSSL_memchr':
[INFO] [stderr]   cargo:warning=/opt/rustwide/cargo-home/registry/src/index.crates.io-1949cf8c6b5b557f/aws-lc-sys-0.37.1/aws-lc/crypto/fipsmodule/../internal.h:939:10: warning: return discards 'const' qualifier from pointer target type [-Wdiscarded-qualifiers]
[INFO] [stderr]   cargo:warning=  939 |   return memchr(s, c, n);
[INFO] [stderr]   cargo:warning=      |          ^~~~~~
[INFO] [stderr]   exit status: 0
[INFO] [stderr]   exit status: 0
[INFO] [stderr]   exit status: 0
[INFO] [stderr]   exit status: 0
[INFO] [stderr]   exit status: 0
[INFO] [stderr]   exit status: 0
[INFO] [stderr]   exit status: 0
[INFO] [stderr]   exit status: 0
[INFO] [stderr]   exit status: 0
[INFO] [stderr]   exit status: 0
[INFO] [stderr]   exit status: 0
[INFO] [stderr]   exit status: 0
[INFO] [stderr]   exit status: 0
[INFO] [stderr]   exit status: 0
[INFO] [stderr]   exit status: 0
[INFO] [stderr]   exit status: 0
[INFO] [stderr]   exit status: 0
[INFO] [stderr]   exit status: 0
[INFO] [stderr]   exit status: 0
[INFO] [stderr]   exit status: 0
[INFO] [stderr]   exit status: 0
[INFO] [stderr]   exit status: 0
[INFO] [stderr]   exit status: 0
[INFO] [stderr]   exit status: 0
[INFO] [stderr]   exit status: 0
[INFO] [stderr]   exit status: 0
[INFO] [stderr]   exit status: 0
[INFO] [stderr]   exit status: 0
[INFO] [stderr]   exit status: 0
[INFO] [stderr]   exit status: 0
[INFO] [stderr]   exit status: 0
[INFO] [stderr]   exit status: 0
[INFO] [stderr]   exit status: 0
[INFO] [stderr]   exit status: 0
[INFO] [stderr]   exit status: 0
[INFO] [stderr]   exit status: 0
[INFO] [stderr]   exit status: 0
[INFO] [stderr]   exit status: 0
[INFO] [stderr]   exit status: 0
[INFO] [stderr]   exit status: 0
[INFO] [stderr]   cargo:warning=In file included from /opt/rustwide/cargo-home/registry/src/index.crates.io-1949cf8c6b5b557f/aws-lc-sys-0.37.1/aws-lc/crypto/rand_extra/urandom.c:70:
[INFO] [stderr]   cargo:warning=/opt/rustwide/cargo-home/registry/src/index.crates.io-1949cf8c6b5b557f/aws-lc-sys-0.37.1/aws-lc/crypto/rand_extra/../internal.h: In function 'OPENSSL_memchr':
[INFO] [stderr]   cargo:warning=/opt/rustwide/cargo-home/registry/src/index.crates.io-1949cf8c6b5b557f/aws-lc-sys-0.37.1/aws-lc/crypto/rand_extra/../internal.h:939:10: warning: return discards 'const' qualifier from pointer target type [-Wdiscarded-qualifiers]
[INFO] [stderr]   cargo:warning=  939 |   return memchr(s, c, n);
[INFO] [stderr]   cargo:warning=      |          ^~~~~~
[INFO] [stderr]   exit status: 0
[INFO] [stderr]   exit status: 0
[INFO] [stderr]   exit status: 0
[INFO] [stderr]   exit status: 0
[INFO] [stderr]   exit status: 0
[INFO] [stderr]   exit status: 0
[INFO] [stderr]   exit status: 0
[INFO] [stderr]   exit status: 0
[INFO] [stderr]   exit status: 0
[INFO] [stderr]   exit status: 0
[INFO] [stderr]   exit status: 0
[INFO] [stderr]   exit status: 0
[INFO] [stderr]   exit status: 0
[INFO] [stderr]   exit status: 0
[INFO] [stderr]   exit status: 0
[INFO] [stderr]   exit status: 0
[INFO] [stderr]   cargo:warning=In file included from /opt/rustwide/cargo-home/registry/src/index.crates.io-1949cf8c6b5b557f/aws-lc-sys-0.37.1/aws-lc/crypto/ube/fork_ube_detect.c:44:
[INFO] [stderr]   cargo:warning=/opt/rustwide/cargo-home/registry/src/index.crates.io-1949cf8c6b5b557f/aws-lc-sys-0.37.1/aws-lc/crypto/ube/../internal.h: In function 'OPENSSL_memchr':
[INFO] [stderr]   cargo:warning=/opt/rustwide/cargo-home/registry/src/index.crates.io-1949cf8c6b5b557f/aws-lc-sys-0.37.1/aws-lc/crypto/ube/../internal.h:939:10: warning: return discards 'const' qualifier from pointer target type [-Wdiscarded-qualifiers]
[INFO] [stderr]   cargo:warning=  939 |   return memchr(s, c, n);
[INFO] [stderr]   cargo:warning=      |          ^~~~~~
[INFO] [stderr]   exit status: 0
[INFO] [stderr]   exit status: 0
[INFO] [stderr]   exit status: 0
[INFO] [stderr]   exit status: 0
[INFO] [stderr]   exit status: 0
[INFO] [stderr]   exit status: 0
[INFO] [stderr]   exit status: 0
[INFO] [stderr]   exit status: 0
[INFO] [stderr]   exit status: 0
[INFO] [stderr]   exit status: 0
[INFO] [stderr]   exit status: 0
[INFO] [stderr]   exit status: 0
[INFO] [stderr]   exit status: 0
[INFO] [stderr]   exit status: 0
[INFO] [stderr]   exit status: 0
[INFO] [stderr]   exit status: 0
[INFO] [stderr]   exit status: 0
[INFO] [stderr]   exit status: 0
[INFO] [stderr]   exit status: 0
[INFO] [stderr]   exit status: 0
[INFO] [stderr]   exit status: 0
[INFO] [stderr]   exit status: 0
[INFO] [stderr]   exit status: 0
[INFO] [stderr]   exit status: 0
[INFO] [stderr]   exit status: 0
[INFO] [stderr]   exit status: 0
[INFO] [stderr]   exit status: 0
[INFO] [stderr]   exit status: 0
[INFO] [stderr]   exit status: 0
[INFO] [stderr]   exit status: 0
[INFO] [stderr]   exit status: 0
[INFO] [stderr]   exit status: 0
[INFO] [stderr]   exit status: 0
[INFO] [stderr]   exit status: 0
[INFO] [stderr]   exit status: 0
[INFO] [stderr]   exit status: 0
[INFO] [stderr]   exit status: 0
[INFO] [stderr]   exit status: 0
[INFO] [stderr]   exit status: 0
[INFO] [stderr]   exit status: 0
[INFO] [stderr]   exit status: 0
[INFO] [stderr]   exit status: 0
[INFO] [stderr]   exit status: 0
[INFO] [stderr]   exit status: 0
[INFO] [stderr]   exit status: 0
[INFO] [stderr]   exit status: 0
[INFO] [stderr]   exit status: 0
[INFO] [stderr]   exit status: 0
[INFO] [stderr]   exit status: 0
[INFO] [stderr]   exit status: 0
[INFO] [stderr]   exit status: 0
[INFO] [stderr]   exit status: 0
[INFO] [stderr]   exit status: 0
[INFO] [stderr]   exit status: 0
[INFO] [stderr]   exit status: 0
[INFO] [stderr]   exit status: 0
[INFO] [stderr]   exit status: 0
[INFO] [stderr]   exit status: 0
[INFO] [stderr]   exit status: 0
[INFO] [stderr]   exit status: 0
[INFO] [stderr]   exit status: 0
[INFO] [stderr]   exit status: 0
[INFO] [stderr]   exit status: 0
[INFO] [stderr]   exit status: 0
[INFO] [stderr]   cargo:warning=cc: fatal error: Killed signal terminated program cc1
[INFO] [stderr]   cargo:warning=compilation terminated.
[INFO] [stderr]   exit status: 0
[INFO] [stderr]   exit status: 0
[INFO] [stderr]   exit status: 1
[INFO] [stderr]   cargo:warning=ToolExecError: command did not execute successfully (status code exit status: 1): LC_ALL="C" "cc" "-O0" "-ffunction-sections" "-fdata-sections" "-fPIC" "-g" "-gdwarf-4" "-fno-omit-frame-pointer" "-m64" "-std=c11" "-I" "/opt/rustwide/cargo-home/registry/src/index.crates.io-1949cf8c6b5b557f/aws-lc-sys-0.37.1/generated-include" "-I" "/opt/rustwide/cargo-home/registry/src/index.crates.io-1949cf8c6b5b557f/aws-lc-sys-0.37.1/include" "-I" "/opt/rustwide/cargo-home/registry/src/index.crates.io-1949cf8c6b5b557f/aws-lc-sys-0.37.1/aws-lc/include" "-I" "/opt/rustwide/cargo-home/registry/src/index.crates.io-1949cf8c6b5b557f/aws-lc-sys-0.37.1/aws-lc/third_party/s2n-bignum/include" "-I" "/opt/rustwide/cargo-home/registry/src/index.crates.io-1949cf8c6b5b557f/aws-lc-sys-0.37.1/aws-lc/third_party/s2n-bignum/s2n-bignum-imported/include" "-I" "/opt/rustwide/cargo-home/registry/src/index.crates.io-1949cf8c6b5b557f/aws-lc-sys-0.37.1/aws-lc/third_party/jitterentropy/jitterentropy-library" "-Wall" "-Wextra" "-Wno-unused-parameter" "-pthread" "-D_XOPEN_SOURCE=700" "-DBORINGSSL_IMPLEMENTATION=1" "-DBORINGSSL_PREFIX=aws_lc_0_37_1" "-DAWS_LC_STDALIGN_AVAILABLE=1" "-DAWS_LC_BUILTIN_SWAP_SUPPORTED=1" "-DHAVE_LINUX_RANDOM_H=1" "-o" "/opt/rustwide/target/debug/build/aws-lc-sys/4171d1de2a269c77/out/f8e4fd781484bd36-bcm.o" "-c" "/opt/rustwide/cargo-home/registry/src/index.crates.io-1949cf8c6b5b557f/aws-lc-sys-0.37.1/aws-lc/crypto/fipsmodule/bcm.c"
[INFO] [stderr]   exit status: 0
[INFO] [stderr]   exit status: 0
[INFO] [stderr]   exit status: 0
[INFO] [stderr]   exit status: 0
[INFO] [stderr]   exit status: 0
[INFO] [stderr]   exit status: 0
[INFO] [stderr]   exit status: 0
[INFO] [stderr]   exit status: 0
[INFO] [stderr]   exit status: 0
[INFO] [stderr]   exit status: 0
[INFO] [stderr]   exit status: 0
[INFO] [stderr]   exit status: 0
[INFO] [stderr]   exit status: 0
[INFO] [stderr]   exit status: 0
[INFO] [stderr]   exit status: 0
[INFO] [stderr]   exit status: 0
[INFO] [stderr]   exit status: 0
[INFO] [stderr]   exit status: 0
[INFO] [stderr]   exit status: 0
[INFO] [stderr]   exit status: 0
[INFO] [stderr]   exit status: 0
[INFO] [stderr]   exit status: 0
[INFO] [stderr]   exit status: 0
[INFO] [stderr]   exit status: 0
[INFO] [stderr]   exit status: 0
[INFO] [stderr]   exit status: 0
[INFO] [stderr]   exit status: 0
[INFO] [stderr]   exit status: 0
[INFO] [stderr]   exit status: 0
[INFO] [stderr]   exit status: 0
[INFO] [stderr]   exit status: 0
[INFO] [stderr]   exit status: 0
[INFO] [stderr]   exit status: 0
[INFO] [stderr]   exit status: 0
[INFO] [stderr]   exit status: 0
[INFO] [stderr]   exit status: 0
[INFO] [stderr]   exit status: 0
[INFO] [stderr]   exit status: 0
[INFO] [stderr]   exit status: 0
[INFO] [stderr]   exit status: 0
[INFO] [stderr]   exit status: 0
[INFO] [stderr]   exit status: 0
[INFO] [stderr]   exit status: 0
[INFO] [stderr]   exit status: 0
[INFO] [stderr]   exit status: 0
[INFO] [stderr]   exit status: 0
[INFO] [stderr]   exit status: 0
[INFO] [stderr]   exit status: 0
[INFO] [stderr]   exit status: 0
[INFO] [stderr]   exit status: 0
[INFO] [stderr]   exit status: 0
[INFO] [stderr]   exit status: 0
[INFO] [stderr]   exit status: 0
[INFO] [stderr]   exit status: 0
[INFO] [stderr]   exit status: 0
[INFO] [stderr]   exit status: 0
[INFO] [stderr]   exit status: 0
[INFO] [stderr]   exit status: 0
[INFO] [stderr] 
[INFO] [stderr]   --- stderr
[INFO] [stderr] 
[INFO] [stderr] 
[INFO] [stderr]   error occurred in cc-rs: command did not execute successfully (status code exit status: 1): LC_ALL="C" "cc" "-O0" "-ffunction-sections" "-fdata-sections" "-fPIC" "-g" "-gdwarf-4" "-fno-omit-frame-pointer" "-m64" "-std=c11" "-I" "/opt/rustwide/cargo-home/registry/src/index.crates.io-1949cf8c6b5b557f/aws-lc-sys-0.37.1/generated-include" "-I" "/opt/rustwide/cargo-home/registry/src/index.crates.io-1949cf8c6b5b557f/aws-lc-sys-0.37.1/include" "-I" "/opt/rustwide/cargo-home/registry/src/index.crates.io-1949cf8c6b5b557f/aws-lc-sys-0.37.1/aws-lc/include" "-I" "/opt/rustwide/cargo-home/registry/src/index.crates.io-1949cf8c6b5b557f/aws-lc-sys-0.37.1/aws-lc/third_party/s2n-bignum/include" "-I" "/opt/rustwide/cargo-home/registry/src/index.crates.io-1949cf8c6b5b557f/aws-lc-sys-0.37.1/aws-lc/third_party/s2n-bignum/s2n-bignum-imported/include" "-I" "/opt/rustwide/cargo-home/registry/src/index.crates.io-1949cf8c6b5b557f/aws-lc-sys-0.37.1/aws-lc/third_party/jitterentropy/jitterentropy-library" "-Wall" "-Wextra" "-Wno-unused-parameter" "-pthread" "-D_XOPEN_SOURCE=700" "-DBORINGSSL_IMPLEMENTATION=1" "-DBORINGSSL_PREFIX=aws_lc_0_37_1" "-DAWS_LC_STDALIGN_AVAILABLE=1" "-DAWS_LC_BUILTIN_SWAP_SUPPORTED=1" "-DHAVE_LINUX_RANDOM_H=1" "-o" "/opt/rustwide/target/debug/build/aws-lc-sys/4171d1de2a269c77/out/f8e4fd781484bd36-bcm.o" "-c" "/opt/rustwide/cargo-home/registry/src/index.crates.io-1949cf8c6b5b557f/aws-lc-sys-0.37.1/aws-lc/crypto/fipsmodule/bcm.c"
[INFO] [stderr] 
[INFO] [stderr] 
[INFO] running `Command { std: "docker" "inspect" "6c5a60078b5f84594cc0a9525015299c33fb329221e1180905ec3b48b66776eb", kill_on_drop: false }`
[INFO] running `Command { std: "docker" "rm" "-f" "6c5a60078b5f84594cc0a9525015299c33fb329221e1180905ec3b48b66776eb", kill_on_drop: false }`
[INFO] [stdout] 6c5a60078b5f84594cc0a9525015299c33fb329221e1180905ec3b48b66776eb
