[INFO] cloning repository https://github.com/ChronoCoders/primora
[INFO] running `Command { std: "git" "-c" "credential.helper=" "-c" "credential.helper=/workspace/cargo-home/bin/git-credential-null" "clone" "--bare" "https://github.com/ChronoCoders/primora" "/workspace/cache/git-repos/https%3A%2F%2Fgithub.com%2FChronoCoders%2Fprimora", kill_on_drop: false }`
[INFO] [stderr] Cloning into bare repository '/workspace/cache/git-repos/https%3A%2F%2Fgithub.com%2FChronoCoders%2Fprimora'...
[INFO] running `Command { std: "git" "rev-parse" "HEAD", kill_on_drop: false }`
[INFO] [stdout] 13e61742b0f9ebb922d2ad4192e9583eaa6a6a7b
[INFO] checking ChronoCoders/primora against 8006091eb71ae7d9e9bccb66c6122c9d68af4466 for pr-129249-3
[INFO] running `Command { std: "git" "clone" "/workspace/cache/git-repos/https%3A%2F%2Fgithub.com%2FChronoCoders%2Fprimora" "/workspace/builds/worker-4-tc1/source", kill_on_drop: false }`
[INFO] [stderr] Cloning into '/workspace/builds/worker-4-tc1/source'...
[INFO] [stderr] done.
[INFO] started tweaking git repo https://github.com/ChronoCoders/primora
[INFO] finished tweaking git repo https://github.com/ChronoCoders/primora
[INFO] tweaked toml for git repo https://github.com/ChronoCoders/primora written to /workspace/builds/worker-4-tc1/source/Cargo.toml
[INFO] validating manifest of git repo https://github.com/ChronoCoders/primora on toolchain 8006091eb71ae7d9e9bccb66c6122c9d68af4466
[INFO] running `Command { std: CARGO_HOME="/workspace/cargo-home" RUSTUP_HOME="/workspace/rustup-home" "/workspace/cargo-home/bin/cargo" "+8006091eb71ae7d9e9bccb66c6122c9d68af4466" "metadata" "--manifest-path" "Cargo.toml" "--no-deps", kill_on_drop: false }`
[INFO] crate git repo https://github.com/ChronoCoders/primora already has a lockfile, it will not be regenerated
[INFO] running `Command { std: CARGO_HOME="/workspace/cargo-home" RUSTUP_HOME="/workspace/rustup-home" "/workspace/cargo-home/bin/cargo" "+8006091eb71ae7d9e9bccb66c6122c9d68af4466" "fetch" "--manifest-path" "Cargo.toml", kill_on_drop: false }`
[INFO] [stderr] warning: unused workspace dependency `once_cell`
[INFO] [stderr]  --> Cargo.toml:7:1
[INFO] [stderr]   |
[INFO] [stderr] 7 | once_cell = "1"
[INFO] [stderr]   | ^^^^^^^^^
[INFO] [stderr]   |
[INFO] [stderr]   = note: `cargo::unused_workspace_dependencies` is set to `warn` by default
[INFO] [stderr] help: consider removing the workspace dependency `once_cell`
[INFO] [stderr] warning: unused workspace dependency `tower`
[INFO] [stderr]   --> Cargo.toml:13:1
[INFO] [stderr]    |
[INFO] [stderr] 13 | tower = "0.4"
[INFO] [stderr]    | ^^^^^
[INFO] [stderr]    |
[INFO] [stderr] help: consider removing the workspace dependency `tower`
[INFO] [stderr] warning: workspace (manifest) generated 2 warnings
[INFO] [stderr]     Updating crates.io index
[INFO] [stderr]  Downloading crates ...
[INFO] [stderr]   Downloaded libredox v0.1.17
[INFO] [stderr]   Downloaded alloy v2.1.0
[INFO] [stderr]   Downloaded alloy-transport-http v2.1.0
[INFO] [stderr]   Downloaded redox_syscall v0.8.1
[INFO] [stderr]   Downloaded rustls v0.23.41
[INFO] [stderr]   Downloaded alloy-transport v2.1.0
[INFO] [stderr]   Downloaded alloy-json-rpc v2.1.0
[INFO] [stderr]   Downloaded alloy-signer-local v2.1.0
[INFO] [stderr]   Downloaded alloy-network v2.1.0
[INFO] [stderr]   Downloaded alloy-signer v2.1.0
[INFO] [stderr]   Downloaded alloy-serde v2.1.0
[INFO] [stderr]   Downloaded alloy-rpc-types-eth v2.1.0
[INFO] [stderr]   Downloaded alloy-network-primitives v2.1.0
[INFO] [stderr]   Downloaded alloy-eip7928 v0.4.4
[INFO] [stderr]   Downloaded alloy-eips v2.1.0
[INFO] [stderr]   Downloaded alloy-tx-macros v2.1.0
[INFO] [stderr]   Downloaded alloy-consensus-any v2.1.0
[INFO] [stderr]   Downloaded alloy-rpc-types-any v2.1.0
[INFO] [stderr]   Downloaded alloy-rpc-client v2.1.0
[INFO] [stderr]   Downloaded alloy-consensus v2.1.0
[INFO] [stderr]   Downloaded alloy-rpc-types v2.1.0
[INFO] [stderr]   Downloaded alloy-provider v2.1.0
[INFO] [stderr]   Downloaded alloy-genesis v2.1.0
[INFO] [stderr]   Downloaded alloy-contract v2.1.0
[INFO] [stderr]   Downloaded tonic-build v0.12.3
[INFO] [stderr]   Downloaded prost-types v0.13.5
[INFO] [stderr]   Downloaded prost v0.13.5
[INFO] [stderr]   Downloaded prost-derive v0.13.5
[INFO] [stderr]   Downloaded prost-build v0.13.5
[INFO] [stderr]   Downloaded tonic v0.12.3
[INFO] [stderr]   Downloaded sha1_smol v1.0.1
[INFO] [stderr]   Downloaded native-tls v0.2.18
[INFO] [stderr]   Downloaded openssl-sys v0.9.117
[INFO] [stderr]   Downloaded openssl v0.10.81
[INFO] [stderr]   Downloaded protobuf v2.28.0
[INFO] [stderr]   Downloaded procfs v0.16.0
[INFO] [stderr]   Downloaded redis v0.25.5
[INFO] [stderr]   Downloaded procfs-core v0.16.0
[INFO] [stderr]   Downloaded prometheus v0.13.4
[INFO] [stderr]   Downloaded randomx-rs v1.4.1
[INFO] running `Command { std: "docker" "create" "-v" "/var/lib/crater-agent-workspace/builds/worker-4-tc1/source:/opt/rustwide/workdir:ro,Z" "-v" "/var/lib/crater-agent-workspace/builds/worker-4-tc1/target:/opt/rustwide/target:rw,Z" "-v" "/var/lib/crater-agent-workspace/cargo-home:/opt/rustwide/cargo-home:ro,Z" "-v" "/var/lib/crater-agent-workspace/rustup-home:/opt/rustwide/rustup-home:ro,Z" "-m" "1610612736" "--network" "none" "ghcr.io/rust-lang/crates-build-env/linux@sha256:77db811e55d90add9212f6832c23229e3de5f1c1f9905e8cb07319ea15df73ac" "sleep" "infinity", kill_on_drop: false }`
[INFO] [stdout] a54c173dc57038cae3153dac318ae813e61fef17410e98392773202bf6a96336
[INFO] running `Command { std: "docker" "start" "a54c173dc57038cae3153dac318ae813e61fef17410e98392773202bf6a96336", kill_on_drop: false }`
[INFO] running `Command { std: "docker" "inspect" "a54c173dc57038cae3153dac318ae813e61fef17410e98392773202bf6a96336", kill_on_drop: false }`
[INFO] running `Command { std: "docker" "exec" "-e" "SOURCE_DIR=/opt/rustwide/workdir" "-e" "CARGO_HOME=/opt/rustwide/cargo-home" "-e" "RUSTUP_HOME=/opt/rustwide/rustup-home" "-e" "CARGO_TARGET_DIR=/opt/rustwide/target" "-w" "/opt/rustwide/workdir" "--user" "0:0" "a54c173dc57038cae3153dac318ae813e61fef17410e98392773202bf6a96336" "/opt/rustwide/cargo-home/bin/cargo" "+8006091eb71ae7d9e9bccb66c6122c9d68af4466" "metadata" "--no-deps" "--format-version=1", kill_on_drop: false }`
[INFO] running `Command { std: "docker" "inspect" "a54c173dc57038cae3153dac318ae813e61fef17410e98392773202bf6a96336", kill_on_drop: false }`
[INFO] running `Command { std: "docker" "exec" "-e" "SOURCE_DIR=/opt/rustwide/workdir" "-e" "CARGO_HOME=/opt/rustwide/cargo-home" "-e" "RUSTUP_HOME=/opt/rustwide/rustup-home" "-e" "CARGO_TARGET_DIR=/opt/rustwide/target" "-e" "CARGO_INCREMENTAL=0" "-e" "RUST_BACKTRACE=full" "-e" "RUSTFLAGS=--cap-lints=forbid" "-e" "RUSTDOCFLAGS=--cap-lints=forbid" "-w" "/opt/rustwide/workdir" "--user" "0:0" "a54c173dc57038cae3153dac318ae813e61fef17410e98392773202bf6a96336" "/opt/rustwide/cargo-home/bin/cargo" "+8006091eb71ae7d9e9bccb66c6122c9d68af4466" "check" "--frozen" "--all" "--all-targets" "--message-format=json", kill_on_drop: false }`
[INFO] [stderr] warning: unused workspace dependency `once_cell`
[INFO] [stderr]  --> Cargo.toml:7:1
[INFO] [stderr]   |
[INFO] [stderr] 7 | once_cell = "1"
[INFO] [stderr]   | ^^^^^^^^^
[INFO] [stderr]   |
[INFO] [stderr]   = note: `cargo::unused_workspace_dependencies` is set to `warn` by default
[INFO] [stderr] help: consider removing the workspace dependency `once_cell`
[INFO] [stderr] warning: unused workspace dependency `tower`
[INFO] [stderr]   --> Cargo.toml:13:1
[INFO] [stderr]    |
[INFO] [stderr] 13 | tower = "0.4"
[INFO] [stderr]    | ^^^^^
[INFO] [stderr]    |
[INFO] [stderr] help: consider removing the workspace dependency `tower`
[INFO] [stderr] warning: workspace (manifest) generated 2 warnings
[INFO] [stderr]    Compiling quote v1.0.46
[INFO] [stderr]    Compiling libc v0.2.186
[INFO] [stderr]     Checking typenum v1.20.1
[INFO] [stderr]     Checking subtle v2.6.1
[INFO] [stderr]     Checking foldhash v0.2.0
[INFO] [stderr]     Checking const-oid v0.9.6
[INFO] [stderr]    Compiling generic-array v0.14.9
[INFO] [stderr]    Compiling unicode-segmentation v1.13.3
[INFO] [stderr]    Compiling ruint-macro v1.2.1
[INFO] [stderr]     Checking cpufeatures v0.2.17
[INFO] [stderr]     Checking base16ct v0.2.0
[INFO] [stderr]     Checking arrayvec v0.7.7
[INFO] [stderr]     Checking keccak v0.2.0
[INFO] [stderr]     Checking rustc-hash v2.1.2
[INFO] [stderr]     Checking memchr v2.8.2
[INFO] [stderr]    Compiling serde_json v1.0.150
[INFO] [stderr]    Compiling autocfg v1.5.1
[INFO] [stderr]     Checking const-hex v1.19.1
[INFO] [stderr]     Checking futures-sink v0.3.32
[INFO] [stderr]     Checking hashbrown v0.17.1
[INFO] [stderr]     Checking zmij v1.0.21
[INFO] [stderr]    Compiling itoa v1.0.18
[INFO] [stderr]     Checking der v0.7.10
[INFO] [stderr]     Checking futures-channel v0.3.32
[INFO] [stderr]     Checking iana-time-zone v0.1.65
[INFO] [stderr]    Compiling syn v2.0.118
[INFO] [stderr]     Checking bitflags v2.13.0
[INFO] [stderr]    Compiling zerocopy v0.8.52
[INFO] [stderr]     Checking crc-catalog v2.5.0
[INFO] [stderr]     Checking rustls-pki-types v1.14.1
[INFO] [stderr]    Compiling num-traits v0.2.19
[INFO] [stderr]     Checking crc v3.4.0
[INFO] [stderr]    Compiling convert_case v0.10.0
[INFO] [stderr]    Compiling getrandom v0.4.3
[INFO] [stderr]     Checking sync_wrapper v1.0.2
[INFO] [stderr]     Checking ipnet v2.12.0
[INFO] [stderr]    Compiling crossbeam-utils v0.8.21
[INFO] [stderr]    Compiling indexmap v2.14.0
[INFO] [stderr]    Compiling once_cell v1.21.4
[INFO] [stderr]    Compiling ruint v1.18.0
[INFO] [stderr]    Compiling jobserver v0.1.34
[INFO] [stderr]    Compiling winnow v1.0.3
[INFO] [stderr]    Compiling log v0.4.33
[INFO] [stderr]     Checking getrandom v0.2.17
[INFO] [stderr]    Compiling cc v1.2.65
[INFO] [stderr]     Checking mio v1.2.1
[INFO] [stderr]     Checking socket2 v0.6.4
[INFO] [stderr]    Compiling hybrid-array v0.4.12
[INFO] [stderr]     Checking rand_core v0.6.4
[INFO] [stderr]     Checking spki v0.7.3
[INFO] [stderr]    Compiling proc-macro-error-attr2 v2.0.0
[INFO] [stderr]     Checking ff v0.13.1
[INFO] [stderr]    Compiling aws-lc-rs v1.17.0
[INFO] [stderr]     Checking group v0.13.0
[INFO] [stderr]    Compiling rustls v0.23.41
[INFO] [stderr]    Compiling litemap v0.8.2
[INFO] [stderr]    Compiling writeable v0.6.3
[INFO] [stderr]    Compiling pin-project-lite v0.2.17
[INFO] [stderr]     Checking socket2 v0.5.10
[INFO] [stderr]    Compiling icu_normalizer_data v2.2.0
[INFO] [stderr]    Compiling icu_properties_data v2.2.0
[INFO] [stderr]    Compiling anyhow v1.0.102
[INFO] [stderr]    Compiling pkg-config v0.3.33
[INFO] [stderr]     Checking futures-utils-wasm v0.1.0
[INFO] [stderr]    Compiling vcpkg v0.2.15
[INFO] [stderr]     Checking rustls-native-certs v0.8.4
[INFO] [stderr]    Compiling crypto-common v0.2.2
[INFO] [stderr]    Compiling block-buffer v0.12.1
[INFO] [stderr]     Checking block-buffer v0.10.4
[INFO] [stderr]     Checking crypto-common v0.1.6
[INFO] [stderr]     Checking crypto-bigint v0.5.5
[INFO] [stderr]     Checking sec1 v0.7.3
[INFO] [stderr]     Checking digest v0.10.7
[INFO] [stderr]    Compiling cmake v0.1.58
[INFO] [stderr]    Compiling tinyvec v1.11.0
[INFO] [stderr]    Compiling concurrent-queue v2.5.0
[INFO] [stderr]    Compiling tracing-core v0.1.36
[INFO] [stderr]     Checking hmac v0.12.1
[INFO] [stderr]     Checking sha2 v0.10.9
[INFO] [stderr]     Checking rfc6979 v0.4.0
[INFO] [stderr]     Checking signature v2.2.0
[INFO] [stderr]    Compiling futures-util v0.3.32
[INFO] [stderr]    Compiling ring v0.17.14
[INFO] [stderr]    Compiling openssl-sys v0.9.117
[INFO] [stderr]    Compiling unicode-normalization v0.1.25
[INFO] [stderr]    Compiling aws-lc-sys v0.41.0
[INFO] [stderr]     Checking digest v0.11.3
[INFO] [stderr]    Compiling event-listener v5.4.1
[INFO] [stderr]     Checking uuid v1.23.3
[INFO] [stderr]    Compiling crossbeam-queue v0.3.12
[INFO] [stderr]    Compiling unicode-properties v0.1.4
[INFO] [stderr]    Compiling unicode-bidi v0.3.18
[INFO] [stderr]    Compiling chrono v0.4.45
[INFO] [stderr]     Checking sha3 v0.11.0
[INFO] [stderr]    Compiling atoi v2.0.0
[INFO] [stderr]    Compiling hkdf v0.12.4
[INFO] [stderr]    Compiling md-5 v0.10.6
[INFO] [stderr]     Checking hashbrown v0.16.1
[INFO] [stderr]    Compiling home v0.5.12
[INFO] [stderr]    Compiling openssl v0.10.81
[INFO] [stderr]    Compiling whoami v1.6.1
[INFO] [stderr]     Checking elliptic-curve v0.13.8
[INFO] [stderr]    Compiling stringprep v0.1.5
[INFO] [stderr]    Compiling rustix v1.1.4
[INFO] [stderr]     Checking hashbrown v0.14.5
[INFO] [stderr]     Checking foreign-types-shared v0.1.1
[INFO] [stderr]     Checking foreign-types v0.3.2
[INFO] [stderr]     Checking hashlink v0.10.0
[INFO] [stderr]     Checking ecdsa v0.16.9
[INFO] [stderr]    Compiling linux-raw-sys v0.12.1
[INFO] [stderr]    Compiling native-tls v0.2.18
[INFO] [stderr]     Checking lru v0.16.4
[INFO] [stderr]    Compiling regex-syntax v0.8.11
[INFO] [stderr]    Compiling prettyplease v0.2.37
[INFO] [stderr]    Compiling fastrand v2.4.1
[INFO] [stderr]    Compiling fixedbitset v0.5.7
[INFO] [stderr]     Checking sha1_smol v1.0.1
[INFO] [stderr]    Compiling multimap v0.10.1
[INFO] [stderr]     Checking k256 v0.13.4
[INFO] [stderr]    Compiling indexmap v1.9.3
[INFO] [stderr]     Checking hashbrown v0.12.3
[INFO] [stderr]     Checking regex-automata v0.4.14
[INFO] [stderr]    Compiling petgraph v0.7.1
[INFO] [stderr]     Checking serde_path_to_error v0.1.20
[INFO] [stderr]     Checking rustls-pemfile v2.2.0
[INFO] [stderr]    Compiling randomx-rs v1.4.1
[INFO] [stderr]    Compiling rustix v0.38.44
[INFO] [stderr]    Compiling protobuf v2.28.0
[INFO] [stderr]    Compiling procfs v0.16.0
[INFO] [stderr]     Checking procfs-core v0.16.0
[INFO] [stderr]    Compiling prometheus v0.13.4
[INFO] [stderr]     Checking integration-tests v0.1.0 (/opt/rustwide/workdir/crates/integration-tests)
[INFO] [stderr]     Checking clap_builder v4.6.0
[INFO] [stderr]    Compiling synstructure v0.13.2
[INFO] [stderr] error: could not compile `syn` (lib)
[INFO] [stderr] 
[INFO] [stderr] Caused by:
[INFO] [stderr]   process didn't exit successfully: `/opt/rustwide/rustup-home/toolchains/8006091eb71ae7d9e9bccb66c6122c9d68af4466/bin/rustc --crate-name syn --edition=2021 /opt/rustwide/cargo-home/registry/src/index.crates.io-1949cf8c6b5b557f/syn-2.0.118/src/lib.rs --error-format=json --json=diagnostic-rendered-ansi,artifacts,future-incompat,unused-externs-silent --crate-type lib --emit=dep-info,metadata,link -Z embed-metadata=no -C embed-bitcode=no --cfg 'feature="clone-impls"' --cfg 'feature="default"' --cfg 'feature="derive"' --cfg 'feature="extra-traits"' --cfg 'feature="fold"' --cfg 'feature="full"' --cfg 'feature="parsing"' --cfg 'feature="printing"' --cfg 'feature="proc-macro"' --cfg 'feature="visit"' --cfg 'feature="visit-mut"' --check-cfg 'cfg(docsrs,test)' --check-cfg 'cfg(feature, values("clone-impls", "default", "derive", "extra-traits", "fold", "full", "parsing", "printing", "proc-macro", "test", "visit", "visit-mut"))' -C metadata=eb49bd5d46bf93de -C extra-filename=-96e082687b56cdd9 --out-dir /opt/rustwide/target/debug/build/syn/96e082687b56cdd9/out -L dependency=/opt/rustwide/target/debug/build/proc-macro2/d4cb564e807a9cd7/out -L dependency=/opt/rustwide/target/debug/build/unicode-ident/8c98a1a0e58216a9/out --extern proc_macro2=/opt/rustwide/target/debug/build/proc-macro2/d4cb564e807a9cd7/out/libproc_macro2-d4cb564e807a9cd7.rmeta --extern quote=/opt/rustwide/target/debug/build/quote/12a774c18bdf157c/out/libquote-12a774c18bdf157c.rmeta --extern unicode_ident=/opt/rustwide/target/debug/build/unicode-ident/8c98a1a0e58216a9/out/libunicode_ident-8c98a1a0e58216a9.rmeta --cap-lints allow --cap-lints=forbid --force-warn=unused_crate_dependencies` (signal: 9, SIGKILL: kill)
[INFO] [stderr] warning: build failed, waiting for other jobs to finish...
[INFO] [stderr] error: could not compile `zerocopy` (lib)
[INFO] [stderr] 
[INFO] [stderr] Caused by:
[INFO] [stderr]   process didn't exit successfully: `/opt/rustwide/rustup-home/toolchains/8006091eb71ae7d9e9bccb66c6122c9d68af4466/bin/rustc --crate-name zerocopy --edition=2021 /opt/rustwide/cargo-home/registry/src/index.crates.io-1949cf8c6b5b557f/zerocopy-0.8.52/src/lib.rs --error-format=json --json=diagnostic-rendered-ansi,artifacts,future-incompat,unused-externs-silent --crate-type lib --emit=dep-info,metadata -C embed-bitcode=no -C debuginfo=2 --cfg 'feature="simd"' --check-cfg 'cfg(docsrs,test)' --check-cfg 'cfg(feature, values("__internal_use_only_features_that_work_on_stable", "alloc", "derive", "float-nightly", "simd", "simd-nightly", "std", "zerocopy-derive"))' -C metadata=98680f680b919d83 -C extra-filename=-5e0ed4f629363321 --out-dir /opt/rustwide/target/debug/build/zerocopy/5e0ed4f629363321/out --cap-lints allow --cap-lints=forbid --force-warn=unused_crate_dependencies --check-cfg 'cfg(no_zerocopy_simd_x86_avx12_1_89_0)' --check-cfg 'cfg(rust, values("1.89.0"))' --check-cfg 'cfg(no_zerocopy_core_error_1_81_0)' --check-cfg 'cfg(rust, values("1.81.0"))' --check-cfg 'cfg(no_zerocopy_diagnostic_on_unimplemented_1_78_0)' --check-cfg 'cfg(rust, values("1.78.0"))' --check-cfg 'cfg(no_zerocopy_generic_bounds_in_const_fn_1_61_0)' --check-cfg 'cfg(rust, values("1.61.0"))' --check-cfg 'cfg(no_zerocopy_target_has_atomics_1_60_0)' --check-cfg 'cfg(rust, values("1.60.0"))' --check-cfg 'cfg(no_zerocopy_aarch64_simd_1_59_0)' --check-cfg 'cfg(rust, values("1.59.0"))' --check-cfg 'cfg(no_zerocopy_aarch64_simd_be_1_87_0)' --check-cfg 'cfg(rust, values("1.87.0"))' --check-cfg 'cfg(no_zerocopy_panic_in_const_and_vec_try_reserve_1_57_0)' --check-cfg 'cfg(rust, values("1.57.0"))' --check-cfg 'cfg(doc_cfg)' --check-cfg 'cfg(kani)' --check-cfg 'cfg(__ZEROCOPY_INTERNAL_USE_ONLY_NIGHTLY_FEATURES_IN_TESTS)' --check-cfg 'cfg(__ZEROCOPY_INTERNAL_USE_ONLY_DEV_MODE)' --check-cfg 'cfg(coverage_nightly)' --check-cfg 'cfg(zerocopy_inline_always)' --check-cfg 'cfg(zerocopy_unstable_ptr)' --check-cfg 'cfg(zerocopy_unstable_linux)' --check-cfg 'cfg(no_fp_fmt_parse)'` (signal: 9, SIGKILL: kill)
[INFO] [stderr] error: could not compile `zerocopy` (lib)
[INFO] [stderr] 
[INFO] [stderr] Caused by:
[INFO] [stderr]   process didn't exit successfully: `/opt/rustwide/rustup-home/toolchains/8006091eb71ae7d9e9bccb66c6122c9d68af4466/bin/rustc --crate-name zerocopy --edition=2021 /opt/rustwide/cargo-home/registry/src/index.crates.io-1949cf8c6b5b557f/zerocopy-0.8.52/src/lib.rs --error-format=json --json=diagnostic-rendered-ansi,artifacts,future-incompat,unused-externs-silent --crate-type lib --emit=dep-info,metadata,link -Z embed-metadata=no -C embed-bitcode=no --cfg 'feature="simd"' --check-cfg 'cfg(docsrs,test)' --check-cfg 'cfg(feature, values("__internal_use_only_features_that_work_on_stable", "alloc", "derive", "float-nightly", "simd", "simd-nightly", "std", "zerocopy-derive"))' -C metadata=8fbd1ecce43cf0f1 -C extra-filename=-a24e0378a640e7a7 --out-dir /opt/rustwide/target/debug/build/zerocopy/a24e0378a640e7a7/out --cap-lints allow --cap-lints=forbid --force-warn=unused_crate_dependencies --check-cfg 'cfg(no_zerocopy_simd_x86_avx12_1_89_0)' --check-cfg 'cfg(rust, values("1.89.0"))' --check-cfg 'cfg(no_zerocopy_core_error_1_81_0)' --check-cfg 'cfg(rust, values("1.81.0"))' --check-cfg 'cfg(no_zerocopy_diagnostic_on_unimplemented_1_78_0)' --check-cfg 'cfg(rust, values("1.78.0"))' --check-cfg 'cfg(no_zerocopy_generic_bounds_in_const_fn_1_61_0)' --check-cfg 'cfg(rust, values("1.61.0"))' --check-cfg 'cfg(no_zerocopy_target_has_atomics_1_60_0)' --check-cfg 'cfg(rust, values("1.60.0"))' --check-cfg 'cfg(no_zerocopy_aarch64_simd_1_59_0)' --check-cfg 'cfg(rust, values("1.59.0"))' --check-cfg 'cfg(no_zerocopy_aarch64_simd_be_1_87_0)' --check-cfg 'cfg(rust, values("1.87.0"))' --check-cfg 'cfg(no_zerocopy_panic_in_const_and_vec_try_reserve_1_57_0)' --check-cfg 'cfg(rust, values("1.57.0"))' --check-cfg 'cfg(doc_cfg)' --check-cfg 'cfg(kani)' --check-cfg 'cfg(__ZEROCOPY_INTERNAL_USE_ONLY_NIGHTLY_FEATURES_IN_TESTS)' --check-cfg 'cfg(__ZEROCOPY_INTERNAL_USE_ONLY_DEV_MODE)' --check-cfg 'cfg(coverage_nightly)' --check-cfg 'cfg(zerocopy_inline_always)' --check-cfg 'cfg(zerocopy_unstable_ptr)' --check-cfg 'cfg(zerocopy_unstable_linux)' --check-cfg 'cfg(no_fp_fmt_parse)'` (signal: 9, SIGKILL: kill)
[INFO] [stderr] error: failed to run custom build command for `randomx-rs v1.4.1`
[INFO] [stderr] note: To improve backtraces for build dependencies, set the CARGO_PROFILE_DEV_BUILD_OVERRIDE_DEBUG=true environment variable to enable debug information generation.
[INFO] [stderr] 
[INFO] [stderr] Caused by:
[INFO] [stderr]   process didn't exit successfully: `/opt/rustwide/target/debug/build/randomx-rs/6813a4ae6f637db3/out/build_script_build` (exit status: 101)
[INFO] [stderr]   --- stdout
[INFO] [stderr]   CMAKE_TOOLCHAIN_FILE_x86_64-unknown-linux-gnu = None
[INFO] [stderr]   CMAKE_TOOLCHAIN_FILE_x86_64_unknown_linux_gnu = None
[INFO] [stderr]   HOST_CMAKE_TOOLCHAIN_FILE = None
[INFO] [stderr]   CMAKE_TOOLCHAIN_FILE = None
[INFO] [stderr]   CMAKE_GENERATOR_x86_64-unknown-linux-gnu = None
[INFO] [stderr]   CMAKE_GENERATOR_x86_64_unknown_linux_gnu = None
[INFO] [stderr]   HOST_CMAKE_GENERATOR = None
[INFO] [stderr]   CMAKE_GENERATOR = None
[INFO] [stderr]   CMAKE_PREFIX_PATH_x86_64-unknown-linux-gnu = None
[INFO] [stderr]   CMAKE_PREFIX_PATH_x86_64_unknown_linux_gnu = None
[INFO] [stderr]   HOST_CMAKE_PREFIX_PATH = None
[INFO] [stderr]   CMAKE_PREFIX_PATH = None
[INFO] [stderr]   CMAKE_x86_64-unknown-linux-gnu = None
[INFO] [stderr]   CMAKE_x86_64_unknown_linux_gnu = None
[INFO] [stderr]   HOST_CMAKE = None
[INFO] [stderr]   CMAKE = None
[INFO] [stderr]   -- The C compiler identification is GNU 15.2.0
[INFO] [stderr]   -- The CXX compiler identification is GNU 15.2.0
[INFO] [stderr]   -- Detecting C compiler ABI info
[INFO] [stderr]   -- Detecting C compiler ABI info - done
[INFO] [stderr]   -- Check for working C compiler: /usr/bin/cc - skipped
[INFO] [stderr]   -- Detecting C compile features
[INFO] [stderr]   -- Detecting C compile features - done
[INFO] [stderr]   -- Detecting CXX compiler ABI info
[INFO] [stderr]   -- Detecting CXX compiler ABI info - done
[INFO] [stderr]   -- Check for working CXX compiler: /usr/bin/c++ - skipped
[INFO] [stderr]   -- Detecting CXX compile features
[INFO] [stderr]   -- Detecting CXX compile features - done
[INFO] [stderr]   -- Performing Test _maes_cxx
[INFO] [stderr]   -- Performing Test _maes_cxx - Success
[INFO] [stderr]   -- Setting CXX flag -maes
[INFO] [stderr]   -- Performing Test _maes_c
[INFO] [stderr]   -- Performing Test _maes_c - Success
[INFO] [stderr]   -- Setting C flag -maes
[INFO] [stderr]   -- Performing Test HAVE_SSSE3
[INFO] [stderr]   -- Performing Test HAVE_SSSE3 - Success
[INFO] [stderr]   -- Performing Test HAVE_AVX2
[INFO] [stderr]   -- Performing Test HAVE_AVX2 - Success
[INFO] [stderr]   -- Performing Test CMAKE_HAVE_LIBC_PTHREAD
[INFO] [stderr]   -- Performing Test CMAKE_HAVE_LIBC_PTHREAD - Success
[INFO] [stderr]   -- Found Threads: TRUE
[INFO] [stderr]   -- Performing Test HAVE_CXX_ATOMICS
[INFO] [stderr]   -- Performing Test HAVE_CXX_ATOMICS - Success
[INFO] [stderr]   -- Configuring done (11.6s)
[INFO] [stderr]   -- Generating done (0.2s)
[INFO] [stderr]   -- Build files have been written to: /opt/rustwide/target/debug/build/randomx-rs/e9557245f1684eaf/out/build
[INFO] [stderr]   [  2%] Building CXX object CMakeFiles/randomx.dir/src/aes_hash.cpp.o
[INFO] [stderr]   [  5%] Building C object CMakeFiles/randomx.dir/src/argon2_ref.c.o
[INFO] [stderr]   [  8%] Building C object CMakeFiles/randomx.dir/src/argon2_ssse3.c.o
[INFO] [stderr]   [ 11%] Building CXX object CMakeFiles/randomx.dir/src/dataset.cpp.o
[INFO] [stderr]   [ 14%] Building C object CMakeFiles/randomx.dir/src/argon2_avx2.c.o
[INFO] [stderr]   [ 17%] Building CXX object CMakeFiles/randomx.dir/src/allocator.cpp.o
[INFO] [stderr]   [ 20%] Building CXX object CMakeFiles/randomx.dir/src/vm_interpreted.cpp.o
[INFO] [stderr]   [ 23%] Building CXX object CMakeFiles/randomx.dir/src/bytecode_machine.cpp.o
[INFO] [stderr]   [ 26%] Building CXX object CMakeFiles/randomx.dir/src/soft_aes.cpp.o
[INFO] [stderr]   [ 29%] Building CXX object CMakeFiles/randomx.dir/src/cpu.cpp.o
[INFO] [stderr]   [ 32%] Building C object CMakeFiles/randomx.dir/src/virtual_memory.c.o
[INFO] [stderr]   [ 35%] Building CXX object CMakeFiles/randomx.dir/src/instruction.cpp.o
[INFO] [stderr]   [ 38%] Building CXX object CMakeFiles/randomx.dir/src/assembly_generator_x86.cpp.o
[INFO] [stderr]   [ 41%] Building CXX object CMakeFiles/randomx.dir/src/randomx.cpp.o
[INFO] [stderr]   [ 44%] Building CXX object CMakeFiles/randomx.dir/src/superscalar.cpp.o
[INFO] [stderr]   [ 47%] Building CXX object CMakeFiles/randomx.dir/src/vm_compiled.cpp.o
[INFO] [stderr]   [ 50%] Building CXX object CMakeFiles/randomx.dir/src/vm_interpreted_light.cpp.o
[INFO] [stderr]   [ 52%] Building C object CMakeFiles/randomx.dir/src/argon2_core.c.o
[INFO] [stderr]   [ 55%] Building CXX object CMakeFiles/randomx.dir/src/blake2_generator.cpp.o
[INFO] [stderr]   [ 58%] Building CXX object CMakeFiles/randomx.dir/src/instructions_portable.cpp.o
[INFO] [stderr]   [ 61%] Building C object CMakeFiles/randomx.dir/src/reciprocal.c.o
[INFO] [stderr]   [ 64%] Building CXX object CMakeFiles/randomx.dir/src/virtual_machine.cpp.o
[INFO] [stderr]   [ 67%] Building CXX object CMakeFiles/randomx.dir/src/vm_compiled_light.cpp.o
[INFO] [stderr]   [ 70%] Building C object CMakeFiles/randomx.dir/src/blake2/blake2b.c.o
[INFO] [stderr]   [ 73%] Building CXX object CMakeFiles/randomx.dir/src/jit_compiler_x86.cpp.o
[INFO] [stderr]   [ 76%] Building C object CMakeFiles/randomx.dir/src/jit_compiler_x86_static.S.o
[INFO] [stderr] 
[INFO] [stderr]   --- stderr
[INFO] [stderr]   running: cd "/opt/rustwide/target/debug/build/randomx-rs/e9557245f1684eaf/out/build" && CMAKE_PREFIX_PATH="" LC_ALL="C" "cmake" "/opt/rustwide/cargo-home/registry/src/index.crates.io-1949cf8c6b5b557f/randomx-rs-1.4.1/RandomX" "-B" "/opt/rustwide/target/debug/build/randomx-rs/e9557245f1684eaf/out/build" "-DDARCH=native" "-DCMAKE_INSTALL_PREFIX=/opt/rustwide/target/debug/build/randomx-rs/e9557245f1684eaf/out" "-DCMAKE_C_FLAGS= -ffunction-sections -fdata-sections -fPIC -m64 -w" "-DCMAKE_C_COMPILER=/usr/bin/cc" "-DCMAKE_CXX_FLAGS= -ffunction-sections -fdata-sections -fPIC -m64 -w" "-DCMAKE_CXX_COMPILER=/usr/bin/c++" "-DCMAKE_ASM_FLAGS= -ffunction-sections -fdata-sections -fPIC -m64 -w" "-DCMAKE_ASM_COMPILER=/usr/bin/cc" "-DCMAKE_BUILD_TYPE=Debug"
[INFO] [stderr]   CMake Deprecation Warning at CMakeLists.txt:29 (cmake_minimum_required):
[INFO] [stderr]     Compatibility with CMake < 3.10 will be removed from a future version of
[INFO] [stderr]     CMake.
[INFO] [stderr] 
[INFO] [stderr]     Update the VERSION argument <min> value.  Or, use the <min>...<max> syntax
[INFO] [stderr]     to tell CMake that the project requires at least <min> but has been updated
[INFO] [stderr]     to work with policies introduced by <max> or earlier.
[INFO] [stderr] 
[INFO] [stderr] 
[INFO] [stderr]   CMake Warning:
[INFO] [stderr]     Manually-specified variables were not used by the project:
[INFO] [stderr] 
[INFO] [stderr]       CMAKE_ASM_COMPILER
[INFO] [stderr]       CMAKE_ASM_FLAGS
[INFO] [stderr]       DARCH
[INFO] [stderr] 
[INFO] [stderr] 
[INFO] [stderr]   running: cd "/opt/rustwide/target/debug/build/randomx-rs/e9557245f1684eaf/out/build" && LC_ALL="C" MAKEFLAGS="-j --jobserver-fds=4,5 --jobserver-auth=4,5" "cmake" "--build" "/opt/rustwide/target/debug/build/randomx-rs/e9557245f1684eaf/out/build" "--target" "install" "--config" "Debug"
[INFO] [stderr]   c++: fatal error: Killed signal terminated program cc1plus
[INFO] [stderr]   compilation terminated.
[INFO] [stderr]   gmake[2]: *** [CMakeFiles/randomx.dir/build.make:275: CMakeFiles/randomx.dir/src/superscalar.cpp.o] Error 1
[INFO] [stderr]   gmake[2]: *** Waiting for unfinished jobs....
[INFO] [stderr]   gmake[1]: *** [CMakeFiles/Makefile2:96: CMakeFiles/randomx.dir/all] Error 2
[INFO] [stderr]   gmake: *** [Makefile:136: all] Error 2
[INFO] [stderr] 
[INFO] [stderr]   thread 'main' (1788) panicked at /opt/rustwide/cargo-home/registry/src/index.crates.io-1949cf8c6b5b557f/cmake-0.1.58/src/lib.rs:1132:5:
[INFO] [stderr] 
[INFO] [stderr]   command did not execute successfully, got: exit status: 2
[INFO] [stderr] 
[INFO] [stderr]   build script failed, must exit now
[INFO] [stderr]   stack backtrace:
[INFO] [stderr]      0:     0x573c9720e201 - std[2a3ea91ee543df4a]::backtrace_rs::backtrace::libunwind::trace
[INFO] [stderr]                                  at /rustc/8006091eb71ae7d9e9bccb66c6122c9d68af4466/library/std/src/../../backtrace/src/backtrace/libunwind.rs:117:9
[INFO] [stderr]      1:     0x573c9720e201 - std[2a3ea91ee543df4a]::backtrace_rs::backtrace::trace_unsynchronized::<std[2a3ea91ee543df4a]::sys::backtrace::_print_fmt::{closure#1}>
[INFO] [stderr]                                  at /rustc/8006091eb71ae7d9e9bccb66c6122c9d68af4466/library/std/src/../../backtrace/src/backtrace/mod.rs:66:14
[INFO] [stderr]      2:     0x573c9720e201 - std[2a3ea91ee543df4a]::sys::backtrace::_print_fmt
[INFO] [stderr]                                  at /rustc/8006091eb71ae7d9e9bccb66c6122c9d68af4466/library/std/src/sys/backtrace.rs:74:9
[INFO] [stderr]      3:     0x573c9720e201 - <<std[2a3ea91ee543df4a]::sys::backtrace::BacktraceLock>::print::DisplayBacktrace as core[2f477c31f1b67e92]::fmt::Display>::fmt
[INFO] [stderr]                                  at /rustc/8006091eb71ae7d9e9bccb66c6122c9d68af4466/library/std/src/sys/backtrace.rs:44:26
[INFO] [stderr]      4:     0x573c97221f1a - <core[2f477c31f1b67e92]::fmt::rt::Argument>::fmt
[INFO] [stderr]                                  at /rustc/8006091eb71ae7d9e9bccb66c6122c9d68af4466/library/core/src/fmt/rt.rs:152:76
[INFO] [stderr]      5:     0x573c97221f1a - core[2f477c31f1b67e92]::fmt::write
[INFO] [stderr]      6:     0x573c97213ccc - core[2f477c31f1b67e92]::io::write::default_write_fmt::<std[2a3ea91ee543df4a]::sys::stdio::unix::Stderr>
[INFO] [stderr]                                  at /rustc/8006091eb71ae7d9e9bccb66c6122c9d68af4466/library/core/src/io/write.rs:402:11
[INFO] [stderr]      7:     0x573c97213ccc - <std[2a3ea91ee543df4a]::sys::stdio::unix::Stderr as core[2f477c31f1b67e92]::io::write::Write>::write_fmt
[INFO] [stderr]                                  at /rustc/8006091eb71ae7d9e9bccb66c6122c9d68af4466/library/core/src/io/write.rs:335:13
[INFO] [stderr]      8:     0x573c971eda46 - <std[2a3ea91ee543df4a]::sys::backtrace::BacktraceLock>::print
[INFO] [stderr]                                  at /rustc/8006091eb71ae7d9e9bccb66c6122c9d68af4466/library/std/src/sys/backtrace.rs:47:9
[INFO] [stderr]      9:     0x573c971eda46 - std[2a3ea91ee543df4a]::panicking::default_hook::{closure#0}
[INFO] [stderr]                                  at /rustc/8006091eb71ae7d9e9bccb66c6122c9d68af4466/library/std/src/panicking.rs:289:27
[INFO] [stderr]     10:     0x573c97208f11 - std[2a3ea91ee543df4a]::panicking::default_hook
[INFO] [stderr]                                  at /rustc/8006091eb71ae7d9e9bccb66c6122c9d68af4466/library/std/src/panicking.rs:316:9
[INFO] [stderr]     11:     0x573c972090cb - std[2a3ea91ee543df4a]::panicking::panic_with_hook
[INFO] [stderr]                                  at /rustc/8006091eb71ae7d9e9bccb66c6122c9d68af4466/library/std/src/panicking.rs:811:13
[INFO] [stderr]     12:     0x573c971edaf2 - std[2a3ea91ee543df4a]::panicking::panic_handler::{closure#0}
[INFO] [stderr]                                  at /rustc/8006091eb71ae7d9e9bccb66c6122c9d68af4466/library/std/src/panicking.rs:685:13
[INFO] [stderr]     13:     0x573c971e63b9 - std[2a3ea91ee543df4a]::sys::backtrace::__rust_end_short_backtrace::<std[2a3ea91ee543df4a]::panicking::panic_handler::{closure#0}, !>
[INFO] [stderr]                                  at /rustc/8006091eb71ae7d9e9bccb66c6122c9d68af4466/library/std/src/sys/backtrace.rs:182:18
[INFO] [stderr]     14:     0x573c971ee2dd - __rustc[11eb3a89cd4664c]::rust_begin_unwind
[INFO] [stderr]                                  at /rustc/8006091eb71ae7d9e9bccb66c6122c9d68af4466/library/std/src/panicking.rs:676:5
[INFO] [stderr]     15:     0x573c972226ac - core[2f477c31f1b67e92]::panicking::panic_fmt
[INFO] [stderr]                                  at /rustc/8006091eb71ae7d9e9bccb66c6122c9d68af4466/library/core/src/panicking.rs:80:14
[INFO] [stderr]     16:     0x573c97178047 - cmake[5200b2e42cce85dd]::fail
[INFO] [stderr]     17:     0x573c97177cd3 - cmake[5200b2e42cce85dd]::run
[INFO] [stderr]     18:     0x573c9717dc26 - <cmake[5200b2e42cce85dd]::Config>::build
[INFO] [stderr]     19:     0x573c97169fea - build_script_build[b54e072bd52aa766]::main
[INFO] [stderr]     20:     0x573c9716aa03 - <fn() as core[2f477c31f1b67e92]::ops::function::FnOnce<()>>::call_once
[INFO] [stderr]     21:     0x573c97169e56 - std[2a3ea91ee543df4a]::sys::backtrace::__rust_begin_short_backtrace::<fn(), ()>
[INFO] [stderr]     22:     0x573c97169e69 - std[2a3ea91ee543df4a]::rt::lang_start::<()>::{closure#0}
[INFO] [stderr]     23:     0x573c97208218 - <&dyn core[2f477c31f1b67e92]::ops::function::Fn<(), Output = i32> + core[2f477c31f1b67e92]::panic::unwind_safe::RefUnwindSafe + core[2f477c31f1b67e92]::marker::Sync as core[2f477c31f1b67e92]::ops::function::FnOnce<()>>::call_once
[INFO] [stderr]                                  at /rustc/8006091eb71ae7d9e9bccb66c6122c9d68af4466/library/core/src/ops/function.rs:287:21
[INFO] [stderr]     24:     0x573c97208218 - std[2a3ea91ee543df4a]::panicking::catch_unwind::do_call::<&dyn core[2f477c31f1b67e92]::ops::function::Fn<(), Output = i32> + core[2f477c31f1b67e92]::panic::unwind_safe::RefUnwindSafe + core[2f477c31f1b67e92]::marker::Sync, i32>
[INFO] [stderr]                                  at /rustc/8006091eb71ae7d9e9bccb66c6122c9d68af4466/library/std/src/panicking.rs:573:43
[INFO] [stderr]     25:     0x573c97208218 - std[2a3ea91ee543df4a]::panicking::catch_unwind::<i32, &dyn core[2f477c31f1b67e92]::ops::function::Fn<(), Output = i32> + core[2f477c31f1b67e92]::panic::unwind_safe::RefUnwindSafe + core[2f477c31f1b67e92]::marker::Sync>
[INFO] [stderr]                                  at /rustc/8006091eb71ae7d9e9bccb66c6122c9d68af4466/library/std/src/panicking.rs:541:19
[INFO] [stderr]     26:     0x573c97208218 - std[2a3ea91ee543df4a]::panic::catch_unwind::<&dyn core[2f477c31f1b67e92]::ops::function::Fn<(), Output = i32> + core[2f477c31f1b67e92]::panic::unwind_safe::RefUnwindSafe + core[2f477c31f1b67e92]::marker::Sync, i32>
[INFO] [stderr]                                  at /rustc/8006091eb71ae7d9e9bccb66c6122c9d68af4466/library/std/src/panic.rs:359:14
[INFO] [stderr]     27:     0x573c97208218 - std[2a3ea91ee543df4a]::rt::lang_start_internal::{closure#0}
[INFO] [stderr]                                  at /rustc/8006091eb71ae7d9e9bccb66c6122c9d68af4466/library/std/src/rt.rs:175:24
[INFO] [stderr]     28:     0x573c97208218 - std[2a3ea91ee543df4a]::panicking::catch_unwind::do_call::<std[2a3ea91ee543df4a]::rt::lang_start_internal::{closure#0}, isize>
[INFO] [stderr]                                  at /rustc/8006091eb71ae7d9e9bccb66c6122c9d68af4466/library/std/src/panicking.rs:573:43
[INFO] [stderr]     29:     0x573c97208218 - std[2a3ea91ee543df4a]::panicking::catch_unwind::<isize, std[2a3ea91ee543df4a]::rt::lang_start_internal::{closure#0}>
[INFO] [stderr]                                  at /rustc/8006091eb71ae7d9e9bccb66c6122c9d68af4466/library/std/src/panicking.rs:541:19
[INFO] [stderr]     30:     0x573c97208218 - std[2a3ea91ee543df4a]::panic::catch_unwind::<std[2a3ea91ee543df4a]::rt::lang_start_internal::{closure#0}, isize>
[INFO] [stderr]                                  at /rustc/8006091eb71ae7d9e9bccb66c6122c9d68af4466/library/std/src/panic.rs:359:14
[INFO] [stderr]     31:     0x573c97208218 - std[2a3ea91ee543df4a]::rt::lang_start_internal
[INFO] [stderr]                                  at /rustc/8006091eb71ae7d9e9bccb66c6122c9d68af4466/library/std/src/rt.rs:171:5
[INFO] [stderr]     32:     0x573c971699e1 - std[2a3ea91ee543df4a]::rt::lang_start::<()>
[INFO] [stderr]     33:     0x573c9716aa75 - main
[INFO] [stderr]     34:     0x7253b03b7601 - <unknown>
[INFO] [stderr]     35:     0x7253b03b7718 - __libc_start_main
[INFO] [stderr]     36:     0x573c97168e15 - _start
[INFO] [stderr]     37:                0x0 - <unknown>
[INFO] running `Command { std: "docker" "inspect" "a54c173dc57038cae3153dac318ae813e61fef17410e98392773202bf6a96336", kill_on_drop: false }`
[INFO] running `Command { std: "docker" "rm" "-f" "a54c173dc57038cae3153dac318ae813e61fef17410e98392773202bf6a96336", kill_on_drop: false }`
[INFO] [stdout] a54c173dc57038cae3153dac318ae813e61fef17410e98392773202bf6a96336
