[INFO] fetching crate vertigo 0.1.1... [INFO] testing vertigo-0.1.1 against try#a40ec913238f4f188d97c41aa605cb486451acf2+target=i686-unknown-linux-musl for musl_1_2_upgrade_i686_unknown_linux_musl [INFO] extracting crate vertigo 0.1.1 into /workspace/builds/worker-5-tc2/source [INFO] validating manifest of crates.io crate vertigo 0.1.1 on toolchain a40ec913238f4f188d97c41aa605cb486451acf2 [INFO] running `Command { std: CARGO_HOME="/workspace/cargo-home" RUSTUP_HOME="/workspace/rustup-home" "/workspace/cargo-home/bin/cargo" "+a40ec913238f4f188d97c41aa605cb486451acf2" "metadata" "--manifest-path" "Cargo.toml" "--no-deps", kill_on_drop: false }` [INFO] started tweaking crates.io crate vertigo 0.1.1 [INFO] finished tweaking crates.io crate vertigo 0.1.1 [INFO] tweaked toml for crates.io crate vertigo 0.1.1 written to /workspace/builds/worker-5-tc2/source/Cargo.toml [INFO] running `Command { std: CARGO_HOME="/workspace/cargo-home" RUSTUP_HOME="/workspace/rustup-home" __CARGO_TEST_CHANNEL_OVERRIDE_DO_NOT_USE_THIS="nightly" "/workspace/cargo-home/bin/cargo" "+a40ec913238f4f188d97c41aa605cb486451acf2" "generate-lockfile" "--manifest-path" "Cargo.toml" "-Zno-index-update", kill_on_drop: false }` [INFO] running `Command { std: CARGO_HOME="/workspace/cargo-home" RUSTUP_HOME="/workspace/rustup-home" "/workspace/cargo-home/bin/cargo" "+a40ec913238f4f188d97c41aa605cb486451acf2" "fetch" "--manifest-path" "Cargo.toml", kill_on_drop: false }` [INFO] running `Command { std: "docker" "create" "-v" "/var/lib/crater-agent-workspace/builds/worker-5-tc2/target:/opt/rustwide/target:rw,Z" "-v" "/var/lib/crater-agent-workspace/builds/worker-5-tc2/source:/opt/rustwide/workdir:ro,Z" "-v" "/var/lib/crater-agent-workspace/cargo-home:/opt/rustwide/cargo-home:ro,Z" "-v" "/var/lib/crater-agent-workspace/rustup-home:/opt/rustwide/rustup-home:ro,Z" "-e" "SOURCE_DIR=/opt/rustwide/workdir" "-e" "CARGO_TARGET_DIR=/opt/rustwide/target" "-e" "CARGO_HOME=/opt/rustwide/cargo-home" "-e" "RUSTUP_HOME=/opt/rustwide/rustup-home" "-w" "/opt/rustwide/workdir" "-m" "1610612736" "--user" "0:0" "--network" "none" "ghcr.io/rust-lang/crates-build-env/linux@sha256:3d532c2baa59a8a48e45c3be7eb049f77ac5a58a7a6514a58a8e878df1c3d03d" "/opt/rustwide/cargo-home/bin/cargo" "+a40ec913238f4f188d97c41aa605cb486451acf2" "metadata" "--no-deps" "--format-version=1", kill_on_drop: false }` [INFO] [stdout] ea2f84ecb8385c751f3e862be7936d29038d2a79f2b8a4bcde8f63e0e03a3fd5 [INFO] running `Command { std: "docker" "start" "-a" "ea2f84ecb8385c751f3e862be7936d29038d2a79f2b8a4bcde8f63e0e03a3fd5", kill_on_drop: false }` [INFO] running `Command { std: "docker" "inspect" "ea2f84ecb8385c751f3e862be7936d29038d2a79f2b8a4bcde8f63e0e03a3fd5", kill_on_drop: false }` [INFO] running `Command { std: "docker" "rm" "-f" "ea2f84ecb8385c751f3e862be7936d29038d2a79f2b8a4bcde8f63e0e03a3fd5", kill_on_drop: false }` [INFO] [stdout] ea2f84ecb8385c751f3e862be7936d29038d2a79f2b8a4bcde8f63e0e03a3fd5 [INFO] running `Command { std: "docker" "create" "-v" "/var/lib/crater-agent-workspace/builds/worker-5-tc2/target:/opt/rustwide/target:rw,Z" "-v" "/var/lib/crater-agent-workspace/builds/worker-5-tc2/source:/opt/rustwide/workdir:ro,Z" "-v" "/var/lib/crater-agent-workspace/cargo-home:/opt/rustwide/cargo-home:ro,Z" "-v" "/var/lib/crater-agent-workspace/rustup-home:/opt/rustwide/rustup-home:ro,Z" "-e" "SOURCE_DIR=/opt/rustwide/workdir" "-e" "CARGO_TARGET_DIR=/opt/rustwide/target" "-e" "CARGO_INCREMENTAL=0" "-e" "RUST_BACKTRACE=full" "-e" "RUSTFLAGS=--cap-lints=forbid" "-e" "RUSTDOCFLAGS=--cap-lints=forbid" "-e" "CARGO_HOME=/opt/rustwide/cargo-home" "-e" "RUSTUP_HOME=/opt/rustwide/rustup-home" "-w" "/opt/rustwide/workdir" "-m" "1610612736" "--user" "0:0" "--network" "none" "ghcr.io/rust-lang/crates-build-env/linux@sha256:3d532c2baa59a8a48e45c3be7eb049f77ac5a58a7a6514a58a8e878df1c3d03d" "/opt/rustwide/cargo-home/bin/cargo" "+a40ec913238f4f188d97c41aa605cb486451acf2" "build" "--frozen" "--message-format=json" "--target" "i686-unknown-linux-musl", kill_on_drop: false }` [INFO] [stdout] 7bf161cea47f433dfecb504f6ec1d7325ad4ddbdf23b523114e47f6b9569549b [INFO] running `Command { std: "docker" "start" "-a" "7bf161cea47f433dfecb504f6ec1d7325ad4ddbdf23b523114e47f6b9569549b", kill_on_drop: false }` [INFO] [stderr] Compiling syn v1.0.107 [INFO] [stderr] Compiling thiserror v1.0.38 [INFO] [stderr] Compiling ucd-trie v0.1.5 [INFO] [stderr] Compiling once_cell v1.17.0 [INFO] [stderr] Compiling either v1.8.1 [INFO] [stderr] Compiling vertigo v0.1.1 (/opt/rustwide/workdir) [INFO] [stderr] Compiling itertools v0.10.5 [INFO] [stderr] Compiling proc-macro-error v1.0.4 [INFO] [stderr] Compiling syn-rsx v0.8.1 [INFO] [stderr] Compiling thiserror-impl v1.0.38 [INFO] [stderr] Compiling pest v2.5.4 [INFO] [stderr] Compiling pest_meta v2.5.4 [INFO] [stderr] Compiling pest_generator v2.5.4 [INFO] [stderr] Compiling pest_derive v2.5.4 [INFO] [stderr] Compiling vertigo-macro v0.1.1 [INFO] [stderr] Finished dev [unoptimized + debuginfo] target(s) in 28.76s [INFO] running `Command { std: "docker" "inspect" "7bf161cea47f433dfecb504f6ec1d7325ad4ddbdf23b523114e47f6b9569549b", kill_on_drop: false }` [INFO] running `Command { std: "docker" "rm" "-f" "7bf161cea47f433dfecb504f6ec1d7325ad4ddbdf23b523114e47f6b9569549b", kill_on_drop: false }` [INFO] [stdout] 7bf161cea47f433dfecb504f6ec1d7325ad4ddbdf23b523114e47f6b9569549b [INFO] running `Command { std: "docker" "create" "-v" "/var/lib/crater-agent-workspace/builds/worker-5-tc2/target:/opt/rustwide/target:rw,Z" "-v" "/var/lib/crater-agent-workspace/builds/worker-5-tc2/source:/opt/rustwide/workdir:ro,Z" "-v" "/var/lib/crater-agent-workspace/cargo-home:/opt/rustwide/cargo-home:ro,Z" "-v" "/var/lib/crater-agent-workspace/rustup-home:/opt/rustwide/rustup-home:ro,Z" "-e" "SOURCE_DIR=/opt/rustwide/workdir" "-e" "CARGO_TARGET_DIR=/opt/rustwide/target" "-e" "CARGO_INCREMENTAL=0" "-e" "RUST_BACKTRACE=full" "-e" "RUSTFLAGS=--cap-lints=forbid" "-e" "RUSTDOCFLAGS=--cap-lints=forbid" "-e" "CARGO_HOME=/opt/rustwide/cargo-home" "-e" "RUSTUP_HOME=/opt/rustwide/rustup-home" "-w" "/opt/rustwide/workdir" "-m" "1610612736" "--user" "0:0" "--network" "none" "ghcr.io/rust-lang/crates-build-env/linux@sha256:3d532c2baa59a8a48e45c3be7eb049f77ac5a58a7a6514a58a8e878df1c3d03d" "/opt/rustwide/cargo-home/bin/cargo" "+a40ec913238f4f188d97c41aa605cb486451acf2" "test" "--frozen" "--no-run" "--message-format=json" "--target" "i686-unknown-linux-musl", kill_on_drop: false }` [INFO] [stdout] 52645f8852e538a6f2afe624f24dfa830c391b351513b05abca9d1ab69a4bfc1 [INFO] running `Command { std: "docker" "start" "-a" "52645f8852e538a6f2afe624f24dfa830c391b351513b05abca9d1ab69a4bfc1", kill_on_drop: false }` [INFO] [stderr] Compiling vertigo v0.1.1 (/opt/rustwide/workdir) [INFO] [stderr] Compiling serde_derive v1.0.152 [INFO] [stderr] Compiling serde v1.0.152 [INFO] [stderr] Finished test [unoptimized + debuginfo] target(s) in 17.01s [INFO] running `Command { std: "docker" "inspect" "52645f8852e538a6f2afe624f24dfa830c391b351513b05abca9d1ab69a4bfc1", kill_on_drop: false }` [INFO] running `Command { std: "docker" "rm" "-f" "52645f8852e538a6f2afe624f24dfa830c391b351513b05abca9d1ab69a4bfc1", kill_on_drop: false }` [INFO] [stdout] 52645f8852e538a6f2afe624f24dfa830c391b351513b05abca9d1ab69a4bfc1 [INFO] running `Command { std: "docker" "create" "-v" "/var/lib/crater-agent-workspace/builds/worker-5-tc2/target:/opt/rustwide/target:rw,Z" "-v" "/var/lib/crater-agent-workspace/builds/worker-5-tc2/source:/opt/rustwide/workdir:ro,Z" "-v" "/var/lib/crater-agent-workspace/cargo-home:/opt/rustwide/cargo-home:ro,Z" "-v" "/var/lib/crater-agent-workspace/rustup-home:/opt/rustwide/rustup-home:ro,Z" "-e" "SOURCE_DIR=/opt/rustwide/workdir" "-e" "CARGO_TARGET_DIR=/opt/rustwide/target" "-e" "CARGO_INCREMENTAL=0" "-e" "RUST_BACKTRACE=full" "-e" "RUSTFLAGS=--cap-lints=forbid" "-e" "RUSTDOCFLAGS=--cap-lints=forbid" "-e" "CARGO_HOME=/opt/rustwide/cargo-home" "-e" "RUSTUP_HOME=/opt/rustwide/rustup-home" "-w" "/opt/rustwide/workdir" "-m" "1610612736" "--user" "0:0" "--network" "none" "ghcr.io/rust-lang/crates-build-env/linux@sha256:3d532c2baa59a8a48e45c3be7eb049f77ac5a58a7a6514a58a8e878df1c3d03d" "/opt/rustwide/cargo-home/bin/cargo" "+a40ec913238f4f188d97c41aa605cb486451acf2" "test" "--frozen" "--target" "i686-unknown-linux-musl", kill_on_drop: false }` [INFO] [stdout] 333259dd9070fb16d2cd2207122055e6d5a9b2d11e462c7d3dbd35f6a637080d [INFO] running `Command { std: "docker" "start" "-a" "333259dd9070fb16d2cd2207122055e6d5a9b2d11e462c7d3dbd35f6a637080d", kill_on_drop: false }` [INFO] [stderr] Compiling vertigo v0.1.1 (/opt/rustwide/workdir) [INFO] [stderr] Finished test [unoptimized + debuginfo] target(s) in 6.61s [INFO] [stdout] [INFO] [stderr] Running unittests src/lib.rs (/opt/rustwide/target/i686-unknown-linux-musl/debug/deps/vertigo-c566d9505c0291cd) [INFO] [stdout] running 51 tests [INFO] [stdout] test computed::tests::computed::pointers ... ok [INFO] [stdout] test computed::tests::computed::basic ... ok [INFO] [stdout] test computed::tests::computed::basic2 ... ok [INFO] [stdout] test computed::tests::computed::test_computed_cache ... ok [INFO] [stdout] test computed::tests::computed::test_computed_new_value ... ok [INFO] [stdout] test computed::tests::computed::test_set_value_and_compare ... ok [INFO] [stdout] test computed::tests::app_state::test_app_state ... ok [INFO] [stdout] test computed::tests::computed::test_connect ... ok [INFO] [stdout] test computed::tests::computed::test_subscription ... ok [INFO] [stdout] test css::transform_css::test_find_brackets ... ok [INFO] [stdout] test computed::tests::computed::test_computed_switch_subscription ... ok [INFO] [stdout] test css::transform_css::tests::test_basic1 ... ok [INFO] [stdout] test computed::tests::computed::test_transaction ... ok [INFO] [stdout] test computed::tests::computed::test_without_subscription ... ok [INFO] [stdout] test css::transform_css::tests::test_basic2 ... ok [INFO] [stdout] test computed::tests::computed::test_computed_new_value2 ... ok [INFO] [stdout] test css::transform_css::tests::test_basic3 ... ok [INFO] [stdout] test css::transform_css::tests::test_css_split_rows2 ... ok [INFO] [stdout] test css::transform_css::tests::test_animation ... ok [INFO] [stdout] test css::transform_css::tests::test_css_split_rows1 ... ok [INFO] [stdout] test css::transform_css::tests::test_css_split_rows3 ... ok [INFO] [stdout] test css::transform_css::tests::test_doubled ... ok [INFO] [stdout] test css::transform_css::tests::test_transform_css_animation_value ... ok [INFO] [stdout] test css::transform_css::tests::test_hover ... ok [INFO] [stdout] test css::transform_css::tests::test_of_type ... ok [INFO] [stdout] test driver_module::utils::json::basic ... ok [INFO] [stdout] test driver_module::utils::json::basic4 ... ok [INFO] [stdout] test driver_module::utils::json::basic5 ... ok [INFO] [stdout] test driver_module::utils::json::basic2 ... ok [INFO] [stdout] test driver_module::utils::json::basic3 ... ok [INFO] [stdout] test driver_module::utils::json::basic_tab ... ok [INFO] [stdout] test html_macro::tests::css::colors::hsl_value_colors_css ... ok [INFO] [stdout] test html_macro::tests::css::animation::animation_css ... ok [INFO] [stdout] test html_macro::tests::css::colors::hex_value_colors_css ... ok [INFO] [stdout] test html_macro::tests::css::empty_css ... ok [INFO] [stdout] test html_macro::tests::css::pseudoselectors::doubled ... ok [INFO] [stdout] test html_macro::tests::css::pseudoselectors::hover_css ... ok [INFO] [stdout] test html_macro::tests::css::colors::rgb_value_colors_css ... ok [INFO] [stdout] test html_macro::tests::css::pseudoselectors::hover_with_params_css ... ok [INFO] [stdout] test html_macro::tests::css::pseudoselectors::last_of_type_css ... ok [INFO] [stdout] test html_macro::tests::css::quite_long_css ... ok [INFO] [stdout] test html_macro::tests::css::unknown::unknown_rule ... ok [INFO] [stdout] test driver_module::utils::json::basic6 ... ok [INFO] [stdout] test html_macro::tests::css::unknown::unknown_rule_expression ... ok [INFO] [stdout] test driver_module::utils::json::basic7 ... ok [INFO] [stdout] test html_macro::tests::css::bind::aaaa ... ok [INFO] [stdout] test driver_module::utils::json::basic_slash ... ok [INFO] [stdout] test inspect::tests::pseudo_html_css ... ok [INFO] [stdout] test inspect::tests::pseudo_html_list ... ok [INFO] [stdout] test html_macro::tests::css::colors::basic_colors_css ... ok [INFO] [stderr] error: test failed, to rerun pass `--lib` [INFO] [stdout] test inspect::tests::pseudo_html_callback ... FAILED [INFO] [stdout] [INFO] [stdout] failures: [INFO] [stdout] [INFO] [stdout] ---- inspect::tests::pseudo_html_callback stdout ---- [INFO] [stdout] thread 'inspect::tests::pseudo_html_callback' panicked at 'assertion failed: `(left == right)` [INFO] [stdout] left: `"
something
"`, [INFO] [stdout] right: `"
something
"`', src/inspect.rs:246:9 [INFO] [stdout] stack backtrace: [INFO] [stdout] 0: 0x81b8d21 - std::backtrace_rs::backtrace::libunwind::trace::h104fa452555c99d8 [INFO] [stdout] at /rustc/a40ec913238f4f188d97c41aa605cb486451acf2/library/std/src/../../backtrace/src/backtrace/libunwind.rs:93:5 [INFO] [stdout] 1: 0x81b8d21 - std::backtrace_rs::backtrace::trace_unsynchronized::h0a8252d88f024747 [INFO] [stdout] at /rustc/a40ec913238f4f188d97c41aa605cb486451acf2/library/std/src/../../backtrace/src/backtrace/mod.rs:66:5 [INFO] [stdout] 2: 0x81b8d21 - std::sys_common::backtrace::_print_fmt::h5cd63a03c21f7741 [INFO] [stdout] at /rustc/a40ec913238f4f188d97c41aa605cb486451acf2/library/std/src/sys_common/backtrace.rs:65:5 [INFO] [stdout] 3: 0x81b8d21 - ::fmt::hbd8d931cffed74c6 [INFO] [stdout] at /rustc/a40ec913238f4f188d97c41aa605cb486451acf2/library/std/src/sys_common/backtrace.rs:44:22 [INFO] [stdout] 4: 0x81f6adc - core::fmt::write::hf9516172e71ddf40 [INFO] [stdout] at /rustc/a40ec913238f4f188d97c41aa605cb486451acf2/library/core/src/fmt/mod.rs:1213:17 [INFO] [stdout] 5: 0x81b646b - std::io::Write::write_fmt::hdf04330b9e16e0c0 [INFO] [stdout] at /rustc/a40ec913238f4f188d97c41aa605cb486451acf2/library/std/src/io/mod.rs:1682:15 [INFO] [stdout] 6: 0x81b8b26 - std::sys_common::backtrace::_print::hb81277fe50a8d899 [INFO] [stdout] at /rustc/a40ec913238f4f188d97c41aa605cb486451acf2/library/std/src/sys_common/backtrace.rs:47:5 [INFO] [stdout] 7: 0x81b8b26 - std::sys_common::backtrace::print::ha87c182f636b8daf [INFO] [stdout] at /rustc/a40ec913238f4f188d97c41aa605cb486451acf2/library/std/src/sys_common/backtrace.rs:34:9 [INFO] [stdout] 8: 0x81ba705 - std::panicking::default_hook::{{closure}}::he705de5c2afaeb86 [INFO] [stdout] at /rustc/a40ec913238f4f188d97c41aa605cb486451acf2/library/std/src/panicking.rs:267:22 [INFO] [stdout] 9: 0x81ba405 - std::panicking::default_hook::h18d980bdf65e921f [INFO] [stdout] at /rustc/a40ec913238f4f188d97c41aa605cb486451acf2/library/std/src/panicking.rs:283:9 [INFO] [stdout] 10: 0x819853c - core::ops::function::Fn::call::h352171db07b38cc9 [INFO] [stdout] at /rustc/a40ec913238f4f188d97c41aa605cb486451acf2/library/core/src/ops/function.rs:79:5 [INFO] [stdout] 11: 0x818c889 - as core::ops::function::Fn>::call::h087b52e51e83fc8e [INFO] [stdout] at /rustc/a40ec913238f4f188d97c41aa605cb486451acf2/library/alloc/src/boxed.rs:2002:9 [INFO] [stdout] 12: 0x818c889 - test::test_main::{{closure}}::hb854e86f34352ae6 [INFO] [stdout] at /rustc/a40ec913238f4f188d97c41aa605cb486451acf2/library/test/src/lib.rs:135:21 [INFO] [stdout] 13: 0x81bae41 - as core::ops::function::Fn>::call::h843cec44e0c3e0b1 [INFO] [stdout] at /rustc/a40ec913238f4f188d97c41aa605cb486451acf2/library/alloc/src/boxed.rs:2002:9 [INFO] [stdout] 14: 0x81bae41 - std::panicking::rust_panic_with_hook::he61419fbe644c5af [INFO] [stdout] at /rustc/a40ec913238f4f188d97c41aa605cb486451acf2/library/std/src/panicking.rs:692:13 [INFO] [stdout] 15: 0x81babfc - std::panicking::begin_panic_handler::{{closure}}::h2a512cdc056f1e5c [INFO] [stdout] at /rustc/a40ec913238f4f188d97c41aa605cb486451acf2/library/std/src/panicking.rs:579:13 [INFO] [stdout] 16: 0x81b919a - std::sys_common::backtrace::__rust_end_short_backtrace::h00cf281ca60df1fa [INFO] [stdout] at /rustc/a40ec913238f4f188d97c41aa605cb486451acf2/library/std/src/sys_common/backtrace.rs:137:18 [INFO] [stdout] 17: 0x81ba8d3 - rust_begin_unwind [INFO] [stdout] at /rustc/a40ec913238f4f188d97c41aa605cb486451acf2/library/std/src/panicking.rs:575:5 [INFO] [stdout] 18: 0x804c670 - core::panicking::panic_fmt::h5fe5ec922118750e [INFO] [stdout] at /rustc/a40ec913238f4f188d97c41aa605cb486451acf2/library/core/src/panicking.rs:64:14 [INFO] [stdout] 19: 0x804c9eb - core::panicking::assert_failed_inner::hf44341f56f20e308 [INFO] [stdout] 20: 0x8135dc2 - core::panicking::assert_failed::h07bcf1c53e991dff [INFO] [stdout] at /rustc/a40ec913238f4f188d97c41aa605cb486451acf2/library/core/src/panicking.rs:212:5 [INFO] [stdout] 21: 0x80f3599 - vertigo::inspect::tests::pseudo_html_callback::h470b9bea8d8ca7f5 [INFO] [stdout] at /opt/rustwide/workdir/src/inspect.rs:246:9 [INFO] [stdout] 22: 0x80f32f7 - vertigo::inspect::tests::pseudo_html_callback::{{closure}}::hb5972d3029c0cf37 [INFO] [stdout] at /opt/rustwide/workdir/src/inspect.rs:239:31 [INFO] [stdout] 23: 0x80aea5d - core::ops::function::FnOnce::call_once::h326078a42a0b5793 [INFO] [stdout] at /rustc/a40ec913238f4f188d97c41aa605cb486451acf2/library/core/src/ops/function.rs:250:5 [INFO] [stdout] 24: 0x81912de - core::ops::function::FnOnce::call_once::h91d0dfda8bb9938e [INFO] [stdout] at /rustc/a40ec913238f4f188d97c41aa605cb486451acf2/library/core/src/ops/function.rs:250:5 [INFO] [stdout] 25: 0x81912de - test::__rust_begin_short_backtrace::h1b678021c2c7c382 [INFO] [stdout] at /rustc/a40ec913238f4f188d97c41aa605cb486451acf2/library/test/src/lib.rs:656:18 [INFO] [stdout] 26: 0x8164e10 - test::run_test::{{closure}}::h0608bfc5582d1472 [INFO] [stdout] at /rustc/a40ec913238f4f188d97c41aa605cb486451acf2/library/test/src/lib.rs:647:30 [INFO] [stdout] 27: 0x8164e10 - core::ops::function::FnOnce::call_once{{vtable.shim}}::h0171ab92c79d505a [INFO] [stdout] at /rustc/a40ec913238f4f188d97c41aa605cb486451acf2/library/core/src/ops/function.rs:250:5 [INFO] [stdout] 28: 0x8190457 - as core::ops::function::FnOnce>::call_once::h44bb5e1b0b78658f [INFO] [stdout] at /rustc/a40ec913238f4f188d97c41aa605cb486451acf2/library/alloc/src/boxed.rs:1988:9 [INFO] [stdout] 29: 0x8190457 - as core::ops::function::FnOnce<()>>::call_once::hf14b9bc9243bc6b0 [INFO] [stdout] at /rustc/a40ec913238f4f188d97c41aa605cb486451acf2/library/core/src/panic/unwind_safe.rs:271:9 [INFO] [stdout] 30: 0x8190457 - std::panicking::try::do_call::h2614ccc7313d3f7f [INFO] [stdout] at /rustc/a40ec913238f4f188d97c41aa605cb486451acf2/library/std/src/panicking.rs:483:40 [INFO] [stdout] 31: 0x8190457 - std::panicking::try::h9ae839d4ad9722f8 [INFO] [stdout] at /rustc/a40ec913238f4f188d97c41aa605cb486451acf2/library/std/src/panicking.rs:447:19 [INFO] [stdout] 32: 0x8190457 - std::panic::catch_unwind::hc1cb34e922e62e51 [INFO] [stdout] at /rustc/a40ec913238f4f188d97c41aa605cb486451acf2/library/std/src/panic.rs:140:14 [INFO] [stdout] 33: 0x8190457 - test::run_test_in_process::he32539bd91b43aae [INFO] [stdout] at /rustc/a40ec913238f4f188d97c41aa605cb486451acf2/library/test/src/lib.rs:679:27 [INFO] [stdout] 34: 0x8190457 - test::run_test::run_test_inner::{{closure}}::h251e49a2e77c04ae [INFO] [stdout] at /rustc/a40ec913238f4f188d97c41aa605cb486451acf2/library/test/src/lib.rs:573:39 [INFO] [stdout] 35: 0x815f79a - test::run_test::run_test_inner::{{closure}}::h8efa48cfafca95a9 [INFO] [stdout] at /rustc/a40ec913238f4f188d97c41aa605cb486451acf2/library/test/src/lib.rs:600:37 [INFO] [stdout] 36: 0x815f79a - std::sys_common::backtrace::__rust_begin_short_backtrace::hd8d1cab504dcff1d [INFO] [stdout] at /rustc/a40ec913238f4f188d97c41aa605cb486451acf2/library/std/src/sys_common/backtrace.rs:121:18 [INFO] [stdout] 37: 0x816510b - std::thread::Builder::spawn_unchecked_::{{closure}}::{{closure}}::h6b7049d1c34b0ebf [INFO] [stdout] at /rustc/a40ec913238f4f188d97c41aa605cb486451acf2/library/std/src/thread/mod.rs:558:17 [INFO] [stdout] 38: 0x816510b - as core::ops::function::FnOnce<()>>::call_once::h851a140381089cab [INFO] [stdout] at /rustc/a40ec913238f4f188d97c41aa605cb486451acf2/library/core/src/panic/unwind_safe.rs:271:9 [INFO] [stdout] 39: 0x816510b - std::panicking::try::do_call::hd62be527b2c88583 [INFO] [stdout] at /rustc/a40ec913238f4f188d97c41aa605cb486451acf2/library/std/src/panicking.rs:483:40 [INFO] [stdout] 40: 0x816510b - std::panicking::try::h224f4be6bf8f39b0 [INFO] [stdout] at /rustc/a40ec913238f4f188d97c41aa605cb486451acf2/library/std/src/panicking.rs:447:19 [INFO] [stdout] 41: 0x816510b - std::panic::catch_unwind::he51e6d58f5cc977e [INFO] [stdout] at /rustc/a40ec913238f4f188d97c41aa605cb486451acf2/library/std/src/panic.rs:140:14 [INFO] [stdout] 42: 0x816510b - std::thread::Builder::spawn_unchecked_::{{closure}}::hdeb5cc8debe6cfbf [INFO] [stdout] at /rustc/a40ec913238f4f188d97c41aa605cb486451acf2/library/std/src/thread/mod.rs:557:30 [INFO] [stdout] 43: 0x816510b - core::ops::function::FnOnce::call_once{{vtable.shim}}::h37aeaa4cf4078e37 [INFO] [stdout] at /rustc/a40ec913238f4f188d97c41aa605cb486451acf2/library/core/src/ops/function.rs:250:5 [INFO] [stdout] 44: 0x81bed6d - as core::ops::function::FnOnce>::call_once::hbcf52fd66176976e [INFO] [stdout] at /rustc/a40ec913238f4f188d97c41aa605cb486451acf2/library/alloc/src/boxed.rs:1988:9 [INFO] [stdout] 45: 0x81bed6d - as core::ops::function::FnOnce>::call_once::h5505c14554e15331 [INFO] [stdout] at /rustc/a40ec913238f4f188d97c41aa605cb486451acf2/library/alloc/src/boxed.rs:1988:9 [INFO] [stdout] 46: 0x81bed6d - std::sys::unix::thread::Thread::new::thread_start::h6464f27a12864ff1 [INFO] [stdout] at /rustc/a40ec913238f4f188d97c41aa605cb486451acf2/library/std/src/sys/unix/thread.rs:108:17 [INFO] [stdout] [INFO] [stdout] [INFO] [stdout] failures: [INFO] [stdout] inspect::tests::pseudo_html_callback [INFO] [stdout] [INFO] [stdout] test result: FAILED. 50 passed; 1 failed; 0 ignored; 0 measured; 0 filtered out; finished in 0.14s [INFO] [stdout] [INFO] running `Command { std: "docker" "inspect" "333259dd9070fb16d2cd2207122055e6d5a9b2d11e462c7d3dbd35f6a637080d", kill_on_drop: false }` [INFO] running `Command { std: "docker" "rm" "-f" "333259dd9070fb16d2cd2207122055e6d5a9b2d11e462c7d3dbd35f6a637080d", kill_on_drop: false }` [INFO] [stdout] 333259dd9070fb16d2cd2207122055e6d5a9b2d11e462c7d3dbd35f6a637080d